[INFO] fetching crate crypto-morse 0.2.0...
[INFO] testing crypto-morse-0.2.0 against beta-2021-08-01 for beta-1.55-1
[INFO] extracting crate crypto-morse 0.2.0 into /workspace/builds/worker-34/source
[INFO] validating manifest of crates.io crate crypto-morse 0.2.0 on toolchain beta-2021-08-01
[INFO] running `Command { std: "/workspace/cargo-home/bin/cargo" "+beta-2021-08-01" "metadata" "--manifest-path" "Cargo.toml" "--no-deps", kill_on_drop: false }`
[INFO] started tweaking crates.io crate crypto-morse 0.2.0
[INFO] finished tweaking crates.io crate crypto-morse 0.2.0
[INFO] tweaked toml for crates.io crate crypto-morse 0.2.0 written to /workspace/builds/worker-34/source/Cargo.toml
[INFO] running `Command { std: "/workspace/cargo-home/bin/cargo" "+beta-2021-08-01" "generate-lockfile" "--manifest-path" "Cargo.toml" "-Zno-index-update", kill_on_drop: false }`
[INFO] [stderr]     Blocking waiting for file lock on package cache
[INFO] running `Command { std: "/workspace/cargo-home/bin/cargo" "+beta-2021-08-01" "fetch" "--manifest-path" "Cargo.toml", kill_on_drop: false }`
[INFO] [stderr]     Blocking waiting for file lock on package cache
[INFO] [stderr]     Blocking waiting for file lock on package cache
[INFO] running `Command { std: "docker" "create" "-v" "/var/lib/crater-agent-workspace/builds/worker-34/target:/opt/rustwide/target:rw,Z" "-v" "/var/lib/crater-agent-workspace/builds/worker-34/source:/opt/rustwide/workdir:ro,Z" "-v" "/var/lib/crater-agent-workspace/cargo-home:/opt/rustwide/cargo-home:ro,Z" "-v" "/var/lib/crater-agent-workspace/rustup-home:/opt/rustwide/rustup-home:ro,Z" "-e" "SOURCE_DIR=/opt/rustwide/workdir" "-e" "CARGO_TARGET_DIR=/opt/rustwide/target" "-e" "CARGO_HOME=/opt/rustwide/cargo-home" "-e" "RUSTUP_HOME=/opt/rustwide/rustup-home" "-w" "/opt/rustwide/workdir" "-m" "1610612736" "--user" "0:0" "--network" "none" "ghcr.io/rust-lang/crates-build-env/linux@sha256:34b6a614d2c27851fe6cbf88fbd1137609cefab8b10d0615aaeb6fd47975d74e" "/opt/rustwide/cargo-home/bin/cargo" "+beta-2021-08-01" "metadata" "--no-deps" "--format-version=1", kill_on_drop: false }`
[INFO] [stdout] 92d25d9574348e34d5c294be310c6bc0fd5f55ff213bb2906e4ae2e7bdb78ec4
[INFO] running `Command { std: "docker" "start" "-a" "92d25d9574348e34d5c294be310c6bc0fd5f55ff213bb2906e4ae2e7bdb78ec4", kill_on_drop: false }`
[INFO] running `Command { std: "docker" "inspect" "92d25d9574348e34d5c294be310c6bc0fd5f55ff213bb2906e4ae2e7bdb78ec4", kill_on_drop: false }`
[INFO] running `Command { std: "docker" "rm" "-f" "92d25d9574348e34d5c294be310c6bc0fd5f55ff213bb2906e4ae2e7bdb78ec4", kill_on_drop: false }`
[INFO] [stdout] 92d25d9574348e34d5c294be310c6bc0fd5f55ff213bb2906e4ae2e7bdb78ec4
[INFO] running `Command { std: "docker" "create" "-v" "/var/lib/crater-agent-workspace/builds/worker-34/target:/opt/rustwide/target:rw,Z" "-v" "/var/lib/crater-agent-workspace/builds/worker-34/source:/opt/rustwide/workdir:ro,Z" "-v" "/var/lib/crater-agent-workspace/cargo-home:/opt/rustwide/cargo-home:ro,Z" "-v" "/var/lib/crater-agent-workspace/rustup-home:/opt/rustwide/rustup-home:ro,Z" "-e" "SOURCE_DIR=/opt/rustwide/workdir" "-e" "CARGO_TARGET_DIR=/opt/rustwide/target" "-e" "CARGO_INCREMENTAL=0" "-e" "RUST_BACKTRACE=full" "-e" "RUSTFLAGS=--cap-lints=warn" "-e" "CARGO_HOME=/opt/rustwide/cargo-home" "-e" "RUSTUP_HOME=/opt/rustwide/rustup-home" "-w" "/opt/rustwide/workdir" "-m" "1610612736" "--user" "0:0" "--network" "none" "ghcr.io/rust-lang/crates-build-env/linux@sha256:34b6a614d2c27851fe6cbf88fbd1137609cefab8b10d0615aaeb6fd47975d74e" "/opt/rustwide/cargo-home/bin/cargo" "+beta-2021-08-01" "build" "--frozen" "--message-format=json", kill_on_drop: false }`
[INFO] [stdout] dd61fdb0a742e37de83f671a814d416b2a6a58d4516dbe7a1411709261adf768
[INFO] running `Command { std: "docker" "start" "-a" "dd61fdb0a742e37de83f671a814d416b2a6a58d4516dbe7a1411709261adf768", kill_on_drop: false }`
[INFO] [stderr]    Compiling crypto-morse v0.2.0 (/opt/rustwide/workdir)
[INFO] [stderr]     Finished dev [unoptimized + debuginfo] target(s) in 1.29s
[INFO] running `Command { std: "docker" "inspect" "dd61fdb0a742e37de83f671a814d416b2a6a58d4516dbe7a1411709261adf768", kill_on_drop: false }`
[INFO] running `Command { std: "docker" "rm" "-f" "dd61fdb0a742e37de83f671a814d416b2a6a58d4516dbe7a1411709261adf768", kill_on_drop: false }`
[INFO] [stdout] dd61fdb0a742e37de83f671a814d416b2a6a58d4516dbe7a1411709261adf768
[INFO] running `Command { std: "docker" "create" "-v" "/var/lib/crater-agent-workspace/builds/worker-34/target:/opt/rustwide/target:rw,Z" "-v" "/var/lib/crater-agent-workspace/builds/worker-34/source:/opt/rustwide/workdir:ro,Z" "-v" "/var/lib/crater-agent-workspace/cargo-home:/opt/rustwide/cargo-home:ro,Z" "-v" "/var/lib/crater-agent-workspace/rustup-home:/opt/rustwide/rustup-home:ro,Z" "-e" "SOURCE_DIR=/opt/rustwide/workdir" "-e" "CARGO_TARGET_DIR=/opt/rustwide/target" "-e" "CARGO_INCREMENTAL=0" "-e" "RUST_BACKTRACE=full" "-e" "RUSTFLAGS=--cap-lints=warn" "-e" "CARGO_HOME=/opt/rustwide/cargo-home" "-e" "RUSTUP_HOME=/opt/rustwide/rustup-home" "-w" "/opt/rustwide/workdir" "-m" "1610612736" "--user" "0:0" "--network" "none" "ghcr.io/rust-lang/crates-build-env/linux@sha256:34b6a614d2c27851fe6cbf88fbd1137609cefab8b10d0615aaeb6fd47975d74e" "/opt/rustwide/cargo-home/bin/cargo" "+beta-2021-08-01" "test" "--frozen" "--no-run" "--message-format=json", kill_on_drop: false }`
[INFO] [stdout] d7a75d51201bb02ec04aae21f3f487d497f7374db5b0fb1cbf59ff6468095513
[INFO] running `Command { std: "docker" "start" "-a" "d7a75d51201bb02ec04aae21f3f487d497f7374db5b0fb1cbf59ff6468095513", kill_on_drop: false }`
[INFO] [stderr]    Compiling crypto-morse v0.2.0 (/opt/rustwide/workdir)
[INFO] [stderr]     Finished test [unoptimized + debuginfo] target(s) in 0.57s
[INFO] running `Command { std: "docker" "inspect" "d7a75d51201bb02ec04aae21f3f487d497f7374db5b0fb1cbf59ff6468095513", kill_on_drop: false }`
[INFO] running `Command { std: "docker" "rm" "-f" "d7a75d51201bb02ec04aae21f3f487d497f7374db5b0fb1cbf59ff6468095513", kill_on_drop: false }`
[INFO] [stdout] d7a75d51201bb02ec04aae21f3f487d497f7374db5b0fb1cbf59ff6468095513
[INFO] running `Command { std: "docker" "create" "-v" "/var/lib/crater-agent-workspace/builds/worker-34/target:/opt/rustwide/target:rw,Z" "-v" "/var/lib/crater-agent-workspace/builds/worker-34/source:/opt/rustwide/workdir:ro,Z" "-v" "/var/lib/crater-agent-workspace/cargo-home:/opt/rustwide/cargo-home:ro,Z" "-v" "/var/lib/crater-agent-workspace/rustup-home:/opt/rustwide/rustup-home:ro,Z" "-e" "SOURCE_DIR=/opt/rustwide/workdir" "-e" "CARGO_TARGET_DIR=/opt/rustwide/target" "-e" "CARGO_INCREMENTAL=0" "-e" "RUST_BACKTRACE=full" "-e" "RUSTFLAGS=--cap-lints=warn" "-e" "CARGO_HOME=/opt/rustwide/cargo-home" "-e" "RUSTUP_HOME=/opt/rustwide/rustup-home" "-w" "/opt/rustwide/workdir" "-m" "1610612736" "--user" "0:0" "--network" "none" "ghcr.io/rust-lang/crates-build-env/linux@sha256:34b6a614d2c27851fe6cbf88fbd1137609cefab8b10d0615aaeb6fd47975d74e" "/opt/rustwide/cargo-home/bin/cargo" "+beta-2021-08-01" "test" "--frozen", kill_on_drop: false }`
[INFO] [stdout] 798cf7317958bf2a5463b855ef17885bd422c5912ea04321446db9b60b0e3f3a
[INFO] running `Command { std: "docker" "start" "-a" "798cf7317958bf2a5463b855ef17885bd422c5912ea04321446db9b60b0e3f3a", kill_on_drop: false }`
[INFO] [stderr]     Finished test [unoptimized + debuginfo] target(s) in 0.06s
[INFO] [stderr]      Running unittests (/opt/rustwide/target/debug/deps/crypto_morse-e9d85645678842ca)
[INFO] [stdout] 
[INFO] [stderr]    Doc-tests crypto-morse
[INFO] [stdout] running 0 tests
[INFO] [stdout] 
[INFO] [stdout] test result: ok. 0 passed; 0 failed; 0 ignored; 0 measured; 0 filtered out; finished in 0.00s
[INFO] [stdout] 
[INFO] [stdout] 
[INFO] [stdout] running 3 tests
[INFO] [stdout] test src/decoder.rs - decoder::decode (line 7) ... FAILED
[INFO] [stdout] test src/encoder.rs - encoder::encode (line 7) ... ok
[INFO] [stdout] test src/encoder.rs - encoder::encode_raw (line 19) ... FAILED
[INFO] [stdout] 
[INFO] [stdout] failures:
[INFO] [stdout] 
[INFO] [stdout] ---- src/decoder.rs - decoder::decode (line 7) stdout ----
[INFO] [stdout] error[E0432]: unresolved import `morse`
[INFO] [stdout]  --> src/decoder.rs:8:5
[INFO] [stdout]   |
[INFO] [stdout] 3 | use morse::decode;
[INFO] [stdout]   |     ^^^^^ use of undeclared crate or module `morse`
[INFO] [stdout] 
[INFO] [stdout] error: aborting due to previous error
[INFO] [stdout] 
[INFO] [stdout] For more information about this error, try `rustc --explain E0432`.
[INFO] [stdout] Couldn't compile the test.
[INFO] [stdout] ---- src/encoder.rs - encoder::encode_raw (line 19) stdout ----
[INFO] [stdout] Test executable failed (exit code 101).
[INFO] [stdout] 
[INFO] [stdout] stderr:
[INFO] [stdout] thread 'main' panicked at 'assertion failed: `(left == right)`
[INFO] [stdout]   left: `"_.._..__ _...____ _.._..__"`,
[INFO] [stdout]  right: `"... ___ ..."`', src/encoder.rs:6:1
[INFO] [stdout] stack backtrace:
[INFO] [stdout]    0:     0x5622c6df0170 - std::backtrace_rs::backtrace::libunwind::trace::hff4d1766e93f64f1
[INFO] [stdout]                                at /rustc/53fd98ca776cb875bc9e5514f56b52eb74f9e7a9/library/std/src/../../backtrace/src/backtrace/libunwind.rs:90:5
[INFO] [stdout]    1:     0x5622c6df0170 - std::backtrace_rs::backtrace::trace_unsynchronized::h56bbc8eb78770bcb
[INFO] [stdout]                                at /rustc/53fd98ca776cb875bc9e5514f56b52eb74f9e7a9/library/std/src/../../backtrace/src/backtrace/mod.rs:66:5
[INFO] [stdout]    2:     0x5622c6df0170 - std::sys_common::backtrace::_print_fmt::h5c8e75464faca780
[INFO] [stdout]                                at /rustc/53fd98ca776cb875bc9e5514f56b52eb74f9e7a9/library/std/src/sys_common/backtrace.rs:67:5
[INFO] [stdout]    3:     0x5622c6df0170 - <std::sys_common::backtrace::_print::DisplayBacktrace as core::fmt::Display>::fmt::h48b88277def8b362
[INFO] [stdout]                                at /rustc/53fd98ca776cb875bc9e5514f56b52eb74f9e7a9/library/std/src/sys_common/backtrace.rs:46:22
[INFO] [stdout]    4:     0x5622c6e09b5c - core::fmt::write::h3381b3176fe2b3d3
[INFO] [stdout]                                at /rustc/53fd98ca776cb875bc9e5514f56b52eb74f9e7a9/library/core/src/fmt/mod.rs:1115:17
[INFO] [stdout]    5:     0x5622c6deec05 - std::io::Write::write_fmt::hd42607e5d8e44db0
[INFO] [stdout]                                at /rustc/53fd98ca776cb875bc9e5514f56b52eb74f9e7a9/library/std/src/io/mod.rs:1665:15
[INFO] [stdout]    6:     0x5622c6df1dab - std::sys_common::backtrace::_print::ha537687d6c17dd0d
[INFO] [stdout]                                at /rustc/53fd98ca776cb875bc9e5514f56b52eb74f9e7a9/library/std/src/sys_common/backtrace.rs:49:5
[INFO] [stdout]    7:     0x5622c6df1dab - std::sys_common::backtrace::print::h61376ae57d131d72
[INFO] [stdout]                                at /rustc/53fd98ca776cb875bc9e5514f56b52eb74f9e7a9/library/std/src/sys_common/backtrace.rs:36:9
[INFO] [stdout]    8:     0x5622c6df1dab - std::panicking::default_hook::{{closure}}::h0f7208c0b9644a54
[INFO] [stdout]                                at /rustc/53fd98ca776cb875bc9e5514f56b52eb74f9e7a9/library/std/src/panicking.rs:208:50
[INFO] [stdout]    9:     0x5622c6df1881 - std::panicking::default_hook::hdac7fc06578c14ce
[INFO] [stdout]                                at /rustc/53fd98ca776cb875bc9e5514f56b52eb74f9e7a9/library/std/src/panicking.rs:225:9
[INFO] [stdout]   10:     0x5622c6df2474 - std::panicking::rust_panic_with_hook::h72b21c283da3d1ef
[INFO] [stdout]                                at /rustc/53fd98ca776cb875bc9e5514f56b52eb74f9e7a9/library/std/src/panicking.rs:622:17
[INFO] [stdout]   11:     0x5622c6df1f57 - std::panicking::begin_panic_handler::{{closure}}::he5778f1729cff84a
[INFO] [stdout]                                at /rustc/53fd98ca776cb875bc9e5514f56b52eb74f9e7a9/library/std/src/panicking.rs:519:13
[INFO] [stdout]   12:     0x5622c6df064c - std::sys_common::backtrace::__rust_end_short_backtrace::h2d11ca8b453b4b1d
[INFO] [stdout]                                at /rustc/53fd98ca776cb875bc9e5514f56b52eb74f9e7a9/library/std/src/sys_common/backtrace.rs:141:18
[INFO] [stdout]   13:     0x5622c6df1eb9 - rust_begin_unwind
[INFO] [stdout]                                at /rustc/53fd98ca776cb875bc9e5514f56b52eb74f9e7a9/library/std/src/panicking.rs:515:5
[INFO] [stdout]   14:     0x5622c6dcde21 - core::panicking::panic_fmt::hf9de31d4acbce4db
[INFO] [stdout]                                at /rustc/53fd98ca776cb875bc9e5514f56b52eb74f9e7a9/library/core/src/panicking.rs:92:14
[INFO] [stdout]   15:     0x5622c6e08e18 - core::panicking::assert_failed_inner::h62e8cb2847a6e7ec
[INFO] [stdout]   16:     0x5622c6dce9ca - core::panicking::assert_failed::h3900e86550b243ab
[INFO] [stdout]   17:     0x5622c6dcebe7 - rust_out::main::_doctest_main_src_encoder_rs_19_0::h9c8a4cfe22d866e2
[INFO] [stdout]   18:     0x5622c6dceb26 - rust_out::main::h61823b600df25383
[INFO] [stdout]   19:     0x5622c6dce7c3 - core::ops::function::FnOnce::call_once::h3d07824a44777914
[INFO] [stdout]   20:     0x5622c6dce689 - std::sys_common::backtrace::__rust_begin_short_backtrace::h1ee1ba859d3174aa
[INFO] [stdout]   21:     0x5622c6dce709 - std::rt::lang_start::{{closure}}::hee9719d6b6efb7fa
[INFO] [stdout]   22:     0x5622c6df297a - core::ops::function::impls::<impl core::ops::function::FnOnce<A> for &F>::call_once::ha88a7d1a4d24e549
[INFO] [stdout]                                at /rustc/53fd98ca776cb875bc9e5514f56b52eb74f9e7a9/library/core/src/ops/function.rs:259:13
[INFO] [stdout]   23:     0x5622c6df297a - std::panicking::try::do_call::hd3b1d7740607ccc7
[INFO] [stdout]                                at /rustc/53fd98ca776cb875bc9e5514f56b52eb74f9e7a9/library/std/src/panicking.rs:401:40
[INFO] [stdout]   24:     0x5622c6df297a - std::panicking::try::h0ee8c65ac7461507
[INFO] [stdout]                                at /rustc/53fd98ca776cb875bc9e5514f56b52eb74f9e7a9/library/std/src/panicking.rs:365:19
[INFO] [stdout]   25:     0x5622c6df297a - std::panic::catch_unwind::head47f0de4ccd838
[INFO] [stdout]                                at /rustc/53fd98ca776cb875bc9e5514f56b52eb74f9e7a9/library/std/src/panic.rs:434:14
[INFO] [stdout]   26:     0x5622c6df297a - std::rt::lang_start_internal::{{closure}}::hbc7de8ec820ac085
[INFO] [stdout]                                at /rustc/53fd98ca776cb875bc9e5514f56b52eb74f9e7a9/library/std/src/rt.rs:45:48
[INFO] [stdout]   27:     0x5622c6df297a - std::panicking::try::do_call::h2609e52e8bad4a7b
[INFO] [stdout]                                at /rustc/53fd98ca776cb875bc9e5514f56b52eb74f9e7a9/library/std/src/panicking.rs:401:40
[INFO] [stdout]   28:     0x5622c6df297a - std::panicking::try::hd0929f0b603e0389
[INFO] [stdout]                                at /rustc/53fd98ca776cb875bc9e5514f56b52eb74f9e7a9/library/std/src/panicking.rs:365:19
[INFO] [stdout]   29:     0x5622c6df297a - std::panic::catch_unwind::h27902b81c3e47571
[INFO] [stdout]                                at /rustc/53fd98ca776cb875bc9e5514f56b52eb74f9e7a9/library/std/src/panic.rs:434:14
[INFO] [stdout]   30:     0x5622c6df297a - std::rt::lang_start_internal::h3fb2d794dd391e3e
[INFO] [stdout]                                at /rustc/53fd98ca776cb875bc9e5514f56b52eb74f9e7a9/library/std/src/rt.rs:45:20
[INFO] [stdout]   31:     0x5622c6dce6e1 - std::rt::lang_start::h0745d281d96e0cdb
[INFO] [stdout]   32:     0x5622c6dcec13 - main
[INFO] [stdout]   33:     0x7f6ac11740b3 - __libc_start_main
[INFO] [stdout]   34:     0x5622c6dce57e - _start
[INFO] [stdout]   35:                0x0 - <unknown>
[INFO] [stdout] 
[INFO] [stdout] 
[INFO] [stdout] 
[INFO] [stdout] failures:
[INFO] [stdout]     src/decoder.rs - decoder::decode (line 7)
[INFO] [stdout]     src/encoder.rs - encoder::encode_raw (line 19)
[INFO] [stdout] 
[INFO] [stdout] test result: FAILED. 1 passed; 2 failed; 0 ignored; 0 measured; 0 filtered out; finished in 0.63s
[INFO] [stdout] 
[INFO] [stderr] error: test failed, to rerun pass '--doc'
[INFO] running `Command { std: "docker" "inspect" "798cf7317958bf2a5463b855ef17885bd422c5912ea04321446db9b60b0e3f3a", kill_on_drop: false }`
[INFO] running `Command { std: "docker" "rm" "-f" "798cf7317958bf2a5463b855ef17885bd422c5912ea04321446db9b60b0e3f3a", kill_on_drop: false }`
[INFO] [stdout] 798cf7317958bf2a5463b855ef17885bd422c5912ea04321446db9b60b0e3f3a
