[INFO] fetching crate crypt_utils 0.1.0...
[INFO] testing crypt_utils-0.1.0 against beta-2021-08-01 for beta-1.55-1
[INFO] extracting crate crypt_utils 0.1.0 into /workspace/builds/worker-75/source
[INFO] validating manifest of crates.io crate crypt_utils 0.1.0 on toolchain beta-2021-08-01
[INFO] running `Command { std: "/workspace/cargo-home/bin/cargo" "+beta-2021-08-01" "metadata" "--manifest-path" "Cargo.toml" "--no-deps", kill_on_drop: false }`
[INFO] started tweaking crates.io crate crypt_utils 0.1.0
[INFO] finished tweaking crates.io crate crypt_utils 0.1.0
[INFO] tweaked toml for crates.io crate crypt_utils 0.1.0 written to /workspace/builds/worker-75/source/Cargo.toml
[INFO] running `Command { std: "/workspace/cargo-home/bin/cargo" "+beta-2021-08-01" "generate-lockfile" "--manifest-path" "Cargo.toml" "-Zno-index-update", kill_on_drop: false }`
[INFO] running `Command { std: "/workspace/cargo-home/bin/cargo" "+beta-2021-08-01" "fetch" "--manifest-path" "Cargo.toml", kill_on_drop: false }`
[INFO] [stderr]     Blocking waiting for file lock on package cache
[INFO] running `Command { std: "docker" "create" "-v" "/var/lib/crater-agent-workspace/builds/worker-75/target:/opt/rustwide/target:rw,Z" "-v" "/var/lib/crater-agent-workspace/builds/worker-75/source:/opt/rustwide/workdir:ro,Z" "-v" "/var/lib/crater-agent-workspace/cargo-home:/opt/rustwide/cargo-home:ro,Z" "-v" "/var/lib/crater-agent-workspace/rustup-home:/opt/rustwide/rustup-home:ro,Z" "-e" "SOURCE_DIR=/opt/rustwide/workdir" "-e" "CARGO_TARGET_DIR=/opt/rustwide/target" "-e" "CARGO_HOME=/opt/rustwide/cargo-home" "-e" "RUSTUP_HOME=/opt/rustwide/rustup-home" "-w" "/opt/rustwide/workdir" "-m" "1610612736" "--user" "0:0" "--network" "none" "ghcr.io/rust-lang/crates-build-env/linux@sha256:34b6a614d2c27851fe6cbf88fbd1137609cefab8b10d0615aaeb6fd47975d74e" "/opt/rustwide/cargo-home/bin/cargo" "+beta-2021-08-01" "metadata" "--no-deps" "--format-version=1", kill_on_drop: false }`
[INFO] [stdout] 222f781bf976ba921e435287ecee7feec39ca51fd735a0cb163e5a6f075948f7
[INFO] running `Command { std: "docker" "start" "-a" "222f781bf976ba921e435287ecee7feec39ca51fd735a0cb163e5a6f075948f7", kill_on_drop: false }`
[INFO] running `Command { std: "docker" "inspect" "222f781bf976ba921e435287ecee7feec39ca51fd735a0cb163e5a6f075948f7", kill_on_drop: false }`
[INFO] running `Command { std: "docker" "rm" "-f" "222f781bf976ba921e435287ecee7feec39ca51fd735a0cb163e5a6f075948f7", kill_on_drop: false }`
[INFO] [stdout] 222f781bf976ba921e435287ecee7feec39ca51fd735a0cb163e5a6f075948f7
[INFO] running `Command { std: "docker" "create" "-v" "/var/lib/crater-agent-workspace/builds/worker-75/target:/opt/rustwide/target:rw,Z" "-v" "/var/lib/crater-agent-workspace/builds/worker-75/source:/opt/rustwide/workdir:ro,Z" "-v" "/var/lib/crater-agent-workspace/cargo-home:/opt/rustwide/cargo-home:ro,Z" "-v" "/var/lib/crater-agent-workspace/rustup-home:/opt/rustwide/rustup-home:ro,Z" "-e" "SOURCE_DIR=/opt/rustwide/workdir" "-e" "CARGO_TARGET_DIR=/opt/rustwide/target" "-e" "CARGO_INCREMENTAL=0" "-e" "RUST_BACKTRACE=full" "-e" "RUSTFLAGS=--cap-lints=warn" "-e" "CARGO_HOME=/opt/rustwide/cargo-home" "-e" "RUSTUP_HOME=/opt/rustwide/rustup-home" "-w" "/opt/rustwide/workdir" "-m" "1610612736" "--user" "0:0" "--network" "none" "ghcr.io/rust-lang/crates-build-env/linux@sha256:34b6a614d2c27851fe6cbf88fbd1137609cefab8b10d0615aaeb6fd47975d74e" "/opt/rustwide/cargo-home/bin/cargo" "+beta-2021-08-01" "build" "--frozen" "--message-format=json", kill_on_drop: false }`
[INFO] [stdout] a09eeb47676f84ffb57d8fe868690e9258a5e04647456f410f3e3129e1b78609
[INFO] running `Command { std: "docker" "start" "-a" "a09eeb47676f84ffb57d8fe868690e9258a5e04647456f410f3e3129e1b78609", kill_on_drop: false }`
[INFO] [stderr]     Blocking waiting for file lock on package cache
[INFO] [stderr]    Compiling crypt_utils v0.1.0 (/opt/rustwide/workdir)
[INFO] [stderr]     Finished dev [unoptimized + debuginfo] target(s) in 1.15s
[INFO] running `Command { std: "docker" "inspect" "a09eeb47676f84ffb57d8fe868690e9258a5e04647456f410f3e3129e1b78609", kill_on_drop: false }`
[INFO] running `Command { std: "docker" "rm" "-f" "a09eeb47676f84ffb57d8fe868690e9258a5e04647456f410f3e3129e1b78609", kill_on_drop: false }`
[INFO] [stdout] a09eeb47676f84ffb57d8fe868690e9258a5e04647456f410f3e3129e1b78609
[INFO] running `Command { std: "docker" "create" "-v" "/var/lib/crater-agent-workspace/builds/worker-75/target:/opt/rustwide/target:rw,Z" "-v" "/var/lib/crater-agent-workspace/builds/worker-75/source:/opt/rustwide/workdir:ro,Z" "-v" "/var/lib/crater-agent-workspace/cargo-home:/opt/rustwide/cargo-home:ro,Z" "-v" "/var/lib/crater-agent-workspace/rustup-home:/opt/rustwide/rustup-home:ro,Z" "-e" "SOURCE_DIR=/opt/rustwide/workdir" "-e" "CARGO_TARGET_DIR=/opt/rustwide/target" "-e" "CARGO_INCREMENTAL=0" "-e" "RUST_BACKTRACE=full" "-e" "RUSTFLAGS=--cap-lints=warn" "-e" "CARGO_HOME=/opt/rustwide/cargo-home" "-e" "RUSTUP_HOME=/opt/rustwide/rustup-home" "-w" "/opt/rustwide/workdir" "-m" "1610612736" "--user" "0:0" "--network" "none" "ghcr.io/rust-lang/crates-build-env/linux@sha256:34b6a614d2c27851fe6cbf88fbd1137609cefab8b10d0615aaeb6fd47975d74e" "/opt/rustwide/cargo-home/bin/cargo" "+beta-2021-08-01" "test" "--frozen" "--no-run" "--message-format=json", kill_on_drop: false }`
[INFO] [stdout] 0684c3d99db21d819119e454dcae1e5c3bf22ed21da42af69dfa8da48ca3bdfc
[INFO] running `Command { std: "docker" "start" "-a" "0684c3d99db21d819119e454dcae1e5c3bf22ed21da42af69dfa8da48ca3bdfc", kill_on_drop: false }`
[INFO] [stderr]     Blocking waiting for file lock on package cache
[INFO] [stderr]    Compiling crypt_utils v0.1.0 (/opt/rustwide/workdir)
[INFO] [stderr]     Finished test [unoptimized + debuginfo] target(s) in 1.19s
[INFO] running `Command { std: "docker" "inspect" "0684c3d99db21d819119e454dcae1e5c3bf22ed21da42af69dfa8da48ca3bdfc", kill_on_drop: false }`
[INFO] running `Command { std: "docker" "rm" "-f" "0684c3d99db21d819119e454dcae1e5c3bf22ed21da42af69dfa8da48ca3bdfc", kill_on_drop: false }`
[INFO] [stdout] 0684c3d99db21d819119e454dcae1e5c3bf22ed21da42af69dfa8da48ca3bdfc
[INFO] running `Command { std: "docker" "create" "-v" "/var/lib/crater-agent-workspace/builds/worker-75/target:/opt/rustwide/target:rw,Z" "-v" "/var/lib/crater-agent-workspace/builds/worker-75/source:/opt/rustwide/workdir:ro,Z" "-v" "/var/lib/crater-agent-workspace/cargo-home:/opt/rustwide/cargo-home:ro,Z" "-v" "/var/lib/crater-agent-workspace/rustup-home:/opt/rustwide/rustup-home:ro,Z" "-e" "SOURCE_DIR=/opt/rustwide/workdir" "-e" "CARGO_TARGET_DIR=/opt/rustwide/target" "-e" "CARGO_INCREMENTAL=0" "-e" "RUST_BACKTRACE=full" "-e" "RUSTFLAGS=--cap-lints=warn" "-e" "CARGO_HOME=/opt/rustwide/cargo-home" "-e" "RUSTUP_HOME=/opt/rustwide/rustup-home" "-w" "/opt/rustwide/workdir" "-m" "1610612736" "--user" "0:0" "--network" "none" "ghcr.io/rust-lang/crates-build-env/linux@sha256:34b6a614d2c27851fe6cbf88fbd1137609cefab8b10d0615aaeb6fd47975d74e" "/opt/rustwide/cargo-home/bin/cargo" "+beta-2021-08-01" "test" "--frozen", kill_on_drop: false }`
[INFO] [stdout] b265336d4722212a0f4c8304183e38167e0606f860380c853154af8774e62432
[INFO] running `Command { std: "docker" "start" "-a" "b265336d4722212a0f4c8304183e38167e0606f860380c853154af8774e62432", kill_on_drop: false }`
[INFO] [stderr]     Finished test [unoptimized + debuginfo] target(s) in 0.06s
[INFO] [stdout] 
[INFO] [stderr]      Running unittests (/opt/rustwide/target/debug/deps/crypt_utils-7e254d77106d0680)
[INFO] [stdout] running 1 test
[INFO] [stdout] test tests::shifts_correct_amount ... ok
[INFO] [stdout] 
[INFO] [stdout] test result: ok. 1 passed; 0 failed; 0 ignored; 0 measured; 0 filtered out; finished in 0.01s
[INFO] [stdout] 
[INFO] [stderr]    Doc-tests crypt_utils
[INFO] [stdout] 
[INFO] [stdout] running 3 tests
[INFO] [stdout] test src/keygen.rs - keygen::KeyGenerator::new (line 24) ... FAILED
[INFO] [stderr] error: test failed, to rerun pass '--doc'
[INFO] [stdout] test src/keygen.rs - keygen::KeyGenerator::next (line 43) ... FAILED
[INFO] [stdout] test src/lib.rs - wrapped_shift_letters (line 40) ... FAILED
[INFO] [stdout] 
[INFO] [stdout] failures:
[INFO] [stdout] 
[INFO] [stdout] ---- src/keygen.rs - keygen::KeyGenerator::new (line 24) stdout ----
[INFO] [stdout] error[E0433]: failed to resolve: use of undeclared type `KeyGenerator`
[INFO] [stdout]  --> src/keygen.rs:25:14
[INFO] [stdout]   |
[INFO] [stdout] 3 | let keygen = KeyGenerator::new(String::from("Queen"), true);
[INFO] [stdout]   |              ^^^^^^^^^^^^ not found in this scope
[INFO] [stdout]   |
[INFO] [stdout] help: consider importing this struct
[INFO] [stdout]   |
[INFO] [stdout] 2 | use crypt_utils::KeyGenerator;
[INFO] [stdout]   |
[INFO] [stdout] 
[INFO] [stdout] error: aborting due to previous error
[INFO] [stdout] 
[INFO] [stdout] For more information about this error, try `rustc --explain E0433`.
[INFO] [stdout] Couldn't compile the test.
[INFO] [stdout] ---- src/keygen.rs - keygen::KeyGenerator::next (line 43) stdout ----
[INFO] [stdout] error[E0433]: failed to resolve: use of undeclared type `KeyGenerator`
[INFO] [stdout]  --> src/keygen.rs:44:14
[INFO] [stdout]   |
[INFO] [stdout] 3 | let keygen = KeyGenerator::new(String::from("Queen", true));
[INFO] [stdout]   |              ^^^^^^^^^^^^ not found in this scope
[INFO] [stdout]   |
[INFO] [stdout] help: consider importing this struct
[INFO] [stdout]   |
[INFO] [stdout] 2 | use crypt_utils::KeyGenerator;
[INFO] [stdout]   |
[INFO] [stdout] 
[INFO] [stdout] error[E0061]: this function takes 1 argument but 2 arguments were supplied
[INFO] [stdout]    --> src/keygen.rs:44:32
[INFO] [stdout]     |
[INFO] [stdout] 3   | let keygen = KeyGenerator::new(String::from("Queen", true));
[INFO] [stdout]     |                                ^^^^^^^^^^^^ -------  ---- supplied 2 arguments
[INFO] [stdout]     |                                |
[INFO] [stdout]     |                                expected 1 argument
[INFO] [stdout]     |
[INFO] [stdout] note: associated function defined here
[INFO] [stdout] 
[INFO] [stdout] error: aborting due to 2 previous errors
[INFO] [stdout] 
[INFO] [stdout] Some errors have detailed explanations: E0061, E0433.
[INFO] [stdout] For more information about an error, try `rustc --explain E0061`.
[INFO] [stdout] Couldn't compile the test.
[INFO] [stdout] ---- src/lib.rs - wrapped_shift_letters (line 40) stdout ----
[INFO] [stdout] error[E0433]: failed to resolve: use of undeclared type `KeyGenerator`
[INFO] [stdout]  --> src/lib.rs:41:21
[INFO] [stdout]   |
[INFO] [stdout] 3 | let shifted: char = KeyGenerator::wrapped_shift_letters('a', 12u32);
[INFO] [stdout]   |                     ^^^^^^^^^^^^ not found in this scope
[INFO] [stdout]   |
[INFO] [stdout] help: consider importing this struct
[INFO] [stdout]   |
[INFO] [stdout] 2 | use crypt_utils::KeyGenerator;
[INFO] [stdout]   |
[INFO] [stdout] 
[INFO] [stdout] error: aborting due to previous error
[INFO] [stdout] 
[INFO] [stdout] For more information about this error, try `rustc --explain E0433`.
[INFO] [stdout] Couldn't compile the test.
[INFO] [stdout] 
[INFO] [stdout] failures:
[INFO] [stdout]     src/keygen.rs - keygen::KeyGenerator::new (line 24)
[INFO] [stdout]     src/keygen.rs - keygen::KeyGenerator::next (line 43)
[INFO] [stdout]     src/lib.rs - wrapped_shift_letters (line 40)
[INFO] [stdout] 
[INFO] [stdout] test result: FAILED. 0 passed; 3 failed; 0 ignored; 0 measured; 0 filtered out; finished in 0.23s
[INFO] [stdout] 
[INFO] running `Command { std: "docker" "inspect" "b265336d4722212a0f4c8304183e38167e0606f860380c853154af8774e62432", kill_on_drop: false }`
[INFO] running `Command { std: "docker" "rm" "-f" "b265336d4722212a0f4c8304183e38167e0606f860380c853154af8774e62432", kill_on_drop: false }`
[INFO] [stdout] b265336d4722212a0f4c8304183e38167e0606f860380c853154af8774e62432
