[INFO] fetching crate crunch 0.3.3...
[INFO] testing crunch-0.3.3 against 1.54.0 for beta-1.55-1
[INFO] extracting crate crunch 0.3.3 into /workspace/builds/worker-10/source
[INFO] validating manifest of crates.io crate crunch 0.3.3 on toolchain 1.54.0
[INFO] running `Command { std: "/workspace/cargo-home/bin/cargo" "+1.54.0" "metadata" "--manifest-path" "Cargo.toml" "--no-deps", kill_on_drop: false }`
[INFO] started tweaking crates.io crate crunch 0.3.3
[INFO] finished tweaking crates.io crate crunch 0.3.3
[INFO] tweaked toml for crates.io crate crunch 0.3.3 written to /workspace/builds/worker-10/source/Cargo.toml
[INFO] running `Command { std: "/workspace/cargo-home/bin/cargo" "+1.54.0" "generate-lockfile" "--manifest-path" "Cargo.toml" "-Zno-index-update", kill_on_drop: false }`
[INFO] running `Command { std: "/workspace/cargo-home/bin/cargo" "+1.54.0" "fetch" "--manifest-path" "Cargo.toml", kill_on_drop: false }`
[INFO] running `Command { std: "docker" "create" "-v" "/var/lib/crater-agent-workspace/builds/worker-10/target:/opt/rustwide/target:rw,Z" "-v" "/var/lib/crater-agent-workspace/builds/worker-10/source:/opt/rustwide/workdir:ro,Z" "-v" "/var/lib/crater-agent-workspace/cargo-home:/opt/rustwide/cargo-home:ro,Z" "-v" "/var/lib/crater-agent-workspace/rustup-home:/opt/rustwide/rustup-home:ro,Z" "-e" "SOURCE_DIR=/opt/rustwide/workdir" "-e" "CARGO_TARGET_DIR=/opt/rustwide/target" "-e" "CARGO_HOME=/opt/rustwide/cargo-home" "-e" "RUSTUP_HOME=/opt/rustwide/rustup-home" "-w" "/opt/rustwide/workdir" "-m" "1610612736" "--user" "0:0" "--network" "none" "ghcr.io/rust-lang/crates-build-env/linux@sha256:34b6a614d2c27851fe6cbf88fbd1137609cefab8b10d0615aaeb6fd47975d74e" "/opt/rustwide/cargo-home/bin/cargo" "+1.54.0" "metadata" "--no-deps" "--format-version=1", kill_on_drop: false }`
[INFO] [stdout] cb0ae78e49e59af6b018d7d4404269581beb94879c839b6d96deff0a69a9495a
[INFO] running `Command { std: "docker" "start" "-a" "cb0ae78e49e59af6b018d7d4404269581beb94879c839b6d96deff0a69a9495a", kill_on_drop: false }`
[INFO] running `Command { std: "docker" "inspect" "cb0ae78e49e59af6b018d7d4404269581beb94879c839b6d96deff0a69a9495a", kill_on_drop: false }`
[INFO] running `Command { std: "docker" "rm" "-f" "cb0ae78e49e59af6b018d7d4404269581beb94879c839b6d96deff0a69a9495a", kill_on_drop: false }`
[INFO] [stdout] cb0ae78e49e59af6b018d7d4404269581beb94879c839b6d96deff0a69a9495a
[INFO] running `Command { std: "docker" "create" "-v" "/var/lib/crater-agent-workspace/builds/worker-10/target:/opt/rustwide/target:rw,Z" "-v" "/var/lib/crater-agent-workspace/builds/worker-10/source:/opt/rustwide/workdir:ro,Z" "-v" "/var/lib/crater-agent-workspace/cargo-home:/opt/rustwide/cargo-home:ro,Z" "-v" "/var/lib/crater-agent-workspace/rustup-home:/opt/rustwide/rustup-home:ro,Z" "-e" "SOURCE_DIR=/opt/rustwide/workdir" "-e" "CARGO_TARGET_DIR=/opt/rustwide/target" "-e" "CARGO_INCREMENTAL=0" "-e" "RUST_BACKTRACE=full" "-e" "RUSTFLAGS=--cap-lints=warn" "-e" "CARGO_HOME=/opt/rustwide/cargo-home" "-e" "RUSTUP_HOME=/opt/rustwide/rustup-home" "-w" "/opt/rustwide/workdir" "-m" "1610612736" "--user" "0:0" "--network" "none" "ghcr.io/rust-lang/crates-build-env/linux@sha256:34b6a614d2c27851fe6cbf88fbd1137609cefab8b10d0615aaeb6fd47975d74e" "/opt/rustwide/cargo-home/bin/cargo" "+1.54.0" "build" "--frozen" "--message-format=json", kill_on_drop: false }`
[INFO] [stdout] 6ba2d115a523ed19f9edf375ab4406b8519b88691a9108f5454c9eb1b04cbe39
[INFO] running `Command { std: "docker" "start" "-a" "6ba2d115a523ed19f9edf375ab4406b8519b88691a9108f5454c9eb1b04cbe39", kill_on_drop: false }`
[INFO] [stderr]    Compiling crunch v0.3.3 (/opt/rustwide/workdir)
[INFO] [stderr]     Finished dev [unoptimized + debuginfo] target(s) in 1.00s
[INFO] running `Command { std: "docker" "inspect" "6ba2d115a523ed19f9edf375ab4406b8519b88691a9108f5454c9eb1b04cbe39", kill_on_drop: false }`
[INFO] running `Command { std: "docker" "rm" "-f" "6ba2d115a523ed19f9edf375ab4406b8519b88691a9108f5454c9eb1b04cbe39", kill_on_drop: false }`
[INFO] [stdout] 6ba2d115a523ed19f9edf375ab4406b8519b88691a9108f5454c9eb1b04cbe39
[INFO] running `Command { std: "docker" "create" "-v" "/var/lib/crater-agent-workspace/builds/worker-10/target:/opt/rustwide/target:rw,Z" "-v" "/var/lib/crater-agent-workspace/builds/worker-10/source:/opt/rustwide/workdir:ro,Z" "-v" "/var/lib/crater-agent-workspace/cargo-home:/opt/rustwide/cargo-home:ro,Z" "-v" "/var/lib/crater-agent-workspace/rustup-home:/opt/rustwide/rustup-home:ro,Z" "-e" "SOURCE_DIR=/opt/rustwide/workdir" "-e" "CARGO_TARGET_DIR=/opt/rustwide/target" "-e" "CARGO_INCREMENTAL=0" "-e" "RUST_BACKTRACE=full" "-e" "RUSTFLAGS=--cap-lints=warn" "-e" "CARGO_HOME=/opt/rustwide/cargo-home" "-e" "RUSTUP_HOME=/opt/rustwide/rustup-home" "-w" "/opt/rustwide/workdir" "-m" "1610612736" "--user" "0:0" "--network" "none" "ghcr.io/rust-lang/crates-build-env/linux@sha256:34b6a614d2c27851fe6cbf88fbd1137609cefab8b10d0615aaeb6fd47975d74e" "/opt/rustwide/cargo-home/bin/cargo" "+1.54.0" "test" "--frozen" "--no-run" "--message-format=json", kill_on_drop: false }`
[INFO] [stdout] 47e4756d016f28e5b54e57150bda1cd15a44f8578909fbb9b2186bf71cff1a04
[INFO] running `Command { std: "docker" "start" "-a" "47e4756d016f28e5b54e57150bda1cd15a44f8578909fbb9b2186bf71cff1a04", kill_on_drop: false }`
[INFO] [stderr]     Blocking waiting for file lock on package cache
[INFO] [stderr]    Compiling crunch v0.3.3 (/opt/rustwide/workdir)
[INFO] [stderr]     Finished test [unoptimized + debuginfo] target(s) in 1.08s
[INFO] running `Command { std: "docker" "inspect" "47e4756d016f28e5b54e57150bda1cd15a44f8578909fbb9b2186bf71cff1a04", kill_on_drop: false }`
[INFO] running `Command { std: "docker" "rm" "-f" "47e4756d016f28e5b54e57150bda1cd15a44f8578909fbb9b2186bf71cff1a04", kill_on_drop: false }`
[INFO] [stdout] 47e4756d016f28e5b54e57150bda1cd15a44f8578909fbb9b2186bf71cff1a04
[INFO] running `Command { std: "docker" "create" "-v" "/var/lib/crater-agent-workspace/builds/worker-10/target:/opt/rustwide/target:rw,Z" "-v" "/var/lib/crater-agent-workspace/builds/worker-10/source:/opt/rustwide/workdir:ro,Z" "-v" "/var/lib/crater-agent-workspace/cargo-home:/opt/rustwide/cargo-home:ro,Z" "-v" "/var/lib/crater-agent-workspace/rustup-home:/opt/rustwide/rustup-home:ro,Z" "-e" "SOURCE_DIR=/opt/rustwide/workdir" "-e" "CARGO_TARGET_DIR=/opt/rustwide/target" "-e" "CARGO_INCREMENTAL=0" "-e" "RUST_BACKTRACE=full" "-e" "RUSTFLAGS=--cap-lints=warn" "-e" "CARGO_HOME=/opt/rustwide/cargo-home" "-e" "RUSTUP_HOME=/opt/rustwide/rustup-home" "-w" "/opt/rustwide/workdir" "-m" "1610612736" "--user" "0:0" "--network" "none" "ghcr.io/rust-lang/crates-build-env/linux@sha256:34b6a614d2c27851fe6cbf88fbd1137609cefab8b10d0615aaeb6fd47975d74e" "/opt/rustwide/cargo-home/bin/cargo" "+1.54.0" "test" "--frozen", kill_on_drop: false }`
[INFO] [stdout] 9712e4ae26903cdcc3257df61bfd2b02ccb3e5b0d0a9c539c40554b9792364b4
[INFO] running `Command { std: "docker" "start" "-a" "9712e4ae26903cdcc3257df61bfd2b02ccb3e5b0d0a9c539c40554b9792364b4", kill_on_drop: false }`
[INFO] [stderr]     Blocking waiting for file lock on package cache
[INFO] [stderr]     Finished test [unoptimized + debuginfo] target(s) in 0.09s
[INFO] [stderr]      Running unittests (/opt/rustwide/target/debug/deps/crunch-a397c0b6d37f777e)
[INFO] [stdout] 
[INFO] [stderr]    Doc-tests crunch
[INFO] [stdout] running 0 tests
[INFO] [stdout] 
[INFO] [stdout] test result: ok. 0 passed; 0 failed; 0 ignored; 0 measured; 0 filtered out; finished in 0.00s
[INFO] [stdout] 
[INFO] [stdout] 
[INFO] [stdout] running 2 tests
[INFO] [stdout] test src/packer.rs - packer::pack (line 10) ... FAILED
[INFO] [stdout] test src/packer.rs - packer::pack (line 16) ... FAILED
[INFO] [stdout] 
[INFO] [stdout] failures:
[INFO] [stdout] 
[INFO] [stdout] ---- src/packer.rs - packer::pack (line 10) stdout ----
[INFO] [stdout] error[E0433]: failed to resolve: use of undeclared type `Packer`
[INFO] [stdout]  --> src/packer.rs:11:18
[INFO] [stdout]   |
[INFO] [stdout] 3 | let mut packer = Packer::with_items(items);
[INFO] [stdout]   |                  ^^^^^^ not found in this scope
[INFO] [stdout]   |
[INFO] [stdout] help: consider importing this struct
[INFO] [stdout]   |
[INFO] [stdout] 2 | use crunch::Packer;
[INFO] [stdout]   |
[INFO] [stdout] 
[INFO] [stdout] error[E0425]: cannot find value `items` in this scope
[INFO] [stdout]  --> src/packer.rs:11:37
[INFO] [stdout]   |
[INFO] [stdout] 3 | let mut packer = Packer::with_items(items);
[INFO] [stdout]   |                                     ^^^^^ not found in this scope
[INFO] [stdout] 
[INFO] [stdout] error[E0425]: cannot find value `into_rect` in this scope
[INFO] [stdout]  --> src/packer.rs:12:13
[INFO] [stdout]   |
[INFO] [stdout] 4 | packer.pack(into_rect)
[INFO] [stdout]   |             ^^^^^^^^^ not found in this scope
[INFO] [stdout] 
[INFO] [stdout] error: aborting due to 3 previous errors
[INFO] [stdout] 
[INFO] [stdout] Some errors have detailed explanations: E0425, E0433.
[INFO] [stdout] For more information about an error, try `rustc --explain E0425`.
[INFO] [stdout] Couldn't compile the test.
[INFO] [stdout] ---- src/packer.rs - packer::pack (line 16) stdout ----
[INFO] [stdout] error[E0433]: failed to resolve: use of undeclared type `Rotation`
[INFO] [stdout]  --> src/packer.rs:19:26
[INFO] [stdout]   |
[INFO] [stdout] 5 |     Item::new('A', 2, 9, Rotation::Allowed),
[INFO] [stdout]   |                          ^^^^^^^^ use of undeclared type `Rotation`
[INFO] [stdout] 
[INFO] [stdout] error[E0433]: failed to resolve: use of undeclared type `Rotation`
[INFO] [stdout]  --> src/packer.rs:20:26
[INFO] [stdout]   |
[INFO] [stdout] 6 |     Item::new('B', 3, 8, Rotation::Allowed),
[INFO] [stdout]   |                          ^^^^^^^^ use of undeclared type `Rotation`
[INFO] [stdout] 
[INFO] [stdout] error[E0433]: failed to resolve: use of undeclared type `Rotation`
[INFO] [stdout]  --> src/packer.rs:21:26
[INFO] [stdout]   |
[INFO] [stdout] 7 |     Item::new('C', 4, 7, Rotation::Allowed),
[INFO] [stdout]   |                          ^^^^^^^^ use of undeclared type `Rotation`
[INFO] [stdout] 
[INFO] [stdout] error[E0433]: failed to resolve: use of undeclared type `Rotation`
[INFO] [stdout]  --> src/packer.rs:22:26
[INFO] [stdout]   |
[INFO] [stdout] 8 |     Item::new('D', 5, 6, Rotation::Allowed),
[INFO] [stdout]   |                          ^^^^^^^^ use of undeclared type `Rotation`
[INFO] [stdout] 
[INFO] [stdout] error[E0433]: failed to resolve: use of undeclared type `Rotation`
[INFO] [stdout]  --> src/packer.rs:23:26
[INFO] [stdout]   |
[INFO] [stdout] 9 |     Item::new('E', 6, 5, Rotation::Allowed),
[INFO] [stdout]   |                          ^^^^^^^^ use of undeclared type `Rotation`
[INFO] [stdout] 
[INFO] [stdout] error[E0433]: failed to resolve: use of undeclared type `Rotation`
[INFO] [stdout]   --> src/packer.rs:24:26
[INFO] [stdout]    |
[INFO] [stdout] 10 |     Item::new('F', 7, 4, Rotation::Allowed),
[INFO] [stdout]    |                          ^^^^^^^^ use of undeclared type `Rotation`
[INFO] [stdout] 
[INFO] [stdout] error[E0433]: failed to resolve: use of undeclared type `Rotation`
[INFO] [stdout]   --> src/packer.rs:25:26
[INFO] [stdout]    |
[INFO] [stdout] 11 |     Item::new('G', 8, 3, Rotation::Allowed),
[INFO] [stdout]    |                          ^^^^^^^^ use of undeclared type `Rotation`
[INFO] [stdout] 
[INFO] [stdout] error[E0433]: failed to resolve: use of undeclared type `Rotation`
[INFO] [stdout]   --> src/packer.rs:26:26
[INFO] [stdout]    |
[INFO] [stdout] 12 |     Item::new('H', 9, 2, Rotation::Allowed),
[INFO] [stdout]    |                          ^^^^^^^^ use of undeclared type `Rotation`
[INFO] [stdout] 
[INFO] [stdout] error[E0433]: failed to resolve: use of undeclared type `Rect`
[INFO] [stdout]  --> src/packer.rs:17:12
[INFO] [stdout]   |
[INFO] [stdout] 3 | let rect = Rect::of_size(15, 15);
[INFO] [stdout]   |            ^^^^ not found in this scope
[INFO] [stdout]   |
[INFO] [stdout] help: consider importing this struct
[INFO] [stdout]   |
[INFO] [stdout] 2 | use crunch::Rect;
[INFO] [stdout]   |
[INFO] [stdout] 
[INFO] [stdout] error[E0433]: failed to resolve: use of undeclared type `Item`
[INFO] [stdout]  --> src/packer.rs:19:5
[INFO] [stdout]   |
[INFO] [stdout] 5 |     Item::new('A', 2, 9, Rotation::Allowed),
[INFO] [stdout]   |     ^^^^ not found in this scope
[INFO] [stdout]   |
[INFO] [stdout] help: consider importing this struct
[INFO] [stdout]   |
[INFO] [stdout] 2 | use crunch::Item;
[INFO] [stdout]   |
[INFO] [stdout] 
[INFO] [stdout] error[E0433]: failed to resolve: use of undeclared type `Item`
[INFO] [stdout]  --> src/packer.rs:20:5
[INFO] [stdout]   |
[INFO] [stdout] 6 |     Item::new('B', 3, 8, Rotation::Allowed),
[INFO] [stdout]   |     ^^^^ not found in this scope
[INFO] [stdout]   |
[INFO] [stdout] help: consider importing this struct
[INFO] [stdout]   |
[INFO] [stdout] 2 | use crunch::Item;
[INFO] [stdout]   |
[INFO] [stdout] 
[INFO] [stdout] error[E0433]: failed to resolve: use of undeclared type `Item`
[INFO] [stdout]  --> src/packer.rs:21:5
[INFO] [stdout]   |
[INFO] [stdout] 7 |     Item::new('C', 4, 7, Rotation::Allowed),
[INFO] [stdout]   |     ^^^^ not found in this scope
[INFO] [stdout]   |
[INFO] [stdout] help: consider importing this struct
[INFO] [stdout]   |
[INFO] [stdout] 2 | use crunch::Item;
[INFO] [stdout]   |
[INFO] [stdout] 
[INFO] [stdout] error[E0433]: failed to resolve: use of undeclared type `Item`
[INFO] [stdout]  --> src/packer.rs:22:5
[INFO] [stdout]   |
[INFO] [stdout] 8 |     Item::new('D', 5, 6, Rotation::Allowed),
[INFO] [stdout]   |     ^^^^ not found in this scope
[INFO] [stdout]   |
[INFO] [stdout] help: consider importing this struct
[INFO] [stdout]   |
[INFO] [stdout] 2 | use crunch::Item;
[INFO] [stdout]   |
[INFO] [stdout] 
[INFO] [stdout] error[E0433]: failed to resolve: use of undeclared type `Item`
[INFO] [stdout]  --> src/packer.rs:23:5
[INFO] [stdout]   |
[INFO] [stdout] 9 |     Item::new('E', 6, 5, Rotation::Allowed),
[INFO] [stdout]   |     ^^^^ not found in this scope
[INFO] [stdout]   |
[INFO] [stdout] help: consider importing this struct
[INFO] [stdout]   |
[INFO] [stdout] 2 | use crunch::Item;
[INFO] [stdout]   |
[INFO] [stdout] 
[INFO] [stdout] error[E0433]: failed to resolve: use of undeclared type `Item`
[INFO] [stdout]   --> src/packer.rs:24:5
[INFO] [stdout]    |
[INFO] [stdout] 10 |     Item::new('F', 7, 4, Rotation::Allowed),
[INFO] [stdout]    |     ^^^^ not found in this scope
[INFO] [stdout]    |
[INFO] [stdout] help: consider importing this struct
[INFO] [stdout]    |
[INFO] [stdout] 2  | use crunch::Item;
[INFO] [stdout]    |
[INFO] [stdout] 
[INFO] [stdout] error[E0433]: failed to resolve: use of undeclared type `Item`
[INFO] [stdout]   --> src/packer.rs:25:5
[INFO] [stdout]    |
[INFO] [stdout] 11 |     Item::new('G', 8, 3, Rotation::Allowed),
[INFO] [stdout]    |     ^^^^ not found in this scope
[INFO] [stdout]    |
[INFO] [stdout] help: consider importing this struct
[INFO] [stdout]    |
[INFO] [stdout] 2  | use crunch::Item;
[INFO] [stdout]    |
[INFO] [stdout] 
[INFO] [stdout] error[E0433]: failed to resolve: use of undeclared type `Item`
[INFO] [stdout]   --> src/packer.rs:26:5
[INFO] [stdout]    |
[INFO] [stdout] 12 |     Item::new('H', 9, 2, Rotation::Allowed),
[INFO] [stdout]    |     ^^^^ not found in this scope
[INFO] [stdout]    |
[INFO] [stdout] help: consider importing this struct
[INFO] [stdout]    |
[INFO] [stdout] 2  | use crunch::Item;
[INFO] [stdout]    |
[INFO] [stdout] 
[INFO] [stdout] error[E0425]: cannot find function `pack` in this scope
[INFO] [stdout]   --> src/packer.rs:29:20
[INFO] [stdout]    |
[INFO] [stdout] 15 | let packed = match pack(rect, items) {
[INFO] [stdout]    |                    ^^^^ not found in this scope
[INFO] [stdout]    |
[INFO] [stdout] help: consider importing this function
[INFO] [stdout]    |
[INFO] [stdout] 2  | use crunch::pack;
[INFO] [stdout]    |
[INFO] [stdout] 
[INFO] [stdout] error: aborting due to 18 previous errors
[INFO] [stdout] 
[INFO] [stdout] Some errors have detailed explanations: E0425, E0433.
[INFO] [stdout] For more information about an error, try `rustc --explain E0425`.
[INFO] [stdout] Couldn't compile the test.
[INFO] [stdout] 
[INFO] [stdout] failures:
[INFO] [stdout]     src/packer.rs - packer::pack (line 10)
[INFO] [stdout]     src/packer.rs - packer::pack (line 16)
[INFO] [stdout] 
[INFO] [stdout] test result: FAILED. 0 passed; 2 failed; 0 ignored; 0 measured; 0 filtered out; finished in 0.09s
[INFO] [stdout] 
[INFO] [stderr] error: test failed, to rerun pass '--doc'
[INFO] running `Command { std: "docker" "inspect" "9712e4ae26903cdcc3257df61bfd2b02ccb3e5b0d0a9c539c40554b9792364b4", kill_on_drop: false }`
[INFO] running `Command { std: "docker" "rm" "-f" "9712e4ae26903cdcc3257df61bfd2b02ccb3e5b0d0a9c539c40554b9792364b4", kill_on_drop: false }`
[INFO] [stdout] 9712e4ae26903cdcc3257df61bfd2b02ccb3e5b0d0a9c539c40554b9792364b4
