[INFO] fetching crate crumb 0.1.0...
[INFO] testing crumb-0.1.0 against 1.54.0 for beta-1.55-1
[INFO] extracting crate crumb 0.1.0 into /workspace/builds/worker-60/source
[INFO] validating manifest of crates.io crate crumb 0.1.0 on toolchain 1.54.0
[INFO] running `Command { std: "/workspace/cargo-home/bin/cargo" "+1.54.0" "metadata" "--manifest-path" "Cargo.toml" "--no-deps", kill_on_drop: false }`
[INFO] started tweaking crates.io crate crumb 0.1.0
[INFO] finished tweaking crates.io crate crumb 0.1.0
[INFO] tweaked toml for crates.io crate crumb 0.1.0 written to /workspace/builds/worker-60/source/Cargo.toml
[INFO] running `Command { std: "/workspace/cargo-home/bin/cargo" "+1.54.0" "generate-lockfile" "--manifest-path" "Cargo.toml" "-Zno-index-update", kill_on_drop: false }`
[INFO] running `Command { std: "/workspace/cargo-home/bin/cargo" "+1.54.0" "fetch" "--manifest-path" "Cargo.toml", kill_on_drop: false }`
[INFO] [stderr]     Blocking waiting for file lock on package cache
[INFO] [stderr]     Blocking waiting for file lock on package cache
[INFO] running `Command { std: "docker" "create" "-v" "/var/lib/crater-agent-workspace/builds/worker-60/target:/opt/rustwide/target:rw,Z" "-v" "/var/lib/crater-agent-workspace/builds/worker-60/source:/opt/rustwide/workdir:ro,Z" "-v" "/var/lib/crater-agent-workspace/cargo-home:/opt/rustwide/cargo-home:ro,Z" "-v" "/var/lib/crater-agent-workspace/rustup-home:/opt/rustwide/rustup-home:ro,Z" "-e" "SOURCE_DIR=/opt/rustwide/workdir" "-e" "CARGO_TARGET_DIR=/opt/rustwide/target" "-e" "CARGO_HOME=/opt/rustwide/cargo-home" "-e" "RUSTUP_HOME=/opt/rustwide/rustup-home" "-w" "/opt/rustwide/workdir" "-m" "1610612736" "--user" "0:0" "--network" "none" "ghcr.io/rust-lang/crates-build-env/linux@sha256:34b6a614d2c27851fe6cbf88fbd1137609cefab8b10d0615aaeb6fd47975d74e" "/opt/rustwide/cargo-home/bin/cargo" "+1.54.0" "metadata" "--no-deps" "--format-version=1", kill_on_drop: false }`
[INFO] [stdout] 75e10e0d6ae9b3bde41f9ba2e1539e58806864e8a8c8eba200a8a5089ed7780a
[INFO] running `Command { std: "docker" "start" "-a" "75e10e0d6ae9b3bde41f9ba2e1539e58806864e8a8c8eba200a8a5089ed7780a", kill_on_drop: false }`
[INFO] running `Command { std: "docker" "inspect" "75e10e0d6ae9b3bde41f9ba2e1539e58806864e8a8c8eba200a8a5089ed7780a", kill_on_drop: false }`
[INFO] running `Command { std: "docker" "rm" "-f" "75e10e0d6ae9b3bde41f9ba2e1539e58806864e8a8c8eba200a8a5089ed7780a", kill_on_drop: false }`
[INFO] [stdout] 75e10e0d6ae9b3bde41f9ba2e1539e58806864e8a8c8eba200a8a5089ed7780a
[INFO] running `Command { std: "docker" "create" "-v" "/var/lib/crater-agent-workspace/builds/worker-60/target:/opt/rustwide/target:rw,Z" "-v" "/var/lib/crater-agent-workspace/builds/worker-60/source:/opt/rustwide/workdir:ro,Z" "-v" "/var/lib/crater-agent-workspace/cargo-home:/opt/rustwide/cargo-home:ro,Z" "-v" "/var/lib/crater-agent-workspace/rustup-home:/opt/rustwide/rustup-home:ro,Z" "-e" "SOURCE_DIR=/opt/rustwide/workdir" "-e" "CARGO_TARGET_DIR=/opt/rustwide/target" "-e" "CARGO_INCREMENTAL=0" "-e" "RUST_BACKTRACE=full" "-e" "RUSTFLAGS=--cap-lints=warn" "-e" "CARGO_HOME=/opt/rustwide/cargo-home" "-e" "RUSTUP_HOME=/opt/rustwide/rustup-home" "-w" "/opt/rustwide/workdir" "-m" "1610612736" "--user" "0:0" "--network" "none" "ghcr.io/rust-lang/crates-build-env/linux@sha256:34b6a614d2c27851fe6cbf88fbd1137609cefab8b10d0615aaeb6fd47975d74e" "/opt/rustwide/cargo-home/bin/cargo" "+1.54.0" "build" "--frozen" "--message-format=json", kill_on_drop: false }`
[INFO] [stdout] 2440fd6a8fed6c4ce7e0e403422945696dd26d82ccb85fdf01504148f53e21a8
[INFO] running `Command { std: "docker" "start" "-a" "2440fd6a8fed6c4ce7e0e403422945696dd26d82ccb85fdf01504148f53e21a8", kill_on_drop: false }`
[INFO] [stderr]    Compiling crumb v0.1.0 (/opt/rustwide/workdir)
[INFO] [stderr]     Finished dev [unoptimized + debuginfo] target(s) in 0.22s
[INFO] running `Command { std: "docker" "inspect" "2440fd6a8fed6c4ce7e0e403422945696dd26d82ccb85fdf01504148f53e21a8", kill_on_drop: false }`
[INFO] running `Command { std: "docker" "rm" "-f" "2440fd6a8fed6c4ce7e0e403422945696dd26d82ccb85fdf01504148f53e21a8", kill_on_drop: false }`
[INFO] [stdout] 2440fd6a8fed6c4ce7e0e403422945696dd26d82ccb85fdf01504148f53e21a8
[INFO] running `Command { std: "docker" "create" "-v" "/var/lib/crater-agent-workspace/builds/worker-60/target:/opt/rustwide/target:rw,Z" "-v" "/var/lib/crater-agent-workspace/builds/worker-60/source:/opt/rustwide/workdir:ro,Z" "-v" "/var/lib/crater-agent-workspace/cargo-home:/opt/rustwide/cargo-home:ro,Z" "-v" "/var/lib/crater-agent-workspace/rustup-home:/opt/rustwide/rustup-home:ro,Z" "-e" "SOURCE_DIR=/opt/rustwide/workdir" "-e" "CARGO_TARGET_DIR=/opt/rustwide/target" "-e" "CARGO_INCREMENTAL=0" "-e" "RUST_BACKTRACE=full" "-e" "RUSTFLAGS=--cap-lints=warn" "-e" "CARGO_HOME=/opt/rustwide/cargo-home" "-e" "RUSTUP_HOME=/opt/rustwide/rustup-home" "-w" "/opt/rustwide/workdir" "-m" "1610612736" "--user" "0:0" "--network" "none" "ghcr.io/rust-lang/crates-build-env/linux@sha256:34b6a614d2c27851fe6cbf88fbd1137609cefab8b10d0615aaeb6fd47975d74e" "/opt/rustwide/cargo-home/bin/cargo" "+1.54.0" "test" "--frozen" "--no-run" "--message-format=json", kill_on_drop: false }`
[INFO] [stdout] 2299a4d0b9b7247d24d2806ac82fcca2a14845afe6b0ec9b5655809676af12f8
[INFO] running `Command { std: "docker" "start" "-a" "2299a4d0b9b7247d24d2806ac82fcca2a14845afe6b0ec9b5655809676af12f8", kill_on_drop: false }`
[INFO] [stderr]     Blocking waiting for file lock on package cache
[INFO] [stderr]    Compiling crumb v0.1.0 (/opt/rustwide/workdir)
[INFO] [stderr]     Finished test [unoptimized + debuginfo] target(s) in 1.15s
[INFO] running `Command { std: "docker" "inspect" "2299a4d0b9b7247d24d2806ac82fcca2a14845afe6b0ec9b5655809676af12f8", kill_on_drop: false }`
[INFO] running `Command { std: "docker" "rm" "-f" "2299a4d0b9b7247d24d2806ac82fcca2a14845afe6b0ec9b5655809676af12f8", kill_on_drop: false }`
[INFO] [stdout] 2299a4d0b9b7247d24d2806ac82fcca2a14845afe6b0ec9b5655809676af12f8
[INFO] running `Command { std: "docker" "create" "-v" "/var/lib/crater-agent-workspace/builds/worker-60/target:/opt/rustwide/target:rw,Z" "-v" "/var/lib/crater-agent-workspace/builds/worker-60/source:/opt/rustwide/workdir:ro,Z" "-v" "/var/lib/crater-agent-workspace/cargo-home:/opt/rustwide/cargo-home:ro,Z" "-v" "/var/lib/crater-agent-workspace/rustup-home:/opt/rustwide/rustup-home:ro,Z" "-e" "SOURCE_DIR=/opt/rustwide/workdir" "-e" "CARGO_TARGET_DIR=/opt/rustwide/target" "-e" "CARGO_INCREMENTAL=0" "-e" "RUST_BACKTRACE=full" "-e" "RUSTFLAGS=--cap-lints=warn" "-e" "CARGO_HOME=/opt/rustwide/cargo-home" "-e" "RUSTUP_HOME=/opt/rustwide/rustup-home" "-w" "/opt/rustwide/workdir" "-m" "1610612736" "--user" "0:0" "--network" "none" "ghcr.io/rust-lang/crates-build-env/linux@sha256:34b6a614d2c27851fe6cbf88fbd1137609cefab8b10d0615aaeb6fd47975d74e" "/opt/rustwide/cargo-home/bin/cargo" "+1.54.0" "test" "--frozen", kill_on_drop: false }`
[INFO] [stdout] dedb9c5f43f04bb5e03da42be4c1fa59c75bb427132a515295a1c70e56a779c3
[INFO] running `Command { std: "docker" "start" "-a" "dedb9c5f43f04bb5e03da42be4c1fa59c75bb427132a515295a1c70e56a779c3", kill_on_drop: false }`
[INFO] [stderr]     Blocking waiting for file lock on package cache
[INFO] [stderr]     Finished test [unoptimized + debuginfo] target(s) in 0.06s
[INFO] [stderr]      Running unittests (/opt/rustwide/target/debug/deps/crumb-31b442a2b5f07e7c)
[INFO] [stdout] 
[INFO] [stdout] running 2 tests
[INFO] [stdout] test tests::exaustive ... ok
[INFO] [stdout] test tests::it_works ... ok
[INFO] [stdout] 
[INFO] [stdout] test result: ok. 2 passed; 0 failed; 0 ignored; 0 measured; 0 filtered out; finished in 0.00s
[INFO] [stdout] 
[INFO] [stderr]    Doc-tests crumb
[INFO] [stdout] 
[INFO] [stdout] running 1 test
[INFO] [stdout] test src/lib.rs - (line 9) ... FAILED
[INFO] [stdout] 
[INFO] [stdout] failures:
[INFO] [stdout] 
[INFO] [stdout] ---- src/lib.rs - (line 9) stdout ----
[INFO] [stdout] error[E0432]: unresolved import `crate::CrumbExt`
[INFO] [stdout]  --> src/lib.rs:10:5
[INFO] [stdout]   |
[INFO] [stdout] 3 | use crate::CrumbExt;
[INFO] [stdout]   |     ^^^^^^^^^^^^^^^ no `CrumbExt` in the root
[INFO] [stdout] 
[INFO] [stdout] error[E0599]: no method named `get_crumb` found for type `u64` in the current scope
[INFO] [stdout]   --> src/lib.rs:15:26
[INFO] [stdout]    |
[INFO] [stdout] 8  |     let crumb: u8 = test.get_crumb(1).unwrap();
[INFO] [stdout]    |                          ^^^^^^^^^ method not found in `u64`
[INFO] [stdout]    | 
[INFO] [stdout]   ::: /opt/rustwide/workdir/src/lib.rs:37:8
[INFO] [stdout]    |
[INFO] [stdout] 37 |     fn get_crumb(&self, nibble_index: u8) -> core::option::Option<u8>;
[INFO] [stdout]    |        --------- the method is available for `u64` here
[INFO] [stdout]    |
[INFO] [stdout]    = help: items from traits can only be used if the trait is in scope
[INFO] [stdout] help: the following trait is implemented but not in scope; perhaps add a `use` for it:
[INFO] [stdout]    |
[INFO] [stdout] 3  | use crate::crumb::CrumbExt;
[INFO] [stdout]    |
[INFO] [stdout] 
[INFO] [stdout] error[E0599]: no function or associated item named `from_crumb` found for type `u64` in the current scope
[INFO] [stdout]  --> src/lib.rs:16:36
[INFO] [stdout]   |
[INFO] [stdout] 9 |     assert_eq!(0b11110000u64, u64::from_crumb(crumb));
[INFO] [stdout]   |                                    ^^^^^^^^^^ function or associated item not found in `u64`
[INFO] [stdout]   |
[INFO] [stdout]   = help: items from traits can only be used if the trait is in scope
[INFO] [stdout] help: the following trait is implemented but not in scope; perhaps add a `use` for it:
[INFO] [stdout]   |
[INFO] [stdout] 3 | use crate::crumb::CrumbExt;
[INFO] [stdout]   |
[INFO] [stdout] 
[INFO] [stdout] error: aborting due to 3 previous errors
[INFO] [stdout] 
[INFO] [stdout] Some errors have detailed explanations: E0432, E0599.
[INFO] [stdout] For more information about an error, try `rustc --explain E0432`.
[INFO] [stdout] Couldn't compile the test.
[INFO] [stdout] 
[INFO] [stdout] failures:
[INFO] [stdout]     src/lib.rs - (line 9)
[INFO] [stdout] 
[INFO] [stdout] test result: FAILED. 0 passed; 1 failed; 0 ignored; 0 measured; 0 filtered out; finished in 0.17s
[INFO] [stdout] 
[INFO] [stderr] error: test failed, to rerun pass '--doc'
[INFO] running `Command { std: "docker" "inspect" "dedb9c5f43f04bb5e03da42be4c1fa59c75bb427132a515295a1c70e56a779c3", kill_on_drop: false }`
[INFO] running `Command { std: "docker" "rm" "-f" "dedb9c5f43f04bb5e03da42be4c1fa59c75bb427132a515295a1c70e56a779c3", kill_on_drop: false }`
[INFO] [stdout] dedb9c5f43f04bb5e03da42be4c1fa59c75bb427132a515295a1c70e56a779c3
