[INFO] fetching crate cronparse 0.5.1...
[INFO] testing cronparse-0.5.1 against beta-2021-08-01 for beta-1.55-1
[INFO] extracting crate cronparse 0.5.1 into /workspace/builds/worker-19/source
[INFO] validating manifest of crates.io crate cronparse 0.5.1 on toolchain beta-2021-08-01
[INFO] running `Command { std: "/workspace/cargo-home/bin/cargo" "+beta-2021-08-01" "metadata" "--manifest-path" "Cargo.toml" "--no-deps", kill_on_drop: false }`
[INFO] started tweaking crates.io crate cronparse 0.5.1
[INFO] finished tweaking crates.io crate cronparse 0.5.1
[INFO] tweaked toml for crates.io crate cronparse 0.5.1 written to /workspace/builds/worker-19/source/Cargo.toml
[INFO] running `Command { std: "/workspace/cargo-home/bin/cargo" "+beta-2021-08-01" "generate-lockfile" "--manifest-path" "Cargo.toml" "-Zno-index-update", kill_on_drop: false }`
[INFO] [stderr]     Blocking waiting for file lock on package cache
[INFO] running `Command { std: "/workspace/cargo-home/bin/cargo" "+beta-2021-08-01" "fetch" "--manifest-path" "Cargo.toml", kill_on_drop: false }`
[INFO] [stderr]     Blocking waiting for file lock on package cache
[INFO] [stderr]     Blocking waiting for file lock on package cache
[INFO] running `Command { std: "docker" "create" "-v" "/var/lib/crater-agent-workspace/builds/worker-19/target:/opt/rustwide/target:rw,Z" "-v" "/var/lib/crater-agent-workspace/builds/worker-19/source:/opt/rustwide/workdir:ro,Z" "-v" "/var/lib/crater-agent-workspace/cargo-home:/opt/rustwide/cargo-home:ro,Z" "-v" "/var/lib/crater-agent-workspace/rustup-home:/opt/rustwide/rustup-home:ro,Z" "-e" "SOURCE_DIR=/opt/rustwide/workdir" "-e" "CARGO_TARGET_DIR=/opt/rustwide/target" "-e" "CARGO_HOME=/opt/rustwide/cargo-home" "-e" "RUSTUP_HOME=/opt/rustwide/rustup-home" "-w" "/opt/rustwide/workdir" "-m" "1610612736" "--user" "0:0" "--network" "none" "ghcr.io/rust-lang/crates-build-env/linux@sha256:34b6a614d2c27851fe6cbf88fbd1137609cefab8b10d0615aaeb6fd47975d74e" "/opt/rustwide/cargo-home/bin/cargo" "+beta-2021-08-01" "metadata" "--no-deps" "--format-version=1", kill_on_drop: false }`
[INFO] [stdout] 043591e6fbc1e8af6222650e90a3bdcdef8d6a34d7a1a7eb4ca2b9498886c6bb
[INFO] running `Command { std: "docker" "start" "-a" "043591e6fbc1e8af6222650e90a3bdcdef8d6a34d7a1a7eb4ca2b9498886c6bb", kill_on_drop: false }`
[INFO] running `Command { std: "docker" "inspect" "043591e6fbc1e8af6222650e90a3bdcdef8d6a34d7a1a7eb4ca2b9498886c6bb", kill_on_drop: false }`
[INFO] running `Command { std: "docker" "rm" "-f" "043591e6fbc1e8af6222650e90a3bdcdef8d6a34d7a1a7eb4ca2b9498886c6bb", kill_on_drop: false }`
[INFO] [stdout] 043591e6fbc1e8af6222650e90a3bdcdef8d6a34d7a1a7eb4ca2b9498886c6bb
[INFO] running `Command { std: "docker" "create" "-v" "/var/lib/crater-agent-workspace/builds/worker-19/target:/opt/rustwide/target:rw,Z" "-v" "/var/lib/crater-agent-workspace/builds/worker-19/source:/opt/rustwide/workdir:ro,Z" "-v" "/var/lib/crater-agent-workspace/cargo-home:/opt/rustwide/cargo-home:ro,Z" "-v" "/var/lib/crater-agent-workspace/rustup-home:/opt/rustwide/rustup-home:ro,Z" "-e" "SOURCE_DIR=/opt/rustwide/workdir" "-e" "CARGO_TARGET_DIR=/opt/rustwide/target" "-e" "CARGO_INCREMENTAL=0" "-e" "RUST_BACKTRACE=full" "-e" "RUSTFLAGS=--cap-lints=warn" "-e" "CARGO_HOME=/opt/rustwide/cargo-home" "-e" "RUSTUP_HOME=/opt/rustwide/rustup-home" "-w" "/opt/rustwide/workdir" "-m" "1610612736" "--user" "0:0" "--network" "none" "ghcr.io/rust-lang/crates-build-env/linux@sha256:34b6a614d2c27851fe6cbf88fbd1137609cefab8b10d0615aaeb6fd47975d74e" "/opt/rustwide/cargo-home/bin/cargo" "+beta-2021-08-01" "build" "--frozen" "--message-format=json", kill_on_drop: false }`
[INFO] [stdout] c3faa6c78e48f735422b83752a015e2303692e3dc137c7792276867b30ce0336
[INFO] running `Command { std: "docker" "start" "-a" "c3faa6c78e48f735422b83752a015e2303692e3dc137c7792276867b30ce0336", kill_on_drop: false }`
[INFO] [stderr]    Compiling remove_dir_all v0.5.3
[INFO] [stderr]    Compiling getopts v0.2.21
[INFO] [stderr]    Compiling tempdir v0.3.7
[INFO] [stderr]    Compiling pulldown-cmark v0.0.3
[INFO] [stderr]    Compiling skeptic v0.5.0
[INFO] [stderr]    Compiling cronparse v0.5.1 (/opt/rustwide/workdir)
[INFO] [stdout] warning: trait objects without an explicit `dyn` are deprecated
[INFO] [stdout]    --> src/schedule.rs:108:32
[INFO] [stdout]     |
[INFO] [stdout] 108 |     fn cause(&self) -> Option<&Error> {
[INFO] [stdout]     |                                ^^^^^ help: use `dyn`: `dyn Error`
[INFO] [stdout]     |
[INFO] [stdout]     = note: `#[warn(bare_trait_objects)]` on by default
[INFO] [stdout]     = warning: this is accepted in the current edition (Rust 2015) but is a hard error in Rust 2021!
[INFO] [stdout]     = note: for more information, see issue #80165 <https://github.com/rust-lang/rust/issues/80165>
[INFO] [stdout] 
[INFO] [stdout] 
[INFO] [stdout] warning: trait objects without an explicit `dyn` are deprecated
[INFO] [stdout]    --> src/schedule.rs:176:32
[INFO] [stdout]     |
[INFO] [stdout] 176 |     fn cause(&self) -> Option<&Error> {
[INFO] [stdout]     |                                ^^^^^ help: use `dyn`: `dyn Error`
[INFO] [stdout]     |
[INFO] [stdout]     = warning: this is accepted in the current edition (Rust 2015) but is a hard error in Rust 2021!
[INFO] [stdout]     = note: for more information, see issue #80165 <https://github.com/rust-lang/rust/issues/80165>
[INFO] [stdout] 
[INFO] [stdout] 
[INFO] [stdout] warning: use of deprecated macro `try`: use the `?` operator instead
[INFO] [stdout]    --> src/schedule.rs:218:18
[INFO] [stdout]     |
[INFO] [stdout] 218 |             _ => try!(s.parse().map(Period::Days)),
[INFO] [stdout]     |                  ^^^
[INFO] [stdout]     |
[INFO] [stdout]     = note: `#[warn(deprecated)]` on by default
[INFO] [stdout] 
[INFO] [stdout] 
[INFO] [stdout] warning: trait objects without an explicit `dyn` are deprecated
[INFO] [stdout]    --> src/schedule.rs:297:32
[INFO] [stdout]     |
[INFO] [stdout] 297 |     fn cause(&self) -> Option<&Error> { None }
[INFO] [stdout]     |                                ^^^^^ help: use `dyn`: `dyn Error`
[INFO] [stdout]     |
[INFO] [stdout]     = warning: this is accepted in the current edition (Rust 2015) but is a hard error in Rust 2021!
[INFO] [stdout]     = note: for more information, see issue #80165 <https://github.com/rust-lang/rust/issues/80165>
[INFO] [stdout] 
[INFO] [stdout] 
[INFO] [stdout] warning: trait objects without an explicit `dyn` are deprecated
[INFO] [stdout]    --> src/schedule.rs:402:32
[INFO] [stdout]     |
[INFO] [stdout] 402 |     fn cause(&self) -> Option<&Error> { None }
[INFO] [stdout]     |                                ^^^^^ help: use `dyn`: `dyn Error`
[INFO] [stdout]     |
[INFO] [stdout]     = warning: this is accepted in the current edition (Rust 2015) but is a hard error in Rust 2021!
[INFO] [stdout]     = note: for more information, see issue #80165 <https://github.com/rust-lang/rust/issues/80165>
[INFO] [stdout] 
[INFO] [stdout] 
[INFO] [stdout] warning: trait objects without an explicit `dyn` are deprecated
[INFO] [stdout]    --> src/schedule.rs:467:32
[INFO] [stdout]     |
[INFO] [stdout] 467 |     fn cause(&self) -> Option<&Error> {
[INFO] [stdout]     |                                ^^^^^ help: use `dyn`: `dyn Error`
[INFO] [stdout]     |
[INFO] [stdout]     = warning: this is accepted in the current edition (Rust 2015) but is a hard error in Rust 2021!
[INFO] [stdout]     = note: for more information, see issue #80165 <https://github.com/rust-lang/rust/issues/80165>
[INFO] [stdout] 
[INFO] [stdout] 
[INFO] [stdout] warning: trait objects without an explicit `dyn` are deprecated
[INFO] [stdout]   --> src/interval.rs:78:32
[INFO] [stdout]    |
[INFO] [stdout] 78 |     fn cause(&self) -> Option<&Error> {
[INFO] [stdout]    |                                ^^^^^ help: use `dyn`: `dyn Error`
[INFO] [stdout]    |
[INFO] [stdout]    = warning: this is accepted in the current edition (Rust 2015) but is a hard error in Rust 2021!
[INFO] [stdout]    = note: for more information, see issue #80165 <https://github.com/rust-lang/rust/issues/80165>
[INFO] [stdout] 
[INFO] [stdout] 
[INFO] [stdout] warning: use of deprecated macro `try`: use the `?` operator instead
[INFO] [stdout]   --> src/interval.rs:94:27
[INFO] [stdout]    |
[INFO] [stdout] 94 |             (&s[..slash], try!(s[slash+1..].parse())) // FIXME
[INFO] [stdout]    |                           ^^^
[INFO] [stdout] 
[INFO] [stdout] 
[INFO] [stdout] warning: use of deprecated macro `try`: use the `?` operator instead
[INFO] [stdout]    --> src/interval.rs:108:14
[INFO] [stdout]     |
[INFO] [stdout] 108 |             (try!(range[..hyphen].parse()), try!(range[hyphen+1..].parse()))
[INFO] [stdout]     |              ^^^
[INFO] [stdout] 
[INFO] [stdout] 
[INFO] [stdout] warning: use of deprecated macro `try`: use the `?` operator instead
[INFO] [stdout]    --> src/interval.rs:108:45
[INFO] [stdout]     |
[INFO] [stdout] 108 |             (try!(range[..hyphen].parse()), try!(range[hyphen+1..].parse()))
[INFO] [stdout]     |                                             ^^^
[INFO] [stdout] 
[INFO] [stdout] 
[INFO] [stdout] warning: use of deprecated macro `try`: use the `?` operator instead
[INFO] [stdout]    --> src/interval.rs:210:13
[INFO] [stdout]     |
[INFO] [stdout] 210 |             try!(item.fmt(f));
[INFO] [stdout]     |             ^^^
[INFO] [stdout] 
[INFO] [stdout] 
[INFO] [stdout] warning: use of deprecated macro `try`: use the `?` operator instead
[INFO] [stdout]    --> src/interval.rs:207:17
[INFO] [stdout]     |
[INFO] [stdout] 207 |                 try!(f.write_str(","));
[INFO] [stdout]     |                 ^^^
[INFO] [stdout] 
[INFO] [stdout] 
[INFO] [stdout] warning: use of deprecated macro `try`: use the `?` operator instead
[INFO] [stdout]    --> src/crontab.rs:168:9
[INFO] [stdout]     |
[INFO] [stdout] 168 |         try!(self.0.fmt(f));
[INFO] [stdout]     |         ^^^
[INFO] [stdout] 
[INFO] [stdout] 
[INFO] [stdout] warning: use of deprecated macro `try`: use the `?` operator instead
[INFO] [stdout]    --> src/crontab.rs:170:13
[INFO] [stdout]     |
[INFO] [stdout] 170 |             try!(f.write_str(":"));
[INFO] [stdout]     |             ^^^
[INFO] [stdout] 
[INFO] [stdout] 
[INFO] [stdout] warning: use of deprecated macro `try`: use the `?` operator instead
[INFO] [stdout]    --> src/crontab.rs:171:13
[INFO] [stdout]     |
[INFO] [stdout] 171 |             try!(group.fmt(f));
[INFO] [stdout]     |             ^^^
[INFO] [stdout] 
[INFO] [stdout] 
[INFO] [stdout] warning: use of deprecated macro `try`: use the `?` operator instead
[INFO] [stdout]    --> src/crontab.rs:174:13
[INFO] [stdout]     |
[INFO] [stdout] 174 |             try!(f.write_str(":"));
[INFO] [stdout]     |             ^^^
[INFO] [stdout] 
[INFO] [stdout] 
[INFO] [stdout] warning: use of deprecated macro `try`: use the `?` operator instead
[INFO] [stdout]    --> src/crontab.rs:175:13
[INFO] [stdout]     |
[INFO] [stdout] 175 |             try!(class.fmt(f));
[INFO] [stdout]     |             ^^^
[INFO] [stdout] 
[INFO] [stdout] 
[INFO] [stdout] warning: use of deprecated macro `try`: use the `?` operator instead
[INFO] [stdout]    --> src/crontab.rs:186:13
[INFO] [stdout]     |
[INFO] [stdout] 186 |             try!(splits.next().ok_or(UserInfoParseError).map(ToOwned::to_owned)),
[INFO] [stdout]     |             ^^^
[INFO] [stdout] 
[INFO] [stdout] 
[INFO] [stdout] warning: trait objects without an explicit `dyn` are deprecated
[INFO] [stdout]    --> src/crontab.rs:197:32
[INFO] [stdout]     |
[INFO] [stdout] 197 |     fn cause(&self) -> Option<&Error> {
[INFO] [stdout]     |                                ^^^^^ help: use `dyn`: `dyn Error`
[INFO] [stdout]     |
[INFO] [stdout]     = warning: this is accepted in the current edition (Rust 2015) but is a hard error in Rust 2021!
[INFO] [stdout]     = note: for more information, see issue #80165 <https://github.com/rust-lang/rust/issues/80165>
[INFO] [stdout] 
[INFO] [stdout] 
[INFO] [stdout] warning: trait objects without an explicit `dyn` are deprecated
[INFO] [stdout]    --> src/crontab.rs:251:32
[INFO] [stdout]     |
[INFO] [stdout] 251 |     fn cause(&self) -> Option<&Error> {
[INFO] [stdout]     |                                ^^^^^ help: use `dyn`: `dyn Error`
[INFO] [stdout]     |
[INFO] [stdout]     = warning: this is accepted in the current edition (Rust 2015) but is a hard error in Rust 2021!
[INFO] [stdout]     = note: for more information, see issue #80165 <https://github.com/rust-lang/rust/issues/80165>
[INFO] [stdout] 
[INFO] [stdout] 
[INFO] [stdout] warning: use of deprecated macro `try`: use the `?` operator instead
[INFO] [stdout]    --> src/crontab.rs:276:20
[INFO] [stdout]     |
[INFO] [stdout] 276 |             sched: try!(Schedule::from_iter(&mut splits)),
[INFO] [stdout]     |                    ^^^
[INFO] [stdout] 
[INFO] [stdout] 
[INFO] [stdout] warning: use of deprecated macro `try`: use the `?` operator instead
[INFO] [stdout]    --> src/crontab.rs:295:20
[INFO] [stdout]     |
[INFO] [stdout] 295 |             sched: try!(Schedule::from_iter(&mut splits)),
[INFO] [stdout]     |                    ^^^
[INFO] [stdout] 
[INFO] [stdout] 
[INFO] [stdout] warning: use of deprecated macro `try`: use the `?` operator instead
[INFO] [stdout]    --> src/crontab.rs:296:19
[INFO] [stdout]     |
[INFO] [stdout] 296 |             user: try!(splits.next().ok_or(UserInfoParseError).and_then(FromStr::from_str)),
[INFO] [stdout]     |                   ^^^
[INFO] [stdout] 
[INFO] [stdout] 
[INFO] [stdout] warning: use of deprecated macro `try`: use the `?` operator instead
[INFO] [stdout]    --> src/crontab.rs:315:21
[INFO] [stdout]     |
[INFO] [stdout] 315 | ...   period: try!(splits.next().map(|v| v.parse().map_err(CrontabEntryParseError::InvalidPeriod)).unwrap_or(Err(CrontabEntryParseError::...
[INFO] [stdout]     |               ^^^
[INFO] [stdout] 
[INFO] [stdout] 
[INFO] [stdout] warning: use of deprecated macro `try`: use the `?` operator instead
[INFO] [stdout]    --> src/crontab.rs:316:20
[INFO] [stdout]     |
[INFO] [stdout] 316 | ...   delay: try!(splits.next().map(|v| v.parse().map_err(CrontabEntryParseError::InvalidDelay)).unwrap_or(Err(CrontabEntryParseError::Mi...
[INFO] [stdout]     |              ^^^
[INFO] [stdout] 
[INFO] [stdout] 
[INFO] [stdout] warning: use of deprecated macro `try`: use the `?` operator instead
[INFO] [stdout]    --> src/crontab.rs:317:20
[INFO] [stdout]     |
[INFO] [stdout] 317 |             jobid: try!(splits.next().map(ToOwned::to_owned).ok_or(CrontabEntryParseError::MissingJobId)),
[INFO] [stdout]     |                    ^^^
[INFO] [stdout] 
[INFO] [stdout] 
[INFO] [stdout] warning: trait objects without an explicit `dyn` are deprecated
[INFO] [stdout]   --> src/lib.rs:85:32
[INFO] [stdout]    |
[INFO] [stdout] 85 |     fn cause(&self) -> Option<&Error> {
[INFO] [stdout]    |                                ^^^^^ help: use `dyn`: `dyn Error`
[INFO] [stdout]    |
[INFO] [stdout]    = warning: this is accepted in the current edition (Rust 2015) but is a hard error in Rust 2021!
[INFO] [stdout]    = note: for more information, see issue #80165 <https://github.com/rust-lang/rust/issues/80165>
[INFO] [stdout] 
[INFO] [stdout] 
[INFO] [stdout] warning: use of deprecated trait `std::ascii::AsciiExt`: use inherent methods instead
[INFO] [stdout]  --> src/schedule.rs:7:17
[INFO] [stdout]   |
[INFO] [stdout] 7 | use std::ascii::AsciiExt;
[INFO] [stdout]   |                 ^^^^^^^^
[INFO] [stdout] 
[INFO] [stdout] 
[INFO] [stdout] warning: use of deprecated associated function `core::str::<impl str>::trim_right_matches`: superseded by `trim_end_matches`
[INFO] [stdout]    --> src/crontab.rs:132:26
[INFO] [stdout]     |
[INFO] [stdout] 132 |             Some(n) => n.trim_right_matches(&spaces[..]),
[INFO] [stdout]     |                          ^^^^^^^^^^^^^^^^^^ help: replace the use of the deprecated associated function: `trim_end_matches`
[INFO] [stdout] 
[INFO] [stdout] 
[INFO] [stdout] warning: use of deprecated associated function `core::str::<impl str>::trim_left_matches`: superseded by `trim_start_matches`
[INFO] [stdout]    --> src/crontab.rs:145:26
[INFO] [stdout]     |
[INFO] [stdout] 145 |             Some(v) => v.trim_left_matches(&spaces[..]),
[INFO] [stdout]     |                          ^^^^^^^^^^^^^^^^^ help: replace the use of the deprecated associated function: `trim_start_matches`
[INFO] [stdout] 
[INFO] [stdout] 
[INFO] [stdout] warning: use of deprecated associated function `std::error::Error::description`: use the Display impl or to_string()
[INFO] [stdout]    --> src/crontab.rs:230:35
[INFO] [stdout]     |
[INFO] [stdout] 230 |             _ => f.write_str(self.description()),
[INFO] [stdout]     |                                   ^^^^^^^^^^^
[INFO] [stdout] 
[INFO] [stdout] 
[INFO] [stdout] warning: unused import: `std::ascii::AsciiExt`
[INFO] [stdout]  --> src/schedule.rs:7:5
[INFO] [stdout]   |
[INFO] [stdout] 7 | use std::ascii::AsciiExt;
[INFO] [stdout]   |     ^^^^^^^^^^^^^^^^^^^^
[INFO] [stdout]   |
[INFO] [stdout]   = note: `#[warn(unused_imports)]` on by default
[INFO] [stdout] 
[INFO] [stdout] 
[INFO] [stdout] warning: unused import: `FromIterator`
[INFO] [stdout]  --> src/schedule.rs:8:17
[INFO] [stdout]   |
[INFO] [stdout] 8 | use std::iter::{FromIterator, IntoIterator, Iterator};
[INFO] [stdout]   |                 ^^^^^^^^^^^^
[INFO] [stdout] 
[INFO] [stdout] 
[INFO] [stdout] warning: unused import: `std::iter::FromIterator`
[INFO] [stdout]  --> src/crontab.rs:2:5
[INFO] [stdout]   |
[INFO] [stdout] 2 | use std::iter::FromIterator;
[INFO] [stdout]   |     ^^^^^^^^^^^^^^^^^^^^^^^
[INFO] [stdout] 
[INFO] [stdout] 
[INFO] [stdout] warning: 34 warnings emitted
[INFO] [stdout] 
[INFO] [stdout] 
[INFO] [stderr]     Finished dev [unoptimized + debuginfo] target(s) in 3.29s
[INFO] running `Command { std: "docker" "inspect" "c3faa6c78e48f735422b83752a015e2303692e3dc137c7792276867b30ce0336", kill_on_drop: false }`
[INFO] running `Command { std: "docker" "rm" "-f" "c3faa6c78e48f735422b83752a015e2303692e3dc137c7792276867b30ce0336", kill_on_drop: false }`
[INFO] [stdout] c3faa6c78e48f735422b83752a015e2303692e3dc137c7792276867b30ce0336
[INFO] running `Command { std: "docker" "create" "-v" "/var/lib/crater-agent-workspace/builds/worker-19/target:/opt/rustwide/target:rw,Z" "-v" "/var/lib/crater-agent-workspace/builds/worker-19/source:/opt/rustwide/workdir:ro,Z" "-v" "/var/lib/crater-agent-workspace/cargo-home:/opt/rustwide/cargo-home:ro,Z" "-v" "/var/lib/crater-agent-workspace/rustup-home:/opt/rustwide/rustup-home:ro,Z" "-e" "SOURCE_DIR=/opt/rustwide/workdir" "-e" "CARGO_TARGET_DIR=/opt/rustwide/target" "-e" "CARGO_INCREMENTAL=0" "-e" "RUST_BACKTRACE=full" "-e" "RUSTFLAGS=--cap-lints=warn" "-e" "CARGO_HOME=/opt/rustwide/cargo-home" "-e" "RUSTUP_HOME=/opt/rustwide/rustup-home" "-w" "/opt/rustwide/workdir" "-m" "1610612736" "--user" "0:0" "--network" "none" "ghcr.io/rust-lang/crates-build-env/linux@sha256:34b6a614d2c27851fe6cbf88fbd1137609cefab8b10d0615aaeb6fd47975d74e" "/opt/rustwide/cargo-home/bin/cargo" "+beta-2021-08-01" "test" "--frozen" "--no-run" "--message-format=json", kill_on_drop: false }`
[INFO] [stdout] 38d3f14bd8ed65cc79db731b318e09a3d614a41f5a4cdbd385b82802c1df913e
[INFO] running `Command { std: "docker" "start" "-a" "38d3f14bd8ed65cc79db731b318e09a3d614a41f5a4cdbd385b82802c1df913e", kill_on_drop: false }`
[INFO] [stdout] warning: trait objects without an explicit `dyn` are deprecated
[INFO] [stdout]    --> src/schedule.rs:108:32
[INFO] [stdout]     |
[INFO] [stdout] 108 |     fn cause(&self) -> Option<&Error> {
[INFO] [stdout]     |                                ^^^^^ help: use `dyn`: `dyn Error`
[INFO] [stdout]     |
[INFO] [stdout]     = note: `#[warn(bare_trait_objects)]` on by default
[INFO] [stdout]     = warning: this is accepted in the current edition (Rust 2015) but is a hard error in Rust 2021!
[INFO] [stdout]     = note: for more information, see issue #80165 <https://github.com/rust-lang/rust/issues/80165>
[INFO] [stdout] 
[INFO] [stdout] 
[INFO] [stdout] warning: trait objects without an explicit `dyn` are deprecated
[INFO] [stdout]    --> src/schedule.rs:176:32
[INFO] [stdout]     |
[INFO] [stdout] 176 |     fn cause(&self) -> Option<&Error> {
[INFO] [stdout]     |                                ^^^^^ help: use `dyn`: `dyn Error`
[INFO] [stdout]     |
[INFO] [stdout]     = warning: this is accepted in the current edition (Rust 2015) but is a hard error in Rust 2021!
[INFO] [stdout]     = note: for more information, see issue #80165 <https://github.com/rust-lang/rust/issues/80165>
[INFO] [stdout] 
[INFO] [stdout] 
[INFO] [stdout] warning: use of deprecated macro `try`: use the `?` operator instead
[INFO] [stdout]    --> src/schedule.rs:218:18
[INFO] [stdout]     |
[INFO] [stdout] 218 |             _ => try!(s.parse().map(Period::Days)),
[INFO] [stdout]     |                  ^^^
[INFO] [stdout]     |
[INFO] [stdout]     = note: `#[warn(deprecated)]` on by default
[INFO] [stdout] 
[INFO] [stdout] 
[INFO] [stdout] warning: trait objects without an explicit `dyn` are deprecated
[INFO] [stdout]    --> src/schedule.rs:297:32
[INFO] [stdout]     |
[INFO] [stdout] 297 |     fn cause(&self) -> Option<&Error> { None }
[INFO] [stdout]     |                                ^^^^^ help: use `dyn`: `dyn Error`
[INFO] [stdout]     |
[INFO] [stdout]     = warning: this is accepted in the current edition (Rust 2015) but is a hard error in Rust 2021!
[INFO] [stdout]     = note: for more information, see issue #80165 <https://github.com/rust-lang/rust/issues/80165>
[INFO] [stdout] 
[INFO] [stdout] 
[INFO] [stdout] warning: trait objects without an explicit `dyn` are deprecated
[INFO] [stdout]    --> src/schedule.rs:402:32
[INFO] [stdout]     |
[INFO] [stdout] 402 |     fn cause(&self) -> Option<&Error> { None }
[INFO] [stdout]     |                                ^^^^^ help: use `dyn`: `dyn Error`
[INFO] [stdout]     |
[INFO] [stdout]     = warning: this is accepted in the current edition (Rust 2015) but is a hard error in Rust 2021!
[INFO] [stdout]     = note: for more information, see issue #80165 <https://github.com/rust-lang/rust/issues/80165>
[INFO] [stdout] 
[INFO] [stdout] 
[INFO] [stdout] warning: trait objects without an explicit `dyn` are deprecated
[INFO] [stdout]    --> src/schedule.rs:467:32
[INFO] [stdout]     |
[INFO] [stdout] 467 |     fn cause(&self) -> Option<&Error> {
[INFO] [stdout]     |                                ^^^^^ help: use `dyn`: `dyn Error`
[INFO] [stdout]     |
[INFO] [stdout]     = warning: this is accepted in the current edition (Rust 2015) but is a hard error in Rust 2021!
[INFO] [stdout]     = note: for more information, see issue #80165 <https://github.com/rust-lang/rust/issues/80165>
[INFO] [stdout] 
[INFO] [stdout] 
[INFO] [stdout] warning: trait objects without an explicit `dyn` are deprecated
[INFO] [stdout]   --> src/interval.rs:78:32
[INFO] [stdout]    |
[INFO] [stdout] 78 |     fn cause(&self) -> Option<&Error> {
[INFO] [stdout]    |                                ^^^^^ help: use `dyn`: `dyn Error`
[INFO] [stdout]    |
[INFO] [stdout]    = warning: this is accepted in the current edition (Rust 2015) but is a hard error in Rust 2021!
[INFO] [stdout]    = note: for more information, see issue #80165 <https://github.com/rust-lang/rust/issues/80165>
[INFO] [stdout] 
[INFO] [stdout] 
[INFO] [stdout] warning: use of deprecated macro `try`: use the `?` operator instead
[INFO] [stdout]   --> src/interval.rs:94:27
[INFO] [stdout]    |
[INFO] [stdout] 94 |             (&s[..slash], try!(s[slash+1..].parse())) // FIXME
[INFO] [stdout]    |                           ^^^
[INFO] [stdout] 
[INFO] [stdout] 
[INFO] [stdout] warning: use of deprecated macro `try`: use the `?` operator instead
[INFO] [stdout]    --> src/interval.rs:108:14
[INFO] [stdout]     |
[INFO] [stdout] 108 |             (try!(range[..hyphen].parse()), try!(range[hyphen+1..].parse()))
[INFO] [stdout]     |              ^^^
[INFO] [stdout] 
[INFO] [stdout] 
[INFO] [stdout] warning: use of deprecated macro `try`: use the `?` operator instead
[INFO] [stdout]    --> src/interval.rs:108:45
[INFO] [stdout]     |
[INFO] [stdout] 108 |             (try!(range[..hyphen].parse()), try!(range[hyphen+1..].parse()))
[INFO] [stdout]     |                                             ^^^
[INFO] [stdout] 
[INFO] [stdout] 
[INFO] [stdout] warning: use of deprecated macro `try`: use the `?` operator instead
[INFO] [stdout]    --> src/interval.rs:210:13
[INFO] [stdout]     |
[INFO] [stdout] 210 |             try!(item.fmt(f));
[INFO] [stdout]     |             ^^^
[INFO] [stdout] 
[INFO] [stdout] 
[INFO] [stdout] warning: use of deprecated macro `try`: use the `?` operator instead
[INFO] [stdout]    --> src/interval.rs:207:17
[INFO] [stdout]     |
[INFO] [stdout] 207 |                 try!(f.write_str(","));
[INFO] [stdout]     |                 ^^^
[INFO] [stdout] 
[INFO] [stdout] 
[INFO] [stdout] warning: use of deprecated macro `try`: use the `?` operator instead
[INFO] [stdout]    --> src/crontab.rs:168:9
[INFO] [stdout]     |
[INFO] [stdout] 168 |         try!(self.0.fmt(f));
[INFO] [stdout]     |         ^^^
[INFO] [stdout] 
[INFO] [stdout] 
[INFO] [stdout] warning: use of deprecated macro `try`: use the `?` operator instead
[INFO] [stdout]    --> src/crontab.rs:170:13
[INFO] [stdout]     |
[INFO] [stdout] 170 |             try!(f.write_str(":"));
[INFO] [stdout]     |             ^^^
[INFO] [stdout] 
[INFO] [stdout] 
[INFO] [stdout] warning: use of deprecated macro `try`: use the `?` operator instead
[INFO] [stdout]    --> src/crontab.rs:171:13
[INFO] [stdout]     |
[INFO] [stdout] 171 |             try!(group.fmt(f));
[INFO] [stdout]     |             ^^^
[INFO] [stdout] 
[INFO] [stdout] 
[INFO] [stdout] warning: use of deprecated macro `try`: use the `?` operator instead
[INFO] [stdout]    --> src/crontab.rs:174:13
[INFO] [stdout]     |
[INFO] [stdout] 174 |             try!(f.write_str(":"));
[INFO] [stdout]     |             ^^^
[INFO] [stdout] 
[INFO] [stdout] 
[INFO] [stdout] warning: use of deprecated macro `try`: use the `?` operator instead
[INFO] [stdout]    --> src/crontab.rs:175:13
[INFO] [stdout]     |
[INFO] [stdout] 175 |             try!(class.fmt(f));
[INFO] [stdout]     |             ^^^
[INFO] [stdout] 
[INFO] [stdout] 
[INFO] [stdout] warning: use of deprecated macro `try`: use the `?` operator instead
[INFO] [stdout]    --> src/crontab.rs:186:13
[INFO] [stdout]     |
[INFO] [stdout] 186 |             try!(splits.next().ok_or(UserInfoParseError).map(ToOwned::to_owned)),
[INFO] [stdout]     |             ^^^
[INFO] [stdout] 
[INFO] [stdout] 
[INFO] [stdout] warning: trait objects without an explicit `dyn` are deprecated
[INFO] [stdout]    --> src/crontab.rs:197:32
[INFO] [stdout]     |
[INFO] [stdout] 197 |     fn cause(&self) -> Option<&Error> {
[INFO] [stdout]     |                                ^^^^^ help: use `dyn`: `dyn Error`
[INFO] [stdout]     |
[INFO] [stdout]     = warning: this is accepted in the current edition (Rust 2015) but is a hard error in Rust 2021!
[INFO] [stdout]     = note: for more information, see issue #80165 <https://github.com/rust-lang/rust/issues/80165>
[INFO] [stdout] 
[INFO] [stdout] 
[INFO] [stdout] warning: trait objects without an explicit `dyn` are deprecated
[INFO] [stdout]    --> src/crontab.rs:251:32
[INFO] [stdout]     |
[INFO] [stdout] 251 |     fn cause(&self) -> Option<&Error> {
[INFO] [stdout]     |                                ^^^^^ help: use `dyn`: `dyn Error`
[INFO] [stdout]     |
[INFO] [stdout]     = warning: this is accepted in the current edition (Rust 2015) but is a hard error in Rust 2021!
[INFO] [stdout]     = note: for more information, see issue #80165 <https://github.com/rust-lang/rust/issues/80165>
[INFO] [stdout] 
[INFO] [stdout] 
[INFO] [stdout] warning: use of deprecated macro `try`: use the `?` operator instead
[INFO] [stdout]    --> src/crontab.rs:276:20
[INFO] [stdout]     |
[INFO] [stdout] 276 |             sched: try!(Schedule::from_iter(&mut splits)),
[INFO] [stdout]     |                    ^^^
[INFO] [stdout] 
[INFO] [stdout] 
[INFO] [stdout] warning: use of deprecated macro `try`: use the `?` operator instead
[INFO] [stdout]    --> src/crontab.rs:295:20
[INFO] [stdout]     |
[INFO] [stdout] 295 |             sched: try!(Schedule::from_iter(&mut splits)),
[INFO] [stdout]     |                    ^^^
[INFO] [stdout] 
[INFO] [stdout] 
[INFO] [stdout] warning: use of deprecated macro `try`: use the `?` operator instead
[INFO] [stdout]    --> src/crontab.rs:296:19
[INFO] [stdout]     |
[INFO] [stdout] 296 |             user: try!(splits.next().ok_or(UserInfoParseError).and_then(FromStr::from_str)),
[INFO] [stdout]     |                   ^^^
[INFO] [stdout] 
[INFO] [stdout] 
[INFO] [stdout] warning: use of deprecated macro `try`: use the `?` operator instead
[INFO] [stdout]    --> src/crontab.rs:315:21
[INFO] [stdout]     |
[INFO] [stdout] 315 | ...   period: try!(splits.next().map(|v| v.parse().map_err(CrontabEntryParseError::InvalidPeriod)).unwrap_or(Err(CrontabEntryParseError::...
[INFO] [stdout]     |               ^^^
[INFO] [stdout] 
[INFO] [stdout] 
[INFO] [stdout] warning: use of deprecated macro `try`: use the `?` operator instead
[INFO] [stdout]    --> src/crontab.rs:316:20
[INFO] [stdout]     |
[INFO] [stdout] 316 | ...   delay: try!(splits.next().map(|v| v.parse().map_err(CrontabEntryParseError::InvalidDelay)).unwrap_or(Err(CrontabEntryParseError::Mi...
[INFO] [stdout]     |              ^^^
[INFO] [stdout] 
[INFO] [stdout] 
[INFO] [stdout] warning: use of deprecated macro `try`: use the `?` operator instead
[INFO] [stdout]    --> src/crontab.rs:317:20
[INFO] [stdout]     |
[INFO] [stdout] 317 |             jobid: try!(splits.next().map(ToOwned::to_owned).ok_or(CrontabEntryParseError::MissingJobId)),
[INFO] [stdout]     |                    ^^^
[INFO] [stdout] 
[INFO] [stdout] 
[INFO] [stdout] warning: trait objects without an explicit `dyn` are deprecated
[INFO] [stdout]   --> src/lib.rs:85:32
[INFO] [stdout]    |
[INFO] [stdout] 85 |     fn cause(&self) -> Option<&Error> {
[INFO] [stdout]    |                                ^^^^^ help: use `dyn`: `dyn Error`
[INFO] [stdout]    |
[INFO] [stdout]    = warning: this is accepted in the current edition (Rust 2015) but is a hard error in Rust 2021!
[INFO] [stdout]    = note: for more information, see issue #80165 <https://github.com/rust-lang/rust/issues/80165>
[INFO] [stdout] 
[INFO] [stdout] 
[INFO] [stdout] warning: use of deprecated trait `std::ascii::AsciiExt`: use inherent methods instead
[INFO] [stdout]  --> src/schedule.rs:7:17
[INFO] [stdout]   |
[INFO] [stdout] 7 | use std::ascii::AsciiExt;
[INFO] [stdout]   |                 ^^^^^^^^
[INFO] [stdout] 
[INFO] [stdout] 
[INFO] [stdout] warning: use of deprecated associated function `core::str::<impl str>::trim_right_matches`: superseded by `trim_end_matches`
[INFO] [stdout]    --> src/crontab.rs:132:26
[INFO] [stdout]     |
[INFO] [stdout] 132 |             Some(n) => n.trim_right_matches(&spaces[..]),
[INFO] [stdout]     |                          ^^^^^^^^^^^^^^^^^^ help: replace the use of the deprecated associated function: `trim_end_matches`
[INFO] [stdout] 
[INFO] [stdout] 
[INFO] [stdout] warning: use of deprecated associated function `core::str::<impl str>::trim_left_matches`: superseded by `trim_start_matches`
[INFO] [stdout]    --> src/crontab.rs:145:26
[INFO] [stdout]     |
[INFO] [stdout] 145 |             Some(v) => v.trim_left_matches(&spaces[..]),
[INFO] [stdout]     |                          ^^^^^^^^^^^^^^^^^ help: replace the use of the deprecated associated function: `trim_start_matches`
[INFO] [stdout] 
[INFO] [stdout] 
[INFO] [stdout] warning: use of deprecated associated function `std::error::Error::description`: use the Display impl or to_string()
[INFO] [stdout]    --> src/crontab.rs:230:35
[INFO] [stdout]     |
[INFO] [stdout] 230 |             _ => f.write_str(self.description()),
[INFO] [stdout]     |                                   ^^^^^^^^^^^
[INFO] [stdout] 
[INFO] [stdout] 
[INFO] [stdout] warning: unused import: `std::ascii::AsciiExt`
[INFO] [stdout]  --> src/schedule.rs:7:5
[INFO] [stdout]   |
[INFO] [stdout] 7 | use std::ascii::AsciiExt;
[INFO] [stdout]   |     ^^^^^^^^^^^^^^^^^^^^
[INFO] [stdout]   |
[INFO] [stdout]   = note: `#[warn(unused_imports)]` on by default
[INFO] [stdout] 
[INFO] [stdout] 
[INFO] [stderr]    Compiling cronparse v0.5.1 (/opt/rustwide/workdir)
[INFO] [stdout] warning: unused import: `FromIterator`
[INFO] [stdout]  --> src/schedule.rs:8:17
[INFO] [stdout]   |
[INFO] [stdout] 8 | use std::iter::{FromIterator, IntoIterator, Iterator};
[INFO] [stdout]   |                 ^^^^^^^^^^^^
[INFO] [stdout] 
[INFO] [stdout] 
[INFO] [stdout] warning: unused import: `std::iter::FromIterator`
[INFO] [stdout]  --> src/crontab.rs:2:5
[INFO] [stdout]   |
[INFO] [stdout] 2 | use std::iter::FromIterator;
[INFO] [stdout]   |     ^^^^^^^^^^^^^^^^^^^^^^^
[INFO] [stdout] 
[INFO] [stdout] 
[INFO] [stdout] warning: 34 warnings emitted
[INFO] [stdout] 
[INFO] [stdout] 
[INFO] [stdout] warning: trait objects without an explicit `dyn` are deprecated
[INFO] [stdout]    --> src/schedule.rs:108:32
[INFO] [stdout]     |
[INFO] [stdout] 108 |     fn cause(&self) -> Option<&Error> {
[INFO] [stdout]     |                                ^^^^^ help: use `dyn`: `dyn Error`
[INFO] [stdout]     |
[INFO] [stdout]     = note: `#[warn(bare_trait_objects)]` on by default
[INFO] [stdout]     = warning: this is accepted in the current edition (Rust 2015) but is a hard error in Rust 2021!
[INFO] [stdout]     = note: for more information, see issue #80165 <https://github.com/rust-lang/rust/issues/80165>
[INFO] [stdout] 
[INFO] [stdout] 
[INFO] [stdout] warning: trait objects without an explicit `dyn` are deprecated
[INFO] [stdout]    --> src/schedule.rs:176:32
[INFO] [stdout]     |
[INFO] [stdout] 176 |     fn cause(&self) -> Option<&Error> {
[INFO] [stdout]     |                                ^^^^^ help: use `dyn`: `dyn Error`
[INFO] [stdout]     |
[INFO] [stdout]     = warning: this is accepted in the current edition (Rust 2015) but is a hard error in Rust 2021!
[INFO] [stdout]     = note: for more information, see issue #80165 <https://github.com/rust-lang/rust/issues/80165>
[INFO] [stdout] 
[INFO] [stdout] 
[INFO] [stdout] warning: use of deprecated macro `try`: use the `?` operator instead
[INFO] [stdout]    --> src/schedule.rs:218:18
[INFO] [stdout]     |
[INFO] [stdout] 218 |             _ => try!(s.parse().map(Period::Days)),
[INFO] [stdout]     |                  ^^^
[INFO] [stdout]     |
[INFO] [stdout]     = note: `#[warn(deprecated)]` on by default
[INFO] [stdout] 
[INFO] [stdout] 
[INFO] [stdout] warning: trait objects without an explicit `dyn` are deprecated
[INFO] [stdout]    --> src/schedule.rs:297:32
[INFO] [stdout]     |
[INFO] [stdout] 297 |     fn cause(&self) -> Option<&Error> { None }
[INFO] [stdout]     |                                ^^^^^ help: use `dyn`: `dyn Error`
[INFO] [stdout]     |
[INFO] [stdout]     = warning: this is accepted in the current edition (Rust 2015) but is a hard error in Rust 2021!
[INFO] [stdout]     = note: for more information, see issue #80165 <https://github.com/rust-lang/rust/issues/80165>
[INFO] [stdout] 
[INFO] [stdout] 
[INFO] [stdout] warning: trait objects without an explicit `dyn` are deprecated
[INFO] [stdout]    --> src/schedule.rs:402:32
[INFO] [stdout]     |
[INFO] [stdout] 402 |     fn cause(&self) -> Option<&Error> { None }
[INFO] [stdout]     |                                ^^^^^ help: use `dyn`: `dyn Error`
[INFO] [stdout]     |
[INFO] [stdout]     = warning: this is accepted in the current edition (Rust 2015) but is a hard error in Rust 2021!
[INFO] [stdout]     = note: for more information, see issue #80165 <https://github.com/rust-lang/rust/issues/80165>
[INFO] [stdout] 
[INFO] [stdout] 
[INFO] [stdout] warning: trait objects without an explicit `dyn` are deprecated
[INFO] [stdout]    --> src/schedule.rs:467:32
[INFO] [stdout]     |
[INFO] [stdout] 467 |     fn cause(&self) -> Option<&Error> {
[INFO] [stdout]     |                                ^^^^^ help: use `dyn`: `dyn Error`
[INFO] [stdout]     |
[INFO] [stdout]     = warning: this is accepted in the current edition (Rust 2015) but is a hard error in Rust 2021!
[INFO] [stdout]     = note: for more information, see issue #80165 <https://github.com/rust-lang/rust/issues/80165>
[INFO] [stdout] 
[INFO] [stdout] 
[INFO] [stdout] warning: trait objects without an explicit `dyn` are deprecated
[INFO] [stdout]   --> src/interval.rs:78:32
[INFO] [stdout]    |
[INFO] [stdout] 78 |     fn cause(&self) -> Option<&Error> {
[INFO] [stdout]    |                                ^^^^^ help: use `dyn`: `dyn Error`
[INFO] [stdout]    |
[INFO] [stdout]    = warning: this is accepted in the current edition (Rust 2015) but is a hard error in Rust 2021!
[INFO] [stdout]    = note: for more information, see issue #80165 <https://github.com/rust-lang/rust/issues/80165>
[INFO] [stdout] 
[INFO] [stdout] 
[INFO] [stdout] warning: use of deprecated macro `try`: use the `?` operator instead
[INFO] [stdout]   --> src/interval.rs:94:27
[INFO] [stdout]    |
[INFO] [stdout] 94 |             (&s[..slash], try!(s[slash+1..].parse())) // FIXME
[INFO] [stdout]    |                           ^^^
[INFO] [stdout] 
[INFO] [stdout] 
[INFO] [stdout] warning: use of deprecated macro `try`: use the `?` operator instead
[INFO] [stdout]    --> src/interval.rs:108:14
[INFO] [stdout]     |
[INFO] [stdout] 108 |             (try!(range[..hyphen].parse()), try!(range[hyphen+1..].parse()))
[INFO] [stdout]     |              ^^^
[INFO] [stdout] 
[INFO] [stdout] 
[INFO] [stdout] warning: use of deprecated macro `try`: use the `?` operator instead
[INFO] [stdout]    --> src/interval.rs:108:45
[INFO] [stdout]     |
[INFO] [stdout] 108 |             (try!(range[..hyphen].parse()), try!(range[hyphen+1..].parse()))
[INFO] [stdout]     |                                             ^^^
[INFO] [stdout] 
[INFO] [stdout] 
[INFO] [stdout] warning: use of deprecated macro `try`: use the `?` operator instead
[INFO] [stdout]    --> src/interval.rs:210:13
[INFO] [stdout]     |
[INFO] [stdout] 210 |             try!(item.fmt(f));
[INFO] [stdout]     |             ^^^
[INFO] [stdout] 
[INFO] [stdout] 
[INFO] [stdout] warning: use of deprecated macro `try`: use the `?` operator instead
[INFO] [stdout]    --> src/interval.rs:207:17
[INFO] [stdout]     |
[INFO] [stdout] 207 |                 try!(f.write_str(","));
[INFO] [stdout]     |                 ^^^
[INFO] [stdout] 
[INFO] [stdout] 
[INFO] [stdout] warning: use of deprecated macro `try`: use the `?` operator instead
[INFO] [stdout]    --> src/crontab.rs:168:9
[INFO] [stdout]     |
[INFO] [stdout] 168 |         try!(self.0.fmt(f));
[INFO] [stdout]     |         ^^^
[INFO] [stdout] 
[INFO] [stdout] 
[INFO] [stdout] warning: use of deprecated macro `try`: use the `?` operator instead
[INFO] [stdout]    --> src/crontab.rs:170:13
[INFO] [stdout]     |
[INFO] [stdout] 170 |             try!(f.write_str(":"));
[INFO] [stdout]     |             ^^^
[INFO] [stdout] 
[INFO] [stdout] 
[INFO] [stdout] warning: use of deprecated macro `try`: use the `?` operator instead
[INFO] [stdout]    --> src/crontab.rs:171:13
[INFO] [stdout]     |
[INFO] [stdout] 171 |             try!(group.fmt(f));
[INFO] [stdout]     |             ^^^
[INFO] [stdout] 
[INFO] [stdout] 
[INFO] [stdout] warning: use of deprecated macro `try`: use the `?` operator instead
[INFO] [stdout]    --> src/crontab.rs:174:13
[INFO] [stdout]     |
[INFO] [stdout] 174 |             try!(f.write_str(":"));
[INFO] [stdout]     |             ^^^
[INFO] [stdout] 
[INFO] [stdout] 
[INFO] [stdout] warning: use of deprecated macro `try`: use the `?` operator instead
[INFO] [stdout]    --> src/crontab.rs:175:13
[INFO] [stdout]     |
[INFO] [stdout] 175 |             try!(class.fmt(f));
[INFO] [stdout]     |             ^^^
[INFO] [stdout] 
[INFO] [stdout] 
[INFO] [stdout] warning: use of deprecated macro `try`: use the `?` operator instead
[INFO] [stdout]    --> src/crontab.rs:186:13
[INFO] [stdout]     |
[INFO] [stdout] 186 |             try!(splits.next().ok_or(UserInfoParseError).map(ToOwned::to_owned)),
[INFO] [stdout]     |             ^^^
[INFO] [stdout] 
[INFO] [stdout] 
[INFO] [stdout] warning: trait objects without an explicit `dyn` are deprecated
[INFO] [stdout]    --> src/crontab.rs:197:32
[INFO] [stdout]     |
[INFO] [stdout] 197 |     fn cause(&self) -> Option<&Error> {
[INFO] [stdout]     |                                ^^^^^ help: use `dyn`: `dyn Error`
[INFO] [stdout]     |
[INFO] [stdout]     = warning: this is accepted in the current edition (Rust 2015) but is a hard error in Rust 2021!
[INFO] [stdout]     = note: for more information, see issue #80165 <https://github.com/rust-lang/rust/issues/80165>
[INFO] [stdout] 
[INFO] [stdout] 
[INFO] [stdout] warning: trait objects without an explicit `dyn` are deprecated
[INFO] [stdout]    --> src/crontab.rs:251:32
[INFO] [stdout]     |
[INFO] [stdout] 251 |     fn cause(&self) -> Option<&Error> {
[INFO] [stdout]     |                                ^^^^^ help: use `dyn`: `dyn Error`
[INFO] [stdout]     |
[INFO] [stdout]     = warning: this is accepted in the current edition (Rust 2015) but is a hard error in Rust 2021!
[INFO] [stdout]     = note: for more information, see issue #80165 <https://github.com/rust-lang/rust/issues/80165>
[INFO] [stdout] 
[INFO] [stdout] 
[INFO] [stdout] warning: use of deprecated macro `try`: use the `?` operator instead
[INFO] [stdout]    --> src/crontab.rs:276:20
[INFO] [stdout]     |
[INFO] [stdout] 276 |             sched: try!(Schedule::from_iter(&mut splits)),
[INFO] [stdout]     |                    ^^^
[INFO] [stdout] 
[INFO] [stdout] 
[INFO] [stdout] warning: use of deprecated macro `try`: use the `?` operator instead
[INFO] [stdout]    --> src/crontab.rs:295:20
[INFO] [stdout]     |
[INFO] [stdout] 295 |             sched: try!(Schedule::from_iter(&mut splits)),
[INFO] [stdout]     |                    ^^^
[INFO] [stdout] 
[INFO] [stdout] 
[INFO] [stdout] warning: use of deprecated macro `try`: use the `?` operator instead
[INFO] [stdout]    --> src/crontab.rs:296:19
[INFO] [stdout]     |
[INFO] [stdout] 296 |             user: try!(splits.next().ok_or(UserInfoParseError).and_then(FromStr::from_str)),
[INFO] [stdout]     |                   ^^^
[INFO] [stdout] 
[INFO] [stdout] 
[INFO] [stdout] warning: use of deprecated macro `try`: use the `?` operator instead
[INFO] [stdout]    --> src/crontab.rs:315:21
[INFO] [stdout]     |
[INFO] [stdout] 315 | ...   period: try!(splits.next().map(|v| v.parse().map_err(CrontabEntryParseError::InvalidPeriod)).unwrap_or(Err(CrontabEntryParseError::...
[INFO] [stdout]     |               ^^^
[INFO] [stdout] 
[INFO] [stdout] 
[INFO] [stdout] warning: use of deprecated macro `try`: use the `?` operator instead
[INFO] [stdout]    --> src/crontab.rs:316:20
[INFO] [stdout]     |
[INFO] [stdout] 316 | ...   delay: try!(splits.next().map(|v| v.parse().map_err(CrontabEntryParseError::InvalidDelay)).unwrap_or(Err(CrontabEntryParseError::Mi...
[INFO] [stdout]     |              ^^^
[INFO] [stdout] 
[INFO] [stdout] 
[INFO] [stdout] warning: use of deprecated macro `try`: use the `?` operator instead
[INFO] [stdout]    --> src/crontab.rs:317:20
[INFO] [stdout]     |
[INFO] [stdout] 317 |             jobid: try!(splits.next().map(ToOwned::to_owned).ok_or(CrontabEntryParseError::MissingJobId)),
[INFO] [stdout]     |                    ^^^
[INFO] [stdout] 
[INFO] [stdout] 
[INFO] [stdout] warning: trait objects without an explicit `dyn` are deprecated
[INFO] [stdout]   --> src/lib.rs:85:32
[INFO] [stdout]    |
[INFO] [stdout] 85 |     fn cause(&self) -> Option<&Error> {
[INFO] [stdout]    |                                ^^^^^ help: use `dyn`: `dyn Error`
[INFO] [stdout]    |
[INFO] [stdout]    = warning: this is accepted in the current edition (Rust 2015) but is a hard error in Rust 2021!
[INFO] [stdout]    = note: for more information, see issue #80165 <https://github.com/rust-lang/rust/issues/80165>
[INFO] [stdout] 
[INFO] [stdout] 
[INFO] [stdout] warning: use of deprecated trait `std::ascii::AsciiExt`: use inherent methods instead
[INFO] [stdout]  --> src/schedule.rs:7:17
[INFO] [stdout]   |
[INFO] [stdout] 7 | use std::ascii::AsciiExt;
[INFO] [stdout]   |                 ^^^^^^^^
[INFO] [stdout] 
[INFO] [stdout] 
[INFO] [stdout] warning: use of deprecated associated function `core::str::<impl str>::trim_right_matches`: superseded by `trim_end_matches`
[INFO] [stdout]    --> src/crontab.rs:132:26
[INFO] [stdout]     |
[INFO] [stdout] 132 |             Some(n) => n.trim_right_matches(&spaces[..]),
[INFO] [stdout]     |                          ^^^^^^^^^^^^^^^^^^ help: replace the use of the deprecated associated function: `trim_end_matches`
[INFO] [stdout] 
[INFO] [stdout] 
[INFO] [stdout] warning: use of deprecated associated function `core::str::<impl str>::trim_left_matches`: superseded by `trim_start_matches`
[INFO] [stdout]    --> src/crontab.rs:145:26
[INFO] [stdout]     |
[INFO] [stdout] 145 |             Some(v) => v.trim_left_matches(&spaces[..]),
[INFO] [stdout]     |                          ^^^^^^^^^^^^^^^^^ help: replace the use of the deprecated associated function: `trim_start_matches`
[INFO] [stdout] 
[INFO] [stdout] 
[INFO] [stdout] warning: use of deprecated associated function `std::error::Error::description`: use the Display impl or to_string()
[INFO] [stdout]    --> src/crontab.rs:230:35
[INFO] [stdout]     |
[INFO] [stdout] 230 |             _ => f.write_str(self.description()),
[INFO] [stdout]     |                                   ^^^^^^^^^^^
[INFO] [stdout] 
[INFO] [stdout] 
[INFO] [stdout] warning: unused import: `std::ascii::AsciiExt`
[INFO] [stdout]  --> src/schedule.rs:7:5
[INFO] [stdout]   |
[INFO] [stdout] 7 | use std::ascii::AsciiExt;
[INFO] [stdout]   |     ^^^^^^^^^^^^^^^^^^^^
[INFO] [stdout]   |
[INFO] [stdout]   = note: `#[warn(unused_imports)]` on by default
[INFO] [stdout] 
[INFO] [stdout] 
[INFO] [stdout] warning: unused import: `FromIterator`
[INFO] [stdout]  --> src/schedule.rs:8:17
[INFO] [stdout]   |
[INFO] [stdout] 8 | use std::iter::{FromIterator, IntoIterator, Iterator};
[INFO] [stdout]   |                 ^^^^^^^^^^^^
[INFO] [stdout] 
[INFO] [stdout] 
[INFO] [stdout] warning: unused import: `std::iter::FromIterator`
[INFO] [stdout]  --> src/crontab.rs:2:5
[INFO] [stdout]   |
[INFO] [stdout] 2 | use std::iter::FromIterator;
[INFO] [stdout]   |     ^^^^^^^^^^^^^^^^^^^^^^^
[INFO] [stdout] 
[INFO] [stdout] 
[INFO] [stdout] warning: 34 warnings emitted
[INFO] [stdout] 
[INFO] [stdout] 
[INFO] [stderr]     Finished test [unoptimized + debuginfo] target(s) in 1.01s
[INFO] running `Command { std: "docker" "inspect" "38d3f14bd8ed65cc79db731b318e09a3d614a41f5a4cdbd385b82802c1df913e", kill_on_drop: false }`
[INFO] running `Command { std: "docker" "rm" "-f" "38d3f14bd8ed65cc79db731b318e09a3d614a41f5a4cdbd385b82802c1df913e", kill_on_drop: false }`
[INFO] [stdout] 38d3f14bd8ed65cc79db731b318e09a3d614a41f5a4cdbd385b82802c1df913e
[INFO] running `Command { std: "docker" "create" "-v" "/var/lib/crater-agent-workspace/builds/worker-19/target:/opt/rustwide/target:rw,Z" "-v" "/var/lib/crater-agent-workspace/builds/worker-19/source:/opt/rustwide/workdir:ro,Z" "-v" "/var/lib/crater-agent-workspace/cargo-home:/opt/rustwide/cargo-home:ro,Z" "-v" "/var/lib/crater-agent-workspace/rustup-home:/opt/rustwide/rustup-home:ro,Z" "-e" "SOURCE_DIR=/opt/rustwide/workdir" "-e" "CARGO_TARGET_DIR=/opt/rustwide/target" "-e" "CARGO_INCREMENTAL=0" "-e" "RUST_BACKTRACE=full" "-e" "RUSTFLAGS=--cap-lints=warn" "-e" "CARGO_HOME=/opt/rustwide/cargo-home" "-e" "RUSTUP_HOME=/opt/rustwide/rustup-home" "-w" "/opt/rustwide/workdir" "-m" "1610612736" "--user" "0:0" "--network" "none" "ghcr.io/rust-lang/crates-build-env/linux@sha256:34b6a614d2c27851fe6cbf88fbd1137609cefab8b10d0615aaeb6fd47975d74e" "/opt/rustwide/cargo-home/bin/cargo" "+beta-2021-08-01" "test" "--frozen", kill_on_drop: false }`
[INFO] [stdout] 2d09fcc03843ba15257a4651dfcf9c58df91b2ee841af3f08d3da60dd18b6227
[INFO] running `Command { std: "docker" "start" "-a" "2d09fcc03843ba15257a4651dfcf9c58df91b2ee841af3f08d3da60dd18b6227", kill_on_drop: false }`
[INFO] [stderr] warning: trait objects without an explicit `dyn` are deprecated
[INFO] [stderr]    --> src/schedule.rs:108:32
[INFO] [stderr]     |
[INFO] [stderr] 108 |     fn cause(&self) -> Option<&Error> {
[INFO] [stderr]     |                                ^^^^^ help: use `dyn`: `dyn Error`
[INFO] [stderr]     |
[INFO] [stderr]     = note: `#[warn(bare_trait_objects)]` on by default
[INFO] [stderr]     = warning: this is accepted in the current edition (Rust 2015) but is a hard error in Rust 2021!
[INFO] [stderr]     = note: for more information, see issue #80165 <https://github.com/rust-lang/rust/issues/80165>
[INFO] [stderr] 
[INFO] [stderr] warning: trait objects without an explicit `dyn` are deprecated
[INFO] [stderr]    --> src/schedule.rs:176:32
[INFO] [stderr]     |
[INFO] [stderr] 176 |     fn cause(&self) -> Option<&Error> {
[INFO] [stderr]     |                                ^^^^^ help: use `dyn`: `dyn Error`
[INFO] [stderr]     |
[INFO] [stderr]     = warning: this is accepted in the current edition (Rust 2015) but is a hard error in Rust 2021!
[INFO] [stderr]     = note: for more information, see issue #80165 <https://github.com/rust-lang/rust/issues/80165>
[INFO] [stderr] 
[INFO] [stderr] warning: use of deprecated macro `try`: use the `?` operator instead
[INFO] [stderr]    --> src/schedule.rs:218:18
[INFO] [stderr]     |
[INFO] [stderr] 218 |             _ => try!(s.parse().map(Period::Days)),
[INFO] [stderr]     |                  ^^^
[INFO] [stderr]     |
[INFO] [stderr]     = note: `#[warn(deprecated)]` on by default
[INFO] [stderr] 
[INFO] [stderr] warning: trait objects without an explicit `dyn` are deprecated
[INFO] [stderr]    --> src/schedule.rs:297:32
[INFO] [stderr]     |
[INFO] [stderr] 297 |     fn cause(&self) -> Option<&Error> { None }
[INFO] [stderr]     |                                ^^^^^ help: use `dyn`: `dyn Error`
[INFO] [stderr]     |
[INFO] [stderr]     = warning: this is accepted in the current edition (Rust 2015) but is a hard error in Rust 2021!
[INFO] [stderr]     = note: for more information, see issue #80165 <https://github.com/rust-lang/rust/issues/80165>
[INFO] [stderr] 
[INFO] [stderr] warning: trait objects without an explicit `dyn` are deprecated
[INFO] [stderr]    --> src/schedule.rs:402:32
[INFO] [stderr]     |
[INFO] [stderr] 402 |     fn cause(&self) -> Option<&Error> { None }
[INFO] [stderr]     |                                ^^^^^ help: use `dyn`: `dyn Error`
[INFO] [stderr]     |
[INFO] [stderr]     = warning: this is accepted in the current edition (Rust 2015) but is a hard error in Rust 2021!
[INFO] [stderr]     = note: for more information, see issue #80165 <https://github.com/rust-lang/rust/issues/80165>
[INFO] [stderr] 
[INFO] [stderr] warning: trait objects without an explicit `dyn` are deprecated
[INFO] [stderr]    --> src/schedule.rs:467:32
[INFO] [stderr]     |
[INFO] [stderr] 467 |     fn cause(&self) -> Option<&Error> {
[INFO] [stderr]     |                                ^^^^^ help: use `dyn`: `dyn Error`
[INFO] [stderr]     |
[INFO] [stderr]     = warning: this is accepted in the current edition (Rust 2015) but is a hard error in Rust 2021!
[INFO] [stderr]     = note: for more information, see issue #80165 <https://github.com/rust-lang/rust/issues/80165>
[INFO] [stderr] 
[INFO] [stderr] warning: trait objects without an explicit `dyn` are deprecated
[INFO] [stderr]   --> src/interval.rs:78:32
[INFO] [stderr]    |
[INFO] [stderr] 78 |     fn cause(&self) -> Option<&Error> {
[INFO] [stderr]    |                                ^^^^^ help: use `dyn`: `dyn Error`
[INFO] [stderr]    |
[INFO] [stderr]    = warning: this is accepted in the current edition (Rust 2015) but is a hard error in Rust 2021!
[INFO] [stderr]    = note: for more information, see issue #80165 <https://github.com/rust-lang/rust/issues/80165>
[INFO] [stderr] 
[INFO] [stderr] warning: use of deprecated macro `try`: use the `?` operator instead
[INFO] [stderr]   --> src/interval.rs:94:27
[INFO] [stderr]    |
[INFO] [stderr] 94 |             (&s[..slash], try!(s[slash+1..].parse())) // FIXME
[INFO] [stderr]    |                           ^^^
[INFO] [stderr] 
[INFO] [stderr] warning: use of deprecated macro `try`: use the `?` operator instead
[INFO] [stderr]    --> src/interval.rs:108:14
[INFO] [stderr]     |
[INFO] [stderr] 108 |             (try!(range[..hyphen].parse()), try!(range[hyphen+1..].parse()))
[INFO] [stderr]     |              ^^^
[INFO] [stderr] 
[INFO] [stderr] warning: use of deprecated macro `try`: use the `?` operator instead
[INFO] [stderr]    --> src/interval.rs:108:45
[INFO] [stderr]     |
[INFO] [stderr] 108 |             (try!(range[..hyphen].parse()), try!(range[hyphen+1..].parse()))
[INFO] [stderr]     |                                             ^^^
[INFO] [stderr] 
[INFO] [stderr] warning: use of deprecated macro `try`: use the `?` operator instead
[INFO] [stderr]    --> src/interval.rs:210:13
[INFO] [stderr]     |
[INFO] [stderr] 210 |             try!(item.fmt(f));
[INFO] [stderr]     |             ^^^
[INFO] [stderr] 
[INFO] [stderr] warning: use of deprecated macro `try`: use the `?` operator instead
[INFO] [stderr]    --> src/interval.rs:207:17
[INFO] [stderr]     |
[INFO] [stderr] 207 |                 try!(f.write_str(","));
[INFO] [stderr]     |                 ^^^
[INFO] [stderr] 
[INFO] [stderr] warning: use of deprecated macro `try`: use the `?` operator instead
[INFO] [stderr]    --> src/crontab.rs:168:9
[INFO] [stderr]     |
[INFO] [stderr] 168 |         try!(self.0.fmt(f));
[INFO] [stderr]     |         ^^^
[INFO] [stderr] 
[INFO] [stderr] warning: use of deprecated macro `try`: use the `?` operator instead
[INFO] [stderr]    --> src/crontab.rs:170:13
[INFO] [stderr]     |
[INFO] [stderr] 170 |             try!(f.write_str(":"));
[INFO] [stderr]     |             ^^^
[INFO] [stderr] 
[INFO] [stderr] warning: use of deprecated macro `try`: use the `?` operator instead
[INFO] [stderr]    --> src/crontab.rs:171:13
[INFO] [stderr]     |
[INFO] [stderr] 171 |             try!(group.fmt(f));
[INFO] [stderr]     |             ^^^
[INFO] [stderr] 
[INFO] [stderr] warning: use of deprecated macro `try`: use the `?` operator instead
[INFO] [stderr]    --> src/crontab.rs:174:13
[INFO] [stderr]     |
[INFO] [stderr] 174 |             try!(f.write_str(":"));
[INFO] [stderr]     |             ^^^
[INFO] [stderr] 
[INFO] [stderr] warning: use of deprecated macro `try`: use the `?` operator instead
[INFO] [stderr]    --> src/crontab.rs:175:13
[INFO] [stderr]     |
[INFO] [stderr] 175 |             try!(class.fmt(f));
[INFO] [stderr]     |             ^^^
[INFO] [stderr] 
[INFO] [stderr] warning: use of deprecated macro `try`: use the `?` operator instead
[INFO] [stderr]    --> src/crontab.rs:186:13
[INFO] [stderr]     |
[INFO] [stderr] 186 |             try!(splits.next().ok_or(UserInfoParseError).map(ToOwned::to_owned)),
[INFO] [stderr]     |             ^^^
[INFO] [stderr] 
[INFO] [stderr] warning: trait objects without an explicit `dyn` are deprecated
[INFO] [stderr]    --> src/crontab.rs:197:32
[INFO] [stderr]     |
[INFO] [stderr] 197 |     fn cause(&self) -> Option<&Error> {
[INFO] [stderr]     |                                ^^^^^ help: use `dyn`: `dyn Error`
[INFO] [stderr]     |
[INFO] [stderr]     = warning: this is accepted in the current edition (Rust 2015) but is a hard error in Rust 2021!
[INFO] [stderr]     = note: for more information, see issue #80165 <https://github.com/rust-lang/rust/issues/80165>
[INFO] [stderr] 
[INFO] [stderr] warning: trait objects without an explicit `dyn` are deprecated
[INFO] [stderr]    --> src/crontab.rs:251:32
[INFO] [stderr]     |
[INFO] [stderr] 251 |     fn cause(&self) -> Option<&Error> {
[INFO] [stderr]     |                                ^^^^^ help: use `dyn`: `dyn Error`
[INFO] [stderr]     |
[INFO] [stderr]     = warning: this is accepted in the current edition (Rust 2015) but is a hard error in Rust 2021!
[INFO] [stderr]     = note: for more information, see issue #80165 <https://github.com/rust-lang/rust/issues/80165>
[INFO] [stderr] 
[INFO] [stderr] warning: use of deprecated macro `try`: use the `?` operator instead
[INFO] [stderr]    --> src/crontab.rs:276:20
[INFO] [stderr]     |
[INFO] [stderr] 276 |             sched: try!(Schedule::from_iter(&mut splits)),
[INFO] [stderr]     |                    ^^^
[INFO] [stderr] 
[INFO] [stderr] warning: use of deprecated macro `try`: use the `?` operator instead
[INFO] [stderr]    --> src/crontab.rs:295:20
[INFO] [stderr]     |
[INFO] [stderr] 295 |             sched: try!(Schedule::from_iter(&mut splits)),
[INFO] [stderr]     |                    ^^^
[INFO] [stderr] 
[INFO] [stderr] warning: use of deprecated macro `try`: use the `?` operator instead
[INFO] [stderr]    --> src/crontab.rs:296:19
[INFO] [stderr]     |
[INFO] [stderr] 296 |             user: try!(splits.next().ok_or(UserInfoParseError).and_then(FromStr::from_str)),
[INFO] [stderr]     |                   ^^^
[INFO] [stderr] 
[INFO] [stderr] warning: use of deprecated macro `try`: use the `?` operator instead
[INFO] [stderr]    --> src/crontab.rs:315:21
[INFO] [stderr]     |
[INFO] [stderr] 315 | ...   period: try!(splits.next().map(|v| v.parse().map_err(CrontabEntryParseError::InvalidPeriod)).unwrap_or(Err(CrontabEntryParseError::...
[INFO] [stderr]     |               ^^^
[INFO] [stderr] 
[INFO] [stderr] warning: use of deprecated macro `try`: use the `?` operator instead
[INFO] [stderr]    --> src/crontab.rs:316:20
[INFO] [stderr]     |
[INFO] [stderr] 316 | ...   delay: try!(splits.next().map(|v| v.parse().map_err(CrontabEntryParseError::InvalidDelay)).unwrap_or(Err(CrontabEntryParseError::Mi...
[INFO] [stderr]     |              ^^^
[INFO] [stderr] 
[INFO] [stderr] warning: use of deprecated macro `try`: use the `?` operator instead
[INFO] [stderr]    --> src/crontab.rs:317:20
[INFO] [stderr]     |
[INFO] [stderr] 317 |             jobid: try!(splits.next().map(ToOwned::to_owned).ok_or(CrontabEntryParseError::MissingJobId)),
[INFO] [stderr]     |                    ^^^
[INFO] [stderr] 
[INFO] [stderr] warning: trait objects without an explicit `dyn` are deprecated
[INFO] [stderr]   --> src/lib.rs:85:32
[INFO] [stderr]    |
[INFO] [stderr] 85 |     fn cause(&self) -> Option<&Error> {
[INFO] [stderr]    |                                ^^^^^ help: use `dyn`: `dyn Error`
[INFO] [stderr]    |
[INFO] [stderr]    = warning: this is accepted in the current edition (Rust 2015) but is a hard error in Rust 2021!
[INFO] [stderr]    = note: for more information, see issue #80165 <https://github.com/rust-lang/rust/issues/80165>
[INFO] [stderr] 
[INFO] [stderr] warning: use of deprecated trait `std::ascii::AsciiExt`: use inherent methods instead
[INFO] [stderr]  --> src/schedule.rs:7:17
[INFO] [stderr]   |
[INFO] [stderr] 7 | use std::ascii::AsciiExt;
[INFO] [stderr]   |                 ^^^^^^^^
[INFO] [stderr] 
[INFO] [stderr] warning: use of deprecated associated function `core::str::<impl str>::trim_right_matches`: superseded by `trim_end_matches`
[INFO] [stderr]    --> src/crontab.rs:132:26
[INFO] [stderr]     |
[INFO] [stderr] 132 |             Some(n) => n.trim_right_matches(&spaces[..]),
[INFO] [stderr]     |                          ^^^^^^^^^^^^^^^^^^ help: replace the use of the deprecated associated function: `trim_end_matches`
[INFO] [stderr] 
[INFO] [stderr] warning: use of deprecated associated function `core::str::<impl str>::trim_left_matches`: superseded by `trim_start_matches`
[INFO] [stderr]    --> src/crontab.rs:145:26
[INFO] [stderr]     |
[INFO] [stderr] 145 |             Some(v) => v.trim_left_matches(&spaces[..]),
[INFO] [stderr]     |                          ^^^^^^^^^^^^^^^^^ help: replace the use of the deprecated associated function: `trim_start_matches`
[INFO] [stderr] 
[INFO] [stderr] warning: use of deprecated associated function `std::error::Error::description`: use the Display impl or to_string()
[INFO] [stderr]    --> src/crontab.rs:230:35
[INFO] [stderr]     |
[INFO] [stderr] 230 |             _ => f.write_str(self.description()),
[INFO] [stderr]     |                                   ^^^^^^^^^^^
[INFO] [stderr] 
[INFO] [stderr] warning: unused import: `std::ascii::AsciiExt`
[INFO] [stderr]  --> src/schedule.rs:7:5
[INFO] [stderr]   |
[INFO] [stderr] 7 | use std::ascii::AsciiExt;
[INFO] [stderr]   |     ^^^^^^^^^^^^^^^^^^^^
[INFO] [stderr]   |
[INFO] [stderr]   = note: `#[warn(unused_imports)]` on by default
[INFO] [stderr] 
[INFO] [stderr] warning: unused import: `FromIterator`
[INFO] [stderr]  --> src/schedule.rs:8:17
[INFO] [stderr]   |
[INFO] [stderr] 8 | use std::iter::{FromIterator, IntoIterator, Iterator};
[INFO] [stderr]   |                 ^^^^^^^^^^^^
[INFO] [stderr] 
[INFO] [stderr] warning: unused import: `std::iter::FromIterator`
[INFO] [stderr]  --> src/crontab.rs:2:5
[INFO] [stderr]   |
[INFO] [stderr] 2 | use std::iter::FromIterator;
[INFO] [stderr]   |     ^^^^^^^^^^^^^^^^^^^^^^^
[INFO] [stderr] 
[INFO] [stderr] warning: `cronparse` (lib) generated 34 warnings
[INFO] [stderr] warning: `cronparse` (lib test) generated 34 warnings (34 duplicates)
[INFO] [stderr]     Finished test [unoptimized + debuginfo] target(s) in 0.02s
[INFO] [stderr]      Running unittests (/opt/rustwide/target/debug/deps/cronparse-eda8072ce6b71261)
[INFO] [stdout] 
[INFO] [stderr]      Running tests/skeptic.rs (/opt/rustwide/target/debug/deps/skeptic-9f54f0b3df50bb94)
[INFO] [stdout] running 0 tests
[INFO] [stdout] 
[INFO] [stdout] test result: ok. 0 passed; 0 failed; 0 ignored; 0 measured; 0 filtered out; finished in 0.00s
[INFO] [stdout] 
[INFO] [stdout] 
[INFO] [stdout] running 1 test
[INFO] [stderr] thread 'main' panicked at 'called `Result::unwrap()` on an `Err` value: Os { code: 2, kind: NotFound, message: "No such file or directory" }', /tmp/rust-skeptic.MMQdJJiimQqU/test.rs:7:81
[INFO] [stderr] stack backtrace:
[INFO] [stderr]    0:     0x55b18b321970 - std::backtrace_rs::backtrace::libunwind::trace::hff4d1766e93f64f1
[INFO] [stderr]                                at /rustc/53fd98ca776cb875bc9e5514f56b52eb74f9e7a9/library/std/src/../../backtrace/src/backtrace/libunwind.rs:90:5
[INFO] [stderr]    1:     0x55b18b321970 - std::backtrace_rs::backtrace::trace_unsynchronized::h56bbc8eb78770bcb
[INFO] [stderr]                                at /rustc/53fd98ca776cb875bc9e5514f56b52eb74f9e7a9/library/std/src/../../backtrace/src/backtrace/mod.rs:66:5
[INFO] [stderr]    2:     0x55b18b321970 - std::sys_common::backtrace::_print_fmt::h5c8e75464faca780
[INFO] [stderr]                                at /rustc/53fd98ca776cb875bc9e5514f56b52eb74f9e7a9/library/std/src/sys_common/backtrace.rs:67:5
[INFO] [stderr]    3:     0x55b18b321970 - <std::sys_common::backtrace::_print::DisplayBacktrace as core::fmt::Display>::fmt::h48b88277def8b362
[INFO] [stderr]                                at /rustc/53fd98ca776cb875bc9e5514f56b52eb74f9e7a9/library/std/src/sys_common/backtrace.rs:46:22
[INFO] [stderr]    4:     0x55b18b33b4bc - core::fmt::write::h3381b3176fe2b3d3
[INFO] [stderr]                                at /rustc/53fd98ca776cb875bc9e5514f56b52eb74f9e7a9/library/core/src/fmt/mod.rs:1115:17
[INFO] [stderr]    5:     0x55b18b320295 - std::io::Write::write_fmt::hd42607e5d8e44db0
[INFO] [stderr]                                at /rustc/53fd98ca776cb875bc9e5514f56b52eb74f9e7a9/library/std/src/io/mod.rs:1665:15
[INFO] [stderr]    6:     0x55b18b3235ab - std::sys_common::backtrace::_print::ha537687d6c17dd0d
[INFO] [stderr]                                at /rustc/53fd98ca776cb875bc9e5514f56b52eb74f9e7a9/library/std/src/sys_common/backtrace.rs:49:5
[INFO] [stderr]    7:     0x55b18b3235ab - std::sys_common::backtrace::print::h61376ae57d131d72
[INFO] [stderr]                                at /rustc/53fd98ca776cb875bc9e5514f56b52eb74f9e7a9/library/std/src/sys_common/backtrace.rs:36:9
[INFO] [stderr]    8:     0x55b18b3235ab - std::panicking::default_hook::{{closure}}::h0f7208c0b9644a54
[INFO] [stderr]                                at /rustc/53fd98ca776cb875bc9e5514f56b52eb74f9e7a9/library/std/src/panicking.rs:208:50
[INFO] [stderr]    9:     0x55b18b323081 - std::panicking::default_hook::hdac7fc06578c14ce
[INFO] [stderr]                                at /rustc/53fd98ca776cb875bc9e5514f56b52eb74f9e7a9/library/std/src/panicking.rs:225:9
[INFO] [stderr]   10:     0x55b18b323c74 - std::panicking::rust_panic_with_hook::h72b21c283da3d1ef
[INFO] [stderr]                                at /rustc/53fd98ca776cb875bc9e5514f56b52eb74f9e7a9/library/std/src/panicking.rs:622:17
[INFO] [stderr]   11:     0x55b18b323757 - std::panicking::begin_panic_handler::{{closure}}::he5778f1729cff84a
[INFO] [stderr]                                at /rustc/53fd98ca776cb875bc9e5514f56b52eb74f9e7a9/library/std/src/panicking.rs:519:13
[INFO] [stderr]   12:     0x55b18b321e4c - std::sys_common::backtrace::__rust_end_short_backtrace::h2d11ca8b453b4b1d
[INFO] [stderr]                                at /rustc/53fd98ca776cb875bc9e5514f56b52eb74f9e7a9/library/std/src/sys_common/backtrace.rs:141:18
[INFO] [stderr]   13:     0x55b18b3236b9 - rust_begin_unwind
[INFO] [stderr]                                at /rustc/53fd98ca776cb875bc9e5514f56b52eb74f9e7a9/library/std/src/panicking.rs:515:5
[INFO] [stderr]   14:     0x55b18b2e5fc1 - core::panicking::panic_fmt::hf9de31d4acbce4db
[INFO] [stderr]                                at /rustc/53fd98ca776cb875bc9e5514f56b52eb74f9e7a9/library/core/src/panicking.rs:92:14
[INFO] [stderr]   15:     0x55b18b2e6053 - core::result::unwrap_failed::ha0c84e81219e5878
[INFO] [stderr]                                at /rustc/53fd98ca776cb875bc9e5514f56b52eb74f9e7a9/library/core/src/result.rs:1599:5
[INFO] [stderr]   16:     0x55b18b2e896b - core::result::Result<T,E>::unwrap::h0fdee519bf6956bf
[INFO] [stderr]   17:     0x55b18b2e91cb - test::main::h9d5de88ac9620d23
[INFO] [stderr]   18:     0x55b18b2e9573 - core::ops::function::FnOnce::call_once::hfa615d6926ec1c8c
[INFO] [stderr]   19:     0x55b18b2e8f29 - std::sys_common::backtrace::__rust_begin_short_backtrace::he2b3d5cd0e7b15ac
[INFO] [stderr]   20:     0x55b18b2e7dc9 - std::rt::lang_start::{{closure}}::h11eed77fc375bbe0
[INFO] [stderr]   21:     0x55b18b32417a - core::ops::function::impls::<impl core::ops::function::FnOnce<A> for &F>::call_once::ha88a7d1a4d24e549
[INFO] [stderr]                                at /rustc/53fd98ca776cb875bc9e5514f56b52eb74f9e7a9/library/core/src/ops/function.rs:259:13
[INFO] [stderr]   22:     0x55b18b32417a - std::panicking::try::do_call::hd3b1d7740607ccc7
[INFO] [stderr]                                at /rustc/53fd98ca776cb875bc9e5514f56b52eb74f9e7a9/library/std/src/panicking.rs:401:40
[INFO] [stderr]   23:     0x55b18b32417a - std::panicking::try::h0ee8c65ac7461507
[INFO] [stderr]                                at /rustc/53fd98ca776cb875bc9e5514f56b52eb74f9e7a9/library/std/src/panicking.rs:365:19
[INFO] [stderr]   24:     0x55b18b32417a - std::panic::catch_unwind::head47f0de4ccd838
[INFO] [stderr]                                at /rustc/53fd98ca776cb875bc9e5514f56b52eb74f9e7a9/library/std/src/panic.rs:434:14
[INFO] [stderr]   25:     0x55b18b32417a - std::rt::lang_start_internal::{{closure}}::hbc7de8ec820ac085
[INFO] [stderr]                                at /rustc/53fd98ca776cb875bc9e5514f56b52eb74f9e7a9/library/std/src/rt.rs:45:48
[INFO] [stderr]   26:     0x55b18b32417a - std::panicking::try::do_call::h2609e52e8bad4a7b
[INFO] [stderr]                                at /rustc/53fd98ca776cb875bc9e5514f56b52eb74f9e7a9/library/std/src/panicking.rs:401:40
[INFO] [stderr]   27:     0x55b18b32417a - std::panicking::try::hd0929f0b603e0389
[INFO] [stderr]                                at /rustc/53fd98ca776cb875bc9e5514f56b52eb74f9e7a9/library/std/src/panicking.rs:365:19
[INFO] [stderr]   28:     0x55b18b32417a - std::panic::catch_unwind::h27902b81c3e47571
[INFO] [stderr]                                at /rustc/53fd98ca776cb875bc9e5514f56b52eb74f9e7a9/library/std/src/panic.rs:434:14
[INFO] [stderr]   29:     0x55b18b32417a - std::rt::lang_start_internal::h3fb2d794dd391e3e
[INFO] [stderr]                                at /rustc/53fd98ca776cb875bc9e5514f56b52eb74f9e7a9/library/std/src/rt.rs:45:20
[INFO] [stderr]   30:     0x55b18b2e7da1 - std::rt::lang_start::h5d876c55da5dbd61
[INFO] [stderr]   31:     0x55b18b2e9433 - main
[INFO] [stderr]   32:     0x7fbda73500b3 - __libc_start_main
[INFO] [stderr]   33:     0x55b18b2e673e - _start
[INFO] [stderr]   34:                0x0 - <unknown>
[INFO] [stdout] test readme_0 ... FAILED
[INFO] [stdout] 
[INFO] [stdout] failures:
[INFO] [stdout] 
[INFO] [stdout] ---- readme_0 stdout ----
[INFO] [stdout] thread 'readme_0' panicked at 'command failed', /opt/rustwide/cargo-home/registry/src/github.com-1ecc6299db9ec823/skeptic-0.5.0/lib.rs:351:13
[INFO] [stdout] stack backtrace:
[INFO] [stdout]    0:     0x55e666a56580 - std::backtrace_rs::backtrace::libunwind::trace::hff4d1766e93f64f1
[INFO] [stdout]                                at /rustc/53fd98ca776cb875bc9e5514f56b52eb74f9e7a9/library/std/src/../../backtrace/src/backtrace/libunwind.rs:90:5
[INFO] [stdout]    1:     0x55e666a56580 - std::backtrace_rs::backtrace::trace_unsynchronized::h56bbc8eb78770bcb
[INFO] [stdout]                                at /rustc/53fd98ca776cb875bc9e5514f56b52eb74f9e7a9/library/std/src/../../backtrace/src/backtrace/mod.rs:66:5
[INFO] [stdout]    2:     0x55e666a56580 - std::sys_common::backtrace::_print_fmt::h5c8e75464faca780
[INFO] [stdout]                                at /rustc/53fd98ca776cb875bc9e5514f56b52eb74f9e7a9/library/std/src/sys_common/backtrace.rs:67:5
[INFO] [stdout]    3:     0x55e666a56580 - <std::sys_common::backtrace::_print::DisplayBacktrace as core::fmt::Display>::fmt::h48b88277def8b362
[INFO] [stdout]                                at /rustc/53fd98ca776cb875bc9e5514f56b52eb74f9e7a9/library/std/src/sys_common/backtrace.rs:46:22
[INFO] [stdout]    4:     0x55e666a79ffc - core::fmt::write::h3381b3176fe2b3d3
[INFO] [stdout]                                at /rustc/53fd98ca776cb875bc9e5514f56b52eb74f9e7a9/library/core/src/fmt/mod.rs:1115:17
[INFO] [stdout]    5:     0x55e666a531e5 - std::io::Write::write_fmt::h5f34a676f60246b5
[INFO] [stdout]                                at /rustc/53fd98ca776cb875bc9e5514f56b52eb74f9e7a9/library/std/src/io/mod.rs:1665:15
[INFO] [stdout]    6:     0x55e666a58b2b - std::sys_common::backtrace::_print::ha537687d6c17dd0d
[INFO] [stdout]                                at /rustc/53fd98ca776cb875bc9e5514f56b52eb74f9e7a9/library/std/src/sys_common/backtrace.rs:49:5
[INFO] [stdout]    7:     0x55e666a58b2b - std::sys_common::backtrace::print::h61376ae57d131d72
[INFO] [stdout]                                at /rustc/53fd98ca776cb875bc9e5514f56b52eb74f9e7a9/library/std/src/sys_common/backtrace.rs:36:9
[INFO] [stdout]    8:     0x55e666a58b2b - std::panicking::default_hook::{{closure}}::h0f7208c0b9644a54
[INFO] [stdout]                                at /rustc/53fd98ca776cb875bc9e5514f56b52eb74f9e7a9/library/std/src/panicking.rs:208:50
[INFO] [stdout]    9:     0x55e666a5863c - std::panicking::default_hook::hdac7fc06578c14ce
[INFO] [stdout]                                at /rustc/53fd98ca776cb875bc9e5514f56b52eb74f9e7a9/library/std/src/panicking.rs:222:9
[INFO] [stdout]   10:     0x55e666a591f4 - std::panicking::rust_panic_with_hook::h72b21c283da3d1ef
[INFO] [stdout]                                at /rustc/53fd98ca776cb875bc9e5514f56b52eb74f9e7a9/library/std/src/panicking.rs:622:17
[INFO] [stdout]   11:     0x55e666a2d0d3 - std::panicking::begin_panic::{{closure}}::h24989fbf1347f9d4
[INFO] [stdout]                                at /rustc/53fd98ca776cb875bc9e5514f56b52eb74f9e7a9/library/std/src/panicking.rs:542:9
[INFO] [stdout]   12:     0x55e666a39589 - std::sys_common::backtrace::__rust_end_short_backtrace::h3f46f700421096ed
[INFO] [stdout]                                at /rustc/53fd98ca776cb875bc9e5514f56b52eb74f9e7a9/library/std/src/sys_common/backtrace.rs:141:18
[INFO] [stdout]   13:     0x55e666a2d009 - std::panicking::begin_panic::h2093a8a9fe032ddc
[INFO] [stdout]                                at /rustc/53fd98ca776cb875bc9e5514f56b52eb74f9e7a9/library/std/src/panicking.rs:541:12
[INFO] [stdout]   14:     0x55e666a24b95 - skeptic::rt::interpret_output::h8d93d6ff9c22f350
[INFO] [stdout]                                at /opt/rustwide/cargo-home/registry/src/github.com-1ecc6299db9ec823/skeptic-0.5.0/lib.rs:351:13
[INFO] [stdout]   15:     0x55e666a2476f - skeptic::rt::run_test_case::h2515c7f1b09120e5
[INFO] [stdout]                                at /opt/rustwide/cargo-home/registry/src/github.com-1ecc6299db9ec823/skeptic-0.5.0/lib.rs:336:9
[INFO] [stdout]   16:     0x55e666a24181 - skeptic::rt::run_test::h2e91f55b63f1e374
[INFO] [stdout]                                at /opt/rustwide/cargo-home/registry/src/github.com-1ecc6299db9ec823/skeptic-0.5.0/lib.rs:300:9
[INFO] [stdout]   17:     0x55e6669eae4f - skeptic::readme_0::h7344e2c70eae4191
[INFO] [stdout]                                at /opt/rustwide/target/debug/build/cronparse-3781d0c2ea6c680f/out/skeptic-tests.rs:16:5
[INFO] [stdout]   18:     0x55e6669ead5a - skeptic::readme_0::{{closure}}::h77a080300080ced8
[INFO] [stdout]                                at /opt/rustwide/target/debug/build/cronparse-3781d0c2ea6c680f/out/skeptic-tests.rs:3:9
[INFO] [stdout]   19:     0x55e6669eb18e - core::ops::function::FnOnce::call_once::hc85a595de35b945c
[INFO] [stdout]                                at /rustc/53fd98ca776cb875bc9e5514f56b52eb74f9e7a9/library/core/src/ops/function.rs:227:5
[INFO] [stdout]   20:     0x55e666a1e3d3 - core::ops::function::FnOnce::call_once::hbb52c4519d3137b0
[INFO] [stdout]                                at /rustc/53fd98ca776cb875bc9e5514f56b52eb74f9e7a9/library/core/src/ops/function.rs:227:5
[INFO] [stdout]   21:     0x55e666a1e3d3 - test::__rust_begin_short_backtrace::h86fe3a2a5a5121af
[INFO] [stdout]                                at /rustc/53fd98ca776cb875bc9e5514f56b52eb74f9e7a9/library/test/src/lib.rs:578:5
[INFO] [stdout]   22:     0x55e666a1ce88 - <alloc::boxed::Box<F,A> as core::ops::function::FnOnce<Args>>::call_once::hfd956bc3d57399be
[INFO] [stdout]                                at /rustc/53fd98ca776cb875bc9e5514f56b52eb74f9e7a9/library/alloc/src/boxed.rs:1572:9
[INFO] [stdout]   23:     0x55e666a1ce88 - <std::panic::AssertUnwindSafe<F> as core::ops::function::FnOnce<()>>::call_once::h40dc93e0ddb5938a
[INFO] [stdout]                                at /rustc/53fd98ca776cb875bc9e5514f56b52eb74f9e7a9/library/std/src/panic.rs:347:9
[INFO] [stdout]   24:     0x55e666a1ce88 - std::panicking::try::do_call::h90d07750cb47c562
[INFO] [stdout]                                at /rustc/53fd98ca776cb875bc9e5514f56b52eb74f9e7a9/library/std/src/panicking.rs:401:40
[INFO] [stdout]   25:     0x55e666a1ce88 - std::panicking::try::h063c84733ad2a629
[INFO] [stdout]                                at /rustc/53fd98ca776cb875bc9e5514f56b52eb74f9e7a9/library/std/src/panicking.rs:365:19
[INFO] [stdout]   26:     0x55e666a1ce88 - std::panic::catch_unwind::h0c464836a84e7c08
[INFO] [stdout]                                at /rustc/53fd98ca776cb875bc9e5514f56b52eb74f9e7a9/library/std/src/panic.rs:434:14
[INFO] [stdout]   27:     0x55e666a1ce88 - test::run_test_in_process::h5cb06ef620b157fc
[INFO] [stdout]                                at /rustc/53fd98ca776cb875bc9e5514f56b52eb74f9e7a9/library/test/src/lib.rs:601:18
[INFO] [stdout]   28:     0x55e666a1ce88 - test::run_test::run_test_inner::{{closure}}::h76f677f4b93f9828
[INFO] [stdout]                                at /rustc/53fd98ca776cb875bc9e5514f56b52eb74f9e7a9/library/test/src/lib.rs:493:39
[INFO] [stdout]   29:     0x55e6669eb61d - test::run_test::run_test_inner::{{closure}}::h366d01fe04f4d67a
[INFO] [stdout]                                at /rustc/53fd98ca776cb875bc9e5514f56b52eb74f9e7a9/library/test/src/lib.rs:520:37
[INFO] [stdout]   30:     0x55e6669eb61d - std::sys_common::backtrace::__rust_begin_short_backtrace::h7dfa0de4eb395af2
[INFO] [stdout]                                at /rustc/53fd98ca776cb875bc9e5514f56b52eb74f9e7a9/library/std/src/sys_common/backtrace.rs:125:18
[INFO] [stdout]   31:     0x55e6669efde8 - std::thread::Builder::spawn_unchecked::{{closure}}::{{closure}}::hf0a74bb58798037f
[INFO] [stdout]                                at /rustc/53fd98ca776cb875bc9e5514f56b52eb74f9e7a9/library/std/src/thread/mod.rs:476:17
[INFO] [stdout]   32:     0x55e6669efde8 - <std::panic::AssertUnwindSafe<F> as core::ops::function::FnOnce<()>>::call_once::hb024e854818586ac
[INFO] [stdout]                                at /rustc/53fd98ca776cb875bc9e5514f56b52eb74f9e7a9/library/std/src/panic.rs:347:9
[INFO] [stdout]   33:     0x55e6669efde8 - std::panicking::try::do_call::hb2dd9f1d0d48e41d
[INFO] [stdout]                                at /rustc/53fd98ca776cb875bc9e5514f56b52eb74f9e7a9/library/std/src/panicking.rs:401:40
[INFO] [stdout]   34:     0x55e6669efde8 - std::panicking::try::h4717ae7bac8b2bf3
[INFO] [stdout]                                at /rustc/53fd98ca776cb875bc9e5514f56b52eb74f9e7a9/library/std/src/panicking.rs:365:19
[INFO] [stdout]   35:     0x55e6669efde8 - std::panic::catch_unwind::h0dc8a061326ce8d8
[INFO] [stdout]                                at /rustc/53fd98ca776cb875bc9e5514f56b52eb74f9e7a9/library/std/src/panic.rs:434:14
[INFO] [stdout]   36:     0x55e6669efde8 - std::thread::Builder::spawn_unchecked::{{closure}}::haa369e2d6fd00aa1
[INFO] [stdout]                                at /rustc/53fd98ca776cb875bc9e5514f56b52eb74f9e7a9/library/std/src/thread/mod.rs:475:30
[INFO] [stdout]   37:     0x55e6669efde8 - core::ops::function::FnOnce::call_once{{vtable.shim}}::h36dcf3de8b056f17
[INFO] [stdout]                                at /rustc/53fd98ca776cb875bc9e5514f56b52eb74f9e7a9/library/core/src/ops/function.rs:227:5
[INFO] [stdout]   38:     0x55e666a5ea47 - <alloc::boxed::Box<F,A> as core::ops::function::FnOnce<Args>>::call_once::h65c29e4642be2358
[INFO] [stdout]                                at /rustc/53fd98ca776cb875bc9e5514f56b52eb74f9e7a9/library/alloc/src/boxed.rs:1572:9
[INFO] [stdout]   39:     0x55e666a5ea47 - <alloc::boxed::Box<F,A> as core::ops::function::FnOnce<Args>>::call_once::hd0f8f7fbbd9fffbf
[INFO] [stdout]                                at /rustc/53fd98ca776cb875bc9e5514f56b52eb74f9e7a9/library/alloc/src/boxed.rs:1572:9
[INFO] [stdout]   40:     0x55e666a5ea47 - std::sys::unix::thread::Thread::new::thread_start::h2fd22fee3ca77b65
[INFO] [stdout]                                at /rustc/53fd98ca776cb875bc9e5514f56b52eb74f9e7a9/library/std/src/sys/unix/thread.rs:74:17
[INFO] [stdout]   41:     0x7f28204bb609 - start_thread
[INFO] [stdout]   42:     0x7f282028d293 - clone
[INFO] [stdout]   43:                0x0 - <unknown>
[INFO] [stdout] 
[INFO] [stdout] 
[INFO] [stdout] failures:
[INFO] [stdout]     readme_0
[INFO] [stdout] 
[INFO] [stdout] test result: FAILED. 0 passed; 1 failed; 0 ignored; 0 measured; 0 filtered out; finished in 0.46s
[INFO] [stdout] 
[INFO] [stderr] error: test failed, to rerun pass '--test skeptic'
[INFO] running `Command { std: "docker" "inspect" "2d09fcc03843ba15257a4651dfcf9c58df91b2ee841af3f08d3da60dd18b6227", kill_on_drop: false }`
[INFO] running `Command { std: "docker" "rm" "-f" "2d09fcc03843ba15257a4651dfcf9c58df91b2ee841af3f08d3da60dd18b6227", kill_on_drop: false }`
[INFO] [stdout] 2d09fcc03843ba15257a4651dfcf9c58df91b2ee841af3f08d3da60dd18b6227
