[INFO] fetching crate critfail 0.3.0...
[INFO] testing critfail-0.3.0 against beta-2021-08-01 for beta-1.55-1
[INFO] extracting crate critfail 0.3.0 into /workspace/builds/worker-65/source
[INFO] validating manifest of crates.io crate critfail 0.3.0 on toolchain beta-2021-08-01
[INFO] running `Command { std: "/workspace/cargo-home/bin/cargo" "+beta-2021-08-01" "metadata" "--manifest-path" "Cargo.toml" "--no-deps", kill_on_drop: false }`
[INFO] started tweaking crates.io crate critfail 0.3.0
[INFO] finished tweaking crates.io crate critfail 0.3.0
[INFO] tweaked toml for crates.io crate critfail 0.3.0 written to /workspace/builds/worker-65/source/Cargo.toml
[INFO] running `Command { std: "/workspace/cargo-home/bin/cargo" "+beta-2021-08-01" "generate-lockfile" "--manifest-path" "Cargo.toml" "-Zno-index-update", kill_on_drop: false }`
[INFO] running `Command { std: "/workspace/cargo-home/bin/cargo" "+beta-2021-08-01" "fetch" "--manifest-path" "Cargo.toml", kill_on_drop: false }`
[INFO] [stderr]     Blocking waiting for file lock on package cache
[INFO] [stderr]     Blocking waiting for file lock on package cache
[INFO] running `Command { std: "docker" "create" "-v" "/var/lib/crater-agent-workspace/builds/worker-65/target:/opt/rustwide/target:rw,Z" "-v" "/var/lib/crater-agent-workspace/builds/worker-65/source:/opt/rustwide/workdir:ro,Z" "-v" "/var/lib/crater-agent-workspace/cargo-home:/opt/rustwide/cargo-home:ro,Z" "-v" "/var/lib/crater-agent-workspace/rustup-home:/opt/rustwide/rustup-home:ro,Z" "-e" "SOURCE_DIR=/opt/rustwide/workdir" "-e" "CARGO_TARGET_DIR=/opt/rustwide/target" "-e" "CARGO_HOME=/opt/rustwide/cargo-home" "-e" "RUSTUP_HOME=/opt/rustwide/rustup-home" "-w" "/opt/rustwide/workdir" "-m" "1610612736" "--user" "0:0" "--network" "none" "ghcr.io/rust-lang/crates-build-env/linux@sha256:34b6a614d2c27851fe6cbf88fbd1137609cefab8b10d0615aaeb6fd47975d74e" "/opt/rustwide/cargo-home/bin/cargo" "+beta-2021-08-01" "metadata" "--no-deps" "--format-version=1", kill_on_drop: false }`
[INFO] [stdout] 5b27e09ef707cc429cef03935a8241dcd5d2098c6511c601d6919fb2cdbddbf3
[INFO] running `Command { std: "docker" "start" "-a" "5b27e09ef707cc429cef03935a8241dcd5d2098c6511c601d6919fb2cdbddbf3", kill_on_drop: false }`
[INFO] running `Command { std: "docker" "inspect" "5b27e09ef707cc429cef03935a8241dcd5d2098c6511c601d6919fb2cdbddbf3", kill_on_drop: false }`
[INFO] running `Command { std: "docker" "rm" "-f" "5b27e09ef707cc429cef03935a8241dcd5d2098c6511c601d6919fb2cdbddbf3", kill_on_drop: false }`
[INFO] [stdout] 5b27e09ef707cc429cef03935a8241dcd5d2098c6511c601d6919fb2cdbddbf3
[INFO] running `Command { std: "docker" "create" "-v" "/var/lib/crater-agent-workspace/builds/worker-65/target:/opt/rustwide/target:rw,Z" "-v" "/var/lib/crater-agent-workspace/builds/worker-65/source:/opt/rustwide/workdir:ro,Z" "-v" "/var/lib/crater-agent-workspace/cargo-home:/opt/rustwide/cargo-home:ro,Z" "-v" "/var/lib/crater-agent-workspace/rustup-home:/opt/rustwide/rustup-home:ro,Z" "-e" "SOURCE_DIR=/opt/rustwide/workdir" "-e" "CARGO_TARGET_DIR=/opt/rustwide/target" "-e" "CARGO_INCREMENTAL=0" "-e" "RUST_BACKTRACE=full" "-e" "RUSTFLAGS=--cap-lints=warn" "-e" "CARGO_HOME=/opt/rustwide/cargo-home" "-e" "RUSTUP_HOME=/opt/rustwide/rustup-home" "-w" "/opt/rustwide/workdir" "-m" "1610612736" "--user" "0:0" "--network" "none" "ghcr.io/rust-lang/crates-build-env/linux@sha256:34b6a614d2c27851fe6cbf88fbd1137609cefab8b10d0615aaeb6fd47975d74e" "/opt/rustwide/cargo-home/bin/cargo" "+beta-2021-08-01" "build" "--frozen" "--message-format=json", kill_on_drop: false }`
[INFO] [stdout] 008248a5fbce0f27632c530d5c5c24936c457e05b4ba2d71d480c74ffd71588b
[INFO] running `Command { std: "docker" "start" "-a" "008248a5fbce0f27632c530d5c5c24936c457e05b4ba2d71d480c74ffd71588b", kill_on_drop: false }`
[INFO] [stderr]     Blocking waiting for file lock on package cache
[INFO] [stderr]    Compiling libc v0.2.98
[INFO] [stderr]    Compiling getrandom v0.1.16
[INFO] [stderr]    Compiling memchr v2.4.0
[INFO] [stderr]    Compiling cfg-if v1.0.0
[INFO] [stderr]    Compiling ppv-lite86 v0.2.10
[INFO] [stderr]    Compiling regex-syntax v0.6.25
[INFO] [stderr]    Compiling lazy_static v1.4.0
[INFO] [stderr]    Compiling aho-corasick v0.7.18
[INFO] [stderr]    Compiling rand_core v0.5.1
[INFO] [stderr]    Compiling rand_chacha v0.2.2
[INFO] [stderr]    Compiling rand v0.7.3
[INFO] [stderr]    Compiling regex v1.5.4
[INFO] [stderr]    Compiling critfail v0.3.0 (/opt/rustwide/workdir)
[INFO] [stderr]     Finished dev [unoptimized + debuginfo] target(s) in 9.89s
[INFO] running `Command { std: "docker" "inspect" "008248a5fbce0f27632c530d5c5c24936c457e05b4ba2d71d480c74ffd71588b", kill_on_drop: false }`
[INFO] running `Command { std: "docker" "rm" "-f" "008248a5fbce0f27632c530d5c5c24936c457e05b4ba2d71d480c74ffd71588b", kill_on_drop: false }`
[INFO] [stdout] 008248a5fbce0f27632c530d5c5c24936c457e05b4ba2d71d480c74ffd71588b
[INFO] running `Command { std: "docker" "create" "-v" "/var/lib/crater-agent-workspace/builds/worker-65/target:/opt/rustwide/target:rw,Z" "-v" "/var/lib/crater-agent-workspace/builds/worker-65/source:/opt/rustwide/workdir:ro,Z" "-v" "/var/lib/crater-agent-workspace/cargo-home:/opt/rustwide/cargo-home:ro,Z" "-v" "/var/lib/crater-agent-workspace/rustup-home:/opt/rustwide/rustup-home:ro,Z" "-e" "SOURCE_DIR=/opt/rustwide/workdir" "-e" "CARGO_TARGET_DIR=/opt/rustwide/target" "-e" "CARGO_INCREMENTAL=0" "-e" "RUST_BACKTRACE=full" "-e" "RUSTFLAGS=--cap-lints=warn" "-e" "CARGO_HOME=/opt/rustwide/cargo-home" "-e" "RUSTUP_HOME=/opt/rustwide/rustup-home" "-w" "/opt/rustwide/workdir" "-m" "1610612736" "--user" "0:0" "--network" "none" "ghcr.io/rust-lang/crates-build-env/linux@sha256:34b6a614d2c27851fe6cbf88fbd1137609cefab8b10d0615aaeb6fd47975d74e" "/opt/rustwide/cargo-home/bin/cargo" "+beta-2021-08-01" "test" "--frozen" "--no-run" "--message-format=json", kill_on_drop: false }`
[INFO] [stdout] 052b6df1e9d75dd31f814b145fda4fac4dcaddf7d3a68101ee37507f06600222
[INFO] running `Command { std: "docker" "start" "-a" "052b6df1e9d75dd31f814b145fda4fac4dcaddf7d3a68101ee37507f06600222", kill_on_drop: false }`
[INFO] [stderr]     Blocking waiting for file lock on package cache
[INFO] [stderr]    Compiling critfail v0.3.0 (/opt/rustwide/workdir)
[INFO] [stderr]     Finished test [unoptimized + debuginfo] target(s) in 4.24s
[INFO] running `Command { std: "docker" "inspect" "052b6df1e9d75dd31f814b145fda4fac4dcaddf7d3a68101ee37507f06600222", kill_on_drop: false }`
[INFO] running `Command { std: "docker" "rm" "-f" "052b6df1e9d75dd31f814b145fda4fac4dcaddf7d3a68101ee37507f06600222", kill_on_drop: false }`
[INFO] [stdout] 052b6df1e9d75dd31f814b145fda4fac4dcaddf7d3a68101ee37507f06600222
[INFO] running `Command { std: "docker" "create" "-v" "/var/lib/crater-agent-workspace/builds/worker-65/target:/opt/rustwide/target:rw,Z" "-v" "/var/lib/crater-agent-workspace/builds/worker-65/source:/opt/rustwide/workdir:ro,Z" "-v" "/var/lib/crater-agent-workspace/cargo-home:/opt/rustwide/cargo-home:ro,Z" "-v" "/var/lib/crater-agent-workspace/rustup-home:/opt/rustwide/rustup-home:ro,Z" "-e" "SOURCE_DIR=/opt/rustwide/workdir" "-e" "CARGO_TARGET_DIR=/opt/rustwide/target" "-e" "CARGO_INCREMENTAL=0" "-e" "RUST_BACKTRACE=full" "-e" "RUSTFLAGS=--cap-lints=warn" "-e" "CARGO_HOME=/opt/rustwide/cargo-home" "-e" "RUSTUP_HOME=/opt/rustwide/rustup-home" "-w" "/opt/rustwide/workdir" "-m" "1610612736" "--user" "0:0" "--network" "none" "ghcr.io/rust-lang/crates-build-env/linux@sha256:34b6a614d2c27851fe6cbf88fbd1137609cefab8b10d0615aaeb6fd47975d74e" "/opt/rustwide/cargo-home/bin/cargo" "+beta-2021-08-01" "test" "--frozen", kill_on_drop: false }`
[INFO] [stdout] 492b2cef794930f3c4281c9b93f3bbe5d39492059ae1a62548a5a17ec0a27d43
[INFO] running `Command { std: "docker" "start" "-a" "492b2cef794930f3c4281c9b93f3bbe5d39492059ae1a62548a5a17ec0a27d43", kill_on_drop: false }`
[INFO] [stderr]     Finished test [unoptimized + debuginfo] target(s) in 0.47s
[INFO] [stderr]      Running unittests (/opt/rustwide/target/debug/deps/critfail-4c7bf860ebe57fce)
[INFO] [stdout] 
[INFO] [stdout] running 36 tests
[INFO] [stdout] test attack::attackoutcome::tests::critfail ... ok
[INFO] [stdout] test attack::attackoutcome::tests::critical ... ok
[INFO] [stdout] test check::checkoutcome::tests::critical ... ok
[INFO] [stdout] test check::checkoutcome::tests::advantage ... ok
[INFO] [stdout] test check::checkoutcome::tests::die_modifier ... ok
[INFO] [stdout] test attack::attackoutcome::tests::with_modifier ... ok
[INFO] [stdout] test attack::attackoutcome::tests::no_modifier ... ok
[INFO] [stdout] test check::checkoutcome::tests::fail ... ok
[INFO] [stdout] test check::checkoutcome::tests::disadvantage ... ok
[INFO] [stdout] test check::checkoutcome::tests::mixed_modifiers ... ok
[INFO] [stdout] test check::checkparse::tests::basic ... ok
[INFO] [stdout] test check::checkparse::tests::inferred_r ... ok
[INFO] [stdout] test damage::damageoutcome::tests::negative_dice ... ok
[INFO] [stdout] test damage::damageoutcome::tests::just_modifier ... ok
[INFO] [stdout] test damage::damageoutcome::tests::empty ... ok
[INFO] [stdout] test check::checkoutcome::tests::neutral ... ok
[INFO] [stdout] test damage::damageoutcome::tests::dice_modifier ... ok
[INFO] [stdout] test check::checkparse::tests::with_modifiers ... ok
[INFO] [stdout] test damage::damageparse::tests::parse_damagepart::modifier ... ok
[INFO] [stdout] test damage::damageparse::tests::parse_damagepart::simple_damage ... ok
[INFO] [stdout] test roll::rollparse::tests::check_basic ... ok
[INFO] [stdout] test check::checkparse::tests::invalid ... ok
[INFO] [stdout] test damage::damageparse::tests::parse_damagepart::negative_damage ... ok
[INFO] [stdout] test damage::damageparse::tests::parse_damage::normal_damage ... ok
[INFO] [stdout] test roll::rollparse::tests::check_modifiers ... ok
[INFO] [stdout] test damage::damageparse::tests::parse_damagepart::invalid ... ok
[INFO] [stdout] test damage::damageparse::tests::parse_damage::invalid ... ok
[INFO] [stdout] test roll::rollparse::tests::damage_sum ... ok
[INFO] [stdout] test roll::rollparse::tests::damage_basic ... ok
[INFO] [stdout] test roll::rollparse::tests::check_inferred ... ok
[INFO] [stdout] test attack::attackparse::tests::neutral ... ok
[INFO] [stdout] test attack::attackparse::tests::advantage ... ok
[INFO] [stdout] test attack::attackparse::tests::invalid ... ok
[INFO] [stdout] test attack::attackparse::tests::inferred_r ... ok
[INFO] [stdout] test attack::attackparse::tests::complex ... ok
[INFO] [stdout] test roll::rollparse::tests::attacks ... ok
[INFO] [stdout] 
[INFO] [stdout] test result: ok. 36 passed; 0 failed; 0 ignored; 0 measured; 0 filtered out; finished in 0.05s
[INFO] [stdout] 
[INFO] [stderr]    Doc-tests critfail
[INFO] [stdout] 
[INFO] [stdout] running 37 tests
[INFO] [stdout] test src/lib.rs - (line 8) ... FAILED
[INFO] [stdout] test src/attack/attackoutcome.rs - attack::attackoutcome::AttackOutcomeBuilder::check_adv (line 83) ... FAILED
[INFO] [stdout] test src/damage/damageoutcome.rs - damage::damageoutcome::DamageOutcomeBuilder::dice (line 109) ... FAILED
[INFO] [stdout] test src/damage/damageoutcome.rs - damage::damageoutcome::DamageOutcomeBuilder (line 53) ... FAILED
[INFO] [stdout] test src/attack/attackoutcome.rs - attack::attackoutcome::AttackOutcomeBuilder::check_modifier (line 158) ... FAILED
[INFO] [stdout] test src/roll/rolloutcome.rs - roll::rolloutcome::RollOutcome::is_attack (line 81) ... FAILED
[INFO] [stdout] test src/attack/attackoutcome.rs - attack::attackoutcome::AttackOutcomeBuilder::check_dice (line 186) ... FAILED
[INFO] [stdout] test src/check/checkoutcome.rs - check::checkoutcome::CheckOutcomeBuilder::dice (line 288) ... FAILED
[INFO] [stdout] test src/roll/rolloutcome.rs - roll::rolloutcome::RollOutcome::is_check (line 49) ... FAILED
[INFO] [stdout] test src/attack/attackoutcome.rs - attack::attackoutcome::AttackOutcomeBuilder::damage_modifier (line 214) ... FAILED
[INFO] [stdout] test src/attack/attackoutcome.rs - attack::attackoutcome::AttackOutcome (line 10) ... FAILED
[INFO] [stdout] test src/check/checkoutcome.rs - check::checkoutcome::CheckOutcomeBuilder (line 156) ... FAILED
[INFO] [stdout] test src/roll.rs - roll::Roll::is_attack (line 89) ... FAILED
[INFO] [stdout] test src/damage.rs - damage::Damage (line 23) ... FAILED
[INFO] [stdout] test src/check/checkoutcome.rs - check::checkoutcome::CheckOutcomeBuilder::check_adv (line 187) ... FAILED
[INFO] [stdout] test src/roll.rs - roll::Roll (line 14) ... FAILED
[INFO] [stdout] test src/check/checkoutcome.rs - check::checkoutcome::CheckOutcome::crit_score (line 89) ... FAILED
[INFO] [stdout] test src/roll.rs - roll::Roll::is_damage (line 73) ... FAILED
[INFO] [stdout] test src/damage.rs - damage::Damage::crit_roll (line 42) ... FAILED
[INFO] [stdout] test src/attack/attackoutcome.rs - attack::attackoutcome::AttackOutcomeBuilder (line 52) ... FAILED
[INFO] [stdout] test src/attack/attackoutcome.rs - attack::attackoutcome::AttackOutcomeBuilder::damage_dice (line 242) ... FAILED
[INFO] [stdout] test src/damage/damageoutcome.rs - damage::damageoutcome::DamageOutcomeBuilder::modifier (line 82) ... FAILED
[INFO] [stdout] test src/check/checkoutcome.rs - check::checkoutcome::CheckOutcomeBuilder::modifier (line 261) ... FAILED
[INFO] [stdout] test src/check.rs - check::Check::roll_with_advantage (line 51) ... FAILED
[INFO] [stdout] test src/attack/attackoutcome.rs - attack::attackoutcome::AttackOutcomeBuilder::check_dis (line 107) ... FAILED
[INFO] [stdout] test src/roll/rolloutcome.rs - roll::rolloutcome::RollOutcome (line 14) ... FAILED
[INFO] [stdout] test src/check.rs - check::Check (line 31) ... FAILED
[INFO] [stdout] test src/check/checkoutcome.rs - check::checkoutcome::CheckOutcomeBuilder::check_dis (line 211) ... FAILED
[INFO] [stdout] test src/check/checkoutcome.rs - check::checkoutcome::CheckOutcomeBuilder::check (line 236) ... FAILED
[INFO] [stdout] test src/attack.rs - attack::Attack (line 11) ... FAILED
[INFO] [stdout] test src/roll/rolloutcome.rs - roll::rolloutcome::RollOutcome::is_damage (line 65) ... FAILED
[INFO] [stdout] test src/attack/attackoutcome.rs - attack::attackoutcome::AttackOutcomeBuilder::check (line 132) ... FAILED
[INFO] [stdout] test src/check/checkoutcome.rs - check::checkoutcome::CheckOutcome (line 26) ... FAILED
[INFO] [stdout] test src/roll.rs - roll::Roll::is_check (line 57) ... FAILED
[INFO] [stdout] test src/damage/damageoutcome.rs - damage::damageoutcome::DamageOutcome (line 10) ... FAILED
[INFO] [stdout] test src/check/checkoutcome.rs - check::checkoutcome::CheckOutcome::score (line 59) ... FAILED
[INFO] [stdout] test src/attack.rs - attack::Attack::roll_with_advantage (line 30) ... FAILED
[INFO] [stdout] 
[INFO] [stdout] failures:
[INFO] [stdout] 
[INFO] [stdout] ---- src/lib.rs - (line 8) stdout ----
[INFO] [stdout] Couldn't compile the test.
[INFO] [stdout] ---- src/attack/attackoutcome.rs - attack::attackoutcome::AttackOutcomeBuilder::check_adv (line 83) stdout ----
[INFO] [stdout] Couldn't compile the test.
[INFO] [stdout] ---- src/damage/damageoutcome.rs - damage::damageoutcome::DamageOutcomeBuilder::dice (line 109) stdout ----
[INFO] [stdout] Couldn't compile the test.
[INFO] [stdout] ---- src/damage/damageoutcome.rs - damage::damageoutcome::DamageOutcomeBuilder (line 53) stdout ----
[INFO] [stdout] Couldn't compile the test.
[INFO] [stdout] ---- src/attack/attackoutcome.rs - attack::attackoutcome::AttackOutcomeBuilder::check_modifier (line 158) stdout ----
[INFO] [stdout] Couldn't compile the test.
[INFO] [stdout] ---- src/roll/rolloutcome.rs - roll::rolloutcome::RollOutcome::is_attack (line 81) stdout ----
[INFO] [stdout] Couldn't compile the test.
[INFO] [stdout] ---- src/attack/attackoutcome.rs - attack::attackoutcome::AttackOutcomeBuilder::check_dice (line 186) stdout ----
[INFO] [stdout] Couldn't compile the test.
[INFO] [stdout] ---- src/check/checkoutcome.rs - check::checkoutcome::CheckOutcomeBuilder::dice (line 288) stdout ----
[INFO] [stdout] Couldn't compile the test.
[INFO] [stdout] ---- src/roll/rolloutcome.rs - roll::rolloutcome::RollOutcome::is_check (line 49) stdout ----
[INFO] [stdout] Couldn't compile the test.
[INFO] [stdout] ---- src/attack/attackoutcome.rs - attack::attackoutcome::AttackOutcomeBuilder::damage_modifier (line 214) stdout ----
[INFO] [stdout] Couldn't compile the test.
[INFO] [stdout] ---- src/attack/attackoutcome.rs - attack::attackoutcome::AttackOutcome (line 10) stdout ----
[INFO] [stdout] Couldn't compile the test.
[INFO] [stdout] ---- src/check/checkoutcome.rs - check::checkoutcome::CheckOutcomeBuilder (line 156) stdout ----
[INFO] [stdout] Couldn't compile the test.
[INFO] [stdout] ---- src/roll.rs - roll::Roll::is_attack (line 89) stdout ----
[INFO] [stdout] Couldn't compile the test.
[INFO] [stdout] ---- src/damage.rs - damage::Damage (line 23) stdout ----
[INFO] [stdout] Couldn't compile the test.
[INFO] [stdout] ---- src/check/checkoutcome.rs - check::checkoutcome::CheckOutcomeBuilder::check_adv (line 187) stdout ----
[INFO] [stdout] Couldn't compile the test.
[INFO] [stdout] ---- src/roll.rs - roll::Roll (line 14) stdout ----
[INFO] [stdout] Couldn't compile the test.
[INFO] [stdout] ---- src/check/checkoutcome.rs - check::checkoutcome::CheckOutcome::crit_score (line 89) stdout ----
[INFO] [stdout] Couldn't compile the test.
[INFO] [stdout] ---- src/roll.rs - roll::Roll::is_damage (line 73) stdout ----
[INFO] [stdout] Couldn't compile the test.
[INFO] [stdout] ---- src/damage.rs - damage::Damage::crit_roll (line 42) stdout ----
[INFO] [stdout] Couldn't compile the test.
[INFO] [stdout] ---- src/attack/attackoutcome.rs - attack::attackoutcome::AttackOutcomeBuilder (line 52) stdout ----
[INFO] [stdout] Couldn't compile the test.
[INFO] [stdout] ---- src/attack/attackoutcome.rs - attack::attackoutcome::AttackOutcomeBuilder::damage_dice (line 242) stdout ----
[INFO] [stdout] Couldn't compile the test.
[INFO] [stdout] ---- src/damage/damageoutcome.rs - damage::damageoutcome::DamageOutcomeBuilder::modifier (line 82) stdout ----
[INFO] [stdout] Couldn't compile the test.
[INFO] [stdout] ---- src/check/checkoutcome.rs - check::checkoutcome::CheckOutcomeBuilder::modifier (line 261) stdout ----
[INFO] [stdout] Couldn't compile the test.
[INFO] [stdout] ---- src/check.rs - check::Check::roll_with_advantage (line 51) stdout ----
[INFO] [stdout] Couldn't compile the test.
[INFO] [stdout] ---- src/attack/attackoutcome.rs - attack::attackoutcome::AttackOutcomeBuilder::check_dis (line 107) stdout ----
[INFO] [stdout] Couldn't compile the test.
[INFO] [stdout] ---- src/roll/rolloutcome.rs - roll::rolloutcome::RollOutcome (line 14) stdout ----
[INFO] [stdout] Couldn't compile the test.
[INFO] [stdout] ---- src/check.rs - check::Check (line 31) stdout ----
[INFO] [stdout] Couldn't compile the test.
[INFO] [stdout] ---- src/check/checkoutcome.rs - check::checkoutcome::CheckOutcomeBuilder::check_dis (line 211) stdout ----
[INFO] [stdout] Couldn't compile the test.
[INFO] [stdout] ---- src/check/checkoutcome.rs - check::checkoutcome::CheckOutcomeBuilder::check (line 236) stdout ----
[INFO] [stdout] Couldn't compile the test.
[INFO] [stdout] ---- src/attack.rs - attack::Attack (line 11) stdout ----
[INFO] [stdout] Couldn't compile the test.
[INFO] [stdout] ---- src/roll/rolloutcome.rs - roll::rolloutcome::RollOutcome::is_damage (line 65) stdout ----
[INFO] [stdout] Couldn't compile the test.
[INFO] [stdout] ---- src/attack/attackoutcome.rs - attack::attackoutcome::AttackOutcomeBuilder::check (line 132) stdout ----
[INFO] [stdout] Couldn't compile the test.
[INFO] [stdout] ---- src/check/checkoutcome.rs - check::checkoutcome::CheckOutcome (line 26) stdout ----
[INFO] [stdout] Couldn't compile the test.
[INFO] [stdout] ---- src/roll.rs - roll::Roll::is_check (line 57) stdout ----
[INFO] [stdout] Couldn't compile the test.
[INFO] [stdout] ---- src/damage/damageoutcome.rs - damage::damageoutcome::DamageOutcome (line 10) stdout ----
[INFO] [stdout] Couldn't compile the test.
[INFO] [stdout] ---- src/check/checkoutcome.rs - check::checkoutcome::CheckOutcome::score (line 59) stdout ----
[INFO] [stdout] Couldn't compile the test.
[INFO] [stdout] ---- src/attack.rs - attack::Attack::roll_with_advantage (line 30) stdout ----
[INFO] [stdout] Couldn't compile the test.
[INFO] [stdout] 
[INFO] [stdout] failures:
[INFO] [stdout]     src/attack.rs - attack::Attack (line 11)
[INFO] [stdout]     src/attack.rs - attack::Attack::roll_with_advantage (line 30)
[INFO] [stdout]     src/attack/attackoutcome.rs - attack::attackoutcome::AttackOutcome (line 10)
[INFO] [stdout]     src/attack/attackoutcome.rs - attack::attackoutcome::AttackOutcomeBuilder (line 52)
[INFO] [stdout]     src/attack/attackoutcome.rs - attack::attackoutcome::AttackOutcomeBuilder::check (line 132)
[INFO] [stdout]     src/attack/attackoutcome.rs - attack::attackoutcome::AttackOutcomeBuilder::check_adv (line 83)
[INFO] [stdout]     src/attack/attackoutcome.rs - attack::attackoutcome::AttackOutcomeBuilder::check_dice (line 186)
[INFO] [stdout]     src/attack/attackoutcome.rs - attack::attackoutcome::AttackOutcomeBuilder::check_dis (line 107)
[INFO] [stdout]     src/attack/attackoutcome.rs - attack::attackoutcome::AttackOutcomeBuilder::check_modifier (line 158)
[INFO] [stdout]     src/attack/attackoutcome.rs - attack::attackoutcome::AttackOutcomeBuilder::damage_dice (line 242)
[INFO] [stdout]     src/attack/attackoutcome.rs - attack::attackoutcome::AttackOutcomeBuilder::damage_modifier (line 214)
[INFO] [stdout]     src/check.rs - check::Check (line 31)
[INFO] [stdout]     src/check.rs - check::Check::roll_with_advantage (line 51)
[INFO] [stdout]     src/check/checkoutcome.rs - check::checkoutcome::CheckOutcome (line 26)
[INFO] [stdout]     src/check/checkoutcome.rs - check::checkoutcome::CheckOutcome::crit_score (line 89)
[INFO] [stdout]     src/check/checkoutcome.rs - check::checkoutcome::CheckOutcome::score (line 59)
[INFO] [stdout]     src/check/checkoutcome.rs - check::checkoutcome::CheckOutcomeBuilder (line 156)
[INFO] [stdout]     src/check/checkoutcome.rs - check::checkoutcome::CheckOutcomeBuilder::check (line 236)
[INFO] [stdout]     src/check/checkoutcome.rs - check::checkoutcome::CheckOutcomeBuilder::check_adv (line 187)
[INFO] [stdout]     src/check/checkoutcome.rs - check::checkoutcome::CheckOutcomeBuilder::check_dis (line 211)
[INFO] [stdout]     src/check/checkoutcome.rs - check::checkoutcome::CheckOutcomeBuilder::dice (line 288)
[INFO] [stdout]     src/check/checkoutcome.rs - check::checkoutcome::CheckOutcomeBuilder::modifier (line 261)
[INFO] [stdout]     src/damage.rs - damage::Damage (line 23)
[INFO] [stdout]     src/damage.rs - damage::Damage::crit_roll (line 42)
[INFO] [stdout]     src/damage/damageoutcome.rs - damage::damageoutcome::DamageOutcome (line 10)
[INFO] [stdout]     src/damage/damageoutcome.rs - damage::damageoutcome::DamageOutcomeBuilder (line 53)
[INFO] [stdout]     src/damage/damageoutcome.rs - damage::damageoutcome::DamageOutcomeBuilder::dice (line 109)
[INFO] [stdout]     src/damage/damageoutcome.rs - damage::damageoutcome::DamageOutcomeBuilder::modifier (line 82)
[INFO] [stdout]     src/lib.rs - (line 8)
[INFO] [stdout]     src/roll.rs - roll::Roll (line 14)
[INFO] [stdout]     src/roll.rs - roll::Roll::is_attack (line 89)
[INFO] [stdout]     src/roll.rs - roll::Roll::is_check (line 57)
[INFO] [stdout]     src/roll.rs - roll::Roll::is_damage (line 73)
[INFO] [stdout]     src/roll/rolloutcome.rs - roll::rolloutcome::RollOutcome (line 14)
[INFO] [stdout]     src/roll/rolloutcome.rs - roll::rolloutcome::RollOutcome::is_attack (line 81)
[INFO] [stdout]     src/roll/rolloutcome.rs - roll::rolloutcome::RollOutcome::is_check (line 49)
[INFO] [stdout]     src/roll/rolloutcome.rs - roll::rolloutcome::RollOutcome::is_damage (line 65)
[INFO] [stdout] 
[INFO] [stdout] test result: FAILED. 0 passed; 37 failed; 0 ignored; 0 measured; 0 filtered out; finished in 4.61s
[INFO] [stdout] 
[INFO] [stderr] error: test failed, to rerun pass '--doc'
[INFO] running `Command { std: "docker" "inspect" "492b2cef794930f3c4281c9b93f3bbe5d39492059ae1a62548a5a17ec0a27d43", kill_on_drop: false }`
[INFO] running `Command { std: "docker" "rm" "-f" "492b2cef794930f3c4281c9b93f3bbe5d39492059ae1a62548a5a17ec0a27d43", kill_on_drop: false }`
[INFO] [stdout] 492b2cef794930f3c4281c9b93f3bbe5d39492059ae1a62548a5a17ec0a27d43
