[INFO] fetching crate crate_IA7_GPS 0.2.0...
[INFO] testing crate_IA7_GPS-0.2.0 against 1.54.0 for beta-1.55-1
[INFO] extracting crate crate_IA7_GPS 0.2.0 into /workspace/builds/worker-50/source
[INFO] validating manifest of crates.io crate crate_IA7_GPS 0.2.0 on toolchain 1.54.0
[INFO] running `Command { std: "/workspace/cargo-home/bin/cargo" "+1.54.0" "metadata" "--manifest-path" "Cargo.toml" "--no-deps", kill_on_drop: false }`
[INFO] started tweaking crates.io crate crate_IA7_GPS 0.2.0
[INFO] finished tweaking crates.io crate crate_IA7_GPS 0.2.0
[INFO] tweaked toml for crates.io crate crate_IA7_GPS 0.2.0 written to /workspace/builds/worker-50/source/Cargo.toml
[INFO] crate crates.io crate crate_IA7_GPS 0.2.0 already has a lockfile, it will not be regenerated
[INFO] running `Command { std: "/workspace/cargo-home/bin/cargo" "+1.54.0" "fetch" "--manifest-path" "Cargo.toml", kill_on_drop: false }`
[INFO] [stderr]     Blocking waiting for file lock on package cache
[INFO] running `Command { std: "docker" "create" "-v" "/var/lib/crater-agent-workspace/builds/worker-50/target:/opt/rustwide/target:rw,Z" "-v" "/var/lib/crater-agent-workspace/builds/worker-50/source:/opt/rustwide/workdir:ro,Z" "-v" "/var/lib/crater-agent-workspace/cargo-home:/opt/rustwide/cargo-home:ro,Z" "-v" "/var/lib/crater-agent-workspace/rustup-home:/opt/rustwide/rustup-home:ro,Z" "-e" "SOURCE_DIR=/opt/rustwide/workdir" "-e" "CARGO_TARGET_DIR=/opt/rustwide/target" "-e" "CARGO_HOME=/opt/rustwide/cargo-home" "-e" "RUSTUP_HOME=/opt/rustwide/rustup-home" "-w" "/opt/rustwide/workdir" "-m" "1610612736" "--user" "0:0" "--network" "none" "ghcr.io/rust-lang/crates-build-env/linux@sha256:34b6a614d2c27851fe6cbf88fbd1137609cefab8b10d0615aaeb6fd47975d74e" "/opt/rustwide/cargo-home/bin/cargo" "+1.54.0" "metadata" "--no-deps" "--format-version=1", kill_on_drop: false }`
[INFO] [stdout] fa448760b2ff72e2ac5dd66add181825f92db3a5956a476f9682b76be3b84bc5
[INFO] running `Command { std: "docker" "start" "-a" "fa448760b2ff72e2ac5dd66add181825f92db3a5956a476f9682b76be3b84bc5", kill_on_drop: false }`
[INFO] running `Command { std: "docker" "inspect" "fa448760b2ff72e2ac5dd66add181825f92db3a5956a476f9682b76be3b84bc5", kill_on_drop: false }`
[INFO] running `Command { std: "docker" "rm" "-f" "fa448760b2ff72e2ac5dd66add181825f92db3a5956a476f9682b76be3b84bc5", kill_on_drop: false }`
[INFO] [stdout] fa448760b2ff72e2ac5dd66add181825f92db3a5956a476f9682b76be3b84bc5
[INFO] running `Command { std: "docker" "create" "-v" "/var/lib/crater-agent-workspace/builds/worker-50/target:/opt/rustwide/target:rw,Z" "-v" "/var/lib/crater-agent-workspace/builds/worker-50/source:/opt/rustwide/workdir:ro,Z" "-v" "/var/lib/crater-agent-workspace/cargo-home:/opt/rustwide/cargo-home:ro,Z" "-v" "/var/lib/crater-agent-workspace/rustup-home:/opt/rustwide/rustup-home:ro,Z" "-e" "SOURCE_DIR=/opt/rustwide/workdir" "-e" "CARGO_TARGET_DIR=/opt/rustwide/target" "-e" "CARGO_INCREMENTAL=0" "-e" "RUST_BACKTRACE=full" "-e" "RUSTFLAGS=--cap-lints=warn" "-e" "CARGO_HOME=/opt/rustwide/cargo-home" "-e" "RUSTUP_HOME=/opt/rustwide/rustup-home" "-w" "/opt/rustwide/workdir" "-m" "1610612736" "--user" "0:0" "--network" "none" "ghcr.io/rust-lang/crates-build-env/linux@sha256:34b6a614d2c27851fe6cbf88fbd1137609cefab8b10d0615aaeb6fd47975d74e" "/opt/rustwide/cargo-home/bin/cargo" "+1.54.0" "build" "--frozen" "--message-format=json", kill_on_drop: false }`
[INFO] [stdout] fe1946ba6f9a8269e94c3cea3378a0ec9dc9b2c90987e381f11b3aee354a20f7
[INFO] running `Command { std: "docker" "start" "-a" "fe1946ba6f9a8269e94c3cea3378a0ec9dc9b2c90987e381f11b3aee354a20f7", kill_on_drop: false }`
[INFO] [stderr]    Compiling libc v0.2.76
[INFO] [stderr]    Compiling lazy_static v1.4.0
[INFO] [stderr]    Compiling rpi_embedded v0.0.5
[INFO] [stderr]    Compiling crate_IA7_GPS v0.2.0 (/opt/rustwide/workdir)
[INFO] [stdout] warning: unreachable expression
[INFO] [stdout]    --> src/main.rs:112:5
[INFO] [stdout]     |
[INFO] [stdout] 105 | /     loop {
[INFO] [stdout] 106 | |         data.getData();
[INFO] [stdout] 107 | |         println!("lat : {} N", data.lat);
[INFO] [stdout] 108 | |         println!("long : {} W", data.long);
[INFO] [stdout] 109 | |         thread::sleep(Duration::from_millis(1000));
[INFO] [stdout] 110 | |     }
[INFO] [stdout]     | |_____- any code following this expression is unreachable
[INFO] [stdout] 111 | 
[INFO] [stdout] 112 |       Ok(())
[INFO] [stdout]     |       ^^^^^^ unreachable expression
[INFO] [stdout]     |
[INFO] [stdout]     = note: `#[warn(unreachable_code)]` on by default
[INFO] [stdout] 
[INFO] [stdout] 
[INFO] [stdout] warning: crate `crate_IA7_GPS` should have a snake case name
[INFO] [stdout]   |
[INFO] [stdout]   = note: `#[warn(non_snake_case)]` on by default
[INFO] [stdout]   = help: convert the identifier to snake case: `crate_ia7_gps`
[INFO] [stdout] 
[INFO] [stdout] 
[INFO] [stdout] warning: structure field `Uart_` should have a snake case name
[INFO] [stdout]   --> src/main.rs:37:5
[INFO] [stdout]    |
[INFO] [stdout] 37 |     Uart_ : rpi_embedded::uart::Uart,
[INFO] [stdout]    |     ^^^^^ help: convert the identifier to snake case: `uart`
[INFO] [stdout] 
[INFO] [stdout] 
[INFO] [stdout] warning: structure field `nbSat` should have a snake case name
[INFO] [stdout]   --> src/main.rs:42:5
[INFO] [stdout]    |
[INFO] [stdout] 42 |     nbSat : String,
[INFO] [stdout]    |     ^^^^^ help: convert the identifier to snake case: `nb_sat`
[INFO] [stdout] 
[INFO] [stdout] 
[INFO] [stdout] warning: method `getData` should have a snake case name
[INFO] [stdout]   --> src/main.rs:48:8
[INFO] [stdout]    |
[INFO] [stdout] 48 |     fn getData(&mut self) -> Result<(), Box<dyn Error>>  {
[INFO] [stdout]    |        ^^^^^^^ help: convert the identifier to snake case: `get_data`
[INFO] [stdout] 
[INFO] [stdout] 
[INFO] [stdout] warning: unused `Result` that must be used
[INFO] [stdout]    --> src/main.rs:103:5
[INFO] [stdout]     |
[INFO] [stdout] 103 |     data.init();
[INFO] [stdout]     |     ^^^^^^^^^^^^
[INFO] [stdout]     |
[INFO] [stdout]     = note: `#[warn(unused_must_use)]` on by default
[INFO] [stdout]     = note: this `Result` may be an `Err` variant, which should be handled
[INFO] [stdout] 
[INFO] [stdout] 
[INFO] [stdout] warning: unused `Result` that must be used
[INFO] [stdout]    --> src/main.rs:106:9
[INFO] [stdout]     |
[INFO] [stdout] 106 |         data.getData();
[INFO] [stdout]     |         ^^^^^^^^^^^^^^^
[INFO] [stdout]     |
[INFO] [stdout]     = note: this `Result` may be an `Err` variant, which should be handled
[INFO] [stdout] 
[INFO] [stdout] 
[INFO] [stdout] warning: 7 warnings emitted
[INFO] [stdout] 
[INFO] [stdout] 
[INFO] [stderr]     Finished dev [unoptimized + debuginfo] target(s) in 5.23s
[INFO] running `Command { std: "docker" "inspect" "fe1946ba6f9a8269e94c3cea3378a0ec9dc9b2c90987e381f11b3aee354a20f7", kill_on_drop: false }`
[INFO] running `Command { std: "docker" "rm" "-f" "fe1946ba6f9a8269e94c3cea3378a0ec9dc9b2c90987e381f11b3aee354a20f7", kill_on_drop: false }`
[INFO] [stdout] fe1946ba6f9a8269e94c3cea3378a0ec9dc9b2c90987e381f11b3aee354a20f7
[INFO] running `Command { std: "docker" "create" "-v" "/var/lib/crater-agent-workspace/builds/worker-50/target:/opt/rustwide/target:rw,Z" "-v" "/var/lib/crater-agent-workspace/builds/worker-50/source:/opt/rustwide/workdir:ro,Z" "-v" "/var/lib/crater-agent-workspace/cargo-home:/opt/rustwide/cargo-home:ro,Z" "-v" "/var/lib/crater-agent-workspace/rustup-home:/opt/rustwide/rustup-home:ro,Z" "-e" "SOURCE_DIR=/opt/rustwide/workdir" "-e" "CARGO_TARGET_DIR=/opt/rustwide/target" "-e" "CARGO_INCREMENTAL=0" "-e" "RUST_BACKTRACE=full" "-e" "RUSTFLAGS=--cap-lints=warn" "-e" "CARGO_HOME=/opt/rustwide/cargo-home" "-e" "RUSTUP_HOME=/opt/rustwide/rustup-home" "-w" "/opt/rustwide/workdir" "-m" "1610612736" "--user" "0:0" "--network" "none" "ghcr.io/rust-lang/crates-build-env/linux@sha256:34b6a614d2c27851fe6cbf88fbd1137609cefab8b10d0615aaeb6fd47975d74e" "/opt/rustwide/cargo-home/bin/cargo" "+1.54.0" "test" "--frozen" "--no-run" "--message-format=json", kill_on_drop: false }`
[INFO] [stdout] 83511a3e881f0f81a80a237a3257ec83abfba33f0637e003860885a8cc22a834
[INFO] running `Command { std: "docker" "start" "-a" "83511a3e881f0f81a80a237a3257ec83abfba33f0637e003860885a8cc22a834", kill_on_drop: false }`
[INFO] [stderr]    Compiling crate_IA7_GPS v0.2.0 (/opt/rustwide/workdir)
[INFO] [stdout] warning: unused import: `std::thread`
[INFO] [stdout]  --> src/main.rs:5:9
[INFO] [stdout]   |
[INFO] [stdout] 5 |     use std::thread;
[INFO] [stdout]   |         ^^^^^^^^^^^
[INFO] [stdout]   |
[INFO] [stdout]   = note: `#[warn(unused_imports)]` on by default
[INFO] [stdout] 
[INFO] [stdout] 
[INFO] [stdout] warning: unreachable expression
[INFO] [stdout]    --> src/main.rs:112:5
[INFO] [stdout]     |
[INFO] [stdout] 105 | /     loop {
[INFO] [stdout] 106 | |         data.getData();
[INFO] [stdout] 107 | |         println!("lat : {} N", data.lat);
[INFO] [stdout] 108 | |         println!("long : {} W", data.long);
[INFO] [stdout] 109 | |         thread::sleep(Duration::from_millis(1000));
[INFO] [stdout] 110 | |     }
[INFO] [stdout]     | |_____- any code following this expression is unreachable
[INFO] [stdout] 111 | 
[INFO] [stdout] 112 |       Ok(())
[INFO] [stdout]     |       ^^^^^^ unreachable expression
[INFO] [stdout]     |
[INFO] [stdout]     = note: `#[warn(unreachable_code)]` on by default
[INFO] [stdout] 
[INFO] [stdout] 
[INFO] [stdout] warning: variable does not need to be mutable
[INFO] [stdout]   --> src/main.rs:17:13
[INFO] [stdout]    |
[INFO] [stdout] 17 |         let mut test = [59u8;1]; //59 is "O" if we do the conversion
[INFO] [stdout]    |             ----^^^^
[INFO] [stdout]    |             |
[INFO] [stdout]    |             help: remove this `mut`
[INFO] [stdout]    |
[INFO] [stdout]    = note: `#[warn(unused_mut)]` on by default
[INFO] [stdout] 
[INFO] [stdout] 
[INFO] [stdout] warning: crate `crate_IA7_GPS` should have a snake case name
[INFO] [stdout]   |
[INFO] [stdout]   = note: `#[warn(non_snake_case)]` on by default
[INFO] [stdout]   = help: convert the identifier to snake case: `crate_ia7_gps`
[INFO] [stdout] 
[INFO] [stdout] 
[INFO] [stdout] warning: structure field `Uart_` should have a snake case name
[INFO] [stdout]   --> src/main.rs:37:5
[INFO] [stdout]    |
[INFO] [stdout] 37 |     Uart_ : rpi_embedded::uart::Uart,
[INFO] [stdout]    |     ^^^^^ help: convert the identifier to snake case: `uart`
[INFO] [stdout] 
[INFO] [stdout] 
[INFO] [stdout] warning: structure field `nbSat` should have a snake case name
[INFO] [stdout]   --> src/main.rs:42:5
[INFO] [stdout]    |
[INFO] [stdout] 42 |     nbSat : String,
[INFO] [stdout]    |     ^^^^^ help: convert the identifier to snake case: `nb_sat`
[INFO] [stdout] 
[INFO] [stdout] 
[INFO] [stdout] warning: method `getData` should have a snake case name
[INFO] [stdout]   --> src/main.rs:48:8
[INFO] [stdout]    |
[INFO] [stdout] 48 |     fn getData(&mut self) -> Result<(), Box<dyn Error>>  {
[INFO] [stdout]    |        ^^^^^^^ help: convert the identifier to snake case: `get_data`
[INFO] [stdout] 
[INFO] [stdout] 
[INFO] [stdout] warning: unused `Result` that must be used
[INFO] [stdout]    --> src/main.rs:103:5
[INFO] [stdout]     |
[INFO] [stdout] 103 |     data.init();
[INFO] [stdout]     |     ^^^^^^^^^^^^
[INFO] [stdout]     |
[INFO] [stdout]     = note: `#[warn(unused_must_use)]` on by default
[INFO] [stdout]     = note: this `Result` may be an `Err` variant, which should be handled
[INFO] [stdout] 
[INFO] [stdout] 
[INFO] [stdout] warning: unused `Result` that must be used
[INFO] [stdout]    --> src/main.rs:106:9
[INFO] [stdout]     |
[INFO] [stdout] 106 |         data.getData();
[INFO] [stdout]     |         ^^^^^^^^^^^^^^^
[INFO] [stdout]     |
[INFO] [stdout]     = note: this `Result` may be an `Err` variant, which should be handled
[INFO] [stdout] 
[INFO] [stdout] 
[INFO] [stdout] warning: 9 warnings emitted
[INFO] [stdout] 
[INFO] [stdout] 
[INFO] [stderr]     Finished test [unoptimized + debuginfo] target(s) in 1.05s
[INFO] running `Command { std: "docker" "inspect" "83511a3e881f0f81a80a237a3257ec83abfba33f0637e003860885a8cc22a834", kill_on_drop: false }`
[INFO] running `Command { std: "docker" "rm" "-f" "83511a3e881f0f81a80a237a3257ec83abfba33f0637e003860885a8cc22a834", kill_on_drop: false }`
[INFO] [stdout] 83511a3e881f0f81a80a237a3257ec83abfba33f0637e003860885a8cc22a834
[INFO] running `Command { std: "docker" "create" "-v" "/var/lib/crater-agent-workspace/builds/worker-50/target:/opt/rustwide/target:rw,Z" "-v" "/var/lib/crater-agent-workspace/builds/worker-50/source:/opt/rustwide/workdir:ro,Z" "-v" "/var/lib/crater-agent-workspace/cargo-home:/opt/rustwide/cargo-home:ro,Z" "-v" "/var/lib/crater-agent-workspace/rustup-home:/opt/rustwide/rustup-home:ro,Z" "-e" "SOURCE_DIR=/opt/rustwide/workdir" "-e" "CARGO_TARGET_DIR=/opt/rustwide/target" "-e" "CARGO_INCREMENTAL=0" "-e" "RUST_BACKTRACE=full" "-e" "RUSTFLAGS=--cap-lints=warn" "-e" "CARGO_HOME=/opt/rustwide/cargo-home" "-e" "RUSTUP_HOME=/opt/rustwide/rustup-home" "-w" "/opt/rustwide/workdir" "-m" "1610612736" "--user" "0:0" "--network" "none" "ghcr.io/rust-lang/crates-build-env/linux@sha256:34b6a614d2c27851fe6cbf88fbd1137609cefab8b10d0615aaeb6fd47975d74e" "/opt/rustwide/cargo-home/bin/cargo" "+1.54.0" "test" "--frozen", kill_on_drop: false }`
[INFO] [stdout] fe9eaf533086f936f2a37ff26e8c74c799c26e0705caf25c9e3295ed34e7fdfb
[INFO] running `Command { std: "docker" "start" "-a" "fe9eaf533086f936f2a37ff26e8c74c799c26e0705caf25c9e3295ed34e7fdfb", kill_on_drop: false }`
[INFO] [stdout] 
[INFO] [stdout] running 1 test
[INFO] [stderr] warning: unused import: `std::thread`
[INFO] [stderr]  --> src/main.rs:5:9
[INFO] [stderr]   |
[INFO] [stderr] 5 |     use std::thread;
[INFO] [stderr]   |         ^^^^^^^^^^^
[INFO] [stderr]   |
[INFO] [stderr]   = note: `#[warn(unused_imports)]` on by default
[INFO] [stderr] 
[INFO] [stderr] warning: unreachable expression
[INFO] [stderr]    --> src/main.rs:112:5
[INFO] [stderr]     |
[INFO] [stderr] 105 | /     loop {
[INFO] [stderr] 106 | |         data.getData();
[INFO] [stderr] 107 | |         println!("lat : {} N", data.lat);
[INFO] [stderr] 108 | |         println!("long : {} W", data.long);
[INFO] [stderr] 109 | |         thread::sleep(Duration::from_millis(1000));
[INFO] [stderr] 110 | |     }
[INFO] [stderr]     | |_____- any code following this expression is unreachable
[INFO] [stderr] 111 | 
[INFO] [stderr] 112 |       Ok(())
[INFO] [stderr]     |       ^^^^^^ unreachable expression
[INFO] [stderr]     |
[INFO] [stderr]     = note: `#[warn(unreachable_code)]` on by default
[INFO] [stderr] 
[INFO] [stderr] warning: variable does not need to be mutable
[INFO] [stderr]   --> src/main.rs:17:13
[INFO] [stderr]    |
[INFO] [stderr] 17 |         let mut test = [59u8;1]; //59 is "O" if we do the conversion
[INFO] [stderr]    |             ----^^^^
[INFO] [stderr]    |             |
[INFO] [stderr]    |             help: remove this `mut`
[INFO] [stderr]    |
[INFO] [stderr]    = note: `#[warn(unused_mut)]` on by default
[INFO] [stderr] 
[INFO] [stderr] warning: crate `crate_IA7_GPS` should have a snake case name
[INFO] [stderr]   |
[INFO] [stderr]   = note: `#[warn(non_snake_case)]` on by default
[INFO] [stderr]   = help: convert the identifier to snake case: `crate_ia7_gps`
[INFO] [stderr] 
[INFO] [stderr] warning: structure field `Uart_` should have a snake case name
[INFO] [stderr]   --> src/main.rs:37:5
[INFO] [stderr]    |
[INFO] [stderr] 37 |     Uart_ : rpi_embedded::uart::Uart,
[INFO] [stderr]    |     ^^^^^ help: convert the identifier to snake case: `uart`
[INFO] [stderr] 
[INFO] [stderr] warning: structure field `nbSat` should have a snake case name
[INFO] [stderr]   --> src/main.rs:42:5
[INFO] [stderr]    |
[INFO] [stderr] 42 |     nbSat : String,
[INFO] [stderr]    |     ^^^^^ help: convert the identifier to snake case: `nb_sat`
[INFO] [stderr] 
[INFO] [stderr] warning: method `getData` should have a snake case name
[INFO] [stderr]   --> src/main.rs:48:8
[INFO] [stderr]    |
[INFO] [stderr] 48 |     fn getData(&mut self) -> Result<(), Box<dyn Error>>  {
[INFO] [stderr]    |        ^^^^^^^ help: convert the identifier to snake case: `get_data`
[INFO] [stderr] 
[INFO] [stderr] warning: unused `Result` that must be used
[INFO] [stderr]    --> src/main.rs:103:5
[INFO] [stderr]     |
[INFO] [stderr] 103 |     data.init();
[INFO] [stderr]     |     ^^^^^^^^^^^^
[INFO] [stderr]     |
[INFO] [stderr]     = note: `#[warn(unused_must_use)]` on by default
[INFO] [stderr]     = note: this `Result` may be an `Err` variant, which should be handled
[INFO] [stderr] 
[INFO] [stderr] warning: unused `Result` that must be used
[INFO] [stderr]    --> src/main.rs:106:9
[INFO] [stderr]     |
[INFO] [stderr] 106 |         data.getData();
[INFO] [stderr]     |         ^^^^^^^^^^^^^^^
[INFO] [stderr]     |
[INFO] [stderr]     = note: this `Result` may be an `Err` variant, which should be handled
[INFO] [stderr] 
[INFO] [stderr] warning: 9 warnings emitted
[INFO] [stderr] 
[INFO] [stderr]     Finished test [unoptimized + debuginfo] target(s) in 0.02s
[INFO] [stderr]      Running unittests (/opt/rustwide/target/debug/deps/crate_IA7_GPS-fd1ed72dcc80861b)
[INFO] [stdout] test tests::uart_test ... FAILED
[INFO] [stderr] error: test failed, to rerun pass '--bin crate_IA7_GPS'
[INFO] [stdout] 
[INFO] [stdout] failures:
[INFO] [stdout] 
[INFO] [stdout] ---- tests::uart_test stdout ----
[INFO] [stdout] Error: Io(Os { code: 2, kind: NotFound, message: "No such file or directory" })
[INFO] [stdout] thread 'tests::uart_test' panicked at 'assertion failed: `(left == right)`
[INFO] [stdout]   left: `1`,
[INFO] [stdout]  right: `0`: the test returned a termination value with a non-zero status code (1) which indicates a failure', /rustc/a178d0322ce20e33eac124758e837cbd80a6f633/library/test/src/lib.rs:193:5
[INFO] [stdout] stack backtrace:
[INFO] [stdout]    0:     0x560243dedd50 - std::backtrace_rs::backtrace::libunwind::trace::h34055254b57d8e79
[INFO] [stdout]                                at /rustc/a178d0322ce20e33eac124758e837cbd80a6f633/library/std/src/../../backtrace/src/backtrace/libunwind.rs:90:5
[INFO] [stdout]    1:     0x560243dedd50 - std::backtrace_rs::backtrace::trace_unsynchronized::h8f1e3fbd9afff6ec
[INFO] [stdout]                                at /rustc/a178d0322ce20e33eac124758e837cbd80a6f633/library/std/src/../../backtrace/src/backtrace/mod.rs:66:5
[INFO] [stdout]    2:     0x560243dedd50 - std::sys_common::backtrace::_print_fmt::h3a99a796b770c360
[INFO] [stdout]                                at /rustc/a178d0322ce20e33eac124758e837cbd80a6f633/library/std/src/sys_common/backtrace.rs:67:5
[INFO] [stdout]    3:     0x560243dedd50 - <std::sys_common::backtrace::_print::DisplayBacktrace as core::fmt::Display>::fmt::h32d1f94a80615d18
[INFO] [stdout]                                at /rustc/a178d0322ce20e33eac124758e837cbd80a6f633/library/std/src/sys_common/backtrace.rs:46:22
[INFO] [stdout]    4:     0x560243e1077c - core::fmt::write::h306731c068f7162c
[INFO] [stdout]                                at /rustc/a178d0322ce20e33eac124758e837cbd80a6f633/library/core/src/fmt/mod.rs:1110:17
[INFO] [stdout]    5:     0x560243deac55 - std::io::Write::write_fmt::h87f19b0a2cd190bc
[INFO] [stdout]                                at /rustc/a178d0322ce20e33eac124758e837cbd80a6f633/library/std/src/io/mod.rs:1588:15
[INFO] [stdout]    6:     0x560243defebb - std::sys_common::backtrace::_print::h5abaa2601a852287
[INFO] [stdout]                                at /rustc/a178d0322ce20e33eac124758e837cbd80a6f633/library/std/src/sys_common/backtrace.rs:49:5
[INFO] [stdout]    7:     0x560243defebb - std::sys_common::backtrace::print::h8d81445442bb638f
[INFO] [stdout]                                at /rustc/a178d0322ce20e33eac124758e837cbd80a6f633/library/std/src/sys_common/backtrace.rs:36:9
[INFO] [stdout]    8:     0x560243defebb - std::panicking::default_hook::{{closure}}::hcfe804496a9fa747
[INFO] [stdout]                                at /rustc/a178d0322ce20e33eac124758e837cbd80a6f633/library/std/src/panicking.rs:208:50
[INFO] [stdout]    9:     0x560243def9cc - std::panicking::default_hook::hbea8e3ccf2ba8901
[INFO] [stdout]                                at /rustc/a178d0322ce20e33eac124758e837cbd80a6f633/library/std/src/panicking.rs:222:9
[INFO] [stdout]   10:     0x560243df0584 - std::panicking::rust_panic_with_hook::h7ee9e1a2d0f8975a
[INFO] [stdout]                                at /rustc/a178d0322ce20e33eac124758e837cbd80a6f633/library/std/src/panicking.rs:622:17
[INFO] [stdout]   11:     0x560243df0067 - std::panicking::begin_panic_handler::{{closure}}::h8ab3b4491718b2c7
[INFO] [stdout]                                at /rustc/a178d0322ce20e33eac124758e837cbd80a6f633/library/std/src/panicking.rs:519:13
[INFO] [stdout]   12:     0x560243dee24c - std::sys_common::backtrace::__rust_end_short_backtrace::hd489062ffa586a9f
[INFO] [stdout]                                at /rustc/a178d0322ce20e33eac124758e837cbd80a6f633/library/std/src/sys_common/backtrace.rs:141:18
[INFO] [stdout]   13:     0x560243deffc9 - rust_begin_unwind
[INFO] [stdout]                                at /rustc/a178d0322ce20e33eac124758e837cbd80a6f633/library/std/src/panicking.rs:515:5
[INFO] [stdout]   14:     0x560243d83651 - core::panicking::panic_fmt::hca6330e3e14086b4
[INFO] [stdout]                                at /rustc/a178d0322ce20e33eac124758e837cbd80a6f633/library/core/src/panicking.rs:92:14
[INFO] [stdout]   15:     0x560243e0f17e - core::panicking::assert_failed_inner::h33b45280069a80ed
[INFO] [stdout]   16:     0x560243d8582a - core::panicking::assert_failed::ha78e02916b21ca8d
[INFO] [stdout]                                at /rustc/a178d0322ce20e33eac124758e837cbd80a6f633/library/core/src/panicking.rs:117:5
[INFO] [stdout]   17:     0x560243d84e75 - test::assert_test_result::h8b9cfbbf16ee3543
[INFO] [stdout]                                at /rustc/a178d0322ce20e33eac124758e837cbd80a6f633/library/test/src/lib.rs:193:5
[INFO] [stdout]   18:     0x560243d85015 - crate_IA7_GPS::tests::uart_test::{{closure}}::h68a1620baec0b578
[INFO] [stdout]                                at /opt/rustwide/workdir/src/main.rs:14:5
[INFO] [stdout]   19:     0x560243d848be - core::ops::function::FnOnce::call_once::hf21db14da7aeba51
[INFO] [stdout]                                at /rustc/a178d0322ce20e33eac124758e837cbd80a6f633/library/core/src/ops/function.rs:227:5
[INFO] [stdout]   20:     0x560243dadb33 - core::ops::function::FnOnce::call_once::h152e7e439ff59e19
[INFO] [stdout]                                at /rustc/a178d0322ce20e33eac124758e837cbd80a6f633/library/core/src/ops/function.rs:227:5
[INFO] [stdout]   21:     0x560243dadb33 - test::__rust_begin_short_backtrace::h0908f3b1fdbb72ab
[INFO] [stdout]                                at /rustc/a178d0322ce20e33eac124758e837cbd80a6f633/library/test/src/lib.rs:577:5
[INFO] [stdout]   22:     0x560243dac5f0 - <alloc::boxed::Box<F,A> as core::ops::function::FnOnce<Args>>::call_once::hf6d2a51e5587546c
[INFO] [stdout]                                at /rustc/a178d0322ce20e33eac124758e837cbd80a6f633/library/alloc/src/boxed.rs:1575:9
[INFO] [stdout]   23:     0x560243dac5f0 - <std::panic::AssertUnwindSafe<F> as core::ops::function::FnOnce<()>>::call_once::h8af660f3a89ef593
[INFO] [stdout]                                at /rustc/a178d0322ce20e33eac124758e837cbd80a6f633/library/std/src/panic.rs:347:9
[INFO] [stdout]   24:     0x560243dac5f0 - std::panicking::try::do_call::hd36aef60f84b6d36
[INFO] [stdout]                                at /rustc/a178d0322ce20e33eac124758e837cbd80a6f633/library/std/src/panicking.rs:401:40
[INFO] [stdout]   25:     0x560243dac5f0 - std::panicking::try::h9932b4480e69817c
[INFO] [stdout]                                at /rustc/a178d0322ce20e33eac124758e837cbd80a6f633/library/std/src/panicking.rs:365:19
[INFO] [stdout]   26:     0x560243dac5f0 - std::panic::catch_unwind::h6aa177099cfff5f8
[INFO] [stdout]                                at /rustc/a178d0322ce20e33eac124758e837cbd80a6f633/library/std/src/panic.rs:434:14
[INFO] [stdout]   27:     0x560243dac5f0 - test::run_test_in_process::h5884d6f2d99e20c3
[INFO] [stdout]                                at /rustc/a178d0322ce20e33eac124758e837cbd80a6f633/library/test/src/lib.rs:600:18
[INFO] [stdout]   28:     0x560243dac5f0 - test::run_test::run_test_inner::{{closure}}::h6fdc58c6d5f5b6e3
[INFO] [stdout]                                at /rustc/a178d0322ce20e33eac124758e837cbd80a6f633/library/test/src/lib.rs:492:39
[INFO] [stdout]   29:     0x560243d85ca2 - test::run_test::run_test_inner::{{closure}}::h408365d67a78ade8
[INFO] [stdout]                                at /rustc/a178d0322ce20e33eac124758e837cbd80a6f633/library/test/src/lib.rs:519:37
[INFO] [stdout]   30:     0x560243d85ca2 - std::sys_common::backtrace::__rust_begin_short_backtrace::hb560b77c4f701523
[INFO] [stdout]                                at /rustc/a178d0322ce20e33eac124758e837cbd80a6f633/library/std/src/sys_common/backtrace.rs:125:18
[INFO] [stdout]   31:     0x560243d89858 - std::thread::Builder::spawn_unchecked::{{closure}}::{{closure}}::hf2e7831dad93c597
[INFO] [stdout]                                at /rustc/a178d0322ce20e33eac124758e837cbd80a6f633/library/std/src/thread/mod.rs:481:17
[INFO] [stdout]   32:     0x560243d89858 - <std::panic::AssertUnwindSafe<F> as core::ops::function::FnOnce<()>>::call_once::hd2e08783d8be4d02
[INFO] [stdout]                                at /rustc/a178d0322ce20e33eac124758e837cbd80a6f633/library/std/src/panic.rs:347:9
[INFO] [stdout]   33:     0x560243d89858 - std::panicking::try::do_call::h062597b7acfd6b82
[INFO] [stdout]                                at /rustc/a178d0322ce20e33eac124758e837cbd80a6f633/library/std/src/panicking.rs:401:40
[INFO] [stdout]   34:     0x560243d89858 - std::panicking::try::h0d7b79db04c14552
[INFO] [stdout]                                at /rustc/a178d0322ce20e33eac124758e837cbd80a6f633/library/std/src/panicking.rs:365:19
[INFO] [stdout]   35:     0x560243d89858 - std::panic::catch_unwind::hb01a0b5e7c8cd43b
[INFO] [stdout]                                at /rustc/a178d0322ce20e33eac124758e837cbd80a6f633/library/std/src/panic.rs:434:14
[INFO] [stdout]   36:     0x560243d89858 - std::thread::Builder::spawn_unchecked::{{closure}}::h5bde48cc887e0d1e
[INFO] [stdout]                                at /rustc/a178d0322ce20e33eac124758e837cbd80a6f633/library/std/src/thread/mod.rs:480:30
[INFO] [stdout]   37:     0x560243d89858 - core::ops::function::FnOnce::call_once{{vtable.shim}}::h745ea30807a29e55
[INFO] [stdout]                                at /rustc/a178d0322ce20e33eac124758e837cbd80a6f633/library/core/src/ops/function.rs:227:5
[INFO] [stdout]   38:     0x560243df5277 - <alloc::boxed::Box<F,A> as core::ops::function::FnOnce<Args>>::call_once::h7ece6cfefaff1005
[INFO] [stdout]                                at /rustc/a178d0322ce20e33eac124758e837cbd80a6f633/library/alloc/src/boxed.rs:1575:9
[INFO] [stdout]   39:     0x560243df5277 - <alloc::boxed::Box<F,A> as core::ops::function::FnOnce<Args>>::call_once::hb8b48e55c21f193e
[INFO] [stdout]                                at /rustc/a178d0322ce20e33eac124758e837cbd80a6f633/library/alloc/src/boxed.rs:1575:9
[INFO] [stdout]   40:     0x560243df5277 - std::sys::unix::thread::Thread::new::thread_start::h8c7c4450dba62914
[INFO] [stdout]                                at /rustc/a178d0322ce20e33eac124758e837cbd80a6f633/library/std/src/sys/unix/thread.rs:71:17
[INFO] [stdout]   41:     0x7f5bf0934609 - start_thread
[INFO] [stdout]   42:     0x7f5bf070c293 - clone
[INFO] [stdout]   43:                0x0 - <unknown>
[INFO] [stdout] 
[INFO] [stdout] 
[INFO] [stdout] failures:
[INFO] [stdout]     tests::uart_test
[INFO] [stdout] 
[INFO] [stdout] test result: FAILED. 0 passed; 1 failed; 0 ignored; 0 measured; 0 filtered out; finished in 0.01s
[INFO] [stdout] 
[INFO] running `Command { std: "docker" "inspect" "fe9eaf533086f936f2a37ff26e8c74c799c26e0705caf25c9e3295ed34e7fdfb", kill_on_drop: false }`
[INFO] running `Command { std: "docker" "rm" "-f" "fe9eaf533086f936f2a37ff26e8c74c799c26e0705caf25c9e3295ed34e7fdfb", kill_on_drop: false }`
[INFO] [stdout] fe9eaf533086f936f2a37ff26e8c74c799c26e0705caf25c9e3295ed34e7fdfb
