[INFO] fetching crate cranelift-codegen 0.76.0...
[INFO] testing cranelift-codegen-0.76.0 against 1.54.0 for beta-1.55-1
[INFO] extracting crate cranelift-codegen 0.76.0 into /workspace/builds/worker-64/source
[INFO] validating manifest of crates.io crate cranelift-codegen 0.76.0 on toolchain 1.54.0
[INFO] running `Command { std: "/workspace/cargo-home/bin/cargo" "+1.54.0" "metadata" "--manifest-path" "Cargo.toml" "--no-deps", kill_on_drop: false }`
[INFO] started tweaking crates.io crate cranelift-codegen 0.76.0
[INFO] finished tweaking crates.io crate cranelift-codegen 0.76.0
[INFO] tweaked toml for crates.io crate cranelift-codegen 0.76.0 written to /workspace/builds/worker-64/source/Cargo.toml
[INFO] running `Command { std: "/workspace/cargo-home/bin/cargo" "+1.54.0" "generate-lockfile" "--manifest-path" "Cargo.toml" "-Zno-index-update", kill_on_drop: false }`
[INFO] [stderr]     Blocking waiting for file lock on package cache
[INFO] running `Command { std: "/workspace/cargo-home/bin/cargo" "+1.54.0" "fetch" "--manifest-path" "Cargo.toml", kill_on_drop: false }`
[INFO] [stderr]     Blocking waiting for file lock on package cache
[INFO] [stderr]     Blocking waiting for file lock on package cache
[INFO] [stderr]  Downloading crates ...
[INFO] [stderr]   Downloaded wast v36.0.0
[INFO] [stderr]   Downloaded z3 v0.7.1
[INFO] [stderr]   Downloaded souper-ir v2.1.0
[INFO] [stderr]   Downloaded z3-sys v0.6.3
[INFO] [stderr]   Downloaded peepmatic-macro v0.76.0
[INFO] [stderr]   Downloaded peepmatic-traits v0.76.0
[INFO] [stderr]   Downloaded peepmatic-automata v0.76.0
[INFO] [stderr]   Downloaded peepmatic-runtime v0.76.0
[INFO] [stderr]   Downloaded peepmatic v0.76.0
[INFO] running `Command { std: "docker" "create" "-v" "/var/lib/crater-agent-workspace/builds/worker-64/target:/opt/rustwide/target:rw,Z" "-v" "/var/lib/crater-agent-workspace/builds/worker-64/source:/opt/rustwide/workdir:ro,Z" "-v" "/var/lib/crater-agent-workspace/cargo-home:/opt/rustwide/cargo-home:ro,Z" "-v" "/var/lib/crater-agent-workspace/rustup-home:/opt/rustwide/rustup-home:ro,Z" "-e" "SOURCE_DIR=/opt/rustwide/workdir" "-e" "CARGO_TARGET_DIR=/opt/rustwide/target" "-e" "CARGO_HOME=/opt/rustwide/cargo-home" "-e" "RUSTUP_HOME=/opt/rustwide/rustup-home" "-w" "/opt/rustwide/workdir" "-m" "1610612736" "--user" "0:0" "--network" "none" "ghcr.io/rust-lang/crates-build-env/linux@sha256:34b6a614d2c27851fe6cbf88fbd1137609cefab8b10d0615aaeb6fd47975d74e" "/opt/rustwide/cargo-home/bin/cargo" "+1.54.0" "metadata" "--no-deps" "--format-version=1", kill_on_drop: false }`
[INFO] [stdout] 075d94b38b3aa7345f2f007d3128bef7286508774a1cc63f64044b7ead0bdc67
[INFO] running `Command { std: "docker" "start" "-a" "075d94b38b3aa7345f2f007d3128bef7286508774a1cc63f64044b7ead0bdc67", kill_on_drop: false }`
[INFO] running `Command { std: "docker" "inspect" "075d94b38b3aa7345f2f007d3128bef7286508774a1cc63f64044b7ead0bdc67", kill_on_drop: false }`
[INFO] running `Command { std: "docker" "rm" "-f" "075d94b38b3aa7345f2f007d3128bef7286508774a1cc63f64044b7ead0bdc67", kill_on_drop: false }`
[INFO] [stdout] 075d94b38b3aa7345f2f007d3128bef7286508774a1cc63f64044b7ead0bdc67
[INFO] running `Command { std: "docker" "create" "-v" "/var/lib/crater-agent-workspace/builds/worker-64/target:/opt/rustwide/target:rw,Z" "-v" "/var/lib/crater-agent-workspace/builds/worker-64/source:/opt/rustwide/workdir:ro,Z" "-v" "/var/lib/crater-agent-workspace/cargo-home:/opt/rustwide/cargo-home:ro,Z" "-v" "/var/lib/crater-agent-workspace/rustup-home:/opt/rustwide/rustup-home:ro,Z" "-e" "SOURCE_DIR=/opt/rustwide/workdir" "-e" "CARGO_TARGET_DIR=/opt/rustwide/target" "-e" "CARGO_INCREMENTAL=0" "-e" "RUST_BACKTRACE=full" "-e" "RUSTFLAGS=--cap-lints=warn" "-e" "CARGO_HOME=/opt/rustwide/cargo-home" "-e" "RUSTUP_HOME=/opt/rustwide/rustup-home" "-w" "/opt/rustwide/workdir" "-m" "1610612736" "--user" "0:0" "--network" "none" "ghcr.io/rust-lang/crates-build-env/linux@sha256:34b6a614d2c27851fe6cbf88fbd1137609cefab8b10d0615aaeb6fd47975d74e" "/opt/rustwide/cargo-home/bin/cargo" "+1.54.0" "build" "--frozen" "--message-format=json", kill_on_drop: false }`
[INFO] [stdout] ae11be7cca3f9dc8928cd45dd983310734d682f4543ac640857dda52763bba5d
[INFO] running `Command { std: "docker" "start" "-a" "ae11be7cca3f9dc8928cd45dd983310734d682f4543ac640857dda52763bba5d", kill_on_drop: false }`
[INFO] [stderr]     Blocking waiting for file lock on package cache
[INFO] [stderr]    Compiling cranelift-entity v0.76.0
[INFO] [stderr]    Compiling cranelift-codegen-shared v0.76.0
[INFO] [stderr]    Compiling log v0.4.14
[INFO] [stderr]    Compiling target-lexicon v0.12.1
[INFO] [stderr]    Compiling hashbrown v0.11.2
[INFO] [stderr]    Compiling rustc-hash v1.1.0
[INFO] [stderr]    Compiling indexmap v1.7.0
[INFO] [stderr]    Compiling cranelift-codegen-meta v0.76.0
[INFO] [stderr]    Compiling cranelift-bforest v0.76.0
[INFO] [stderr]    Compiling regalloc v0.0.31
[INFO] [stderr]    Compiling gimli v0.25.0
[INFO] [stderr]    Compiling cranelift-codegen v0.76.0 (/opt/rustwide/workdir)
[INFO] [stderr]     Finished dev [unoptimized + debuginfo] target(s) in 1m 03s
[INFO] running `Command { std: "docker" "inspect" "ae11be7cca3f9dc8928cd45dd983310734d682f4543ac640857dda52763bba5d", kill_on_drop: false }`
[INFO] running `Command { std: "docker" "rm" "-f" "ae11be7cca3f9dc8928cd45dd983310734d682f4543ac640857dda52763bba5d", kill_on_drop: false }`
[INFO] [stdout] ae11be7cca3f9dc8928cd45dd983310734d682f4543ac640857dda52763bba5d
[INFO] running `Command { std: "docker" "create" "-v" "/var/lib/crater-agent-workspace/builds/worker-64/target:/opt/rustwide/target:rw,Z" "-v" "/var/lib/crater-agent-workspace/builds/worker-64/source:/opt/rustwide/workdir:ro,Z" "-v" "/var/lib/crater-agent-workspace/cargo-home:/opt/rustwide/cargo-home:ro,Z" "-v" "/var/lib/crater-agent-workspace/rustup-home:/opt/rustwide/rustup-home:ro,Z" "-e" "SOURCE_DIR=/opt/rustwide/workdir" "-e" "CARGO_TARGET_DIR=/opt/rustwide/target" "-e" "CARGO_INCREMENTAL=0" "-e" "RUST_BACKTRACE=full" "-e" "RUSTFLAGS=--cap-lints=warn" "-e" "CARGO_HOME=/opt/rustwide/cargo-home" "-e" "RUSTUP_HOME=/opt/rustwide/rustup-home" "-w" "/opt/rustwide/workdir" "-m" "1610612736" "--user" "0:0" "--network" "none" "ghcr.io/rust-lang/crates-build-env/linux@sha256:34b6a614d2c27851fe6cbf88fbd1137609cefab8b10d0615aaeb6fd47975d74e" "/opt/rustwide/cargo-home/bin/cargo" "+1.54.0" "test" "--frozen" "--no-run" "--message-format=json", kill_on_drop: false }`
[INFO] [stdout] 64a2c73baa1e01caab59329af7b5f2d5831af19cbc1340d11d97e82040306c37
[INFO] running `Command { std: "docker" "start" "-a" "64a2c73baa1e01caab59329af7b5f2d5831af19cbc1340d11d97e82040306c37", kill_on_drop: false }`
[INFO] [stderr]    Compiling crossbeam-utils v0.8.5
[INFO] [stderr]    Compiling crossbeam-epoch v0.9.5
[INFO] [stderr]    Compiling memchr v2.4.0
[INFO] [stderr]    Compiling rayon-core v1.9.1
[INFO] [stderr]    Compiling syn v1.0.74
[INFO] [stderr]    Compiling either v1.6.1
[INFO] [stderr]    Compiling regex-automata v0.1.10
[INFO] [stderr]    Compiling plotters-backend v0.3.2
[INFO] [stderr]    Compiling regex-syntax v0.6.25
[INFO] [stderr]    Compiling half v1.7.1
[INFO] [stderr]    Compiling same-file v1.0.6
[INFO] [stderr]    Compiling oorandom v11.1.3
[INFO] [stderr]    Compiling memoffset v0.6.4
[INFO] [stderr]    Compiling num-traits v0.2.14
[INFO] [stderr]    Compiling rayon v1.5.1
[INFO] [stderr]    Compiling cast v0.2.7
[INFO] [stderr]    Compiling serde_json v1.0.66
[INFO] [stderr]    Compiling atty v0.2.14
[INFO] [stderr]    Compiling clap v2.33.3
[INFO] [stderr]    Compiling itertools v0.10.1
[INFO] [stderr]    Compiling walkdir v2.3.2
[INFO] [stderr]    Compiling serde_cbor v0.11.1
[INFO] [stderr]    Compiling plotters-svg v0.3.1
[INFO] [stderr]    Compiling crossbeam-channel v0.5.1
[INFO] [stderr]    Compiling csv-core v0.1.10
[INFO] [stderr]    Compiling bstr v0.2.16
[INFO] [stderr]    Compiling crossbeam-deque v0.8.1
[INFO] [stderr]    Compiling tinytemplate v1.2.1
[INFO] [stderr]    Compiling regex v1.5.4
[INFO] [stderr]    Compiling csv v1.1.6
[INFO] [stderr]    Compiling plotters v0.3.1
[INFO] [stderr]    Compiling criterion-plot v0.4.4
[INFO] [stderr]    Compiling serde_derive v1.0.127
[INFO] [stderr]    Compiling criterion v0.3.5
[INFO] [stderr]    Compiling cranelift-codegen v0.76.0 (/opt/rustwide/workdir)
[INFO] [stderr]     Finished test [unoptimized + debuginfo] target(s) in 45.78s
[INFO] running `Command { std: "docker" "inspect" "64a2c73baa1e01caab59329af7b5f2d5831af19cbc1340d11d97e82040306c37", kill_on_drop: false }`
[INFO] running `Command { std: "docker" "rm" "-f" "64a2c73baa1e01caab59329af7b5f2d5831af19cbc1340d11d97e82040306c37", kill_on_drop: false }`
[INFO] [stdout] 64a2c73baa1e01caab59329af7b5f2d5831af19cbc1340d11d97e82040306c37
[INFO] running `Command { std: "docker" "create" "-v" "/var/lib/crater-agent-workspace/builds/worker-64/target:/opt/rustwide/target:rw,Z" "-v" "/var/lib/crater-agent-workspace/builds/worker-64/source:/opt/rustwide/workdir:ro,Z" "-v" "/var/lib/crater-agent-workspace/cargo-home:/opt/rustwide/cargo-home:ro,Z" "-v" "/var/lib/crater-agent-workspace/rustup-home:/opt/rustwide/rustup-home:ro,Z" "-e" "SOURCE_DIR=/opt/rustwide/workdir" "-e" "CARGO_TARGET_DIR=/opt/rustwide/target" "-e" "CARGO_INCREMENTAL=0" "-e" "RUST_BACKTRACE=full" "-e" "RUSTFLAGS=--cap-lints=warn" "-e" "CARGO_HOME=/opt/rustwide/cargo-home" "-e" "RUSTUP_HOME=/opt/rustwide/rustup-home" "-w" "/opt/rustwide/workdir" "-m" "1610612736" "--user" "0:0" "--network" "none" "ghcr.io/rust-lang/crates-build-env/linux@sha256:34b6a614d2c27851fe6cbf88fbd1137609cefab8b10d0615aaeb6fd47975d74e" "/opt/rustwide/cargo-home/bin/cargo" "+1.54.0" "test" "--frozen", kill_on_drop: false }`
[INFO] [stdout] 2aa0254d0a520f6474b13bed0bd0332e391dc546650360ef7918280e91b1fc29
[INFO] running `Command { std: "docker" "start" "-a" "2aa0254d0a520f6474b13bed0bd0332e391dc546650360ef7918280e91b1fc29", kill_on_drop: false }`
[INFO] [stdout] 
[INFO] [stderr]     Finished test [unoptimized + debuginfo] target(s) in 0.19s
[INFO] [stdout] running 170 tests
[INFO] [stderr]      Running unittests (/opt/rustwide/target/debug/deps/cranelift_codegen-e31ce83c86e08bb7)
[INFO] [stdout] test abi::tests::legalize ... ok
[INFO] [stdout] test bitset::tests::minmax ... ok
[INFO] [stdout] test data_value::test::type_conversions ... ok
[INFO] [stdout] test flowgraph::tests::empty ... ok
[INFO] [stdout] test ir::constant::tests::add_to_constant_data ... ok
[INFO] [stdout] test ir::constant::tests::check_constant_data_endianness_as_uimm128 ... ok
[INFO] [stdout] test ir::constant::tests::display_constant_data ... ok
[INFO] [stdout] test ir::constant::tests::clear ... ok
[INFO] [stdout] test flowgraph::tests::no_predecessors ... ok
[INFO] [stdout] test dominator_tree::tests::unreachable_node ... ok
[INFO] [stdout] test ir::constant::tests::get ... ok
[INFO] [stdout] test dominator_tree::tests::non_zero_entry_block ... ok
[INFO] [stdout] test ir::builder::tests::reuse_results ... ok
[INFO] [stdout] test dominator_tree::tests::empty ... ok
[INFO] [stdout] test ir::constant::tests::extend_constant_data ... ok
[INFO] [stdout] test dominator_tree::tests::backwards_layout ... ok
[INFO] [stdout] test divconst_magic_numbers::tests::test_magic_s32 ... ok
[INFO] [stdout] test binemit::stack_map::tests::stack_maps ... ok
[INFO] [stdout] test bitset::tests::from_range ... ok
[INFO] [stdout] test divconst_magic_numbers::tests::test_magic_s64 ... ok
[INFO] [stdout] test divconst_magic_numbers::tests::test_magic_u32 ... ok
[INFO] [stdout] test divconst_magic_numbers::tests::test_magic_u64 ... ok
[INFO] [stdout] test ir::constant::tests::empty ... ok
[INFO] [stdout] test ir::builder::tests::types ... ok
[INFO] [stdout] test bitset::tests::contains ... ok
[INFO] [stdout] test ir::dfg::tests::block ... ok
[INFO] [stdout] test ir::entities::tests::memory ... ok
[INFO] [stdout] test ir::extfunc::tests::argument_purpose ... ok
[INFO] [stdout] test ir::extfunc::tests::argument_type ... ok
[INFO] [stdout] test ir::constant::tests::insert_duplicate ... ok
[INFO] [stdout] test ir::extfunc::tests::call_conv ... ok
[INFO] [stdout] test ir::extfunc::tests::signatures ... ok
[INFO] [stdout] test ir::dfg::tests::no_results ... ok
[INFO] [stdout] test flowgraph::tests::branches_and_jumps ... ok
[INFO] [stdout] test ir::constant::tests::iterate_over_constant_data ... ok
[INFO] [stdout] test ir::constant::tests::get_offset ... ok
[INFO] [stdout] test ir::constant::tests::insert ... ok
[INFO] [stdout] test ir::extname::tests::display_user ... ok
[INFO] [stdout] test ir::extname::tests::parsing ... ok
[INFO] [stdout] test ir::immediates::tests::fcvt_to_sint_negative_overflow_ieee32 ... ok
[INFO] [stdout] test ir::immediates::tests::fcvt_to_sint_negative_overflow_ieee64 ... ok
[INFO] [stdout] test ir::constant::tests::iteration_order ... ok
[INFO] [stdout] test ir::extname::tests::display_testcase ... ok
[INFO] [stdout] test ir::immediates::tests::format_ieee32 ... ok
[INFO] [stdout] test ir::immediates::tests::format_imm64 ... ok
[INFO] [stdout] test ir::immediates::tests::format_uimm64 ... ok
[INFO] [stdout] test ir::immediates::tests::parse_uimm64 ... ok
[INFO] [stdout] test ir::immediates::tests::parse_ieee32 ... ok
[INFO] [stdout] test ir::instructions::tests::instruction_data ... ok
[INFO] [stdout] test ir::instructions::tests::opcodes ... ok
[INFO] [stdout] test ir::immediates::tests::parse_ieee64 ... ok
[INFO] [stdout] test ir::jumptable::tests::empty ... ok
[INFO] [stdout] test ir::instructions::tests::value_set ... ok
[INFO] [stdout] test ir::layout::test_midpoint ... ok
[INFO] [stdout] test ir::jumptable::tests::insert ... ok
[INFO] [stdout] test ir::immediates::tests::format_offset32 ... ok
[INFO] [stdout] test ir::immediates::tests::format_ieee64 ... ok
[INFO] [stdout] test ir::immediates::tests::parse_imm64 ... ok
[INFO] [stdout] test ir::layout::tests::append_block ... ok
[INFO] [stdout] test ir::entities::tests::value_with_number ... ok
[INFO] [stdout] test ir::constant::tests::parse_constant_data_and_restringify ... ok
[INFO] [stdout] test ir::constant::tests::set ... ok
[INFO] [stdout] test ir::constant::tests::verify_stored_bytes_in_constant_data ... ok
[INFO] [stdout] test ir::dfg::tests::aliases ... ok
[INFO] [stdout] test ir::dfg::tests::make_inst ... ok
[INFO] [stdout] test ir::dfg::tests::replace_block_params ... ok
[INFO] [stdout] test ir::dfg::tests::swap_remove_block_params ... ok
[INFO] [stdout] test ir::immediates::tests::parse_offset32 ... ok
[INFO] [stdout] test ir::immediates::tests::pow2_ieee64 ... ok
[INFO] [stdout] test ir::sourceloc::tests::display ... ok
[INFO] [stdout] test ir::stackslot::tests::alignment ... ok
[INFO] [stdout] test ir::stackslot::tests::emergency ... ok
[INFO] [stdout] test ir::immediates::tests::pow2_ieee32 ... ok
[INFO] [stdout] test ir::types::tests::format_vectors ... ok
[INFO] [stdout] test ir::layout::tests::multiple_blocks ... ok
[INFO] [stdout] test ir::types::tests::typevar_functions ... ok
[INFO] [stdout] test ir::layout::tests::insert_block_after ... ok
[INFO] [stdout] test isa::legacy::x86::settings::tests::presets ... ok
[INFO] [stdout] test ir::layout::tests::insert_block ... ok
[INFO] [stdout] test isa::registers::assert_sizes ... ok
[INFO] [stdout] test ir::stackslot::tests::outgoing ... ok
[INFO] [stdout] test ir::stackslot::tests::stack_slot ... ok
[INFO] [stdout] test ir::trapcode::tests::display ... ok
[INFO] [stdout] test ir::types::tests::basic_scalars ... ok
[INFO] [stdout] test ir::types::tests::vectors ... ok
[INFO] [stdout] test isa::legacy::x86::registers::tests::regclasses ... ok
[INFO] [stdout] test isa::legacy::x86::registers::tests::unit_names ... ok
[INFO] [stdout] test ir::layout::tests::append_inst ... ok
[INFO] [stdout] test isa::constraints::tests::branch_range ... ok
[INFO] [stdout] test isa::legacy::x86::registers::tests::unit_encodings ... ok
[INFO] [stdout] test ir::types::tests::as_bool ... ok
[INFO] [stdout] test isa::legacy::x86::settings::tests::display_presets ... ok
[INFO] [stdout] test ir::types::tests::format_scalars ... ok
[INFO] [stdout] test ir::progpoint::tests::convert ... ok
[INFO] [stdout] test ir::libcall::tests::parsing ... ok
[INFO] [stdout] test ir::libcall::tests::display ... ok
[INFO] [stdout] test isa::legacy::x86::unwind::winx64::tests::test_small_alloc ... ok
[INFO] [stdout] test isa::legacy::x86::unwind::systemv::tests::test_multi_return_func ... ok
[INFO] [stdout] test ir::entities::tests::constant_with_number ... ok
[INFO] [stdout] test isa::x64::encoding::evex::tests::default_emission ... ok
[INFO] [stdout] test iterators::tests::adjpairs ... ok
[INFO] [stdout] test partition_slice::tests::singles ... ok
[INFO] [stdout] test predicates::tests::check_is_all_zeroes ... ok
[INFO] [stdout] test regalloc::liverange::tests::dead_arg_range ... ok
[INFO] [stdout] test ir::layout::tests::insert_inst ... ok
[INFO] [stdout] test regalloc::diversion::tests::inserts ... ok
[INFO] [stdout] test regalloc::liverange::tests::coalesce ... ok
[INFO] [stdout] test machinst::blockorder::test::test_blockorder_diamond ... ok
[INFO] [stdout] test partition_slice::tests::empty ... ok
[INFO] [stdout] test partition_slice::tests::longer ... ok
[INFO] [stdout] test partition_slice::tests::doubles ... ok
[INFO] [stdout] test isa::legacy::x86::unwind::tests::test_medium_alloc ... ok
[INFO] [stdout] test predicates::tests::cvt_imm64 ... ok
[INFO] [stdout] test predicates::tests::cvt_u32 ... ok
[INFO] [stdout] test predicates::tests::check_is_all_ones ... ok
[INFO] [stdout] test settings::tests::modify_bool ... ok
[INFO] [stdout] test verifier::tests::bad_instruction_format ... ok
[INFO] [stdout] test settings::tests::modify_string ... ok
[INFO] [stdout] test loop_analysis::tests::complex_loop_detection ... ok
[INFO] [stdout] test loop_analysis::tests::nested_loops_detection ... ok
[INFO] [stdout] test isa::x64::encoding::evex::tests::vpabsq ... ok
[INFO] [stdout] test machinst::vcode::test::size_of_constant_structs ... ok
[INFO] [stdout] test ir::instructions::tests::constraints ... ok
[INFO] [stdout] test isa::legacy::x86::unwind::tests::test_multi_return_func ... ok
[INFO] [stdout] test regalloc::virtregs::tests::empty_union_find ... ok
[INFO] [stdout] test regalloc::liverange::tests::dead_def_range ... ok
[INFO] [stdout] test machinst::blockorder::test::test_blockorder_critedge ... ok
[INFO] [stdout] test ir::layout::tests::split_block ... ok
[INFO] [stdout] test regalloc::virtregs::tests::union_two ... ok
[INFO] [stdout] test regalloc::virtregs::tests::union_uneven ... ok
[INFO] [stdout] test regalloc::virtregs::tests::union_pair_backwards ... ok
[INFO] [stdout] test regalloc::virtregs::tests::union_self ... ok
[INFO] [stdout] test regalloc::virtregs::tests::union_tree ... ok
[INFO] [stdout] test scoped_hash_map::tests::basic ... ok
[INFO] [stdout] test stack_layout::tests::layout ... ok
[INFO] [stdout] test stack_layout::tests::slot_kinds ... ok
[INFO] [stdout] test timing::tests::display ... ok
[INFO] [stdout] test topo_order::tests::empty ... ok
[INFO] [stdout] test topo_order::tests::simple ... ok
[INFO] [stdout] test verifier::tests::empty ... ok
[INFO] [stdout] test settings::tests::display_default ... ok
[INFO] [stdout] test verifier::tests::test_function_invalid_param ... ok
[INFO] [stdout] test verifier::tests::test_empty_block ... ok
[INFO] [stdout] test regalloc::virtregs::tests::union_pair ... ok
[INFO] [stdout] test verifier::tests::test_function_invalid_return_value ... ok
[INFO] [stdout] test verifier::tests::test_printing_contextual_errors ... ok
[INFO] [stdout] test write::tests::aliases ... ok
[INFO] [stdout] test regalloc::register_set::tests::reverse_regset_iteration ... ok
[INFO] [stdout] test regalloc::liverange::tests::local_def ... ok
[INFO] [stdout] test regalloc::register_set::tests::interference ... ok
[INFO] [stdout] test regalloc::register_set::tests::put_and_take ... ok
[INFO] [stdout] test regalloc::liverange::tests::global_def ... ok
[INFO] [stdout] test regalloc::liverange::tests::local_arg ... ok
[INFO] [stdout] test isa::legacy::x86::unwind::winx64::tests::test_large_alloc ... ok
[INFO] [stdout] test legalizer::boundary::tests::round_up_to_multiple_of_pow2_works ... ok
[INFO] [stdout] test isa::legacy::x86::unwind::winx64::tests::test_wrong_calling_convention ... ok
[INFO] [stdout] test isa::legacy::x86::unwind::tests::test_small_alloc ... ok
[INFO] [stdout] test isa::legacy::x86::unwind::systemv::tests::test_simple_func ... ok
[INFO] [stdout] test isa::x64::inst::unwind::systemv::tests::test_simple_func ... ok
[INFO] [stdout] test isa::legacy::x86::unwind::winx64::tests::test_medium_alloc ... ok
[INFO] [stdout] test isa::legacy::x86::unwind::tests::test_large_alloc ... ok
[INFO] [stdout] test isa::x64::inst::emit_tests::test_x64_emit ... ok
[INFO] [stdout] test isa::x64::inst::unwind::systemv::tests::test_multi_return_func ... ok
[INFO] [stdout] test write::tests::basic ... ok
[INFO] [stdout] test ir::constant::tests::extend_constant_data_to_invalid_length - should panic ... ok
[INFO] [stdout] test ir::constant::tests::disallow_overwriting_constant - should panic ... ok
[INFO] [stdout] test ir::constant::tests::get_nonexistent_constant - should panic ... ok
[INFO] [stdout] test ir::constant::tests::get_nonexistent_offset - should panic ... ok
[INFO] [stdout] test divconst_magic_numbers::tests::test_magic_generators_dont_panic ... ok
[INFO] [stdout] test divconst_magic_numbers::tests::test_magic_generators_give_correct_numbers ... ok
[INFO] [stdout] 
[INFO] [stdout] test result: ok. 170 passed; 0 failed; 0 ignored; 0 measured; 0 filtered out; finished in 2.86s
[INFO] [stdout] 
[INFO] [stderr]    Doc-tests cranelift-codegen
[INFO] [stdout] 
[INFO] [stdout] running 21 tests
[INFO] [stdout] test src/ir/extname.rs - ir::extname::ExternalName::testcase (line 57) ... FAILED
[INFO] [stdout] test src/ir/extname.rs - ir::extname::ExternalName::user (line 78) ... FAILED
[INFO] [stdout] test src/ir/constant.rs - ir::constant::ConstantData::fmt (line 111) ... FAILED
[INFO] [stdout] test src/settings.rs - settings (line 13) ... FAILED
[INFO] [stdout] test src/isa/mod.rs - isa (line 22) ... FAILED
[INFO] [stdout] test src/ir/constant.rs - ir::constant::ConstantData::from_str (line 132) ... FAILED
[INFO] [stdout] test src/verifier/mod.rs - verifier::VerifierError (line 120) ... FAILED
[INFO] [stdout] test src/cursor.rs - cursor::Cursor::prev_block (line 346) ... FAILED
[INFO] [stdout] test src/cursor.rs - cursor::Cursor::at_top (line 185) ... FAILED
[INFO] [stdout] test src/cursor.rs - cursor::Cursor::at_bottom (line 206) ... FAILED
[INFO] [stdout] test src/log.rs - log (line 6) ... FAILED
[INFO] [stdout] test src/cursor.rs - cursor::Cursor::prev_inst (line 453) ... FAILED
[INFO] [stdout] test src/cursor.rs - cursor::Cursor::with_srcloc (line 48) ... FAILED
[INFO] [stdout] test src/cursor.rs - cursor::Cursor::at_inst (line 78) ... FAILED
[INFO] [stdout] test src/cursor.rs - cursor::Cursor::at_first_inst (line 122) ... FAILED
[INFO] [stdout] test src/cursor.rs - cursor::Cursor::next_inst (line 397) ... FAILED
[INFO] [stdout] test src/cursor.rs - cursor::Cursor::after_inst (line 164) ... FAILED
[INFO] [stdout] test src/cursor.rs - cursor::Cursor::next_block (line 313) ... ok
[INFO] [stdout] test src/cursor.rs - cursor::Cursor::at_last_inst (line 143) ... ok
[INFO] [stdout] test src/cursor.rs - cursor::Cursor::at_first_insertion_point (line 101) ... ok
[INFO] [stdout] test src/cursor.rs - cursor::Cursor::next_inst (line 383) ... ok
[INFO] [stdout] 
[INFO] [stdout] failures:
[INFO] [stdout] 
[INFO] [stdout] ---- src/ir/extname.rs - ir::extname::ExternalName::testcase (line 57) stdout ----
[INFO] [stdout] Couldn't compile the test.
[INFO] [stdout] ---- src/ir/extname.rs - ir::extname::ExternalName::user (line 78) stdout ----
[INFO] [stdout] Couldn't compile the test.
[INFO] [stdout] ---- src/ir/constant.rs - ir::constant::ConstantData::fmt (line 111) stdout ----
[INFO] [stdout] Couldn't compile the test.
[INFO] [stdout] ---- src/settings.rs - settings (line 13) stdout ----
[INFO] [stdout] Couldn't compile the test.
[INFO] [stdout] ---- src/isa/mod.rs - isa (line 22) stdout ----
[INFO] [stdout] Couldn't compile the test.
[INFO] [stdout] ---- src/ir/constant.rs - ir::constant::ConstantData::from_str (line 132) stdout ----
[INFO] [stdout] Couldn't compile the test.
[INFO] [stdout] ---- src/verifier/mod.rs - verifier::VerifierError (line 120) stdout ----
[INFO] [stdout] Couldn't compile the test.
[INFO] [stdout] ---- src/cursor.rs - cursor::Cursor::prev_block (line 346) stdout ----
[INFO] [stdout] Couldn't compile the test.
[INFO] [stdout] ---- src/cursor.rs - cursor::Cursor::at_top (line 185) stdout ----
[INFO] [stdout] Couldn't compile the test.
[INFO] [stdout] ---- src/cursor.rs - cursor::Cursor::at_bottom (line 206) stdout ----
[INFO] [stdout] Couldn't compile the test.
[INFO] [stdout] ---- src/log.rs - log (line 6) stdout ----
[INFO] [stdout] Couldn't compile the test.
[INFO] [stdout] ---- src/cursor.rs - cursor::Cursor::prev_inst (line 453) stdout ----
[INFO] [stdout] Couldn't compile the test.
[INFO] [stdout] ---- src/cursor.rs - cursor::Cursor::with_srcloc (line 48) stdout ----
[INFO] [stdout] Couldn't compile the test.
[INFO] [stdout] ---- src/cursor.rs - cursor::Cursor::at_inst (line 78) stdout ----
[INFO] [stdout] Couldn't compile the test.
[INFO] [stdout] ---- src/cursor.rs - cursor::Cursor::at_first_inst (line 122) stdout ----
[INFO] [stdout] Couldn't compile the test.
[INFO] [stdout] ---- src/cursor.rs - cursor::Cursor::next_inst (line 397) stdout ----
[INFO] [stdout] Couldn't compile the test.
[INFO] [stdout] ---- src/cursor.rs - cursor::Cursor::after_inst (line 164) stdout ----
[INFO] [stdout] Couldn't compile the test.
[INFO] [stdout] 
[INFO] [stdout] failures:
[INFO] [stdout]     src/cursor.rs - cursor::Cursor::after_inst (line 164)
[INFO] [stdout]     src/cursor.rs - cursor::Cursor::at_bottom (line 206)
[INFO] [stdout]     src/cursor.rs - cursor::Cursor::at_first_inst (line 122)
[INFO] [stdout]     src/cursor.rs - cursor::Cursor::at_inst (line 78)
[INFO] [stdout]     src/cursor.rs - cursor::Cursor::at_top (line 185)
[INFO] [stdout]     src/cursor.rs - cursor::Cursor::next_inst (line 397)
[INFO] [stdout]     src/cursor.rs - cursor::Cursor::prev_block (line 346)
[INFO] [stdout]     src/cursor.rs - cursor::Cursor::prev_inst (line 453)
[INFO] [stdout]     src/cursor.rs - cursor::Cursor::with_srcloc (line 48)
[INFO] [stdout]     src/ir/constant.rs - ir::constant::ConstantData::fmt (line 111)
[INFO] [stdout]     src/ir/constant.rs - ir::constant::ConstantData::from_str (line 132)
[INFO] [stdout]     src/ir/extname.rs - ir::extname::ExternalName::testcase (line 57)
[INFO] [stdout]     src/ir/extname.rs - ir::extname::ExternalName::user (line 78)
[INFO] [stdout]     src/isa/mod.rs - isa (line 22)
[INFO] [stdout]     src/log.rs - log (line 6)
[INFO] [stdout]     src/settings.rs - settings (line 13)
[INFO] [stdout]     src/verifier/mod.rs - verifier::VerifierError (line 120)
[INFO] [stdout] 
[INFO] [stdout] test result: FAILED. 4 passed; 17 failed; 0 ignored; 0 measured; 0 filtered out; finished in 3.15s
[INFO] [stdout] 
[INFO] [stderr] error: test failed, to rerun pass '--doc'
[INFO] running `Command { std: "docker" "inspect" "2aa0254d0a520f6474b13bed0bd0332e391dc546650360ef7918280e91b1fc29", kill_on_drop: false }`
[INFO] running `Command { std: "docker" "rm" "-f" "2aa0254d0a520f6474b13bed0bd0332e391dc546650360ef7918280e91b1fc29", kill_on_drop: false }`
[INFO] [stdout] 2aa0254d0a520f6474b13bed0bd0332e391dc546650360ef7918280e91b1fc29
