[INFO] fetching crate cracker 0.1.0...
[INFO] testing cracker-0.1.0 against beta-2021-08-01 for beta-1.55-1
[INFO] extracting crate cracker 0.1.0 into /workspace/builds/worker-56/source
[INFO] validating manifest of crates.io crate cracker 0.1.0 on toolchain beta-2021-08-01
[INFO] running `Command { std: "/workspace/cargo-home/bin/cargo" "+beta-2021-08-01" "metadata" "--manifest-path" "Cargo.toml" "--no-deps", kill_on_drop: false }`
[INFO] started tweaking crates.io crate cracker 0.1.0
[INFO] finished tweaking crates.io crate cracker 0.1.0
[INFO] tweaked toml for crates.io crate cracker 0.1.0 written to /workspace/builds/worker-56/source/Cargo.toml
[INFO] running `Command { std: "/workspace/cargo-home/bin/cargo" "+beta-2021-08-01" "generate-lockfile" "--manifest-path" "Cargo.toml" "-Zno-index-update", kill_on_drop: false }`
[INFO] [stderr]     Blocking waiting for file lock on package cache
[INFO] running `Command { std: "/workspace/cargo-home/bin/cargo" "+beta-2021-08-01" "fetch" "--manifest-path" "Cargo.toml", kill_on_drop: false }`
[INFO] [stderr]     Blocking waiting for file lock on package cache
[INFO] [stderr]     Blocking waiting for file lock on package cache
[INFO] [stderr]  Downloading crates ...
[INFO] [stderr]   Downloaded generic-array v0.7.3
[INFO] [stderr]   Downloaded jobsteal v0.5.1
[INFO] [stderr]   Downloaded digest v0.5.2
[INFO] [stderr]   Downloaded byte-tools v0.1.3
[INFO] [stderr]   Downloaded pwhash v0.1.2
[INFO] [stderr]   Downloaded blake2 v0.5.1
[INFO] running `Command { std: "docker" "create" "-v" "/var/lib/crater-agent-workspace/builds/worker-56/target:/opt/rustwide/target:rw,Z" "-v" "/var/lib/crater-agent-workspace/builds/worker-56/source:/opt/rustwide/workdir:ro,Z" "-v" "/var/lib/crater-agent-workspace/cargo-home:/opt/rustwide/cargo-home:ro,Z" "-v" "/var/lib/crater-agent-workspace/rustup-home:/opt/rustwide/rustup-home:ro,Z" "-e" "SOURCE_DIR=/opt/rustwide/workdir" "-e" "CARGO_TARGET_DIR=/opt/rustwide/target" "-e" "CARGO_HOME=/opt/rustwide/cargo-home" "-e" "RUSTUP_HOME=/opt/rustwide/rustup-home" "-w" "/opt/rustwide/workdir" "-m" "1610612736" "--user" "0:0" "--network" "none" "ghcr.io/rust-lang/crates-build-env/linux@sha256:34b6a614d2c27851fe6cbf88fbd1137609cefab8b10d0615aaeb6fd47975d74e" "/opt/rustwide/cargo-home/bin/cargo" "+beta-2021-08-01" "metadata" "--no-deps" "--format-version=1", kill_on_drop: false }`
[INFO] [stdout] 302446e36ca0d2b9b0fd6b08bc12e84e1d6b8380f475ff7e5c50061563cb0a7e
[INFO] running `Command { std: "docker" "start" "-a" "302446e36ca0d2b9b0fd6b08bc12e84e1d6b8380f475ff7e5c50061563cb0a7e", kill_on_drop: false }`
[INFO] running `Command { std: "docker" "inspect" "302446e36ca0d2b9b0fd6b08bc12e84e1d6b8380f475ff7e5c50061563cb0a7e", kill_on_drop: false }`
[INFO] running `Command { std: "docker" "rm" "-f" "302446e36ca0d2b9b0fd6b08bc12e84e1d6b8380f475ff7e5c50061563cb0a7e", kill_on_drop: false }`
[INFO] [stdout] 302446e36ca0d2b9b0fd6b08bc12e84e1d6b8380f475ff7e5c50061563cb0a7e
[INFO] running `Command { std: "docker" "create" "-v" "/var/lib/crater-agent-workspace/builds/worker-56/target:/opt/rustwide/target:rw,Z" "-v" "/var/lib/crater-agent-workspace/builds/worker-56/source:/opt/rustwide/workdir:ro,Z" "-v" "/var/lib/crater-agent-workspace/cargo-home:/opt/rustwide/cargo-home:ro,Z" "-v" "/var/lib/crater-agent-workspace/rustup-home:/opt/rustwide/rustup-home:ro,Z" "-e" "SOURCE_DIR=/opt/rustwide/workdir" "-e" "CARGO_TARGET_DIR=/opt/rustwide/target" "-e" "CARGO_INCREMENTAL=0" "-e" "RUST_BACKTRACE=full" "-e" "RUSTFLAGS=--cap-lints=warn" "-e" "CARGO_HOME=/opt/rustwide/cargo-home" "-e" "RUSTUP_HOME=/opt/rustwide/rustup-home" "-w" "/opt/rustwide/workdir" "-m" "1610612736" "--user" "0:0" "--network" "none" "ghcr.io/rust-lang/crates-build-env/linux@sha256:34b6a614d2c27851fe6cbf88fbd1137609cefab8b10d0615aaeb6fd47975d74e" "/opt/rustwide/cargo-home/bin/cargo" "+beta-2021-08-01" "build" "--frozen" "--message-format=json", kill_on_drop: false }`
[INFO] [stdout] df6a9fa7f213daf24d7c00305f8881ccdfc369007c67eb3321eb6145f0f2136e
[INFO] running `Command { std: "docker" "start" "-a" "df6a9fa7f213daf24d7c00305f8881ccdfc369007c67eb3321eb6145f0f2136e", kill_on_drop: false }`
[INFO] [stderr]     Blocking waiting for file lock on package cache
[INFO] [stderr]    Compiling typenum v1.13.0
[INFO] [stderr]    Compiling gcc v0.3.55
[INFO] [stderr]    Compiling nodrop v0.1.14
[INFO] [stderr]    Compiling rustc-serialize v0.3.24
[INFO] [stderr]    Compiling byte-tools v0.1.3
[INFO] [stderr]    Compiling crossbeam v0.2.12
[INFO] [stderr]    Compiling rand v0.4.6
[INFO] [stderr]    Compiling time v0.1.44
[INFO] [stderr]    Compiling rand v0.3.23
[INFO] [stderr]    Compiling rust-crypto v0.2.36
[INFO] [stderr]    Compiling jobsteal v0.5.1
[INFO] [stderr]    Compiling generic-array v0.7.3
[INFO] [stderr]    Compiling digest v0.5.2
[INFO] [stderr]    Compiling blake2 v0.5.1
[INFO] [stderr]    Compiling pwhash v0.1.2
[INFO] [stderr]    Compiling cracker v0.1.0 (/opt/rustwide/workdir)
[INFO] [stdout] warning: unused import: `std::thread`
[INFO] [stdout]  --> src/lib.rs:6:5
[INFO] [stdout]   |
[INFO] [stdout] 6 | use std::thread;
[INFO] [stdout]   |     ^^^^^^^^^^^
[INFO] [stdout]   |
[INFO] [stdout]   = note: `#[warn(unused_imports)]` on by default
[INFO] [stdout] 
[INFO] [stdout] 
[INFO] [stdout] warning: unused imports: `Blake2b`, `Digest`
[INFO] [stdout]   --> src/lib.rs:15:14
[INFO] [stdout]    |
[INFO] [stdout] 15 | use blake2::{Blake2b, Digest};
[INFO] [stdout]    |              ^^^^^^^  ^^^^^^
[INFO] [stdout] 
[INFO] [stdout] 
[INFO] [stdout] warning: unused variable: `file`
[INFO] [stdout]   --> src/lib.rs:69:17
[INFO] [stdout]    |
[INFO] [stdout] 69 |         let mut file = OpenOptions::new()
[INFO] [stdout]    |                 ^^^^ help: if this is intentional, prefix it with an underscore: `_file`
[INFO] [stdout]    |
[INFO] [stdout]    = note: `#[warn(unused_variables)]` on by default
[INFO] [stdout] 
[INFO] [stdout] 
[INFO] [stdout] warning: variable does not need to be mutable
[INFO] [stdout]   --> src/lib.rs:69:13
[INFO] [stdout]    |
[INFO] [stdout] 69 |         let mut file = OpenOptions::new()
[INFO] [stdout]    |             ----^^^^
[INFO] [stdout]    |             |
[INFO] [stdout]    |             help: remove this `mut`
[INFO] [stdout]    |
[INFO] [stdout]    = note: `#[warn(unused_mut)]` on by default
[INFO] [stdout] 
[INFO] [stdout] 
[INFO] [stdout] warning: unused `Result` that must be used
[INFO] [stdout]    --> src/lib.rs:100:45
[INFO] [stdout]     |
[INFO] [stdout] 100 | ...                   file.write((hash.to_string() + ":" + word + "\n").as_bytes());
[INFO] [stdout]     |                       ^^^^^^^^^^^^^^^^^^^^^^^^^^^^^^^^^^^^^^^^^^^^^^^^^^^^^^^^^^^^^^
[INFO] [stdout]     |
[INFO] [stdout]     = note: `#[warn(unused_must_use)]` on by default
[INFO] [stdout]     = note: this `Result` may be an `Err` variant, which should be handled
[INFO] [stdout] 
[INFO] [stdout] 
[INFO] [stdout] warning: 5 warnings emitted
[INFO] [stdout] 
[INFO] [stdout] 
[INFO] [stderr]     Finished dev [unoptimized + debuginfo] target(s) in 34.79s
[INFO] running `Command { std: "docker" "inspect" "df6a9fa7f213daf24d7c00305f8881ccdfc369007c67eb3321eb6145f0f2136e", kill_on_drop: false }`
[INFO] running `Command { std: "docker" "rm" "-f" "df6a9fa7f213daf24d7c00305f8881ccdfc369007c67eb3321eb6145f0f2136e", kill_on_drop: false }`
[INFO] [stdout] df6a9fa7f213daf24d7c00305f8881ccdfc369007c67eb3321eb6145f0f2136e
[INFO] running `Command { std: "docker" "create" "-v" "/var/lib/crater-agent-workspace/builds/worker-56/target:/opt/rustwide/target:rw,Z" "-v" "/var/lib/crater-agent-workspace/builds/worker-56/source:/opt/rustwide/workdir:ro,Z" "-v" "/var/lib/crater-agent-workspace/cargo-home:/opt/rustwide/cargo-home:ro,Z" "-v" "/var/lib/crater-agent-workspace/rustup-home:/opt/rustwide/rustup-home:ro,Z" "-e" "SOURCE_DIR=/opt/rustwide/workdir" "-e" "CARGO_TARGET_DIR=/opt/rustwide/target" "-e" "CARGO_INCREMENTAL=0" "-e" "RUST_BACKTRACE=full" "-e" "RUSTFLAGS=--cap-lints=warn" "-e" "CARGO_HOME=/opt/rustwide/cargo-home" "-e" "RUSTUP_HOME=/opt/rustwide/rustup-home" "-w" "/opt/rustwide/workdir" "-m" "1610612736" "--user" "0:0" "--network" "none" "ghcr.io/rust-lang/crates-build-env/linux@sha256:34b6a614d2c27851fe6cbf88fbd1137609cefab8b10d0615aaeb6fd47975d74e" "/opt/rustwide/cargo-home/bin/cargo" "+beta-2021-08-01" "test" "--frozen" "--no-run" "--message-format=json", kill_on_drop: false }`
[INFO] [stdout] c262c7ecec9da4de78cfcae4481f1449c61d509b55ff41e92f80ad285471b342
[INFO] running `Command { std: "docker" "start" "-a" "c262c7ecec9da4de78cfcae4481f1449c61d509b55ff41e92f80ad285471b342", kill_on_drop: false }`
[INFO] [stdout] warning: unused import: `std::thread`
[INFO] [stdout]  --> src/lib.rs:6:5
[INFO] [stdout]   |
[INFO] [stdout] 6 | use std::thread;
[INFO] [stdout]   |     ^^^^^^^^^^^
[INFO] [stdout]   |
[INFO] [stdout]   = note: `#[warn(unused_imports)]` on by default
[INFO] [stdout] 
[INFO] [stdout] 
[INFO] [stdout] warning: unused imports: `Blake2b`, `Digest`
[INFO] [stdout]   --> src/lib.rs:15:14
[INFO] [stdout]    |
[INFO] [stdout] 15 | use blake2::{Blake2b, Digest};
[INFO] [stdout]    |              ^^^^^^^  ^^^^^^
[INFO] [stdout] 
[INFO] [stdout] 
[INFO] [stderr]    Compiling cracker v0.1.0 (/opt/rustwide/workdir)
[INFO] [stdout] warning: unused variable: `file`
[INFO] [stdout]   --> src/lib.rs:69:17
[INFO] [stdout]    |
[INFO] [stdout] 69 |         let mut file = OpenOptions::new()
[INFO] [stdout]    |                 ^^^^ help: if this is intentional, prefix it with an underscore: `_file`
[INFO] [stdout]    |
[INFO] [stdout]    = note: `#[warn(unused_variables)]` on by default
[INFO] [stdout] 
[INFO] [stdout] 
[INFO] [stdout] warning: variable does not need to be mutable
[INFO] [stdout]   --> src/lib.rs:69:13
[INFO] [stdout]    |
[INFO] [stdout] 69 |         let mut file = OpenOptions::new()
[INFO] [stdout]    |             ----^^^^
[INFO] [stdout]    |             |
[INFO] [stdout]    |             help: remove this `mut`
[INFO] [stdout]    |
[INFO] [stdout]    = note: `#[warn(unused_mut)]` on by default
[INFO] [stdout] 
[INFO] [stdout] 
[INFO] [stdout] warning: unused `Result` that must be used
[INFO] [stdout]    --> src/lib.rs:100:45
[INFO] [stdout]     |
[INFO] [stdout] 100 | ...                   file.write((hash.to_string() + ":" + word + "\n").as_bytes());
[INFO] [stdout]     |                       ^^^^^^^^^^^^^^^^^^^^^^^^^^^^^^^^^^^^^^^^^^^^^^^^^^^^^^^^^^^^^^
[INFO] [stdout]     |
[INFO] [stdout]     = note: `#[warn(unused_must_use)]` on by default
[INFO] [stdout]     = note: this `Result` may be an `Err` variant, which should be handled
[INFO] [stdout] 
[INFO] [stdout] 
[INFO] [stdout] warning: 5 warnings emitted
[INFO] [stdout] 
[INFO] [stdout] 
[INFO] [stdout] warning: unused import: `std::thread`
[INFO] [stdout]  --> src/lib.rs:6:5
[INFO] [stdout]   |
[INFO] [stdout] 6 | use std::thread;
[INFO] [stdout]   |     ^^^^^^^^^^^
[INFO] [stdout]   |
[INFO] [stdout]   = note: `#[warn(unused_imports)]` on by default
[INFO] [stdout] 
[INFO] [stdout] 
[INFO] [stdout] warning: unused imports: `Blake2b`, `Digest`
[INFO] [stdout]   --> src/lib.rs:15:14
[INFO] [stdout]    |
[INFO] [stdout] 15 | use blake2::{Blake2b, Digest};
[INFO] [stdout]    |              ^^^^^^^  ^^^^^^
[INFO] [stdout] 
[INFO] [stdout] 
[INFO] [stdout] warning: unused variable: `file`
[INFO] [stdout]   --> src/lib.rs:69:17
[INFO] [stdout]    |
[INFO] [stdout] 69 |         let mut file = OpenOptions::new()
[INFO] [stdout]    |                 ^^^^ help: if this is intentional, prefix it with an underscore: `_file`
[INFO] [stdout]    |
[INFO] [stdout]    = note: `#[warn(unused_variables)]` on by default
[INFO] [stdout] 
[INFO] [stdout] 
[INFO] [stdout] warning: variable does not need to be mutable
[INFO] [stdout]   --> src/lib.rs:69:13
[INFO] [stdout]    |
[INFO] [stdout] 69 |         let mut file = OpenOptions::new()
[INFO] [stdout]    |             ----^^^^
[INFO] [stdout]    |             |
[INFO] [stdout]    |             help: remove this `mut`
[INFO] [stdout]    |
[INFO] [stdout]    = note: `#[warn(unused_mut)]` on by default
[INFO] [stdout] 
[INFO] [stdout] 
[INFO] [stdout] warning: unused `Result` that must be used
[INFO] [stdout]    --> src/lib.rs:100:45
[INFO] [stdout]     |
[INFO] [stdout] 100 | ...                   file.write((hash.to_string() + ":" + word + "\n").as_bytes());
[INFO] [stdout]     |                       ^^^^^^^^^^^^^^^^^^^^^^^^^^^^^^^^^^^^^^^^^^^^^^^^^^^^^^^^^^^^^^
[INFO] [stdout]     |
[INFO] [stdout]     = note: `#[warn(unused_must_use)]` on by default
[INFO] [stdout]     = note: this `Result` may be an `Err` variant, which should be handled
[INFO] [stdout] 
[INFO] [stdout] 
[INFO] [stdout] warning: 5 warnings emitted
[INFO] [stdout] 
[INFO] [stdout] 
[INFO] [stderr]     Finished test [unoptimized + debuginfo] target(s) in 0.86s
[INFO] running `Command { std: "docker" "inspect" "c262c7ecec9da4de78cfcae4481f1449c61d509b55ff41e92f80ad285471b342", kill_on_drop: false }`
[INFO] running `Command { std: "docker" "rm" "-f" "c262c7ecec9da4de78cfcae4481f1449c61d509b55ff41e92f80ad285471b342", kill_on_drop: false }`
[INFO] [stdout] c262c7ecec9da4de78cfcae4481f1449c61d509b55ff41e92f80ad285471b342
[INFO] running `Command { std: "docker" "create" "-v" "/var/lib/crater-agent-workspace/builds/worker-56/target:/opt/rustwide/target:rw,Z" "-v" "/var/lib/crater-agent-workspace/builds/worker-56/source:/opt/rustwide/workdir:ro,Z" "-v" "/var/lib/crater-agent-workspace/cargo-home:/opt/rustwide/cargo-home:ro,Z" "-v" "/var/lib/crater-agent-workspace/rustup-home:/opt/rustwide/rustup-home:ro,Z" "-e" "SOURCE_DIR=/opt/rustwide/workdir" "-e" "CARGO_TARGET_DIR=/opt/rustwide/target" "-e" "CARGO_INCREMENTAL=0" "-e" "RUST_BACKTRACE=full" "-e" "RUSTFLAGS=--cap-lints=warn" "-e" "CARGO_HOME=/opt/rustwide/cargo-home" "-e" "RUSTUP_HOME=/opt/rustwide/rustup-home" "-w" "/opt/rustwide/workdir" "-m" "1610612736" "--user" "0:0" "--network" "none" "ghcr.io/rust-lang/crates-build-env/linux@sha256:34b6a614d2c27851fe6cbf88fbd1137609cefab8b10d0615aaeb6fd47975d74e" "/opt/rustwide/cargo-home/bin/cargo" "+beta-2021-08-01" "test" "--frozen", kill_on_drop: false }`
[INFO] [stdout] 1fa56257a73d3975700d5ffde0c17f141e9795f6775d64fc27c358416ec7c2f1
[INFO] running `Command { std: "docker" "start" "-a" "1fa56257a73d3975700d5ffde0c17f141e9795f6775d64fc27c358416ec7c2f1", kill_on_drop: false }`
[INFO] [stderr] warning: unused import: `std::thread`
[INFO] [stderr]  --> src/lib.rs:6:5
[INFO] [stderr]   |
[INFO] [stderr] 6 | use std::thread;
[INFO] [stderr]   |     ^^^^^^^^^^^
[INFO] [stderr]   |
[INFO] [stderr]   = note: `#[warn(unused_imports)]` on by default
[INFO] [stderr] 
[INFO] [stderr] warning: unused imports: `Blake2b`, `Digest`
[INFO] [stderr]   --> src/lib.rs:15:14
[INFO] [stderr]    |
[INFO] [stderr] 15 | use blake2::{Blake2b, Digest};
[INFO] [stderr]    |              ^^^^^^^  ^^^^^^
[INFO] [stderr] 
[INFO] [stderr] warning: unused variable: `file`
[INFO] [stderr]   --> src/lib.rs:69:17
[INFO] [stderr]    |
[INFO] [stderr] 69 |         let mut file = OpenOptions::new()
[INFO] [stderr]    |                 ^^^^ help: if this is intentional, prefix it with an underscore: `_file`
[INFO] [stderr]    |
[INFO] [stderr]    = note: `#[warn(unused_variables)]` on by default
[INFO] [stderr] 
[INFO] [stderr] warning: variable does not need to be mutable
[INFO] [stderr]   --> src/lib.rs:69:13
[INFO] [stderr]    |
[INFO] [stderr] 69 |         let mut file = OpenOptions::new()
[INFO] [stderr]    |             ----^^^^
[INFO] [stderr]    |             |
[INFO] [stderr]    |             help: remove this `mut`
[INFO] [stderr]    |
[INFO] [stderr]    = note: `#[warn(unused_mut)]` on by default
[INFO] [stderr] 
[INFO] [stderr] warning: unused `Result` that must be used
[INFO] [stderr]    --> src/lib.rs:100:45
[INFO] [stderr]     |
[INFO] [stderr] 100 | ...                   file.write((hash.to_string() + ":" + word + "\n").as_bytes());
[INFO] [stderr]     |                       ^^^^^^^^^^^^^^^^^^^^^^^^^^^^^^^^^^^^^^^^^^^^^^^^^^^^^^^^^^^^^^
[INFO] [stderr]     |
[INFO] [stderr]     = note: `#[warn(unused_must_use)]` on by default
[INFO] [stderr]     = note: this `Result` may be an `Err` variant, which should be handled
[INFO] [stderr] 
[INFO] [stderr] warning: `cracker` (lib) generated 5 warnings
[INFO] [stderr] warning: `cracker` (lib test) generated 5 warnings (5 duplicates)
[INFO] [stderr]     Finished test [unoptimized + debuginfo] target(s) in 0.05s
[INFO] [stderr]      Running unittests (/opt/rustwide/target/debug/deps/cracker-d92f45751fef8892)
[INFO] [stdout] 
[INFO] [stderr]    Doc-tests cracker
[INFO] [stdout] running 0 tests
[INFO] [stdout] 
[INFO] [stdout] test result: ok. 0 passed; 0 failed; 0 ignored; 0 measured; 0 filtered out; finished in 0.00s
[INFO] [stdout] 
[INFO] [stdout] 
[INFO] [stdout] running 2 tests
[INFO] [stdout] test src/lib.rs - Cracker::run (line 49) ... FAILED
[INFO] [stdout] test src/lib.rs - Cracker::new (line 34) ... FAILED
[INFO] [stdout] 
[INFO] [stdout] failures:
[INFO] [stdout] 
[INFO] [stdout] ---- src/lib.rs - Cracker::run (line 49) stdout ----
[INFO] [stdout] error[E0433]: failed to resolve: use of undeclared type `Cracker`
[INFO] [stdout]  --> src/lib.rs:50:15
[INFO] [stdout]   |
[INFO] [stdout] 4 | let cracker = Cracker::new(hash_file, wordlist_file, "password.pot");
[INFO] [stdout]   |               ^^^^^^^ not found in this scope
[INFO] [stdout]   |
[INFO] [stdout] help: consider importing this struct
[INFO] [stdout]   |
[INFO] [stdout] 3 | use cracker::Cracker;
[INFO] [stdout]   |
[INFO] [stdout] 
[INFO] [stdout] error[E0425]: cannot find value `hash_file` in this scope
[INFO] [stdout]  --> src/lib.rs:50:28
[INFO] [stdout]   |
[INFO] [stdout] 4 | let cracker = Cracker::new(hash_file, wordlist_file, "password.pot");
[INFO] [stdout]   |                            ^^^^^^^^^ not found in this scope
[INFO] [stdout] 
[INFO] [stdout] error[E0425]: cannot find value `wordlist_file` in this scope
[INFO] [stdout]  --> src/lib.rs:50:39
[INFO] [stdout]   |
[INFO] [stdout] 4 | let cracker = Cracker::new(hash_file, wordlist_file, "password.pot");
[INFO] [stdout]   |                                       ^^^^^^^^^^^^^ not found in this scope
[INFO] [stdout] 
[INFO] [stdout] error[E0425]: cannot find value `some_mangling_function` in this scope
[INFO] [stdout]  --> src/lib.rs:52:16
[INFO] [stdout]   |
[INFO] [stdout] 6 | cracker.run(4, some_mangling_function);
[INFO] [stdout]   |                ^^^^^^^^^^^^^^^^^^^^^^ not found in this scope
[INFO] [stdout] 
[INFO] [stdout] error: aborting due to 4 previous errors
[INFO] [stdout] 
[INFO] [stdout] Some errors have detailed explanations: E0425, E0433.
[INFO] [stdout] For more information about an error, try `rustc --explain E0425`.
[INFO] [stdout] Couldn't compile the test.
[INFO] [stdout] ---- src/lib.rs - Cracker::new (line 34) stdout ----
[INFO] [stdout] error[E0433]: failed to resolve: use of undeclared type `Cracker`
[INFO] [stdout]  --> src/lib.rs:35:15
[INFO] [stdout]   |
[INFO] [stdout] 4 | let cracker = Cracker::new(hash_file, wordlist_file, "password.pot");
[INFO] [stdout]   |               ^^^^^^^ not found in this scope
[INFO] [stdout]   |
[INFO] [stdout] help: consider importing this struct
[INFO] [stdout]   |
[INFO] [stdout] 3 | use cracker::Cracker;
[INFO] [stdout]   |
[INFO] [stdout] 
[INFO] [stdout] error[E0425]: cannot find value `hash_file` in this scope
[INFO] [stdout]  --> src/lib.rs:35:28
[INFO] [stdout]   |
[INFO] [stdout] 4 | let cracker = Cracker::new(hash_file, wordlist_file, "password.pot");
[INFO] [stdout]   |                            ^^^^^^^^^ not found in this scope
[INFO] [stdout] 
[INFO] [stdout] error[E0425]: cannot find value `wordlist_file` in this scope
[INFO] [stdout]  --> src/lib.rs:35:39
[INFO] [stdout]   |
[INFO] [stdout] 4 | let cracker = Cracker::new(hash_file, wordlist_file, "password.pot");
[INFO] [stdout]   |                                       ^^^^^^^^^^^^^ not found in this scope
[INFO] [stdout] 
[INFO] [stdout] error: aborting due to 3 previous errors
[INFO] [stdout] 
[INFO] [stdout] Some errors have detailed explanations: E0425, E0433.
[INFO] [stdout] For more information about an error, try `rustc --explain E0425`.
[INFO] [stdout] Couldn't compile the test.
[INFO] [stdout] 
[INFO] [stdout] failures:
[INFO] [stdout]     src/lib.rs - Cracker::new (line 34)
[INFO] [stdout]     src/lib.rs - Cracker::run (line 49)
[INFO] [stdout] 
[INFO] [stdout] test result: FAILED. 0 passed; 2 failed; 0 ignored; 0 measured; 0 filtered out; finished in 0.09s
[INFO] [stdout] 
[INFO] [stderr] error: test failed, to rerun pass '--doc'
[INFO] running `Command { std: "docker" "inspect" "1fa56257a73d3975700d5ffde0c17f141e9795f6775d64fc27c358416ec7c2f1", kill_on_drop: false }`
[INFO] running `Command { std: "docker" "rm" "-f" "1fa56257a73d3975700d5ffde0c17f141e9795f6775d64fc27c358416ec7c2f1", kill_on_drop: false }`
[INFO] [stdout] 1fa56257a73d3975700d5ffde0c17f141e9795f6775d64fc27c358416ec7c2f1
