[INFO] fetching crate crabsformer 2019.3.17...
[INFO] testing crabsformer-2019.3.17 against 1.54.0 for beta-1.55-1
[INFO] extracting crate crabsformer 2019.3.17 into /workspace/builds/worker-62/source
[INFO] validating manifest of crates.io crate crabsformer 2019.3.17 on toolchain 1.54.0
[INFO] running `Command { std: "/workspace/cargo-home/bin/cargo" "+1.54.0" "metadata" "--manifest-path" "Cargo.toml" "--no-deps", kill_on_drop: false }`
[INFO] started tweaking crates.io crate crabsformer 2019.3.17
[INFO] finished tweaking crates.io crate crabsformer 2019.3.17
[INFO] tweaked toml for crates.io crate crabsformer 2019.3.17 written to /workspace/builds/worker-62/source/Cargo.toml
[INFO] running `Command { std: "/workspace/cargo-home/bin/cargo" "+1.54.0" "generate-lockfile" "--manifest-path" "Cargo.toml" "-Zno-index-update", kill_on_drop: false }`
[INFO] [stderr]     Blocking waiting for file lock on package cache
[INFO] running `Command { std: "/workspace/cargo-home/bin/cargo" "+1.54.0" "fetch" "--manifest-path" "Cargo.toml", kill_on_drop: false }`
[INFO] [stderr]     Blocking waiting for file lock on package cache
[INFO] [stderr]     Blocking waiting for file lock on package cache
[INFO] running `Command { std: "docker" "create" "-v" "/var/lib/crater-agent-workspace/builds/worker-62/target:/opt/rustwide/target:rw,Z" "-v" "/var/lib/crater-agent-workspace/builds/worker-62/source:/opt/rustwide/workdir:ro,Z" "-v" "/var/lib/crater-agent-workspace/cargo-home:/opt/rustwide/cargo-home:ro,Z" "-v" "/var/lib/crater-agent-workspace/rustup-home:/opt/rustwide/rustup-home:ro,Z" "-e" "SOURCE_DIR=/opt/rustwide/workdir" "-e" "CARGO_TARGET_DIR=/opt/rustwide/target" "-e" "CARGO_HOME=/opt/rustwide/cargo-home" "-e" "RUSTUP_HOME=/opt/rustwide/rustup-home" "-w" "/opt/rustwide/workdir" "-m" "1610612736" "--user" "0:0" "--network" "none" "ghcr.io/rust-lang/crates-build-env/linux@sha256:34b6a614d2c27851fe6cbf88fbd1137609cefab8b10d0615aaeb6fd47975d74e" "/opt/rustwide/cargo-home/bin/cargo" "+1.54.0" "metadata" "--no-deps" "--format-version=1", kill_on_drop: false }`
[INFO] [stdout] c417dc49573a9c11c2e8d7c337feffe564df03a604895e956c718b6393859580
[INFO] running `Command { std: "docker" "start" "-a" "c417dc49573a9c11c2e8d7c337feffe564df03a604895e956c718b6393859580", kill_on_drop: false }`
[INFO] running `Command { std: "docker" "inspect" "c417dc49573a9c11c2e8d7c337feffe564df03a604895e956c718b6393859580", kill_on_drop: false }`
[INFO] running `Command { std: "docker" "rm" "-f" "c417dc49573a9c11c2e8d7c337feffe564df03a604895e956c718b6393859580", kill_on_drop: false }`
[INFO] [stdout] c417dc49573a9c11c2e8d7c337feffe564df03a604895e956c718b6393859580
[INFO] running `Command { std: "docker" "create" "-v" "/var/lib/crater-agent-workspace/builds/worker-62/target:/opt/rustwide/target:rw,Z" "-v" "/var/lib/crater-agent-workspace/builds/worker-62/source:/opt/rustwide/workdir:ro,Z" "-v" "/var/lib/crater-agent-workspace/cargo-home:/opt/rustwide/cargo-home:ro,Z" "-v" "/var/lib/crater-agent-workspace/rustup-home:/opt/rustwide/rustup-home:ro,Z" "-e" "SOURCE_DIR=/opt/rustwide/workdir" "-e" "CARGO_TARGET_DIR=/opt/rustwide/target" "-e" "CARGO_INCREMENTAL=0" "-e" "RUST_BACKTRACE=full" "-e" "RUSTFLAGS=--cap-lints=warn" "-e" "CARGO_HOME=/opt/rustwide/cargo-home" "-e" "RUSTUP_HOME=/opt/rustwide/rustup-home" "-w" "/opt/rustwide/workdir" "-m" "1610612736" "--user" "0:0" "--network" "none" "ghcr.io/rust-lang/crates-build-env/linux@sha256:34b6a614d2c27851fe6cbf88fbd1137609cefab8b10d0615aaeb6fd47975d74e" "/opt/rustwide/cargo-home/bin/cargo" "+1.54.0" "build" "--frozen" "--message-format=json", kill_on_drop: false }`
[INFO] [stdout] 4bdf064823d8c07b23d21adcdb7ca7f016503967582b6dcc52be8b21d1e82f68
[INFO] running `Command { std: "docker" "start" "-a" "4bdf064823d8c07b23d21adcdb7ca7f016503967582b6dcc52be8b21d1e82f68", kill_on_drop: false }`
[INFO] [stderr]     Blocking waiting for file lock on package cache
[INFO] [stderr]    Compiling autocfg v1.0.1
[INFO] [stderr]    Compiling rand_core v0.4.2
[INFO] [stderr]    Compiling autocfg v0.1.7
[INFO] [stderr]    Compiling memchr v2.4.0
[INFO] [stderr]    Compiling libc v0.2.98
[INFO] [stderr]    Compiling serde v1.0.127
[INFO] [stderr]    Compiling ryu v1.0.5
[INFO] [stderr]    Compiling regex-automata v0.1.10
[INFO] [stderr]    Compiling lazy_static v1.4.0
[INFO] [stderr]    Compiling itoa v0.4.7
[INFO] [stderr]    Compiling rand_core v0.3.1
[INFO] [stderr]    Compiling rand_jitter v0.1.4
[INFO] [stderr]    Compiling rand_xorshift v0.1.1
[INFO] [stderr]    Compiling rand_isaac v0.1.1
[INFO] [stderr]    Compiling rand_hc v0.1.0
[INFO] [stderr]    Compiling num-traits v0.2.14
[INFO] [stderr]    Compiling num-integer v0.1.44
[INFO] [stderr]    Compiling num-bigint v0.2.6
[INFO] [stderr]    Compiling num-iter v0.1.42
[INFO] [stderr]    Compiling num-complex v0.2.4
[INFO] [stderr]    Compiling num-rational v0.2.4
[INFO] [stderr]    Compiling rand_pcg v0.1.2
[INFO] [stderr]    Compiling rand_chacha v0.1.1
[INFO] [stderr]    Compiling rand v0.6.5
[INFO] [stderr]    Compiling rand_os v0.1.3
[INFO] [stderr]    Compiling csv-core v0.1.10
[INFO] [stderr]    Compiling bstr v0.2.16
[INFO] [stderr]    Compiling csv v1.1.6
[INFO] [stderr]    Compiling num v0.2.1
[INFO] [stderr]    Compiling crabsformer v2019.3.17 (/opt/rustwide/workdir)
[INFO] [stderr]     Finished dev [unoptimized + debuginfo] target(s) in 37.53s
[INFO] running `Command { std: "docker" "inspect" "4bdf064823d8c07b23d21adcdb7ca7f016503967582b6dcc52be8b21d1e82f68", kill_on_drop: false }`
[INFO] running `Command { std: "docker" "rm" "-f" "4bdf064823d8c07b23d21adcdb7ca7f016503967582b6dcc52be8b21d1e82f68", kill_on_drop: false }`
[INFO] [stdout] 4bdf064823d8c07b23d21adcdb7ca7f016503967582b6dcc52be8b21d1e82f68
[INFO] running `Command { std: "docker" "create" "-v" "/var/lib/crater-agent-workspace/builds/worker-62/target:/opt/rustwide/target:rw,Z" "-v" "/var/lib/crater-agent-workspace/builds/worker-62/source:/opt/rustwide/workdir:ro,Z" "-v" "/var/lib/crater-agent-workspace/cargo-home:/opt/rustwide/cargo-home:ro,Z" "-v" "/var/lib/crater-agent-workspace/rustup-home:/opt/rustwide/rustup-home:ro,Z" "-e" "SOURCE_DIR=/opt/rustwide/workdir" "-e" "CARGO_TARGET_DIR=/opt/rustwide/target" "-e" "CARGO_INCREMENTAL=0" "-e" "RUST_BACKTRACE=full" "-e" "RUSTFLAGS=--cap-lints=warn" "-e" "CARGO_HOME=/opt/rustwide/cargo-home" "-e" "RUSTUP_HOME=/opt/rustwide/rustup-home" "-w" "/opt/rustwide/workdir" "-m" "1610612736" "--user" "0:0" "--network" "none" "ghcr.io/rust-lang/crates-build-env/linux@sha256:34b6a614d2c27851fe6cbf88fbd1137609cefab8b10d0615aaeb6fd47975d74e" "/opt/rustwide/cargo-home/bin/cargo" "+1.54.0" "test" "--frozen" "--no-run" "--message-format=json", kill_on_drop: false }`
[INFO] [stdout] 80d1a27d7bfeedfc3c361aa865c3ea1e156ba3eb7d75e0738ea2f4c268fe1e01
[INFO] running `Command { std: "docker" "start" "-a" "80d1a27d7bfeedfc3c361aa865c3ea1e156ba3eb7d75e0738ea2f4c268fe1e01", kill_on_drop: false }`
[INFO] [stderr]    Compiling crabsformer v2019.3.17 (/opt/rustwide/workdir)
[INFO] [stderr]     Finished test [unoptimized + debuginfo] target(s) in 3.11s
[INFO] running `Command { std: "docker" "inspect" "80d1a27d7bfeedfc3c361aa865c3ea1e156ba3eb7d75e0738ea2f4c268fe1e01", kill_on_drop: false }`
[INFO] running `Command { std: "docker" "rm" "-f" "80d1a27d7bfeedfc3c361aa865c3ea1e156ba3eb7d75e0738ea2f4c268fe1e01", kill_on_drop: false }`
[INFO] [stdout] 80d1a27d7bfeedfc3c361aa865c3ea1e156ba3eb7d75e0738ea2f4c268fe1e01
[INFO] running `Command { std: "docker" "create" "-v" "/var/lib/crater-agent-workspace/builds/worker-62/target:/opt/rustwide/target:rw,Z" "-v" "/var/lib/crater-agent-workspace/builds/worker-62/source:/opt/rustwide/workdir:ro,Z" "-v" "/var/lib/crater-agent-workspace/cargo-home:/opt/rustwide/cargo-home:ro,Z" "-v" "/var/lib/crater-agent-workspace/rustup-home:/opt/rustwide/rustup-home:ro,Z" "-e" "SOURCE_DIR=/opt/rustwide/workdir" "-e" "CARGO_TARGET_DIR=/opt/rustwide/target" "-e" "CARGO_INCREMENTAL=0" "-e" "RUST_BACKTRACE=full" "-e" "RUSTFLAGS=--cap-lints=warn" "-e" "CARGO_HOME=/opt/rustwide/cargo-home" "-e" "RUSTUP_HOME=/opt/rustwide/rustup-home" "-w" "/opt/rustwide/workdir" "-m" "1610612736" "--user" "0:0" "--network" "none" "ghcr.io/rust-lang/crates-build-env/linux@sha256:34b6a614d2c27851fe6cbf88fbd1137609cefab8b10d0615aaeb6fd47975d74e" "/opt/rustwide/cargo-home/bin/cargo" "+1.54.0" "test" "--frozen", kill_on_drop: false }`
[INFO] [stdout] 150b92e46ded09d00a7a1b1a499feb12ed5fba2a9a660d963b17c8c182a4c34a
[INFO] running `Command { std: "docker" "start" "-a" "150b92e46ded09d00a7a1b1a499feb12ed5fba2a9a660d963b17c8c182a4c34a", kill_on_drop: false }`
[INFO] [stderr]     Blocking waiting for file lock on package cache
[INFO] [stderr]     Finished test [unoptimized + debuginfo] target(s) in 0.33s
[INFO] [stderr]      Running unittests (/opt/rustwide/target/debug/deps/crabsformer-7ecdac1073413c0a)
[INFO] [stdout] 
[INFO] [stderr]      Running tests/matrix.rs (/opt/rustwide/target/debug/deps/matrix-ffbc92dd45c86264)
[INFO] [stdout] running 1 test
[INFO] [stdout] test utils::tests::test_name ... ok
[INFO] [stdout] 
[INFO] [stdout] test result: ok. 1 passed; 0 failed; 0 ignored; 0 measured; 0 filtered out; finished in 0.00s
[INFO] [stdout] 
[INFO] [stdout] 
[INFO] [stdout] running 28 tests
[INFO] [stdout] test test_add_assign ... ok
[INFO] [stdout] test test_add ... ok
[INFO] [stdout] test test_full_like ... ok
[INFO] [stdout] test test_indexing ... ok
[INFO] [stdout] test test_full ... ok
[INFO] [stdout] test test_macro ... ok
[INFO] [stdout] test test_load_valid_csv_with_header ... ok
[INFO] [stdout] test test_load_valid_csv_without_header ... ok
[INFO] [stdout] test test_ones_like ... ok
[INFO] [stdout] test test_power ... ok
[INFO] [stdout] test test_sub ... ok
[INFO] [stdout] test test_mul_assign ... ok
[INFO] [stdout] test test_sub_assign ... ok
[INFO] [stdout] test test_mul ... ok
[INFO] [stdout] test test_zeros ... ok
[INFO] [stdout] test test_ones ... ok
[INFO] [stdout] test test_zeros_like ... ok
[INFO] [stdout] test test_normal ... ok
[INFO] [stdout] test test_uniform ... ok
[INFO] [stdout] test test_add_invalid - should panic ... ok
[INFO] [stdout] test test_invalid_macro - should panic ... ok
[INFO] [stdout] test test_load_invalid_not_found_csv - should panic ... ok
[INFO] [stdout] test test_load_invalid_element_different_data_type_expected_u32 - should panic ... ok
[INFO] [stdout] test test_load_invalid_inconsistent_column - should panic ... ok
[INFO] [stdout] test test_mul_invalid - should panic ... ok
[INFO] [stdout] test test_sub_invalid - should panic ... ok
[INFO] [stdout] test test_load_invalid_format_csv - should panic ... ok
[INFO] [stdout] test test_load_invalid_element - should panic ... ok
[INFO] [stdout] 
[INFO] [stdout] test result: ok. 28 passed; 0 failed; 0 ignored; 0 measured; 0 filtered out; finished in 0.04s
[INFO] [stdout] 
[INFO] [stderr]      Running tests/vector.rs (/opt/rustwide/target/debug/deps/vector-edca9f54918ed48c)
[INFO] [stdout] 
[INFO] [stdout] running 33 tests
[INFO] [stdout] test test_add ... ok
[INFO] [stdout] test test_add_assign ... ok
[INFO] [stdout] test test_clone ... ok
[INFO] [stdout] test test_filter ... ok
[INFO] [stdout] test test_from ... ok
[INFO] [stdout] test test_full ... ok
[INFO] [stdout] test test_index ... ok
[INFO] [stdout] test test_full_like ... ok
[INFO] [stdout] test test_indexing ... ok
[INFO] [stdout] test test_iteration ... ok
[INFO] [stdout] test test_linspace ... ok
[INFO] [stdout] test test_macro ... ok
[INFO] [stdout] test test_max ... ok
[INFO] [stdout] test test_min ... ok
[INFO] [stdout] test test_mul ... ok
[INFO] [stdout] test test_mul_assign ... ok
[INFO] [stdout] test test_ones ... ok
[INFO] [stdout] test test_power ... ok
[INFO] [stdout] test test_range ... ok
[INFO] [stdout] test test_ones_like ... ok
[INFO] [stdout] test test_slice ... ok
[INFO] [stdout] test test_sub ... ok
[INFO] [stdout] test test_sub_assign ... ok
[INFO] [stdout] test test_sum ... ok
[INFO] [stdout] test test_normal ... ok
[INFO] [stdout] test test_zeros_like ... ok
[INFO] [stdout] test test_zeros ... ok
[INFO] [stdout] test test_uniform ... ok
[INFO] [stdout] test test_add_invalid - should panic ... ok
[INFO] [stdout] test test_invalid_index - should panic ... ok
[INFO] [stdout] test test_invalid_slice - should panic ... ok
[INFO] [stdout] test test_mul_invalid - should panic ... ok
[INFO] [stdout] test test_sub_invalid - should panic ... ok
[INFO] [stdout] 
[INFO] [stdout] test result: ok. 33 passed; 0 failed; 0 ignored; 0 measured; 0 filtered out; finished in 0.06s
[INFO] [stdout] 
[INFO] [stderr]    Doc-tests crabsformer
[INFO] [stdout] 
[INFO] [stdout] running 59 tests
[INFO] [stdout] test src/matrix.rs - matrix::Matrix<T>::from_csv (line 323) ... FAILED
[INFO] [stdout] test src/matrix.rs - matrix::MatrixLoaderForCSV<T, P>::load (line 950) ... FAILED
[INFO] [stdout] test src/matrix.rs - matrix::Matrix<T>::zeros_like (line 211) ... FAILED
[INFO] [stdout] test src/matrix.rs - matrix (line 52) ... FAILED
[INFO] [stdout] test src/lib.rs - (line 414) ... FAILED
[INFO] [stdout] test src/lib.rs - (line 363) ... FAILED
[INFO] [stdout] test src/vector.rs - vector::Vector<T>::power (line 190) ... FAILED
[INFO] [stdout] test src/matrix.rs - matrix::MatrixLoaderForCSV<T, P>::has_headers (line 931) ... FAILED
[INFO] [stdout] test src/vector.rs - vector::Vector<T> (line 905) ... FAILED
[INFO] [stdout] test src/vector.rs - vector::Vector<T>::uniform (line 300) ... FAILED
[INFO] [stdout] test src/matrix.rs - matrix::Matrix<T>::power (line 262) ... FAILED
[INFO] [stdout] test src/lib.rs - (line 397) ... FAILED
[INFO] [stdout] test src/lib.rs - (line 338) ... FAILED
[INFO] [stdout] test src/lib.rs - (line 388) ... FAILED
[INFO] [stdout] test src/lib.rs - (line 424) ... FAILED
[INFO] [stdout] test src/matrix.rs - matrix::Matrix<T>::full_like (line 166) ... FAILED
[INFO] [stdout] test src/lib.rs - (line 144) ... FAILED
[INFO] [stdout] test src/lib.rs - (line 136) ... FAILED
[INFO] [stdout] test src/vector.rs - vector::Vector<T>::filter (line 209) ... FAILED
[INFO] [stdout] test src/matrix.rs - matrix (line 36) ... FAILED
[INFO] [stdout] test src/lib.rs - (line 237) ... FAILED
[INFO] [stdout] test src/lib.rs - (line 193) ... FAILED
[INFO] [stdout] test src/lib.rs - (line 301) ... FAILED
[INFO] [stdout] test src/vector.rs - vector (line 40) ... FAILED
[INFO] [stdout] test src/lib.rs - (line 157) ... FAILED
[INFO] [stdout] test src/lib.rs - (line 106) ... FAILED
[INFO] [stdout] test src/lib.rs - (line 212) ... FAILED
[INFO] [stdout] test src/lib.rs - (line 166) ... FAILED
[INFO] [stdout] test src/matrix.rs - matrix::Matrix<T>::shape (line 124) ... FAILED
[INFO] [stdout] test src/matrix.rs - matrix::Matrix<T>::ones_like (line 245) ... FAILED
[INFO] [stdout] test src/vector.rs - vector (line 30) ... FAILED
[INFO] [stdout] test src/vector.rs - vector::Vector<T>::zeros_like (line 139) ... FAILED
[INFO] [stdout] test src/lib.rs - (line 290) ... FAILED
[INFO] [stdout] test src/vector.rs - vector::Vector<T>::ones_like (line 173) ... FAILED
[INFO] [stdout] test src/lib.rs - (line 183) ... FAILED
[INFO] [stdout] test src/vector.rs - vector::Vector<T>::min (line 279) ... FAILED
[INFO] [stdout] test src/vector.rs - vector::Vector<T>::full_like (line 103) ... FAILED
[INFO] [stdout] test src/matrix.rs - matrix::Matrix<T>::uniform (line 288) ... FAILED
[INFO] [stdout] test src/lib.rs - (line 276) ... FAILED
[INFO] [stdout] test src/lib.rs - (line 310) ... FAILED
[INFO] [stdout] test src/vector.rs - vector::Vector<T>::max (line 256) ... FAILED
[INFO] [stdout] test src/matrix.rs - matrix::Matrix<T>::ones (line 229) ... FAILED
[INFO] [stdout] test src/lib.rs - (line 263) ... FAILED
[INFO] [stdout] test src/matrix.rs - matrix::Matrix<T>::full (line 142) ... FAILED
[INFO] [stdout] test src/matrix.rs - matrix::Matrix<T>::zeros (line 195) ... FAILED
[INFO] [stdout] test src/vector.rs - vector::Vector<T>::ones (line 157) ... FAILED
[INFO] [stdout] test src/vector.rs - vector::Vector<T>::full (line 85) ... FAILED
[INFO] [stdout] test src/vector.rs - vector::Vector<T>::linspace (line 362) ... FAILED
[INFO] [stdout] test src/vector.rs - vector::Vector<T>::sum (line 232) ... FAILED
[INFO] [stdout] test src/lib.rs - (line 88) ... FAILED
[INFO] [stdout] test src/vector.rs - vector::Vector<T>::zeros (line 123) ... FAILED
[INFO] [stdout] test src/vector.rs - vector::Vector<T>::len (line 71) ... FAILED
[INFO] [stdout] test src/lib.rs - (line 81) ... FAILED
[INFO] [stdout] test src/lib.rs - (line 72) ... FAILED
[INFO] [stdout] test src/vector.rs - vector::Vector<T>::range (line 326) ... FAILED
[INFO] [stdout] test src/lib.rs - (line 97) ... FAILED
[INFO] [stdout] test src/matrix.rs - matrix::Matrix<f64>::normal (line 348) ... FAILED
[INFO] [stdout] test src/vector.rs - vector::Vector<f64>::normal (line 410) ... FAILED
[INFO] [stdout] test src/lib.rs - (line 32) ... FAILED
[INFO] [stdout] 
[INFO] [stdout] failures:
[INFO] [stdout] 
[INFO] [stdout] ---- src/matrix.rs - matrix::Matrix<T>::from_csv (line 323) stdout ----
[INFO] [stdout] error[E0277]: the trait bound `crabsformer::Matrix<_>: From<&str>` is not satisfied
[INFO] [stdout]  --> src/matrix.rs:326:28
[INFO] [stdout]   |
[INFO] [stdout] 6 | let dataset: Matrix<f32> = Matrix::from("tests/weight.csv").load().unwrap();
[INFO] [stdout]   |                            ^^^^^^^^^^^^ the trait `From<&str>` is not implemented for `crabsformer::Matrix<_>`
[INFO] [stdout]   |
[INFO] [stdout]   = help: the following implementations were found:
[INFO] [stdout]             <crabsformer::Matrix<T> as From<Vec<Vec<T>>>>
[INFO] [stdout]   = note: required by `from`
[INFO] [stdout] 
[INFO] [stdout] error[E0599]: no method named `load` found for struct `crabsformer::Matrix` in the current scope
[INFO] [stdout]  --> src/matrix.rs:326:61
[INFO] [stdout]   |
[INFO] [stdout] 6 | let dataset: Matrix<f32> = Matrix::from("tests/weight.csv").load().unwrap();
[INFO] [stdout]   |                                                             ^^^^ method not found in `crabsformer::Matrix<_>`
[INFO] [stdout] 
[INFO] [stdout] error: aborting due to 2 previous errors
[INFO] [stdout] 
[INFO] [stdout] Some errors have detailed explanations: E0277, E0599.
[INFO] [stdout] For more information about an error, try `rustc --explain E0277`.
[INFO] [stdout] Couldn't compile the test.
[INFO] [stdout] ---- src/matrix.rs - matrix::MatrixLoaderForCSV<T, P>::load (line 950) stdout ----
[INFO] [stdout] Couldn't compile the test.
[INFO] [stdout] ---- src/matrix.rs - matrix::Matrix<T>::zeros_like (line 211) stdout ----
[INFO] [stdout] Couldn't compile the test.
[INFO] [stdout] ---- src/matrix.rs - matrix (line 52) stdout ----
[INFO] [stdout] Couldn't compile the test.
[INFO] [stdout] ---- src/lib.rs - (line 414) stdout ----
[INFO] [stdout] Couldn't compile the test.
[INFO] [stdout] ---- src/lib.rs - (line 363) stdout ----
[INFO] [stdout] Couldn't compile the test.
[INFO] [stdout] ---- src/vector.rs - vector::Vector<T>::power (line 190) stdout ----
[INFO] [stdout] Couldn't compile the test.
[INFO] [stdout] ---- src/matrix.rs - matrix::MatrixLoaderForCSV<T, P>::has_headers (line 931) stdout ----
[INFO] [stdout] Couldn't compile the test.
[INFO] [stdout] ---- src/vector.rs - vector::Vector<T> (line 905) stdout ----
[INFO] [stdout] Couldn't compile the test.
[INFO] [stdout] ---- src/vector.rs - vector::Vector<T>::uniform (line 300) stdout ----
[INFO] [stdout] Couldn't compile the test.
[INFO] [stdout] ---- src/matrix.rs - matrix::Matrix<T>::power (line 262) stdout ----
[INFO] [stdout] Couldn't compile the test.
[INFO] [stdout] ---- src/lib.rs - (line 397) stdout ----
[INFO] [stdout] Couldn't compile the test.
[INFO] [stdout] ---- src/lib.rs - (line 338) stdout ----
[INFO] [stdout] Couldn't compile the test.
[INFO] [stdout] ---- src/lib.rs - (line 388) stdout ----
[INFO] [stdout] Couldn't compile the test.
[INFO] [stdout] ---- src/lib.rs - (line 424) stdout ----
[INFO] [stdout] Couldn't compile the test.
[INFO] [stdout] ---- src/matrix.rs - matrix::Matrix<T>::full_like (line 166) stdout ----
[INFO] [stdout] Couldn't compile the test.
[INFO] [stdout] ---- src/lib.rs - (line 144) stdout ----
[INFO] [stdout] Couldn't compile the test.
[INFO] [stdout] ---- src/lib.rs - (line 136) stdout ----
[INFO] [stdout] Couldn't compile the test.
[INFO] [stdout] ---- src/vector.rs - vector::Vector<T>::filter (line 209) stdout ----
[INFO] [stdout] Couldn't compile the test.
[INFO] [stdout] ---- src/matrix.rs - matrix (line 36) stdout ----
[INFO] [stdout] Couldn't compile the test.
[INFO] [stdout] ---- src/lib.rs - (line 237) stdout ----
[INFO] [stdout] Couldn't compile the test.
[INFO] [stdout] ---- src/lib.rs - (line 193) stdout ----
[INFO] [stdout] Couldn't compile the test.
[INFO] [stdout] ---- src/lib.rs - (line 301) stdout ----
[INFO] [stdout] Couldn't compile the test.
[INFO] [stdout] ---- src/vector.rs - vector (line 40) stdout ----
[INFO] [stdout] Couldn't compile the test.
[INFO] [stdout] ---- src/lib.rs - (line 157) stdout ----
[INFO] [stdout] Couldn't compile the test.
[INFO] [stdout] ---- src/lib.rs - (line 106) stdout ----
[INFO] [stdout] Couldn't compile the test.
[INFO] [stdout] ---- src/lib.rs - (line 212) stdout ----
[INFO] [stdout] Couldn't compile the test.
[INFO] [stdout] ---- src/lib.rs - (line 166) stdout ----
[INFO] [stdout] Couldn't compile the test.
[INFO] [stdout] ---- src/matrix.rs - matrix::Matrix<T>::shape (line 124) stdout ----
[INFO] [stdout] Couldn't compile the test.
[INFO] [stdout] ---- src/matrix.rs - matrix::Matrix<T>::ones_like (line 245) stdout ----
[INFO] [stdout] Couldn't compile the test.
[INFO] [stdout] ---- src/vector.rs - vector (line 30) stdout ----
[INFO] [stdout] Couldn't compile the test.
[INFO] [stdout] ---- src/vector.rs - vector::Vector<T>::zeros_like (line 139) stdout ----
[INFO] [stdout] Couldn't compile the test.
[INFO] [stdout] ---- src/lib.rs - (line 290) stdout ----
[INFO] [stdout] Couldn't compile the test.
[INFO] [stdout] ---- src/vector.rs - vector::Vector<T>::ones_like (line 173) stdout ----
[INFO] [stdout] Couldn't compile the test.
[INFO] [stdout] ---- src/lib.rs - (line 183) stdout ----
[INFO] [stdout] Couldn't compile the test.
[INFO] [stdout] ---- src/vector.rs - vector::Vector<T>::min (line 279) stdout ----
[INFO] [stdout] Couldn't compile the test.
[INFO] [stdout] ---- src/vector.rs - vector::Vector<T>::full_like (line 103) stdout ----
[INFO] [stdout] Couldn't compile the test.
[INFO] [stdout] ---- src/matrix.rs - matrix::Matrix<T>::uniform (line 288) stdout ----
[INFO] [stdout] Couldn't compile the test.
[INFO] [stdout] ---- src/lib.rs - (line 276) stdout ----
[INFO] [stdout] Couldn't compile the test.
[INFO] [stdout] ---- src/lib.rs - (line 310) stdout ----
[INFO] [stdout] Couldn't compile the test.
[INFO] [stdout] ---- src/vector.rs - vector::Vector<T>::max (line 256) stdout ----
[INFO] [stdout] Couldn't compile the test.
[INFO] [stdout] ---- src/matrix.rs - matrix::Matrix<T>::ones (line 229) stdout ----
[INFO] [stdout] Couldn't compile the test.
[INFO] [stdout] ---- src/lib.rs - (line 263) stdout ----
[INFO] [stdout] Couldn't compile the test.
[INFO] [stdout] ---- src/matrix.rs - matrix::Matrix<T>::full (line 142) stdout ----
[INFO] [stdout] Couldn't compile the test.
[INFO] [stdout] ---- src/matrix.rs - matrix::Matrix<T>::zeros (line 195) stdout ----
[INFO] [stdout] Couldn't compile the test.
[INFO] [stdout] ---- src/vector.rs - vector::Vector<T>::ones (line 157) stdout ----
[INFO] [stdout] Couldn't compile the test.
[INFO] [stdout] ---- src/vector.rs - vector::Vector<T>::full (line 85) stdout ----
[INFO] [stdout] Couldn't compile the test.
[INFO] [stdout] ---- src/vector.rs - vector::Vector<T>::linspace (line 362) stdout ----
[INFO] [stdout] Couldn't compile the test.
[INFO] [stdout] ---- src/vector.rs - vector::Vector<T>::sum (line 232) stdout ----
[INFO] [stdout] Couldn't compile the test.
[INFO] [stdout] ---- src/lib.rs - (line 88) stdout ----
[INFO] [stdout] Couldn't compile the test.
[INFO] [stdout] ---- src/vector.rs - vector::Vector<T>::zeros (line 123) stdout ----
[INFO] [stdout] Couldn't compile the test.
[INFO] [stdout] ---- src/vector.rs - vector::Vector<T>::len (line 71) stdout ----
[INFO] [stdout] Couldn't compile the test.
[INFO] [stdout] ---- src/lib.rs - (line 81) stdout ----
[INFO] [stdout] Couldn't compile the test.
[INFO] [stdout] ---- src/lib.rs - (line 72) stdout ----
[INFO] [stdout] Couldn't compile the test.
[INFO] [stdout] ---- src/vector.rs - vector::Vector<T>::range (line 326) stdout ----
[INFO] [stdout] Couldn't compile the test.
[INFO] [stdout] ---- src/lib.rs - (line 97) stdout ----
[INFO] [stdout] Couldn't compile the test.
[INFO] [stdout] ---- src/matrix.rs - matrix::Matrix<f64>::normal (line 348) stdout ----
[INFO] [stdout] Couldn't compile the test.
[INFO] [stdout] ---- src/vector.rs - vector::Vector<f64>::normal (line 410) stdout ----
[INFO] [stdout] Couldn't compile the test.
[INFO] [stdout] ---- src/lib.rs - (line 32) stdout ----
[INFO] [stdout] Couldn't compile the test.
[INFO] [stdout] 
[INFO] [stdout] failures:
[INFO] [stdout]     src/lib.rs - (line 106)
[INFO] [stdout]     src/lib.rs - (line 136)
[INFO] [stdout]     src/lib.rs - (line 144)
[INFO] [stdout]     src/lib.rs - (line 157)
[INFO] [stdout]     src/lib.rs - (line 166)
[INFO] [stdout]     src/lib.rs - (line 183)
[INFO] [stdout]     src/lib.rs - (line 193)
[INFO] [stdout]     src/lib.rs - (line 212)
[INFO] [stdout]     src/lib.rs - (line 237)
[INFO] [stdout]     src/lib.rs - (line 263)
[INFO] [stdout]     src/lib.rs - (line 276)
[INFO] [stdout]     src/lib.rs - (line 290)
[INFO] [stdout]     src/lib.rs - (line 301)
[INFO] [stdout]     src/lib.rs - (line 310)
[INFO] [stdout]     src/lib.rs - (line 32)
[INFO] [stdout]     src/lib.rs - (line 338)
[INFO] [stdout]     src/lib.rs - (line 363)
[INFO] [stdout]     src/lib.rs - (line 388)
[INFO] [stdout]     src/lib.rs - (line 397)
[INFO] [stdout]     src/lib.rs - (line 414)
[INFO] [stdout]     src/lib.rs - (line 424)
[INFO] [stdout]     src/lib.rs - (line 72)
[INFO] [stdout]     src/lib.rs - (line 81)
[INFO] [stdout]     src/lib.rs - (line 88)
[INFO] [stdout]     src/lib.rs - (line 97)
[INFO] [stdout]     src/matrix.rs - matrix (line 36)
[INFO] [stdout]     src/matrix.rs - matrix (line 52)
[INFO] [stdout]     src/matrix.rs - matrix::Matrix<T>::from_csv (line 323)
[INFO] [stdout]     src/matrix.rs - matrix::Matrix<T>::full (line 142)
[INFO] [stdout]     src/matrix.rs - matrix::Matrix<T>::full_like (line 166)
[INFO] [stdout]     src/matrix.rs - matrix::Matrix<T>::ones (line 229)
[INFO] [stdout]     src/matrix.rs - matrix::Matrix<T>::ones_like (line 245)
[INFO] [stdout]     src/matrix.rs - matrix::Matrix<T>::power (line 262)
[INFO] [stdout]     src/matrix.rs - matrix::Matrix<T>::shape (line 124)
[INFO] [stdout]     src/matrix.rs - matrix::Matrix<T>::uniform (line 288)
[INFO] [stdout]     src/matrix.rs - matrix::Matrix<T>::zeros (line 195)
[INFO] [stdout]     src/matrix.rs - matrix::Matrix<T>::zeros_like (line 211)
[INFO] [stdout]     src/matrix.rs - matrix::Matrix<f64>::normal (line 348)
[INFO] [stdout]     src/matrix.rs - matrix::MatrixLoaderForCSV<T, P>::has_headers (line 931)
[INFO] [stdout]     src/matrix.rs - matrix::MatrixLoaderForCSV<T, P>::load (line 950)
[INFO] [stdout]     src/vector.rs - vector (line 30)
[INFO] [stdout]     src/vector.rs - vector (line 40)
[INFO] [stdout]     src/vector.rs - vector::Vector<T> (line 905)
[INFO] [stdout]     src/vector.rs - vector::Vector<T>::filter (line 209)
[INFO] [stdout]     src/vector.rs - vector::Vector<T>::full (line 85)
[INFO] [stdout]     src/vector.rs - vector::Vector<T>::full_like (line 103)
[INFO] [stdout]     src/vector.rs - vector::Vector<T>::len (line 71)
[INFO] [stdout]     src/vector.rs - vector::Vector<T>::linspace (line 362)
[INFO] [stdout]     src/vector.rs - vector::Vector<T>::max (line 256)
[INFO] [stdout]     src/vector.rs - vector::Vector<T>::min (line 279)
[INFO] [stdout]     src/vector.rs - vector::Vector<T>::ones (line 157)
[INFO] [stdout]     src/vector.rs - vector::Vector<T>::ones_like (line 173)
[INFO] [stdout]     src/vector.rs - vector::Vector<T>::power (line 190)
[INFO] [stdout]     src/vector.rs - vector::Vector<T>::range (line 326)
[INFO] [stdout]     src/vector.rs - vector::Vector<T>::sum (line 232)
[INFO] [stdout]     src/vector.rs - vector::Vector<T>::uniform (line 300)
[INFO] [stdout]     src/vector.rs - vector::Vector<T>::zeros (line 123)
[INFO] [stdout]     src/vector.rs - vector::Vector<T>::zeros_like (line 139)
[INFO] [stdout]     src/vector.rs - vector::Vector<f64>::normal (line 410)
[INFO] [stdout] 
[INFO] [stdout] test result: FAILED. 0 passed; 59 failed; 0 ignored; 0 measured; 0 filtered out; finished in 2.18s
[INFO] [stdout] 
[INFO] [stderr] error: test failed, to rerun pass '--doc'
[INFO] running `Command { std: "docker" "inspect" "150b92e46ded09d00a7a1b1a499feb12ed5fba2a9a660d963b17c8c182a4c34a", kill_on_drop: false }`
[INFO] running `Command { std: "docker" "rm" "-f" "150b92e46ded09d00a7a1b1a499feb12ed5fba2a9a660d963b17c8c182a4c34a", kill_on_drop: false }`
[INFO] [stdout] 150b92e46ded09d00a7a1b1a499feb12ed5fba2a9a660d963b17c8c182a4c34a
