[INFO] fetching crate cql_model 0.2.0...
[INFO] testing cql_model-0.2.0 against beta-2021-08-01 for beta-1.55-1
[INFO] extracting crate cql_model 0.2.0 into /workspace/builds/worker-25/source
[INFO] validating manifest of crates.io crate cql_model 0.2.0 on toolchain beta-2021-08-01
[INFO] running `Command { std: "/workspace/cargo-home/bin/cargo" "+beta-2021-08-01" "metadata" "--manifest-path" "Cargo.toml" "--no-deps", kill_on_drop: false }`
[INFO] started tweaking crates.io crate cql_model 0.2.0
[INFO] finished tweaking crates.io crate cql_model 0.2.0
[INFO] tweaked toml for crates.io crate cql_model 0.2.0 written to /workspace/builds/worker-25/source/Cargo.toml
[INFO] running `Command { std: "/workspace/cargo-home/bin/cargo" "+beta-2021-08-01" "generate-lockfile" "--manifest-path" "Cargo.toml" "-Zno-index-update", kill_on_drop: false }`
[INFO] running `Command { std: "/workspace/cargo-home/bin/cargo" "+beta-2021-08-01" "fetch" "--manifest-path" "Cargo.toml", kill_on_drop: false }`
[INFO] [stderr]     Blocking waiting for file lock on package cache
[INFO] running `Command { std: "docker" "create" "-v" "/var/lib/crater-agent-workspace/builds/worker-25/target:/opt/rustwide/target:rw,Z" "-v" "/var/lib/crater-agent-workspace/builds/worker-25/source:/opt/rustwide/workdir:ro,Z" "-v" "/var/lib/crater-agent-workspace/cargo-home:/opt/rustwide/cargo-home:ro,Z" "-v" "/var/lib/crater-agent-workspace/rustup-home:/opt/rustwide/rustup-home:ro,Z" "-e" "SOURCE_DIR=/opt/rustwide/workdir" "-e" "CARGO_TARGET_DIR=/opt/rustwide/target" "-e" "CARGO_HOME=/opt/rustwide/cargo-home" "-e" "RUSTUP_HOME=/opt/rustwide/rustup-home" "-w" "/opt/rustwide/workdir" "-m" "1610612736" "--user" "0:0" "--network" "none" "ghcr.io/rust-lang/crates-build-env/linux@sha256:34b6a614d2c27851fe6cbf88fbd1137609cefab8b10d0615aaeb6fd47975d74e" "/opt/rustwide/cargo-home/bin/cargo" "+beta-2021-08-01" "metadata" "--no-deps" "--format-version=1", kill_on_drop: false }`
[INFO] [stdout] bc73296c3d85247011e323738721b1b96843d201159ec98c1d5755b43d7c9faf
[INFO] running `Command { std: "docker" "start" "-a" "bc73296c3d85247011e323738721b1b96843d201159ec98c1d5755b43d7c9faf", kill_on_drop: false }`
[INFO] running `Command { std: "docker" "inspect" "bc73296c3d85247011e323738721b1b96843d201159ec98c1d5755b43d7c9faf", kill_on_drop: false }`
[INFO] running `Command { std: "docker" "rm" "-f" "bc73296c3d85247011e323738721b1b96843d201159ec98c1d5755b43d7c9faf", kill_on_drop: false }`
[INFO] [stdout] bc73296c3d85247011e323738721b1b96843d201159ec98c1d5755b43d7c9faf
[INFO] running `Command { std: "docker" "create" "-v" "/var/lib/crater-agent-workspace/builds/worker-25/target:/opt/rustwide/target:rw,Z" "-v" "/var/lib/crater-agent-workspace/builds/worker-25/source:/opt/rustwide/workdir:ro,Z" "-v" "/var/lib/crater-agent-workspace/cargo-home:/opt/rustwide/cargo-home:ro,Z" "-v" "/var/lib/crater-agent-workspace/rustup-home:/opt/rustwide/rustup-home:ro,Z" "-e" "SOURCE_DIR=/opt/rustwide/workdir" "-e" "CARGO_TARGET_DIR=/opt/rustwide/target" "-e" "CARGO_INCREMENTAL=0" "-e" "RUST_BACKTRACE=full" "-e" "RUSTFLAGS=--cap-lints=warn" "-e" "CARGO_HOME=/opt/rustwide/cargo-home" "-e" "RUSTUP_HOME=/opt/rustwide/rustup-home" "-w" "/opt/rustwide/workdir" "-m" "1610612736" "--user" "0:0" "--network" "none" "ghcr.io/rust-lang/crates-build-env/linux@sha256:34b6a614d2c27851fe6cbf88fbd1137609cefab8b10d0615aaeb6fd47975d74e" "/opt/rustwide/cargo-home/bin/cargo" "+beta-2021-08-01" "build" "--frozen" "--message-format=json", kill_on_drop: false }`
[INFO] [stdout] 9f750f68ed2899dc802373393e300cdd06bd7ed640e1435f451290ac80506097
[INFO] running `Command { std: "docker" "start" "-a" "9f750f68ed2899dc802373393e300cdd06bd7ed640e1435f451290ac80506097", kill_on_drop: false }`
[INFO] [stderr]    Compiling cql_model v0.2.0 (/opt/rustwide/workdir)
[INFO] [stderr]     Finished dev [unoptimized + debuginfo] target(s) in 0.81s
[INFO] running `Command { std: "docker" "inspect" "9f750f68ed2899dc802373393e300cdd06bd7ed640e1435f451290ac80506097", kill_on_drop: false }`
[INFO] running `Command { std: "docker" "rm" "-f" "9f750f68ed2899dc802373393e300cdd06bd7ed640e1435f451290ac80506097", kill_on_drop: false }`
[INFO] [stdout] 9f750f68ed2899dc802373393e300cdd06bd7ed640e1435f451290ac80506097
[INFO] running `Command { std: "docker" "create" "-v" "/var/lib/crater-agent-workspace/builds/worker-25/target:/opt/rustwide/target:rw,Z" "-v" "/var/lib/crater-agent-workspace/builds/worker-25/source:/opt/rustwide/workdir:ro,Z" "-v" "/var/lib/crater-agent-workspace/cargo-home:/opt/rustwide/cargo-home:ro,Z" "-v" "/var/lib/crater-agent-workspace/rustup-home:/opt/rustwide/rustup-home:ro,Z" "-e" "SOURCE_DIR=/opt/rustwide/workdir" "-e" "CARGO_TARGET_DIR=/opt/rustwide/target" "-e" "CARGO_INCREMENTAL=0" "-e" "RUST_BACKTRACE=full" "-e" "RUSTFLAGS=--cap-lints=warn" "-e" "CARGO_HOME=/opt/rustwide/cargo-home" "-e" "RUSTUP_HOME=/opt/rustwide/rustup-home" "-w" "/opt/rustwide/workdir" "-m" "1610612736" "--user" "0:0" "--network" "none" "ghcr.io/rust-lang/crates-build-env/linux@sha256:34b6a614d2c27851fe6cbf88fbd1137609cefab8b10d0615aaeb6fd47975d74e" "/opt/rustwide/cargo-home/bin/cargo" "+beta-2021-08-01" "test" "--frozen" "--no-run" "--message-format=json", kill_on_drop: false }`
[INFO] [stdout] b192d4de96186a2ee2adbd0f7fe822f580c76461746f319d2bba9bcf247a76d0
[INFO] running `Command { std: "docker" "start" "-a" "b192d4de96186a2ee2adbd0f7fe822f580c76461746f319d2bba9bcf247a76d0", kill_on_drop: false }`
[INFO] [stderr]     Blocking waiting for file lock on package cache
[INFO] [stderr]    Compiling cql_model v0.2.0 (/opt/rustwide/workdir)
[INFO] [stderr]     Finished test [unoptimized + debuginfo] target(s) in 0.92s
[INFO] running `Command { std: "docker" "inspect" "b192d4de96186a2ee2adbd0f7fe822f580c76461746f319d2bba9bcf247a76d0", kill_on_drop: false }`
[INFO] running `Command { std: "docker" "rm" "-f" "b192d4de96186a2ee2adbd0f7fe822f580c76461746f319d2bba9bcf247a76d0", kill_on_drop: false }`
[INFO] [stdout] b192d4de96186a2ee2adbd0f7fe822f580c76461746f319d2bba9bcf247a76d0
[INFO] running `Command { std: "docker" "create" "-v" "/var/lib/crater-agent-workspace/builds/worker-25/target:/opt/rustwide/target:rw,Z" "-v" "/var/lib/crater-agent-workspace/builds/worker-25/source:/opt/rustwide/workdir:ro,Z" "-v" "/var/lib/crater-agent-workspace/cargo-home:/opt/rustwide/cargo-home:ro,Z" "-v" "/var/lib/crater-agent-workspace/rustup-home:/opt/rustwide/rustup-home:ro,Z" "-e" "SOURCE_DIR=/opt/rustwide/workdir" "-e" "CARGO_TARGET_DIR=/opt/rustwide/target" "-e" "CARGO_INCREMENTAL=0" "-e" "RUST_BACKTRACE=full" "-e" "RUSTFLAGS=--cap-lints=warn" "-e" "CARGO_HOME=/opt/rustwide/cargo-home" "-e" "RUSTUP_HOME=/opt/rustwide/rustup-home" "-w" "/opt/rustwide/workdir" "-m" "1610612736" "--user" "0:0" "--network" "none" "ghcr.io/rust-lang/crates-build-env/linux@sha256:34b6a614d2c27851fe6cbf88fbd1137609cefab8b10d0615aaeb6fd47975d74e" "/opt/rustwide/cargo-home/bin/cargo" "+beta-2021-08-01" "test" "--frozen", kill_on_drop: false }`
[INFO] [stdout] 9945db835adbf811730faeaa1c0277f26701e95e068c31f9ddd2465fc4f35e81
[INFO] running `Command { std: "docker" "start" "-a" "9945db835adbf811730faeaa1c0277f26701e95e068c31f9ddd2465fc4f35e81", kill_on_drop: false }`
[INFO] [stderr]     Blocking waiting for file lock on package cache
[INFO] [stderr]     Finished test [unoptimized + debuginfo] target(s) in 0.25s
[INFO] [stderr]      Running unittests (/opt/rustwide/target/debug/deps/cql_model-130514675883eba9)
[INFO] [stdout] 
[INFO] [stderr]    Doc-tests cql_model
[INFO] [stdout] running 0 tests
[INFO] [stdout] 
[INFO] [stdout] test result: ok. 0 passed; 0 failed; 0 ignored; 0 measured; 0 filtered out; finished in 0.00s
[INFO] [stdout] 
[INFO] [stdout] 
[INFO] [stdout] running 1 test
[INFO] [stdout] test src/cql_model.rs - CqlType (line 16) ... FAILED
[INFO] [stdout] 
[INFO] [stdout] failures:
[INFO] [stdout] 
[INFO] [stdout] ---- src/cql_model.rs - CqlType (line 16) stdout ----
[INFO] [stdout] error[E0405]: cannot find trait `CqlType` in this scope
[INFO] [stdout]  --> src/cql_model.rs:19:6
[INFO] [stdout]   |
[INFO] [stdout] 5 | impl CqlType for TinyText {
[INFO] [stdout]   |      ^^^^^^^ not found in this scope
[INFO] [stdout]   |
[INFO] [stdout] help: consider importing this trait
[INFO] [stdout]   |
[INFO] [stdout] 2 | use cql_model::CqlType;
[INFO] [stdout]   |
[INFO] [stdout] 
[INFO] [stdout] error: aborting due to previous error
[INFO] [stdout] 
[INFO] [stdout] For more information about this error, try `rustc --explain E0405`.
[INFO] [stdout] Couldn't compile the test.
[INFO] [stdout] 
[INFO] [stdout] failures:
[INFO] [stdout]     src/cql_model.rs - CqlType (line 16)
[INFO] [stdout] 
[INFO] [stdout] test result: FAILED. 0 passed; 1 failed; 0 ignored; 0 measured; 0 filtered out; finished in 0.07s
[INFO] [stdout] 
[INFO] [stderr] error: test failed, to rerun pass '--doc'
[INFO] running `Command { std: "docker" "inspect" "9945db835adbf811730faeaa1c0277f26701e95e068c31f9ddd2465fc4f35e81", kill_on_drop: false }`
[INFO] running `Command { std: "docker" "rm" "-f" "9945db835adbf811730faeaa1c0277f26701e95e068c31f9ddd2465fc4f35e81", kill_on_drop: false }`
[INFO] [stdout] 9945db835adbf811730faeaa1c0277f26701e95e068c31f9ddd2465fc4f35e81
