[INFO] fetching crate covid19db 2.0.9...
[INFO] testing covid19db-2.0.9 against 1.54.0 for beta-1.55-1
[INFO] extracting crate covid19db 2.0.9 into /workspace/builds/worker-107/source
[INFO] validating manifest of crates.io crate covid19db 2.0.9 on toolchain 1.54.0
[INFO] running `Command { std: "/workspace/cargo-home/bin/cargo" "+1.54.0" "metadata" "--manifest-path" "Cargo.toml" "--no-deps", kill_on_drop: false }`
[INFO] started tweaking crates.io crate covid19db 2.0.9
[INFO] finished tweaking crates.io crate covid19db 2.0.9
[INFO] tweaked toml for crates.io crate covid19db 2.0.9 written to /workspace/builds/worker-107/source/Cargo.toml
[INFO] crate crates.io crate covid19db 2.0.9 already has a lockfile, it will not be regenerated
[INFO] running `Command { std: "/workspace/cargo-home/bin/cargo" "+1.54.0" "fetch" "--manifest-path" "Cargo.toml", kill_on_drop: false }`
[INFO] [stderr]     Blocking waiting for file lock on package cache
[INFO] [stderr]     Blocking waiting for file lock on package cache
[INFO] running `Command { std: "docker" "create" "-v" "/var/lib/crater-agent-workspace/builds/worker-107/target:/opt/rustwide/target:rw,Z" "-v" "/var/lib/crater-agent-workspace/builds/worker-107/source:/opt/rustwide/workdir:ro,Z" "-v" "/var/lib/crater-agent-workspace/cargo-home:/opt/rustwide/cargo-home:ro,Z" "-v" "/var/lib/crater-agent-workspace/rustup-home:/opt/rustwide/rustup-home:ro,Z" "-e" "SOURCE_DIR=/opt/rustwide/workdir" "-e" "CARGO_TARGET_DIR=/opt/rustwide/target" "-e" "CARGO_HOME=/opt/rustwide/cargo-home" "-e" "RUSTUP_HOME=/opt/rustwide/rustup-home" "-w" "/opt/rustwide/workdir" "-m" "1610612736" "--user" "0:0" "--network" "none" "ghcr.io/rust-lang/crates-build-env/linux@sha256:34b6a614d2c27851fe6cbf88fbd1137609cefab8b10d0615aaeb6fd47975d74e" "/opt/rustwide/cargo-home/bin/cargo" "+1.54.0" "metadata" "--no-deps" "--format-version=1", kill_on_drop: false }`
[INFO] [stdout] e56aa21bb66e0222e665b40ba878e77f2b8250cbcf0b4328d0bc6b4ca7e37d32
[INFO] running `Command { std: "docker" "start" "-a" "e56aa21bb66e0222e665b40ba878e77f2b8250cbcf0b4328d0bc6b4ca7e37d32", kill_on_drop: false }`
[INFO] running `Command { std: "docker" "inspect" "e56aa21bb66e0222e665b40ba878e77f2b8250cbcf0b4328d0bc6b4ca7e37d32", kill_on_drop: false }`
[INFO] running `Command { std: "docker" "rm" "-f" "e56aa21bb66e0222e665b40ba878e77f2b8250cbcf0b4328d0bc6b4ca7e37d32", kill_on_drop: false }`
[INFO] [stdout] e56aa21bb66e0222e665b40ba878e77f2b8250cbcf0b4328d0bc6b4ca7e37d32
[INFO] running `Command { std: "docker" "create" "-v" "/var/lib/crater-agent-workspace/builds/worker-107/target:/opt/rustwide/target:rw,Z" "-v" "/var/lib/crater-agent-workspace/builds/worker-107/source:/opt/rustwide/workdir:ro,Z" "-v" "/var/lib/crater-agent-workspace/cargo-home:/opt/rustwide/cargo-home:ro,Z" "-v" "/var/lib/crater-agent-workspace/rustup-home:/opt/rustwide/rustup-home:ro,Z" "-e" "SOURCE_DIR=/opt/rustwide/workdir" "-e" "CARGO_TARGET_DIR=/opt/rustwide/target" "-e" "CARGO_INCREMENTAL=0" "-e" "RUST_BACKTRACE=full" "-e" "RUSTFLAGS=--cap-lints=warn" "-e" "CARGO_HOME=/opt/rustwide/cargo-home" "-e" "RUSTUP_HOME=/opt/rustwide/rustup-home" "-w" "/opt/rustwide/workdir" "-m" "1610612736" "--user" "0:0" "--network" "none" "ghcr.io/rust-lang/crates-build-env/linux@sha256:34b6a614d2c27851fe6cbf88fbd1137609cefab8b10d0615aaeb6fd47975d74e" "/opt/rustwide/cargo-home/bin/cargo" "+1.54.0" "build" "--frozen" "--message-format=json", kill_on_drop: false }`
[INFO] [stdout] 7e39b7b17f1eb5a5a59a4a3700aeaa43c2d2da8c80ea91276d7a2b24de77d7d8
[INFO] running `Command { std: "docker" "start" "-a" "7e39b7b17f1eb5a5a59a4a3700aeaa43c2d2da8c80ea91276d7a2b24de77d7d8", kill_on_drop: false }`
[INFO] [stderr]     Blocking waiting for file lock on package cache
[INFO] [stderr]    Compiling proc-macro2 v1.0.24
[INFO] [stderr]    Compiling autocfg v1.0.1
[INFO] [stderr]    Compiling unicode-xid v0.2.1
[INFO] [stderr]    Compiling syn v1.0.48
[INFO] [stderr]    Compiling libc v0.2.80
[INFO] [stderr]    Compiling memchr v2.3.4
[INFO] [stderr]    Compiling log v0.4.11
[INFO] [stderr]    Compiling futures-core v0.3.7
[INFO] [stderr]    Compiling cc v1.0.61
[INFO] [stderr]    Compiling slab v0.4.2
[INFO] [stderr]    Compiling pin-project-lite v0.1.11
[INFO] [stderr]    Compiling proc-macro-hack v0.5.19
[INFO] [stderr]    Compiling bytes v0.5.6
[INFO] [stderr]    Compiling fnv v1.0.7
[INFO] [stderr]    Compiling futures-sink v0.3.7
[INFO] [stderr]    Compiling proc-macro-nested v0.1.6
[INFO] [stderr]    Compiling once_cell v1.4.1
[INFO] [stderr]    Compiling pin-utils v0.1.0
[INFO] [stderr]    Compiling byteorder v1.3.4
[INFO] [stderr]    Compiling futures-io v0.3.7
[INFO] [stderr]    Compiling foreign-types-shared v0.1.1
[INFO] [stderr]    Compiling openssl v0.10.30
[INFO] [stderr]    Compiling matches v0.1.8
[INFO] [stderr]    Compiling tinyvec v0.3.4
[INFO] [stderr]    Compiling native-tls v0.2.4
[INFO] [stderr]    Compiling openssl-probe v0.1.2
[INFO] [stderr]    Compiling itoa v0.4.6
[INFO] [stderr]    Compiling pin-project-internal v0.4.27
[INFO] [stderr]    Compiling percent-encoding v2.1.0
[INFO] [stderr]    Compiling serde_derive v1.0.117
[INFO] [stderr]    Compiling version_check v0.9.2
[INFO] [stderr]    Compiling serde v1.0.117
[INFO] [stderr]    Compiling getrandom v0.1.15
[INFO] [stderr]    Compiling hashbrown v0.9.1
[INFO] [stderr]    Compiling regex-syntax v0.6.20
[INFO] [stderr]    Compiling httparse v1.3.4
[INFO] [stderr]    Compiling maplit v1.0.2
[INFO] [stderr]    Compiling try-lock v0.2.3
[INFO] [stderr]    Compiling crc32fast v1.2.1
[INFO] [stderr]    Compiling hex v0.4.2
[INFO] [stderr]    Compiling ryu v1.0.5
[INFO] [stderr]    Compiling encoding_rs v0.8.24
[INFO] [stderr]    Compiling unicode-segmentation v1.6.0
[INFO] [stderr]    Compiling httpdate v0.3.2
[INFO] [stderr]    Compiling ppv-lite86 v0.2.9
[INFO] [stderr]    Compiling tower-service v0.3.0
[INFO] [stderr]    Compiling either v1.6.1
[INFO] [stderr]    Compiling dtoa v0.4.6
[INFO] [stderr]    Compiling adler v0.2.3
[INFO] [stderr]    Compiling dotenv v0.15.0
[INFO] [stderr]    Compiling mime v0.3.16
[INFO] [stderr]    Compiling base64 v0.12.3
[INFO] [stderr]    Compiling remove_dir_all v0.5.3
[INFO] [stderr]    Compiling ipnet v2.3.0
[INFO] [stderr]    Compiling tracing-core v0.1.17
[INFO] [stderr]    Compiling thread_local v1.0.1
[INFO] [stderr]    Compiling foreign-types v0.3.2
[INFO] [stderr]    Compiling unicode-bidi v0.3.4
[INFO] [stderr]    Compiling futures-channel v0.3.7
[INFO] [stderr]    Compiling futures-task v0.3.7
[INFO] [stderr]    Compiling num-traits v0.2.14
[INFO] [stderr]    Compiling num-integer v0.1.44
[INFO] [stderr]    Compiling crossbeam-utils v0.7.2
[INFO] [stderr]    Compiling indexmap v1.6.0
[INFO] [stderr]    Compiling miniz_oxide v0.4.3
[INFO] [stderr]    Compiling heck v0.3.1
[INFO] [stderr]    Compiling unicode-normalization v0.1.13
[INFO] [stderr]    Compiling want v0.3.0
[INFO] [stderr]    Compiling unicase v2.6.0
[INFO] [stderr]    Compiling tracing v0.1.21
[INFO] [stderr]    Compiling http v0.2.1
[INFO] [stderr]    Compiling aho-corasick v0.7.14
[INFO] [stderr]    Compiling csv-core v0.1.10
[INFO] [stderr]    Compiling quote v1.0.7
[INFO] [stderr]    Compiling regex-automata v0.1.9
[INFO] [stderr]    Compiling openssl-sys v0.9.58
[INFO] [stderr]    Compiling libsqlite3-sys v0.17.3
[INFO] [stderr]    Compiling iovec v0.1.4
[INFO] [stderr]    Compiling net2 v0.2.35
[INFO] [stderr]    Compiling num_cpus v1.13.0
[INFO] [stderr]    Compiling time v0.1.44
[INFO] [stderr]    Compiling socket2 v0.3.15
[INFO] [stderr]    Compiling bytes v0.4.12
[INFO] [stderr]    Compiling rand_core v0.5.1
[INFO] [stderr]    Compiling idna v0.2.0
[INFO] [stderr]    Compiling mio v0.6.22
[INFO] [stderr]    Compiling flate2 v1.0.18
[INFO] [stderr]    Compiling mime_guess v2.0.3
[INFO] [stderr]    Compiling rand_chacha v0.2.2
[INFO] [stderr]    Compiling crossbeam-queue v0.2.3
[INFO] [stderr]    Compiling rand v0.7.3
[INFO] [stderr]    Compiling url v2.1.1
[INFO] [stderr]    Compiling regex v1.4.1
[INFO] [stderr]    Compiling chrono v0.4.19
[INFO] [stderr]    Compiling http-body v0.3.1
[INFO] [stderr]    Compiling tempfile v3.1.0
[INFO] [stderr]    Compiling sqlformat v0.1.1
[INFO] [stderr]    Compiling julianday v0.2.0
[INFO] [stderr]    Compiling pin-project-internal v1.0.1
[INFO] [stderr]    Compiling tokio-macros v0.2.5
[INFO] [stderr]    Compiling futures-macro v0.3.7
[INFO] [stderr]    Compiling thiserror-impl v1.0.21
[INFO] [stderr]    Compiling async-stream-impl v0.2.1
[INFO] [stderr]    Compiling tokio v0.2.22
[INFO] [stderr]    Compiling async-stream v0.2.1
[INFO] [stderr]    Compiling thiserror v1.0.21
[INFO] [stderr]    Compiling pin-project v1.0.1
[INFO] [stderr]    Compiling pin-project v0.4.27
[INFO] [stderr]    Compiling futures-util v0.3.7
[INFO] [stderr]    Compiling tracing-futures v0.2.4
[INFO] [stderr]    Compiling tokio-util v0.3.1
[INFO] [stderr]    Compiling async-native-tls v0.3.3
[INFO] [stderr]    Compiling tokio-tls v0.3.1
[INFO] [stderr]    Compiling futures-executor v0.3.7
[INFO] [stderr]    Compiling h2 v0.2.7
[INFO] [stderr]    Compiling sqlx-core v0.3.5
[INFO] [stderr]    Compiling futures v0.3.7
[INFO] [stderr]    Compiling tokio-socks v0.2.2
[INFO] [stderr]    Compiling sqlx-macros v0.3.5
[INFO] [stderr]    Compiling bstr v0.2.14
[INFO] [stderr]    Compiling serde_urlencoded v0.6.1
[INFO] [stderr]    Compiling csv v1.1.3
[INFO] [stderr]    Compiling hyper v0.13.8
[INFO] [stderr]    Compiling sqlx v0.3.5
[INFO] [stderr]    Compiling hyper-tls v0.4.3
[INFO] [stderr]    Compiling reqwest v0.10.8
[INFO] [stderr]    Compiling covid19db v2.0.9 (/opt/rustwide/workdir)
[INFO] [stderr]     Finished dev [unoptimized + debuginfo] target(s) in 46.06s
[INFO] running `Command { std: "docker" "inspect" "7e39b7b17f1eb5a5a59a4a3700aeaa43c2d2da8c80ea91276d7a2b24de77d7d8", kill_on_drop: false }`
[INFO] running `Command { std: "docker" "rm" "-f" "7e39b7b17f1eb5a5a59a4a3700aeaa43c2d2da8c80ea91276d7a2b24de77d7d8", kill_on_drop: false }`
[INFO] [stdout] 7e39b7b17f1eb5a5a59a4a3700aeaa43c2d2da8c80ea91276d7a2b24de77d7d8
[INFO] running `Command { std: "docker" "create" "-v" "/var/lib/crater-agent-workspace/builds/worker-107/target:/opt/rustwide/target:rw,Z" "-v" "/var/lib/crater-agent-workspace/builds/worker-107/source:/opt/rustwide/workdir:ro,Z" "-v" "/var/lib/crater-agent-workspace/cargo-home:/opt/rustwide/cargo-home:ro,Z" "-v" "/var/lib/crater-agent-workspace/rustup-home:/opt/rustwide/rustup-home:ro,Z" "-e" "SOURCE_DIR=/opt/rustwide/workdir" "-e" "CARGO_TARGET_DIR=/opt/rustwide/target" "-e" "CARGO_INCREMENTAL=0" "-e" "RUST_BACKTRACE=full" "-e" "RUSTFLAGS=--cap-lints=warn" "-e" "CARGO_HOME=/opt/rustwide/cargo-home" "-e" "RUSTUP_HOME=/opt/rustwide/rustup-home" "-w" "/opt/rustwide/workdir" "-m" "1610612736" "--user" "0:0" "--network" "none" "ghcr.io/rust-lang/crates-build-env/linux@sha256:34b6a614d2c27851fe6cbf88fbd1137609cefab8b10d0615aaeb6fd47975d74e" "/opt/rustwide/cargo-home/bin/cargo" "+1.54.0" "test" "--frozen" "--no-run" "--message-format=json", kill_on_drop: false }`
[INFO] [stdout] 6431e77eda77c2eb0b1836710690448fd5e89e9edff50e1ef1dc11558fdd36ca
[INFO] running `Command { std: "docker" "start" "-a" "6431e77eda77c2eb0b1836710690448fd5e89e9edff50e1ef1dc11558fdd36ca", kill_on_drop: false }`
[INFO] [stderr]     Blocking waiting for file lock on package cache
[INFO] [stderr]     Blocking waiting for file lock on package cache
[INFO] [stderr]    Compiling covid19db v2.0.9 (/opt/rustwide/workdir)
[INFO] [stderr]     Finished test [unoptimized + debuginfo] target(s) in 4.17s
[INFO] running `Command { std: "docker" "inspect" "6431e77eda77c2eb0b1836710690448fd5e89e9edff50e1ef1dc11558fdd36ca", kill_on_drop: false }`
[INFO] running `Command { std: "docker" "rm" "-f" "6431e77eda77c2eb0b1836710690448fd5e89e9edff50e1ef1dc11558fdd36ca", kill_on_drop: false }`
[INFO] [stdout] 6431e77eda77c2eb0b1836710690448fd5e89e9edff50e1ef1dc11558fdd36ca
[INFO] running `Command { std: "docker" "create" "-v" "/var/lib/crater-agent-workspace/builds/worker-107/target:/opt/rustwide/target:rw,Z" "-v" "/var/lib/crater-agent-workspace/builds/worker-107/source:/opt/rustwide/workdir:ro,Z" "-v" "/var/lib/crater-agent-workspace/cargo-home:/opt/rustwide/cargo-home:ro,Z" "-v" "/var/lib/crater-agent-workspace/rustup-home:/opt/rustwide/rustup-home:ro,Z" "-e" "SOURCE_DIR=/opt/rustwide/workdir" "-e" "CARGO_TARGET_DIR=/opt/rustwide/target" "-e" "CARGO_INCREMENTAL=0" "-e" "RUST_BACKTRACE=full" "-e" "RUSTFLAGS=--cap-lints=warn" "-e" "CARGO_HOME=/opt/rustwide/cargo-home" "-e" "RUSTUP_HOME=/opt/rustwide/rustup-home" "-w" "/opt/rustwide/workdir" "-m" "1610612736" "--user" "0:0" "--network" "none" "ghcr.io/rust-lang/crates-build-env/linux@sha256:34b6a614d2c27851fe6cbf88fbd1137609cefab8b10d0615aaeb6fd47975d74e" "/opt/rustwide/cargo-home/bin/cargo" "+1.54.0" "test" "--frozen", kill_on_drop: false }`
[INFO] [stdout] c5aa8507ca09a280ab5b1140a0bae1d62a3c716949607d6f983b80e71961c412
[INFO] running `Command { std: "docker" "start" "-a" "c5aa8507ca09a280ab5b1140a0bae1d62a3c716949607d6f983b80e71961c412", kill_on_drop: false }`
[INFO] [stderr]     Blocking waiting for file lock on package cache
[INFO] [stderr]     Blocking waiting for file lock on package cache
[INFO] [stderr]     Finished test [unoptimized + debuginfo] target(s) in 2.46s
[INFO] [stderr]      Running unittests (/opt/rustwide/target/debug/deps/covid19db-3702facb4cb1c8ca)
[INFO] [stderr]      Running unittests (/opt/rustwide/target/debug/deps/covid19db_loader-ff4bde6ddc56635b)
[INFO] [stdout] 
[INFO] [stdout] running 0 tests
[INFO] [stdout] 
[INFO] [stdout] test result: ok. 0 passed; 0 failed; 0 ignored; 0 measured; 0 filtered out; finished in 0.00s
[INFO] [stdout] 
[INFO] [stderr]    Doc-tests covid19db
[INFO] [stdout] 
[INFO] [stdout] running 0 tests
[INFO] [stdout] 
[INFO] [stdout] test result: ok. 0 passed; 0 failed; 0 ignored; 0 measured; 0 filtered out; finished in 0.00s
[INFO] [stdout] 
[INFO] [stdout] 
[INFO] [stdout] running 22 tests
[INFO] [stdout] test src/dateutil.rs - dateutil::dateutc_to_datelocal (line 298) ... FAILED
[INFO] [stdout] test src/dateutil.rs - dateutil::day_to_dateutc (line 55) ... FAILED
[INFO] [stdout] test src/dateutil.rs - dateutil::jd_to_dateutc (line 109) ... FAILED
[INFO] [stdout] test src/dateutil.rs - dateutil::jd_to_nd (line 95) ... FAILED
[INFO] [stdout] test src/dateutil.rs - dateutil::day_to_nd (line 41) ... FAILED
[INFO] [stdout] test src/dateutil.rs - dateutil::ymd_to_dateutc (line 231) ... FAILED
[INFO] [stdout] test src/dateutil.rs - dateutil::dateutc_to_ymd (line 284) ... FAILED
[INFO] [stdout] test src/dateutil.rs - dateutil::jd_to_ymd (line 123) ... FAILED
[INFO] [stdout] test src/dateutil.rs - dateutil::nd_to_jd (line 137) ... FAILED
[INFO] [stdout] test src/dateutil.rs - dateutil::day_to_jd (line 25) ... FAILED
[INFO] [stdout] test src/dateutil.rs - dateutil::day_to_ymd (line 69) ... FAILED
[INFO] [stdout] test src/dateutil.rs - dateutil::datelocal_to_dateutc (line 313) ... FAILED
[INFO] [stdout] test src/dateutil.rs - dateutil::dateutc_to_jd (line 270) ... FAILED
[INFO] [stdout] test src/dateutil.rs - dateutil::dateutc_to_nd (line 244) ... FAILED
[INFO] [stdout] test src/dateutil.rs - dateutil::jd_to_day (line 81) ... FAILED
[INFO] [stdout] test src/dateutil.rs - dateutil::nd_to_dateutc (line 151) ... FAILED
[INFO] [stdout] test src/dateutil.rs - dateutil::ymd_to_jd (line 217) ... FAILED
[INFO] [stdout] test src/dateutil.rs - dateutil::nd_to_ymd (line 178) ... FAILED
[INFO] [stdout] test src/dateutil.rs - dateutil::ymd_to_nd (line 191) ... FAILED
[INFO] [stdout] test src/dateutil.rs - dateutil::dateutc_to_day (line 257) ... FAILED
[INFO] [stdout] test src/dateutil.rs - dateutil::ymd_to_day (line 204) ... FAILED
[INFO] [stdout] test src/dateutil.rs - dateutil::nd_to_day (line 165) ... FAILED
[INFO] [stdout] 
[INFO] [stdout] failures:
[INFO] [stdout] 
[INFO] [stdout] ---- src/dateutil.rs - dateutil::dateutc_to_datelocal (line 298) stdout ----
[INFO] [stdout] Couldn't compile the test.
[INFO] [stdout] ---- src/dateutil.rs - dateutil::day_to_dateutc (line 55) stdout ----
[INFO] [stdout] Couldn't compile the test.
[INFO] [stdout] ---- src/dateutil.rs - dateutil::jd_to_dateutc (line 109) stdout ----
[INFO] [stdout] Couldn't compile the test.
[INFO] [stdout] ---- src/dateutil.rs - dateutil::jd_to_nd (line 95) stdout ----
[INFO] [stdout] Couldn't compile the test.
[INFO] [stdout] ---- src/dateutil.rs - dateutil::day_to_nd (line 41) stdout ----
[INFO] [stdout] error: linking with `cc` failed: exit status: 1
[INFO] [stdout]   |
[INFO] [stdout]   = note: "cc" "-m64" "/tmp/rustdocteststZbGv/rust_out.rust_out.7rcbfp3g-cgu.0.rcgu.o" "/tmp/rustdocteststZbGv/rust_out.33dyzt1ekirinwy8.rcgu.o" "-Wl,--as-needed" "-L" "/opt/rustwide/target/debug/deps" "-L" "/opt/rustwide/target/debug/deps" "-L" "/opt/rustwide/target/debug/build/libsqlite3-sys-db8e65de24bfd707/out" "-L" "/opt/rustwide/rustup-home/toolchains/1.54.0-x86_64-unknown-linux-gnu/lib/rustlib/x86_64-unknown-linux-gnu/lib" "-Wl,-Bstatic" "/opt/rustwide/target/debug/deps/libcovid19db-18f8f32cb438f874.rlib" "/opt/rustwide/target/debug/deps/libcsv-1f408a4331dada8a.rlib" "/opt/rustwide/target/debug/deps/libryu-059aa1fbb24cd15e.rlib" "/opt/rustwide/target/debug/deps/libcsv_core-d10d0c852c922500.rlib" "/opt/rustwide/target/debug/deps/libbstr-89b043d3f440810c.rlib" "/opt/rustwide/target/debug/deps/libregex_automata-4b0e9314410b14e9.rlib" "/opt/rustwide/target/debug/deps/libbyteorder-d836ba3e41654e24.rlib" "/opt/rustwide/target/debug/deps/libtempfile-1a83ae2f576aa6fc.rlib" "/opt/rustwide/target/debug/deps/librand-27d1114bef604241.rlib" "/opt/rustwide/target/debug/deps/librand_chacha-5bbaa3b108a6e255.rlib" "/opt/rustwide/target/debug/deps/libppv_lite86-e9df1654e1a6cee2.rlib" "/opt/rustwide/target/debug/deps/librand_core-62424ba519e502dd.rlib" "/opt/rustwide/target/debug/deps/libgetrandom-9b785a022359cb7b.rlib" "/opt/rustwide/target/debug/deps/libremove_dir_all-80ef6726c25ad48c.rlib" "/opt/rustwide/target/debug/deps/libreqwest-7dc4348fb6e8b387.rlib" "/opt/rustwide/target/debug/deps/libhyper_tls-b17f1c8e93d94c16.rlib" "/opt/rustwide/target/debug/deps/libserde_urlencoded-d3481b78d2aeb170.rlib" "/opt/rustwide/target/debug/deps/libdtoa-19d6f1dd97068a3c.rlib" "/opt/rustwide/target/debug/deps/libipnet-ea18a4d807066a23.rlib" "/opt/rustwide/target/debug/deps/libtokio_socks-c8c1a0a8a0cb1438.rlib" "/opt/rustwide/target/debug/deps/libthiserror-89af0768524120eb.rlib" "/opt/rustwide/target/debug/deps/libfutures-3b1c265793d883ef.rlib" "/opt/rustwide/target/debug/deps/libfutures_executor-4fb63991ece2d41d.rlib" "/opt/rustwide/target/debug/deps/libeither-a4aed9cad0e06bb2.rlib" "/opt/rustwide/target/debug/deps/libtokio_tls-2e2949b50381264b.rlib" "/opt/rustwide/target/debug/deps/libencoding_rs-d36537f3240841cb.rlib" "/opt/rustwide/target/debug/deps/libserde-8cb130ba8215a125.rlib" "/opt/rustwide/target/debug/deps/libbase64-e2a906ac29617111.rlib" "/opt/rustwide/target/debug/deps/libmime_guess-53ac31b7231bfa62.rlib" "/opt/rustwide/target/debug/deps/libunicase-4a08b382c01023e9.rlib" "/opt/rustwide/target/debug/deps/libmime-12522ef5c2462da9.rlib" "/opt/rustwide/target/debug/deps/libnative_tls-67bb53ed7e8c2c93.rlib" "/opt/rustwide/target/debug/deps/libopenssl_probe-448ee40efb9df675.rlib" "/opt/rustwide/target/debug/deps/libopenssl-dc3b7180a5209437.rlib" "/opt/rustwide/target/debug/deps/libopenssl_sys-a6834babb36b9337.rlib" "/opt/rustwide/target/debug/deps/libforeign_types-6dd7ccee81750d2f.rlib" "/opt/rustwide/target/debug/deps/libforeign_types_shared-1812f2e1ab1a4883.rlib" "/opt/rustwide/target/debug/deps/libhyper-ddaa2ac00596e414.rlib" "/opt/rustwide/target/debug/deps/libhttparse-7d96f3722cd1a069.rlib" "/opt/rustwide/target/debug/deps/libwant-3cb9a4b0fbd1e2a2.rlib" "/opt/rustwide/target/debug/deps/libtry_lock-a39996d6fbbee158.rlib" "/opt/rustwide/target/debug/deps/libh2-f517cc24a0f0b464.rlib" "/opt/rustwide/target/debug/deps/libtracing_futures-0ae71b99068d2697.rlib" "/opt/rustwide/target/debug/deps/libindexmap-8f1d3499b7c7d0af.rlib" "/opt/rustwide/target/debug/deps/libhashbrown-a70fed2d776e2164.rlib" "/opt/rustwide/target/debug/deps/libtokio_util-3576ce3cd725cb07.rlib" "/opt/rustwide/target/debug/deps/libhttpdate-ec1c6030e5d9e9dd.rlib" "/opt/rustwide/target/debug/deps/libsocket2-0266877a48d4b88a.rlib" "/opt/rustwide/target/debug/deps/libtower_service-f2293a18d860c644.rlib" "/opt/rustwide/target/debug/deps/libpin_project-493c80b5c3a2d587.rlib" "/opt/rustwide/target/debug/deps/libtracing-ae56a71f5291f8bf.rlib" "/opt/rustwide/target/debug/deps/libtracing_core-0927c15890bc5e5e.rlib" "/opt/rustwide/target/debug/deps/libhttp_body-2ff0beaf1fa10990.rlib" "/opt/rustwide/target/debug/deps/libhttp-7c3597d91cba9205.rlib" "/opt/rustwide/target/debug/deps/libitoa-2cab92f94c2667a9.rlib" "/opt/rustwide/target/debug/deps/libflate2-a5a447e59e12e864.rlib" "/opt/rustwide/target/debug/deps/libminiz_oxide-e7897a64750b5c49.rlib" "/opt/rustwide/target/debug/deps/libadler-bd67535c449a3717.rlib" "/opt/rustwide/target/debug/deps/libcrc32fast-e6a82e63ff40e00b.rlib" "/opt/rustwide/target/debug/deps/libcfg_if-38c8a3e888ecb06a.rlib" "/opt/rustwide/target/debug/deps/libsqlx-b19e6df852ba2c12.rlib" "/opt/rustwide/target/debug/deps/libsqlx_core-4e6e03f2d319fc6b.rlib" "/opt/rustwide/target/debug/deps/libsqlformat-4b11786b7f50a3e3.rlib" "/opt/rustwide/target/debug/deps/libmaplit-c7915d2ae04ba2e5.rlib" "/opt/rustwide/target/debug/deps/libregex-7e099780f390800a.rlib" "/opt/rustwide/target/debug/deps/libthread_local-79a746b2b8f7bdad.rlib" "/opt/rustwide/target/debug/deps/libregex_syntax-9314dde5e883aab1.rlib" "/opt/rustwide/target/debug/deps/libaho_corasick-8d8d5114065812fa.rlib" "/opt/rustwide/target/debug/deps/liburl-ed77f9cd94a69bae.rlib" "/opt/rustwide/target/debug/deps/libpercent_encoding-549c334c22432c49.rlib" "/opt/rustwide/target/debug/deps/libidna-cd516107805d4967.rlib" "/opt/rustwide/target/debug/deps/libunicode_normalization-aedd075bc9eb3692.rlib" "/opt/rustwide/target/debug/deps/libtinyvec-c850b7ec86bd6639.rlib" "/opt/rustwide/target/debug/deps/libunicode_bidi-658b16b5d9bb5631.rlib" "/opt/rustwide/target/debug/deps/libmatches-5bfcef5685786a07.rlib" "/opt/rustwide/target/debug/deps/libbitflags-f89ae4b715176e2d.rlib" "/opt/rustwide/target/debug/deps/liblibsqlite3_sys-512939f8cad237f0.rlib" "/opt/rustwide/target/debug/deps/libasync_stream-1c1a2492baa955f6.rlib" "/opt/rustwide/target/debug/deps/libfutures_util-0d1758e5b836b19d.rlib" "/opt/rustwide/target/debug/deps/libproc_macro_nested-33934ecbf1745751.rlib" "/opt/rustwide/target/debug/deps/libfutures_io-63999c3ebd48b04d.rlib" "/opt/rustwide/target/debug/deps/libfutures_channel-6399912be141ed31.rlib" "/opt/rustwide/target/debug/deps/libpin_project-ad2e15febbd60cc2.rlib" "/opt/rustwide/target/debug/deps/libfutures_sink-23d6060ed189bbb8.rlib" "/opt/rustwide/target/debug/deps/libfutures_task-237719af7a1664ae.rlib" "/opt/rustwide/target/debug/deps/libonce_cell-9a69dd56775c894a.rlib" "/opt/rustwide/target/debug/deps/libpin_utils-576e633f12357c97.rlib" "/opt/rustwide/target/debug/deps/libcrossbeam_queue-49cb616d4e165365.rlib" "/opt/rustwide/target/debug/deps/libcrossbeam_utils-e3cfd5a65df37bf5.rlib" "/opt/rustwide/target/debug/deps/liblazy_static-5c53d641eb010a81.rlib" "/opt/rustwide/target/debug/deps/libmaybe_uninit-17ac005437abed86.rlib" "/opt/rustwide/target/debug/deps/libtokio-292bc3e2a35ddc0c.rlib" "/opt/rustwide/target/debug/deps/libnum_cpus-b0e37bd7bfd8f8d0.rlib" "/opt/rustwide/target/debug/deps/libmemchr-9559fd627c3017a7.rlib" "/opt/rustwide/target/debug/deps/libfnv-56e05e18a5751d51.rlib" "/opt/rustwide/target/debug/deps/libmio-091d9664fddb7ad7.rlib" "/opt/rustwide/target/debug/deps/liblog-00ac55f4644ef2c9.rlib" "/opt/rustwide/target/debug/deps/libslab-a95947d689540fa4.rlib" "/opt/rustwide/target/debug/deps/libiovec-171232b970034688.rlib" "/opt/rustwide/target/debug/deps/libnet2-ecfdb4b676d8dad1.rlib" "/opt/rustwide/target/debug/deps/libcfg_if-e7a28af79b261e75.rlib" "/opt/rustwide/target/debug/deps/libfutures_core-bcc6796a0546b994.rlib" "/opt/rustwide/target/debug/deps/libbytes-4adc91177522b7b0.rlib" "/opt/rustwide/target/debug/deps/libpin_project_lite-a846630f4822496e.rlib" "/opt/rustwide/target/debug/deps/libjulianday-29cd86cce540f220.rlib" "/opt/rustwide/target/debug/deps/libchrono-6b48a5babb3e0cb1.rlib" "/opt/rustwide/target/debug/deps/libnum_integer-016eaeb10a6f0eb9.rlib" "/opt/rustwide/target/debug/deps/libnum_traits-3ea67f5534c2ade7.rlib" "/opt/rustwide/target/debug/deps/libtime-f4c9e64b11c11441.rlib" "/opt/rustwide/target/debug/deps/liblibc-21f1f63d3b3c1b06.rlib" "-Wl,--start-group" "/opt/rustwide/rustup-home/toolchains/1.54.0-x86_64-unknown-linux-gnu/lib/rustlib/x86_64-unknown-linux-gnu/lib/libstd-2420485b9e5ef5e1.rlib" "/opt/rustwide/rustup-home/toolchains/1.54.0-x86_64-unknown-linux-gnu/lib/rustlib/x86_64-unknown-linux-gnu/lib/libpanic_unwind-785e3cb61c4b1960.rlib" "/opt/rustwide/rustup-home/toolchains/1.54.0-x86_64-unknown-linux-gnu/lib/rustlib/x86_64-unknown-linux-gnu/lib/libminiz_oxide-087191a88bdaa22d.rlib" "/opt/rustwide/rustup-home/toolchains/1.54.0-x86_64-unknown-linux-gnu/lib/rustlib/x86_64-unknown-linux-gnu/lib/libadler-9981842c02975178.rlib" "/opt/rustwide/rustup-home/toolchains/1.54.0-x86_64-unknown-linux-gnu/lib/rustlib/x86_64-unknown-linux-gnu/lib/libobject-6fb405869b015fde.rlib" "/opt/rustwide/rustup-home/toolchains/1.54.0-x86_64-unknown-linux-gnu/lib/rustlib/x86_64-unknown-linux-gnu/lib/libaddr2line-d05c5c3c56004b7b.rlib" "/opt/rustwide/rustup-home/toolchains/1.54.0-x86_64-unknown-linux-gnu/lib/rustlib/x86_64-unknown-linux-gnu/lib/libgimli-42d74d2097528b38.rlib" "/opt/rustwide/rustup-home/toolchains/1.54.0-x86_64-unknown-linux-gnu/lib/rustlib/x86_64-unknown-linux-gnu/lib/libstd_detect-fb36534c113d2209.rlib" "/opt/rustwide/rustup-home/toolchains/1.54.0-x86_64-unknown-linux-gnu/lib/rustlib/x86_64-unknown-linux-gnu/lib/librustc_demangle-b56b9042c12b6535.rlib" "/opt/rustwide/rustup-home/toolchains/1.54.0-x86_64-unknown-linux-gnu/lib/rustlib/x86_64-unknown-linux-gnu/lib/libhashbrown-491902d6cb3e76df.rlib" "/opt/rustwide/rustup-home/toolchains/1.54.0-x86_64-unknown-linux-gnu/lib/rustlib/x86_64-unknown-linux-gnu/lib/librustc_std_workspace_alloc-61834e0981b8c367.rlib" "/opt/rustwide/rustup-home/toolchains/1.54.0-x86_64-unknown-linux-gnu/lib/rustlib/x86_64-unknown-linux-gnu/lib/libunwind-f78aa99d613a55bc.rlib" "/opt/rustwide/rustup-home/toolchains/1.54.0-x86_64-unknown-linux-gnu/lib/rustlib/x86_64-unknown-linux-gnu/lib/libcfg_if-53ee54cd7fed2c57.rlib" "/opt/rustwide/rustup-home/toolchains/1.54.0-x86_64-unknown-linux-gnu/lib/rustlib/x86_64-unknown-linux-gnu/lib/liblibc-544ecdbd6cda3c58.rlib" "/opt/rustwide/rustup-home/toolchains/1.54.0-x86_64-unknown-linux-gnu/lib/rustlib/x86_64-unknown-linux-gnu/lib/liballoc-379cc252b6943a79.rlib" "/opt/rustwide/rustup-home/toolchains/1.54.0-x86_64-unknown-linux-gnu/lib/rustlib/x86_64-unknown-linux-gnu/lib/librustc_std_workspace_core-8063eea38dcc5e62.rlib" "/opt/rustwide/rustup-home/toolchains/1.54.0-x86_64-unknown-linux-gnu/lib/rustlib/x86_64-unknown-linux-gnu/lib/libcore-5b228734afae15ee.rlib" "-Wl,--end-group" "/opt/rustwide/rustup-home/toolchains/1.54.0-x86_64-unknown-linux-gnu/lib/rustlib/x86_64-unknown-linux-gnu/lib/libcompiler_builtins-d6c7a399d95d173f.rlib" "-Wl,-Bdynamic" "-lssl" "-lcrypto" "-lgcc_s" "-lutil" "-lrt" "-lpthread" "-lm" "-ldl" "-lc" "-Wl,--eh-frame-hdr" "-Wl,-znoexecstack" "-L" "/opt/rustwide/rustup-home/toolchains/1.54.0-x86_64-unknown-linux-gnu/lib/rustlib/x86_64-unknown-linux-gnu/lib" "-o" "/tmp/rustdocteststZbGv/rust_out" "-Wl,--gc-sections" "-pie" "-Wl,-zrelro" "-Wl,-znow" "-nodefaultlibs"
[INFO] [stdout]   = note: collect2: fatal error: ld terminated with signal 9 [Killed]
[INFO] [stdout]           compilation terminated.
[INFO] [stdout]           
[INFO] [stdout] 
[INFO] [stdout] error: aborting due to previous error
[INFO] [stdout] 
[INFO] [stdout] Couldn't compile the test.
[INFO] [stdout] ---- src/dateutil.rs - dateutil::ymd_to_dateutc (line 231) stdout ----
[INFO] [stdout] Couldn't compile the test.
[INFO] [stdout] ---- src/dateutil.rs - dateutil::dateutc_to_ymd (line 284) stdout ----
[INFO] [stdout] Couldn't compile the test.
[INFO] [stdout] ---- src/dateutil.rs - dateutil::jd_to_ymd (line 123) stdout ----
[INFO] [stdout] Couldn't compile the test.
[INFO] [stdout] ---- src/dateutil.rs - dateutil::nd_to_jd (line 137) stdout ----
[INFO] [stdout] Couldn't compile the test.
[INFO] [stdout] ---- src/dateutil.rs - dateutil::day_to_jd (line 25) stdout ----
[INFO] [stdout] Couldn't compile the test.
[INFO] [stdout] ---- src/dateutil.rs - dateutil::day_to_ymd (line 69) stdout ----
[INFO] [stdout] Couldn't compile the test.
[INFO] [stdout] ---- src/dateutil.rs - dateutil::datelocal_to_dateutc (line 313) stdout ----
[INFO] [stdout] Couldn't compile the test.
[INFO] [stdout] ---- src/dateutil.rs - dateutil::dateutc_to_jd (line 270) stdout ----
[INFO] [stdout] Couldn't compile the test.
[INFO] [stdout] ---- src/dateutil.rs - dateutil::dateutc_to_nd (line 244) stdout ----
[INFO] [stdout] Couldn't compile the test.
[INFO] [stdout] ---- src/dateutil.rs - dateutil::jd_to_day (line 81) stdout ----
[INFO] [stdout] error: linking with `cc` failed: exit status: 1
[INFO] [stdout]   |
[INFO] [stdout]   = note: "cc" "-m64" "/tmp/rustdoctestcxBrGC/rust_out.rust_out.7rcbfp3g-cgu.0.rcgu.o" "/tmp/rustdoctestcxBrGC/rust_out.33dyzt1ekirinwy8.rcgu.o" "-Wl,--as-needed" "-L" "/opt/rustwide/target/debug/deps" "-L" "/opt/rustwide/target/debug/deps" "-L" "/opt/rustwide/target/debug/build/libsqlite3-sys-db8e65de24bfd707/out" "-L" "/opt/rustwide/rustup-home/toolchains/1.54.0-x86_64-unknown-linux-gnu/lib/rustlib/x86_64-unknown-linux-gnu/lib" "-Wl,-Bstatic" "/opt/rustwide/target/debug/deps/libcovid19db-18f8f32cb438f874.rlib" "/opt/rustwide/target/debug/deps/libcsv-1f408a4331dada8a.rlib" "/opt/rustwide/target/debug/deps/libryu-059aa1fbb24cd15e.rlib" "/opt/rustwide/target/debug/deps/libcsv_core-d10d0c852c922500.rlib" "/opt/rustwide/target/debug/deps/libbstr-89b043d3f440810c.rlib" "/opt/rustwide/target/debug/deps/libregex_automata-4b0e9314410b14e9.rlib" "/opt/rustwide/target/debug/deps/libbyteorder-d836ba3e41654e24.rlib" "/opt/rustwide/target/debug/deps/libtempfile-1a83ae2f576aa6fc.rlib" "/opt/rustwide/target/debug/deps/librand-27d1114bef604241.rlib" "/opt/rustwide/target/debug/deps/librand_chacha-5bbaa3b108a6e255.rlib" "/opt/rustwide/target/debug/deps/libppv_lite86-e9df1654e1a6cee2.rlib" "/opt/rustwide/target/debug/deps/librand_core-62424ba519e502dd.rlib" "/opt/rustwide/target/debug/deps/libgetrandom-9b785a022359cb7b.rlib" "/opt/rustwide/target/debug/deps/libremove_dir_all-80ef6726c25ad48c.rlib" "/opt/rustwide/target/debug/deps/libreqwest-7dc4348fb6e8b387.rlib" "/opt/rustwide/target/debug/deps/libhyper_tls-b17f1c8e93d94c16.rlib" "/opt/rustwide/target/debug/deps/libserde_urlencoded-d3481b78d2aeb170.rlib" "/opt/rustwide/target/debug/deps/libdtoa-19d6f1dd97068a3c.rlib" "/opt/rustwide/target/debug/deps/libipnet-ea18a4d807066a23.rlib" "/opt/rustwide/target/debug/deps/libtokio_socks-c8c1a0a8a0cb1438.rlib" "/opt/rustwide/target/debug/deps/libthiserror-89af0768524120eb.rlib" "/opt/rustwide/target/debug/deps/libfutures-3b1c265793d883ef.rlib" "/opt/rustwide/target/debug/deps/libfutures_executor-4fb63991ece2d41d.rlib" "/opt/rustwide/target/debug/deps/libeither-a4aed9cad0e06bb2.rlib" "/opt/rustwide/target/debug/deps/libtokio_tls-2e2949b50381264b.rlib" "/opt/rustwide/target/debug/deps/libencoding_rs-d36537f3240841cb.rlib" "/opt/rustwide/target/debug/deps/libserde-8cb130ba8215a125.rlib" "/opt/rustwide/target/debug/deps/libbase64-e2a906ac29617111.rlib" "/opt/rustwide/target/debug/deps/libmime_guess-53ac31b7231bfa62.rlib" "/opt/rustwide/target/debug/deps/libunicase-4a08b382c01023e9.rlib" "/opt/rustwide/target/debug/deps/libmime-12522ef5c2462da9.rlib" "/opt/rustwide/target/debug/deps/libnative_tls-67bb53ed7e8c2c93.rlib" "/opt/rustwide/target/debug/deps/libopenssl_probe-448ee40efb9df675.rlib" "/opt/rustwide/target/debug/deps/libopenssl-dc3b7180a5209437.rlib" "/opt/rustwide/target/debug/deps/libopenssl_sys-a6834babb36b9337.rlib" "/opt/rustwide/target/debug/deps/libforeign_types-6dd7ccee81750d2f.rlib" "/opt/rustwide/target/debug/deps/libforeign_types_shared-1812f2e1ab1a4883.rlib" "/opt/rustwide/target/debug/deps/libhyper-ddaa2ac00596e414.rlib" "/opt/rustwide/target/debug/deps/libhttparse-7d96f3722cd1a069.rlib" "/opt/rustwide/target/debug/deps/libwant-3cb9a4b0fbd1e2a2.rlib" "/opt/rustwide/target/debug/deps/libtry_lock-a39996d6fbbee158.rlib" "/opt/rustwide/target/debug/deps/libh2-f517cc24a0f0b464.rlib" "/opt/rustwide/target/debug/deps/libtracing_futures-0ae71b99068d2697.rlib" "/opt/rustwide/target/debug/deps/libindexmap-8f1d3499b7c7d0af.rlib" "/opt/rustwide/target/debug/deps/libhashbrown-a70fed2d776e2164.rlib" "/opt/rustwide/target/debug/deps/libtokio_util-3576ce3cd725cb07.rlib" "/opt/rustwide/target/debug/deps/libhttpdate-ec1c6030e5d9e9dd.rlib" "/opt/rustwide/target/debug/deps/libsocket2-0266877a48d4b88a.rlib" "/opt/rustwide/target/debug/deps/libtower_service-f2293a18d860c644.rlib" "/opt/rustwide/target/debug/deps/libpin_project-493c80b5c3a2d587.rlib" "/opt/rustwide/target/debug/deps/libtracing-ae56a71f5291f8bf.rlib" "/opt/rustwide/target/debug/deps/libtracing_core-0927c15890bc5e5e.rlib" "/opt/rustwide/target/debug/deps/libhttp_body-2ff0beaf1fa10990.rlib" "/opt/rustwide/target/debug/deps/libhttp-7c3597d91cba9205.rlib" "/opt/rustwide/target/debug/deps/libitoa-2cab92f94c2667a9.rlib" "/opt/rustwide/target/debug/deps/libflate2-a5a447e59e12e864.rlib" "/opt/rustwide/target/debug/deps/libminiz_oxide-e7897a64750b5c49.rlib" "/opt/rustwide/target/debug/deps/libadler-bd67535c449a3717.rlib" "/opt/rustwide/target/debug/deps/libcrc32fast-e6a82e63ff40e00b.rlib" "/opt/rustwide/target/debug/deps/libcfg_if-38c8a3e888ecb06a.rlib" "/opt/rustwide/target/debug/deps/libsqlx-b19e6df852ba2c12.rlib" "/opt/rustwide/target/debug/deps/libsqlx_core-4e6e03f2d319fc6b.rlib" "/opt/rustwide/target/debug/deps/libsqlformat-4b11786b7f50a3e3.rlib" "/opt/rustwide/target/debug/deps/libmaplit-c7915d2ae04ba2e5.rlib" "/opt/rustwide/target/debug/deps/libregex-7e099780f390800a.rlib" "/opt/rustwide/target/debug/deps/libthread_local-79a746b2b8f7bdad.rlib" "/opt/rustwide/target/debug/deps/libregex_syntax-9314dde5e883aab1.rlib" "/opt/rustwide/target/debug/deps/libaho_corasick-8d8d5114065812fa.rlib" "/opt/rustwide/target/debug/deps/liburl-ed77f9cd94a69bae.rlib" "/opt/rustwide/target/debug/deps/libpercent_encoding-549c334c22432c49.rlib" "/opt/rustwide/target/debug/deps/libidna-cd516107805d4967.rlib" "/opt/rustwide/target/debug/deps/libunicode_normalization-aedd075bc9eb3692.rlib" "/opt/rustwide/target/debug/deps/libtinyvec-c850b7ec86bd6639.rlib" "/opt/rustwide/target/debug/deps/libunicode_bidi-658b16b5d9bb5631.rlib" "/opt/rustwide/target/debug/deps/libmatches-5bfcef5685786a07.rlib" "/opt/rustwide/target/debug/deps/libbitflags-f89ae4b715176e2d.rlib" "/opt/rustwide/target/debug/deps/liblibsqlite3_sys-512939f8cad237f0.rlib" "/opt/rustwide/target/debug/deps/libasync_stream-1c1a2492baa955f6.rlib" "/opt/rustwide/target/debug/deps/libfutures_util-0d1758e5b836b19d.rlib" "/opt/rustwide/target/debug/deps/libproc_macro_nested-33934ecbf1745751.rlib" "/opt/rustwide/target/debug/deps/libfutures_io-63999c3ebd48b04d.rlib" "/opt/rustwide/target/debug/deps/libfutures_channel-6399912be141ed31.rlib" "/opt/rustwide/target/debug/deps/libpin_project-ad2e15febbd60cc2.rlib" "/opt/rustwide/target/debug/deps/libfutures_sink-23d6060ed189bbb8.rlib" "/opt/rustwide/target/debug/deps/libfutures_task-237719af7a1664ae.rlib" "/opt/rustwide/target/debug/deps/libonce_cell-9a69dd56775c894a.rlib" "/opt/rustwide/target/debug/deps/libpin_utils-576e633f12357c97.rlib" "/opt/rustwide/target/debug/deps/libcrossbeam_queue-49cb616d4e165365.rlib" "/opt/rustwide/target/debug/deps/libcrossbeam_utils-e3cfd5a65df37bf5.rlib" "/opt/rustwide/target/debug/deps/liblazy_static-5c53d641eb010a81.rlib" "/opt/rustwide/target/debug/deps/libmaybe_uninit-17ac005437abed86.rlib" "/opt/rustwide/target/debug/deps/libtokio-292bc3e2a35ddc0c.rlib" "/opt/rustwide/target/debug/deps/libnum_cpus-b0e37bd7bfd8f8d0.rlib" "/opt/rustwide/target/debug/deps/libmemchr-9559fd627c3017a7.rlib" "/opt/rustwide/target/debug/deps/libfnv-56e05e18a5751d51.rlib" "/opt/rustwide/target/debug/deps/libmio-091d9664fddb7ad7.rlib" "/opt/rustwide/target/debug/deps/liblog-00ac55f4644ef2c9.rlib" "/opt/rustwide/target/debug/deps/libslab-a95947d689540fa4.rlib" "/opt/rustwide/target/debug/deps/libiovec-171232b970034688.rlib" "/opt/rustwide/target/debug/deps/libnet2-ecfdb4b676d8dad1.rlib" "/opt/rustwide/target/debug/deps/libcfg_if-e7a28af79b261e75.rlib" "/opt/rustwide/target/debug/deps/libfutures_core-bcc6796a0546b994.rlib" "/opt/rustwide/target/debug/deps/libbytes-4adc91177522b7b0.rlib" "/opt/rustwide/target/debug/deps/libpin_project_lite-a846630f4822496e.rlib" "/opt/rustwide/target/debug/deps/libjulianday-29cd86cce540f220.rlib" "/opt/rustwide/target/debug/deps/libchrono-6b48a5babb3e0cb1.rlib" "/opt/rustwide/target/debug/deps/libnum_integer-016eaeb10a6f0eb9.rlib" "/opt/rustwide/target/debug/deps/libnum_traits-3ea67f5534c2ade7.rlib" "/opt/rustwide/target/debug/deps/libtime-f4c9e64b11c11441.rlib" "/opt/rustwide/target/debug/deps/liblibc-21f1f63d3b3c1b06.rlib" "-Wl,--start-group" "/opt/rustwide/rustup-home/toolchains/1.54.0-x86_64-unknown-linux-gnu/lib/rustlib/x86_64-unknown-linux-gnu/lib/libstd-2420485b9e5ef5e1.rlib" "/opt/rustwide/rustup-home/toolchains/1.54.0-x86_64-unknown-linux-gnu/lib/rustlib/x86_64-unknown-linux-gnu/lib/libpanic_unwind-785e3cb61c4b1960.rlib" "/opt/rustwide/rustup-home/toolchains/1.54.0-x86_64-unknown-linux-gnu/lib/rustlib/x86_64-unknown-linux-gnu/lib/libminiz_oxide-087191a88bdaa22d.rlib" "/opt/rustwide/rustup-home/toolchains/1.54.0-x86_64-unknown-linux-gnu/lib/rustlib/x86_64-unknown-linux-gnu/lib/libadler-9981842c02975178.rlib" "/opt/rustwide/rustup-home/toolchains/1.54.0-x86_64-unknown-linux-gnu/lib/rustlib/x86_64-unknown-linux-gnu/lib/libobject-6fb405869b015fde.rlib" "/opt/rustwide/rustup-home/toolchains/1.54.0-x86_64-unknown-linux-gnu/lib/rustlib/x86_64-unknown-linux-gnu/lib/libaddr2line-d05c5c3c56004b7b.rlib" "/opt/rustwide/rustup-home/toolchains/1.54.0-x86_64-unknown-linux-gnu/lib/rustlib/x86_64-unknown-linux-gnu/lib/libgimli-42d74d2097528b38.rlib" "/opt/rustwide/rustup-home/toolchains/1.54.0-x86_64-unknown-linux-gnu/lib/rustlib/x86_64-unknown-linux-gnu/lib/libstd_detect-fb36534c113d2209.rlib" "/opt/rustwide/rustup-home/toolchains/1.54.0-x86_64-unknown-linux-gnu/lib/rustlib/x86_64-unknown-linux-gnu/lib/librustc_demangle-b56b9042c12b6535.rlib" "/opt/rustwide/rustup-home/toolchains/1.54.0-x86_64-unknown-linux-gnu/lib/rustlib/x86_64-unknown-linux-gnu/lib/libhashbrown-491902d6cb3e76df.rlib" "/opt/rustwide/rustup-home/toolchains/1.54.0-x86_64-unknown-linux-gnu/lib/rustlib/x86_64-unknown-linux-gnu/lib/librustc_std_workspace_alloc-61834e0981b8c367.rlib" "/opt/rustwide/rustup-home/toolchains/1.54.0-x86_64-unknown-linux-gnu/lib/rustlib/x86_64-unknown-linux-gnu/lib/libunwind-f78aa99d613a55bc.rlib" "/opt/rustwide/rustup-home/toolchains/1.54.0-x86_64-unknown-linux-gnu/lib/rustlib/x86_64-unknown-linux-gnu/lib/libcfg_if-53ee54cd7fed2c57.rlib" "/opt/rustwide/rustup-home/toolchains/1.54.0-x86_64-unknown-linux-gnu/lib/rustlib/x86_64-unknown-linux-gnu/lib/liblibc-544ecdbd6cda3c58.rlib" "/opt/rustwide/rustup-home/toolchains/1.54.0-x86_64-unknown-linux-gnu/lib/rustlib/x86_64-unknown-linux-gnu/lib/liballoc-379cc252b6943a79.rlib" "/opt/rustwide/rustup-home/toolchains/1.54.0-x86_64-unknown-linux-gnu/lib/rustlib/x86_64-unknown-linux-gnu/lib/librustc_std_workspace_core-8063eea38dcc5e62.rlib" "/opt/rustwide/rustup-home/toolchains/1.54.0-x86_64-unknown-linux-gnu/lib/rustlib/x86_64-unknown-linux-gnu/lib/libcore-5b228734afae15ee.rlib" "-Wl,--end-group" "/opt/rustwide/rustup-home/toolchains/1.54.0-x86_64-unknown-linux-gnu/lib/rustlib/x86_64-unknown-linux-gnu/lib/libcompiler_builtins-d6c7a399d95d173f.rlib" "-Wl,-Bdynamic" "-lssl" "-lcrypto" "-lgcc_s" "-lutil" "-lrt" "-lpthread" "-lm" "-ldl" "-lc" "-Wl,--eh-frame-hdr" "-Wl,-znoexecstack" "-L" "/opt/rustwide/rustup-home/toolchains/1.54.0-x86_64-unknown-linux-gnu/lib/rustlib/x86_64-unknown-linux-gnu/lib" "-o" "/tmp/rustdoctestcxBrGC/rust_out" "-Wl,--gc-sections" "-pie" "-Wl,-zrelro" "-Wl,-znow" "-nodefaultlibs"
[INFO] [stdout]   = note: collect2: fatal error: ld terminated with signal 9 [Killed]
[INFO] [stdout]           compilation terminated.
[INFO] [stdout]           
[INFO] [stdout] 
[INFO] [stdout] error: aborting due to previous error
[INFO] [stdout] 
[INFO] [stdout] Couldn't compile the test.
[INFO] [stdout] ---- src/dateutil.rs - dateutil::nd_to_dateutc (line 151) stdout ----
[INFO] [stdout] Couldn't compile the test.
[INFO] [stdout] ---- src/dateutil.rs - dateutil::ymd_to_jd (line 217) stdout ----
[INFO] [stdout] Couldn't compile the test.
[INFO] [stdout] ---- src/dateutil.rs - dateutil::nd_to_ymd (line 178) stdout ----
[INFO] [stdout] Couldn't compile the test.
[INFO] [stdout] ---- src/dateutil.rs - dateutil::ymd_to_nd (line 191) stdout ----
[INFO] [stdout] Couldn't compile the test.
[INFO] [stdout] ---- src/dateutil.rs - dateutil::dateutc_to_day (line 257) stdout ----
[INFO] [stdout] Couldn't compile the test.
[INFO] [stdout] ---- src/dateutil.rs - dateutil::ymd_to_day (line 204) stdout ----
[INFO] [stdout] Couldn't compile the test.
[INFO] [stdout] ---- src/dateutil.rs - dateutil::nd_to_day (line 165) stdout ----
[INFO] [stdout] error: linking with `cc` failed: exit status: 1
[INFO] [stdout]   |
[INFO] [stdout]   = note: "cc" "-m64" "/tmp/rustdoctestyoGv0g/rust_out.rust_out.7rcbfp3g-cgu.0.rcgu.o" "/tmp/rustdoctestyoGv0g/rust_out.33dyzt1ekirinwy8.rcgu.o" "-Wl,--as-needed" "-L" "/opt/rustwide/target/debug/deps" "-L" "/opt/rustwide/target/debug/deps" "-L" "/opt/rustwide/target/debug/build/libsqlite3-sys-db8e65de24bfd707/out" "-L" "/opt/rustwide/rustup-home/toolchains/1.54.0-x86_64-unknown-linux-gnu/lib/rustlib/x86_64-unknown-linux-gnu/lib" "-Wl,-Bstatic" "/opt/rustwide/target/debug/deps/libcovid19db-18f8f32cb438f874.rlib" "/opt/rustwide/target/debug/deps/libcsv-1f408a4331dada8a.rlib" "/opt/rustwide/target/debug/deps/libryu-059aa1fbb24cd15e.rlib" "/opt/rustwide/target/debug/deps/libcsv_core-d10d0c852c922500.rlib" "/opt/rustwide/target/debug/deps/libbstr-89b043d3f440810c.rlib" "/opt/rustwide/target/debug/deps/libregex_automata-4b0e9314410b14e9.rlib" "/opt/rustwide/target/debug/deps/libbyteorder-d836ba3e41654e24.rlib" "/opt/rustwide/target/debug/deps/libtempfile-1a83ae2f576aa6fc.rlib" "/opt/rustwide/target/debug/deps/librand-27d1114bef604241.rlib" "/opt/rustwide/target/debug/deps/librand_chacha-5bbaa3b108a6e255.rlib" "/opt/rustwide/target/debug/deps/libppv_lite86-e9df1654e1a6cee2.rlib" "/opt/rustwide/target/debug/deps/librand_core-62424ba519e502dd.rlib" "/opt/rustwide/target/debug/deps/libgetrandom-9b785a022359cb7b.rlib" "/opt/rustwide/target/debug/deps/libremove_dir_all-80ef6726c25ad48c.rlib" "/opt/rustwide/target/debug/deps/libreqwest-7dc4348fb6e8b387.rlib" "/opt/rustwide/target/debug/deps/libhyper_tls-b17f1c8e93d94c16.rlib" "/opt/rustwide/target/debug/deps/libserde_urlencoded-d3481b78d2aeb170.rlib" "/opt/rustwide/target/debug/deps/libdtoa-19d6f1dd97068a3c.rlib" "/opt/rustwide/target/debug/deps/libipnet-ea18a4d807066a23.rlib" "/opt/rustwide/target/debug/deps/libtokio_socks-c8c1a0a8a0cb1438.rlib" "/opt/rustwide/target/debug/deps/libthiserror-89af0768524120eb.rlib" "/opt/rustwide/target/debug/deps/libfutures-3b1c265793d883ef.rlib" "/opt/rustwide/target/debug/deps/libfutures_executor-4fb63991ece2d41d.rlib" "/opt/rustwide/target/debug/deps/libeither-a4aed9cad0e06bb2.rlib" "/opt/rustwide/target/debug/deps/libtokio_tls-2e2949b50381264b.rlib" "/opt/rustwide/target/debug/deps/libencoding_rs-d36537f3240841cb.rlib" "/opt/rustwide/target/debug/deps/libserde-8cb130ba8215a125.rlib" "/opt/rustwide/target/debug/deps/libbase64-e2a906ac29617111.rlib" "/opt/rustwide/target/debug/deps/libmime_guess-53ac31b7231bfa62.rlib" "/opt/rustwide/target/debug/deps/libunicase-4a08b382c01023e9.rlib" "/opt/rustwide/target/debug/deps/libmime-12522ef5c2462da9.rlib" "/opt/rustwide/target/debug/deps/libnative_tls-67bb53ed7e8c2c93.rlib" "/opt/rustwide/target/debug/deps/libopenssl_probe-448ee40efb9df675.rlib" "/opt/rustwide/target/debug/deps/libopenssl-dc3b7180a5209437.rlib" "/opt/rustwide/target/debug/deps/libopenssl_sys-a6834babb36b9337.rlib" "/opt/rustwide/target/debug/deps/libforeign_types-6dd7ccee81750d2f.rlib" "/opt/rustwide/target/debug/deps/libforeign_types_shared-1812f2e1ab1a4883.rlib" "/opt/rustwide/target/debug/deps/libhyper-ddaa2ac00596e414.rlib" "/opt/rustwide/target/debug/deps/libhttparse-7d96f3722cd1a069.rlib" "/opt/rustwide/target/debug/deps/libwant-3cb9a4b0fbd1e2a2.rlib" "/opt/rustwide/target/debug/deps/libtry_lock-a39996d6fbbee158.rlib" "/opt/rustwide/target/debug/deps/libh2-f517cc24a0f0b464.rlib" "/opt/rustwide/target/debug/deps/libtracing_futures-0ae71b99068d2697.rlib" "/opt/rustwide/target/debug/deps/libindexmap-8f1d3499b7c7d0af.rlib" "/opt/rustwide/target/debug/deps/libhashbrown-a70fed2d776e2164.rlib" "/opt/rustwide/target/debug/deps/libtokio_util-3576ce3cd725cb07.rlib" "/opt/rustwide/target/debug/deps/libhttpdate-ec1c6030e5d9e9dd.rlib" "/opt/rustwide/target/debug/deps/libsocket2-0266877a48d4b88a.rlib" "/opt/rustwide/target/debug/deps/libtower_service-f2293a18d860c644.rlib" "/opt/rustwide/target/debug/deps/libpin_project-493c80b5c3a2d587.rlib" "/opt/rustwide/target/debug/deps/libtracing-ae56a71f5291f8bf.rlib" "/opt/rustwide/target/debug/deps/libtracing_core-0927c15890bc5e5e.rlib" "/opt/rustwide/target/debug/deps/libhttp_body-2ff0beaf1fa10990.rlib" "/opt/rustwide/target/debug/deps/libhttp-7c3597d91cba9205.rlib" "/opt/rustwide/target/debug/deps/libitoa-2cab92f94c2667a9.rlib" "/opt/rustwide/target/debug/deps/libflate2-a5a447e59e12e864.rlib" "/opt/rustwide/target/debug/deps/libminiz_oxide-e7897a64750b5c49.rlib" "/opt/rustwide/target/debug/deps/libadler-bd67535c449a3717.rlib" "/opt/rustwide/target/debug/deps/libcrc32fast-e6a82e63ff40e00b.rlib" "/opt/rustwide/target/debug/deps/libcfg_if-38c8a3e888ecb06a.rlib" "/opt/rustwide/target/debug/deps/libsqlx-b19e6df852ba2c12.rlib" "/opt/rustwide/target/debug/deps/libsqlx_core-4e6e03f2d319fc6b.rlib" "/opt/rustwide/target/debug/deps/libsqlformat-4b11786b7f50a3e3.rlib" "/opt/rustwide/target/debug/deps/libmaplit-c7915d2ae04ba2e5.rlib" "/opt/rustwide/target/debug/deps/libregex-7e099780f390800a.rlib" "/opt/rustwide/target/debug/deps/libthread_local-79a746b2b8f7bdad.rlib" "/opt/rustwide/target/debug/deps/libregex_syntax-9314dde5e883aab1.rlib" "/opt/rustwide/target/debug/deps/libaho_corasick-8d8d5114065812fa.rlib" "/opt/rustwide/target/debug/deps/liburl-ed77f9cd94a69bae.rlib" "/opt/rustwide/target/debug/deps/libpercent_encoding-549c334c22432c49.rlib" "/opt/rustwide/target/debug/deps/libidna-cd516107805d4967.rlib" "/opt/rustwide/target/debug/deps/libunicode_normalization-aedd075bc9eb3692.rlib" "/opt/rustwide/target/debug/deps/libtinyvec-c850b7ec86bd6639.rlib" "/opt/rustwide/target/debug/deps/libunicode_bidi-658b16b5d9bb5631.rlib" "/opt/rustwide/target/debug/deps/libmatches-5bfcef5685786a07.rlib" "/opt/rustwide/target/debug/deps/libbitflags-f89ae4b715176e2d.rlib" "/opt/rustwide/target/debug/deps/liblibsqlite3_sys-512939f8cad237f0.rlib" "/opt/rustwide/target/debug/deps/libasync_stream-1c1a2492baa955f6.rlib" "/opt/rustwide/target/debug/deps/libfutures_util-0d1758e5b836b19d.rlib" "/opt/rustwide/target/debug/deps/libproc_macro_nested-33934ecbf1745751.rlib" "/opt/rustwide/target/debug/deps/libfutures_io-63999c3ebd48b04d.rlib" "/opt/rustwide/target/debug/deps/libfutures_channel-6399912be141ed31.rlib" "/opt/rustwide/target/debug/deps/libpin_project-ad2e15febbd60cc2.rlib" "/opt/rustwide/target/debug/deps/libfutures_sink-23d6060ed189bbb8.rlib" "/opt/rustwide/target/debug/deps/libfutures_task-237719af7a1664ae.rlib" "/opt/rustwide/target/debug/deps/libonce_cell-9a69dd56775c894a.rlib" "/opt/rustwide/target/debug/deps/libpin_utils-576e633f12357c97.rlib" "/opt/rustwide/target/debug/deps/libcrossbeam_queue-49cb616d4e165365.rlib" "/opt/rustwide/target/debug/deps/libcrossbeam_utils-e3cfd5a65df37bf5.rlib" "/opt/rustwide/target/debug/deps/liblazy_static-5c53d641eb010a81.rlib" "/opt/rustwide/target/debug/deps/libmaybe_uninit-17ac005437abed86.rlib" "/opt/rustwide/target/debug/deps/libtokio-292bc3e2a35ddc0c.rlib" "/opt/rustwide/target/debug/deps/libnum_cpus-b0e37bd7bfd8f8d0.rlib" "/opt/rustwide/target/debug/deps/libmemchr-9559fd627c3017a7.rlib" "/opt/rustwide/target/debug/deps/libfnv-56e05e18a5751d51.rlib" "/opt/rustwide/target/debug/deps/libmio-091d9664fddb7ad7.rlib" "/opt/rustwide/target/debug/deps/liblog-00ac55f4644ef2c9.rlib" "/opt/rustwide/target/debug/deps/libslab-a95947d689540fa4.rlib" "/opt/rustwide/target/debug/deps/libiovec-171232b970034688.rlib" "/opt/rustwide/target/debug/deps/libnet2-ecfdb4b676d8dad1.rlib" "/opt/rustwide/target/debug/deps/libcfg_if-e7a28af79b261e75.rlib" "/opt/rustwide/target/debug/deps/libfutures_core-bcc6796a0546b994.rlib" "/opt/rustwide/target/debug/deps/libbytes-4adc91177522b7b0.rlib" "/opt/rustwide/target/debug/deps/libpin_project_lite-a846630f4822496e.rlib" "/opt/rustwide/target/debug/deps/libjulianday-29cd86cce540f220.rlib" "/opt/rustwide/target/debug/deps/libchrono-6b48a5babb3e0cb1.rlib" "/opt/rustwide/target/debug/deps/libnum_integer-016eaeb10a6f0eb9.rlib" "/opt/rustwide/target/debug/deps/libnum_traits-3ea67f5534c2ade7.rlib" "/opt/rustwide/target/debug/deps/libtime-f4c9e64b11c11441.rlib" "/opt/rustwide/target/debug/deps/liblibc-21f1f63d3b3c1b06.rlib" "-Wl,--start-group" "/opt/rustwide/rustup-home/toolchains/1.54.0-x86_64-unknown-linux-gnu/lib/rustlib/x86_64-unknown-linux-gnu/lib/libstd-2420485b9e5ef5e1.rlib" "/opt/rustwide/rustup-home/toolchains/1.54.0-x86_64-unknown-linux-gnu/lib/rustlib/x86_64-unknown-linux-gnu/lib/libpanic_unwind-785e3cb61c4b1960.rlib" "/opt/rustwide/rustup-home/toolchains/1.54.0-x86_64-unknown-linux-gnu/lib/rustlib/x86_64-unknown-linux-gnu/lib/libminiz_oxide-087191a88bdaa22d.rlib" "/opt/rustwide/rustup-home/toolchains/1.54.0-x86_64-unknown-linux-gnu/lib/rustlib/x86_64-unknown-linux-gnu/lib/libadler-9981842c02975178.rlib" "/opt/rustwide/rustup-home/toolchains/1.54.0-x86_64-unknown-linux-gnu/lib/rustlib/x86_64-unknown-linux-gnu/lib/libobject-6fb405869b015fde.rlib" "/opt/rustwide/rustup-home/toolchains/1.54.0-x86_64-unknown-linux-gnu/lib/rustlib/x86_64-unknown-linux-gnu/lib/libaddr2line-d05c5c3c56004b7b.rlib" "/opt/rustwide/rustup-home/toolchains/1.54.0-x86_64-unknown-linux-gnu/lib/rustlib/x86_64-unknown-linux-gnu/lib/libgimli-42d74d2097528b38.rlib" "/opt/rustwide/rustup-home/toolchains/1.54.0-x86_64-unknown-linux-gnu/lib/rustlib/x86_64-unknown-linux-gnu/lib/libstd_detect-fb36534c113d2209.rlib" "/opt/rustwide/rustup-home/toolchains/1.54.0-x86_64-unknown-linux-gnu/lib/rustlib/x86_64-unknown-linux-gnu/lib/librustc_demangle-b56b9042c12b6535.rlib" "/opt/rustwide/rustup-home/toolchains/1.54.0-x86_64-unknown-linux-gnu/lib/rustlib/x86_64-unknown-linux-gnu/lib/libhashbrown-491902d6cb3e76df.rlib" "/opt/rustwide/rustup-home/toolchains/1.54.0-x86_64-unknown-linux-gnu/lib/rustlib/x86_64-unknown-linux-gnu/lib/librustc_std_workspace_alloc-61834e0981b8c367.rlib" "/opt/rustwide/rustup-home/toolchains/1.54.0-x86_64-unknown-linux-gnu/lib/rustlib/x86_64-unknown-linux-gnu/lib/libunwind-f78aa99d613a55bc.rlib" "/opt/rustwide/rustup-home/toolchains/1.54.0-x86_64-unknown-linux-gnu/lib/rustlib/x86_64-unknown-linux-gnu/lib/libcfg_if-53ee54cd7fed2c57.rlib" "/opt/rustwide/rustup-home/toolchains/1.54.0-x86_64-unknown-linux-gnu/lib/rustlib/x86_64-unknown-linux-gnu/lib/liblibc-544ecdbd6cda3c58.rlib" "/opt/rustwide/rustup-home/toolchains/1.54.0-x86_64-unknown-linux-gnu/lib/rustlib/x86_64-unknown-linux-gnu/lib/liballoc-379cc252b6943a79.rlib" "/opt/rustwide/rustup-home/toolchains/1.54.0-x86_64-unknown-linux-gnu/lib/rustlib/x86_64-unknown-linux-gnu/lib/librustc_std_workspace_core-8063eea38dcc5e62.rlib" "/opt/rustwide/rustup-home/toolchains/1.54.0-x86_64-unknown-linux-gnu/lib/rustlib/x86_64-unknown-linux-gnu/lib/libcore-5b228734afae15ee.rlib" "-Wl,--end-group" "/opt/rustwide/rustup-home/toolchains/1.54.0-x86_64-unknown-linux-gnu/lib/rustlib/x86_64-unknown-linux-gnu/lib/libcompiler_builtins-d6c7a399d95d173f.rlib" "-Wl,-Bdynamic" "-lssl" "-lcrypto" "-lgcc_s" "-lutil" "-lrt" "-lpthread" "-lm" "-ldl" "-lc" "-Wl,--eh-frame-hdr" "-Wl,-znoexecstack" "-L" "/opt/rustwide/rustup-home/toolchains/1.54.0-x86_64-unknown-linux-gnu/lib/rustlib/x86_64-unknown-linux-gnu/lib" "-o" "/tmp/rustdoctestyoGv0g/rust_out" "-Wl,--gc-sections" "-pie" "-Wl,-zrelro" "-Wl,-znow" "-nodefaultlibs"
[INFO] [stdout]   = note: collect2: fatal error: ld terminated with signal 9 [Killed]
[INFO] [stdout]           compilation terminated.
[INFO] [stdout]           
[INFO] [stdout] 
[INFO] [stdout] error: aborting due to previous error
[INFO] [stdout] 
[INFO] [stdout] Couldn't compile the test.
[INFO] [stdout] 
[INFO] [stdout] failures:
[INFO] [stdout]     src/dateutil.rs - dateutil::datelocal_to_dateutc (line 313)
[INFO] [stdout]     src/dateutil.rs - dateutil::dateutc_to_datelocal (line 298)
[INFO] [stdout]     src/dateutil.rs - dateutil::dateutc_to_day (line 257)
[INFO] [stdout]     src/dateutil.rs - dateutil::dateutc_to_jd (line 270)
[INFO] [stdout]     src/dateutil.rs - dateutil::dateutc_to_nd (line 244)
[INFO] [stdout]     src/dateutil.rs - dateutil::dateutc_to_ymd (line 284)
[INFO] [stdout]     src/dateutil.rs - dateutil::day_to_dateutc (line 55)
[INFO] [stdout]     src/dateutil.rs - dateutil::day_to_jd (line 25)
[INFO] [stdout]     src/dateutil.rs - dateutil::day_to_nd (line 41)
[INFO] [stdout]     src/dateutil.rs - dateutil::day_to_ymd (line 69)
[INFO] [stdout]     src/dateutil.rs - dateutil::jd_to_dateutc (line 109)
[INFO] [stdout]     src/dateutil.rs - dateutil::jd_to_day (line 81)
[INFO] [stdout]     src/dateutil.rs - dateutil::jd_to_nd (line 95)
[INFO] [stdout]     src/dateutil.rs - dateutil::jd_to_ymd (line 123)
[INFO] [stdout]     src/dateutil.rs - dateutil::nd_to_dateutc (line 151)
[INFO] [stdout]     src/dateutil.rs - dateutil::nd_to_day (line 165)
[INFO] [stdout]     src/dateutil.rs - dateutil::nd_to_jd (line 137)
[INFO] [stdout]     src/dateutil.rs - dateutil::nd_to_ymd (line 178)
[INFO] [stdout]     src/dateutil.rs - dateutil::ymd_to_dateutc (line 231)
[INFO] [stdout]     src/dateutil.rs - dateutil::ymd_to_day (line 204)
[INFO] [stdout]     src/dateutil.rs - dateutil::ymd_to_jd (line 217)
[INFO] [stdout]     src/dateutil.rs - dateutil::ymd_to_nd (line 191)
[INFO] [stdout] 
[INFO] [stdout] test result: FAILED. 0 passed; 22 failed; 0 ignored; 0 measured; 0 filtered out; finished in 2.34s
[INFO] [stdout] 
[INFO] [stderr] error: test failed, to rerun pass '--doc'
[INFO] running `Command { std: "docker" "inspect" "c5aa8507ca09a280ab5b1140a0bae1d62a3c716949607d6f983b80e71961c412", kill_on_drop: false }`
[INFO] running `Command { std: "docker" "rm" "-f" "c5aa8507ca09a280ab5b1140a0bae1d62a3c716949607d6f983b80e71961c412", kill_on_drop: false }`
[INFO] [stdout] c5aa8507ca09a280ab5b1140a0bae1d62a3c716949607d6f983b80e71961c412
