[INFO] fetching crate courgette 0.1.1...
[INFO] testing courgette-0.1.1 against 1.54.0 for beta-1.55-1
[INFO] extracting crate courgette 0.1.1 into /workspace/builds/worker-33/source
[INFO] validating manifest of crates.io crate courgette 0.1.1 on toolchain 1.54.0
[INFO] running `Command { std: "/workspace/cargo-home/bin/cargo" "+1.54.0" "metadata" "--manifest-path" "Cargo.toml" "--no-deps", kill_on_drop: false }`
[INFO] started tweaking crates.io crate courgette 0.1.1
[INFO] finished tweaking crates.io crate courgette 0.1.1
[INFO] tweaked toml for crates.io crate courgette 0.1.1 written to /workspace/builds/worker-33/source/Cargo.toml
[INFO] running `Command { std: "/workspace/cargo-home/bin/cargo" "+1.54.0" "generate-lockfile" "--manifest-path" "Cargo.toml" "-Zno-index-update", kill_on_drop: false }`
[INFO] running `Command { std: "/workspace/cargo-home/bin/cargo" "+1.54.0" "fetch" "--manifest-path" "Cargo.toml", kill_on_drop: false }`
[INFO] [stderr]     Blocking waiting for file lock on package cache
[INFO] running `Command { std: "docker" "create" "-v" "/var/lib/crater-agent-workspace/builds/worker-33/target:/opt/rustwide/target:rw,Z" "-v" "/var/lib/crater-agent-workspace/builds/worker-33/source:/opt/rustwide/workdir:ro,Z" "-v" "/var/lib/crater-agent-workspace/cargo-home:/opt/rustwide/cargo-home:ro,Z" "-v" "/var/lib/crater-agent-workspace/rustup-home:/opt/rustwide/rustup-home:ro,Z" "-e" "SOURCE_DIR=/opt/rustwide/workdir" "-e" "CARGO_TARGET_DIR=/opt/rustwide/target" "-e" "CARGO_HOME=/opt/rustwide/cargo-home" "-e" "RUSTUP_HOME=/opt/rustwide/rustup-home" "-w" "/opt/rustwide/workdir" "-m" "1610612736" "--user" "0:0" "--network" "none" "ghcr.io/rust-lang/crates-build-env/linux@sha256:34b6a614d2c27851fe6cbf88fbd1137609cefab8b10d0615aaeb6fd47975d74e" "/opt/rustwide/cargo-home/bin/cargo" "+1.54.0" "metadata" "--no-deps" "--format-version=1", kill_on_drop: false }`
[INFO] [stdout] 8ceb3e2afc4ca9a1fe96c1caa9bc052ddd2219c8c451f2b3b8cf10625b4098bd
[INFO] running `Command { std: "docker" "start" "-a" "8ceb3e2afc4ca9a1fe96c1caa9bc052ddd2219c8c451f2b3b8cf10625b4098bd", kill_on_drop: false }`
[INFO] running `Command { std: "docker" "inspect" "8ceb3e2afc4ca9a1fe96c1caa9bc052ddd2219c8c451f2b3b8cf10625b4098bd", kill_on_drop: false }`
[INFO] running `Command { std: "docker" "rm" "-f" "8ceb3e2afc4ca9a1fe96c1caa9bc052ddd2219c8c451f2b3b8cf10625b4098bd", kill_on_drop: false }`
[INFO] [stdout] 8ceb3e2afc4ca9a1fe96c1caa9bc052ddd2219c8c451f2b3b8cf10625b4098bd
[INFO] running `Command { std: "docker" "create" "-v" "/var/lib/crater-agent-workspace/builds/worker-33/target:/opt/rustwide/target:rw,Z" "-v" "/var/lib/crater-agent-workspace/builds/worker-33/source:/opt/rustwide/workdir:ro,Z" "-v" "/var/lib/crater-agent-workspace/cargo-home:/opt/rustwide/cargo-home:ro,Z" "-v" "/var/lib/crater-agent-workspace/rustup-home:/opt/rustwide/rustup-home:ro,Z" "-e" "SOURCE_DIR=/opt/rustwide/workdir" "-e" "CARGO_TARGET_DIR=/opt/rustwide/target" "-e" "CARGO_INCREMENTAL=0" "-e" "RUST_BACKTRACE=full" "-e" "RUSTFLAGS=--cap-lints=warn" "-e" "CARGO_HOME=/opt/rustwide/cargo-home" "-e" "RUSTUP_HOME=/opt/rustwide/rustup-home" "-w" "/opt/rustwide/workdir" "-m" "1610612736" "--user" "0:0" "--network" "none" "ghcr.io/rust-lang/crates-build-env/linux@sha256:34b6a614d2c27851fe6cbf88fbd1137609cefab8b10d0615aaeb6fd47975d74e" "/opt/rustwide/cargo-home/bin/cargo" "+1.54.0" "build" "--frozen" "--message-format=json", kill_on_drop: false }`
[INFO] [stdout] 0321400971d04fbc7b31bf8a0c04291d56af76f775cd607016a005b804c06408
[INFO] running `Command { std: "docker" "start" "-a" "0321400971d04fbc7b31bf8a0c04291d56af76f775cd607016a005b804c06408", kill_on_drop: false }`
[INFO] [stderr]    Compiling num-traits v0.2.14
[INFO] [stderr]    Compiling courgette v0.1.1 (/opt/rustwide/workdir)
[INFO] [stderr]     Finished dev [unoptimized + debuginfo] target(s) in 2.90s
[INFO] running `Command { std: "docker" "inspect" "0321400971d04fbc7b31bf8a0c04291d56af76f775cd607016a005b804c06408", kill_on_drop: false }`
[INFO] running `Command { std: "docker" "rm" "-f" "0321400971d04fbc7b31bf8a0c04291d56af76f775cd607016a005b804c06408", kill_on_drop: false }`
[INFO] [stdout] 0321400971d04fbc7b31bf8a0c04291d56af76f775cd607016a005b804c06408
[INFO] running `Command { std: "docker" "create" "-v" "/var/lib/crater-agent-workspace/builds/worker-33/target:/opt/rustwide/target:rw,Z" "-v" "/var/lib/crater-agent-workspace/builds/worker-33/source:/opt/rustwide/workdir:ro,Z" "-v" "/var/lib/crater-agent-workspace/cargo-home:/opt/rustwide/cargo-home:ro,Z" "-v" "/var/lib/crater-agent-workspace/rustup-home:/opt/rustwide/rustup-home:ro,Z" "-e" "SOURCE_DIR=/opt/rustwide/workdir" "-e" "CARGO_TARGET_DIR=/opt/rustwide/target" "-e" "CARGO_INCREMENTAL=0" "-e" "RUST_BACKTRACE=full" "-e" "RUSTFLAGS=--cap-lints=warn" "-e" "CARGO_HOME=/opt/rustwide/cargo-home" "-e" "RUSTUP_HOME=/opt/rustwide/rustup-home" "-w" "/opt/rustwide/workdir" "-m" "1610612736" "--user" "0:0" "--network" "none" "ghcr.io/rust-lang/crates-build-env/linux@sha256:34b6a614d2c27851fe6cbf88fbd1137609cefab8b10d0615aaeb6fd47975d74e" "/opt/rustwide/cargo-home/bin/cargo" "+1.54.0" "test" "--frozen" "--no-run" "--message-format=json", kill_on_drop: false }`
[INFO] [stdout] b4fa28f8bf9df3782f5bac7a273ed8ad10d236d25ee8731efaf7c47e3030fe35
[INFO] running `Command { std: "docker" "start" "-a" "b4fa28f8bf9df3782f5bac7a273ed8ad10d236d25ee8731efaf7c47e3030fe35", kill_on_drop: false }`
[INFO] [stderr]     Blocking waiting for file lock on package cache
[INFO] [stderr]    Compiling courgette v0.1.1 (/opt/rustwide/workdir)
[INFO] [stderr]     Finished test [unoptimized + debuginfo] target(s) in 1.00s
[INFO] running `Command { std: "docker" "inspect" "b4fa28f8bf9df3782f5bac7a273ed8ad10d236d25ee8731efaf7c47e3030fe35", kill_on_drop: false }`
[INFO] running `Command { std: "docker" "rm" "-f" "b4fa28f8bf9df3782f5bac7a273ed8ad10d236d25ee8731efaf7c47e3030fe35", kill_on_drop: false }`
[INFO] [stdout] b4fa28f8bf9df3782f5bac7a273ed8ad10d236d25ee8731efaf7c47e3030fe35
[INFO] running `Command { std: "docker" "create" "-v" "/var/lib/crater-agent-workspace/builds/worker-33/target:/opt/rustwide/target:rw,Z" "-v" "/var/lib/crater-agent-workspace/builds/worker-33/source:/opt/rustwide/workdir:ro,Z" "-v" "/var/lib/crater-agent-workspace/cargo-home:/opt/rustwide/cargo-home:ro,Z" "-v" "/var/lib/crater-agent-workspace/rustup-home:/opt/rustwide/rustup-home:ro,Z" "-e" "SOURCE_DIR=/opt/rustwide/workdir" "-e" "CARGO_TARGET_DIR=/opt/rustwide/target" "-e" "CARGO_INCREMENTAL=0" "-e" "RUST_BACKTRACE=full" "-e" "RUSTFLAGS=--cap-lints=warn" "-e" "CARGO_HOME=/opt/rustwide/cargo-home" "-e" "RUSTUP_HOME=/opt/rustwide/rustup-home" "-w" "/opt/rustwide/workdir" "-m" "1610612736" "--user" "0:0" "--network" "none" "ghcr.io/rust-lang/crates-build-env/linux@sha256:34b6a614d2c27851fe6cbf88fbd1137609cefab8b10d0615aaeb6fd47975d74e" "/opt/rustwide/cargo-home/bin/cargo" "+1.54.0" "test" "--frozen", kill_on_drop: false }`
[INFO] [stdout] 8c4be5e51cb0c69a254de785e2638c270673ebe35ea8ea0935018b9e2dcce6cb
[INFO] running `Command { std: "docker" "start" "-a" "8c4be5e51cb0c69a254de785e2638c270673ebe35ea8ea0935018b9e2dcce6cb", kill_on_drop: false }`
[INFO] [stderr]     Finished test [unoptimized + debuginfo] target(s) in 0.03s
[INFO] [stderr]      Running unittests (/opt/rustwide/target/debug/deps/courgette-36caf4b4a15587f9)
[INFO] [stdout] 
[INFO] [stderr]    Doc-tests courgette
[INFO] [stdout] running 0 tests
[INFO] [stdout] 
[INFO] [stdout] test result: ok. 0 passed; 0 failed; 0 ignored; 0 measured; 0 filtered out; finished in 0.00s
[INFO] [stdout] 
[INFO] [stdout] 
[INFO] [stdout] running 2 tests
[INFO] [stdout] test src/lib.rs - Color::hex (line 36) - compile ... FAILED
[INFO] [stdout] test src/lib.rs - Color::brightness (line 132) - compile ... ok
[INFO] [stdout] 
[INFO] [stdout] failures:
[INFO] [stdout] 
[INFO] [stdout] ---- src/lib.rs - Color::hex (line 36) stdout ----
[INFO] [stdout] error[E0432]: unresolved import `courgette::RGB`
[INFO] [stdout]  --> src/lib.rs:37:5
[INFO] [stdout]   |
[INFO] [stdout] 4 | use courgette::RGB;
[INFO] [stdout]   |     ^^^^^^^^^^^^^^ no `RGB` in the root
[INFO] [stdout] 
[INFO] [stdout] error: aborting due to previous error
[INFO] [stdout] 
[INFO] [stdout] For more information about this error, try `rustc --explain E0432`.
[INFO] [stdout] Couldn't compile the test.
[INFO] [stdout] 
[INFO] [stdout] failures:
[INFO] [stdout]     src/lib.rs - Color::hex (line 36)
[INFO] [stdout] 
[INFO] [stdout] test result: FAILED. 1 passed; 1 failed; 0 ignored; 0 measured; 0 filtered out; finished in 0.11s
[INFO] [stdout] 
[INFO] [stderr] error: test failed, to rerun pass '--doc'
[INFO] running `Command { std: "docker" "inspect" "8c4be5e51cb0c69a254de785e2638c270673ebe35ea8ea0935018b9e2dcce6cb", kill_on_drop: false }`
[INFO] running `Command { std: "docker" "rm" "-f" "8c4be5e51cb0c69a254de785e2638c270673ebe35ea8ea0935018b9e2dcce6cb", kill_on_drop: false }`
[INFO] [stdout] 8c4be5e51cb0c69a254de785e2638c270673ebe35ea8ea0935018b9e2dcce6cb
