[INFO] fetching crate cosmwasm-derive 0.16.0-rc5...
[INFO] testing cosmwasm-derive-0.16.0-rc5 against beta-2021-08-01 for beta-1.55-1
[INFO] extracting crate cosmwasm-derive 0.16.0-rc5 into /workspace/builds/worker-7/source
[INFO] validating manifest of crates.io crate cosmwasm-derive 0.16.0-rc5 on toolchain beta-2021-08-01
[INFO] running `Command { std: "/workspace/cargo-home/bin/cargo" "+beta-2021-08-01" "metadata" "--manifest-path" "Cargo.toml" "--no-deps", kill_on_drop: false }`
[INFO] started tweaking crates.io crate cosmwasm-derive 0.16.0-rc5
[INFO] finished tweaking crates.io crate cosmwasm-derive 0.16.0-rc5
[INFO] tweaked toml for crates.io crate cosmwasm-derive 0.16.0-rc5 written to /workspace/builds/worker-7/source/Cargo.toml
[INFO] running `Command { std: "/workspace/cargo-home/bin/cargo" "+beta-2021-08-01" "generate-lockfile" "--manifest-path" "Cargo.toml" "-Zno-index-update", kill_on_drop: false }`
[INFO] [stderr]     Blocking waiting for file lock on package cache
[INFO] running `Command { std: "/workspace/cargo-home/bin/cargo" "+beta-2021-08-01" "fetch" "--manifest-path" "Cargo.toml", kill_on_drop: false }`
[INFO] [stderr]     Blocking waiting for file lock on package cache
[INFO] running `Command { std: "docker" "create" "-v" "/var/lib/crater-agent-workspace/builds/worker-7/target:/opt/rustwide/target:rw,Z" "-v" "/var/lib/crater-agent-workspace/builds/worker-7/source:/opt/rustwide/workdir:ro,Z" "-v" "/var/lib/crater-agent-workspace/cargo-home:/opt/rustwide/cargo-home:ro,Z" "-v" "/var/lib/crater-agent-workspace/rustup-home:/opt/rustwide/rustup-home:ro,Z" "-e" "SOURCE_DIR=/opt/rustwide/workdir" "-e" "CARGO_TARGET_DIR=/opt/rustwide/target" "-e" "CARGO_HOME=/opt/rustwide/cargo-home" "-e" "RUSTUP_HOME=/opt/rustwide/rustup-home" "-w" "/opt/rustwide/workdir" "-m" "1610612736" "--user" "0:0" "--network" "none" "ghcr.io/rust-lang/crates-build-env/linux@sha256:34b6a614d2c27851fe6cbf88fbd1137609cefab8b10d0615aaeb6fd47975d74e" "/opt/rustwide/cargo-home/bin/cargo" "+beta-2021-08-01" "metadata" "--no-deps" "--format-version=1", kill_on_drop: false }`
[INFO] [stdout] 2554e30627c10de01a3339fa53714909c93f3079b908fb69af59a6bd18b16321
[INFO] running `Command { std: "docker" "start" "-a" "2554e30627c10de01a3339fa53714909c93f3079b908fb69af59a6bd18b16321", kill_on_drop: false }`
[INFO] running `Command { std: "docker" "inspect" "2554e30627c10de01a3339fa53714909c93f3079b908fb69af59a6bd18b16321", kill_on_drop: false }`
[INFO] running `Command { std: "docker" "rm" "-f" "2554e30627c10de01a3339fa53714909c93f3079b908fb69af59a6bd18b16321", kill_on_drop: false }`
[INFO] [stdout] 2554e30627c10de01a3339fa53714909c93f3079b908fb69af59a6bd18b16321
[INFO] running `Command { std: "docker" "create" "-v" "/var/lib/crater-agent-workspace/builds/worker-7/target:/opt/rustwide/target:rw,Z" "-v" "/var/lib/crater-agent-workspace/builds/worker-7/source:/opt/rustwide/workdir:ro,Z" "-v" "/var/lib/crater-agent-workspace/cargo-home:/opt/rustwide/cargo-home:ro,Z" "-v" "/var/lib/crater-agent-workspace/rustup-home:/opt/rustwide/rustup-home:ro,Z" "-e" "SOURCE_DIR=/opt/rustwide/workdir" "-e" "CARGO_TARGET_DIR=/opt/rustwide/target" "-e" "CARGO_INCREMENTAL=0" "-e" "RUST_BACKTRACE=full" "-e" "RUSTFLAGS=--cap-lints=warn" "-e" "CARGO_HOME=/opt/rustwide/cargo-home" "-e" "RUSTUP_HOME=/opt/rustwide/rustup-home" "-w" "/opt/rustwide/workdir" "-m" "1610612736" "--user" "0:0" "--network" "none" "ghcr.io/rust-lang/crates-build-env/linux@sha256:34b6a614d2c27851fe6cbf88fbd1137609cefab8b10d0615aaeb6fd47975d74e" "/opt/rustwide/cargo-home/bin/cargo" "+beta-2021-08-01" "build" "--frozen" "--message-format=json", kill_on_drop: false }`
[INFO] [stdout] ae06711ab5444e476dca5406d1a0670811736abd03592274d0795f8c2382523f
[INFO] running `Command { std: "docker" "start" "-a" "ae06711ab5444e476dca5406d1a0670811736abd03592274d0795f8c2382523f", kill_on_drop: false }`
[INFO] [stderr]    Compiling proc-macro2 v1.0.28
[INFO] [stderr]    Compiling quote v1.0.9
[INFO] [stderr]    Compiling syn v1.0.74
[INFO] [stderr]    Compiling cosmwasm-derive v0.16.0-rc5 (/opt/rustwide/workdir)
[INFO] [stderr]     Finished dev [unoptimized + debuginfo] target(s) in 17.86s
[INFO] running `Command { std: "docker" "inspect" "ae06711ab5444e476dca5406d1a0670811736abd03592274d0795f8c2382523f", kill_on_drop: false }`
[INFO] running `Command { std: "docker" "rm" "-f" "ae06711ab5444e476dca5406d1a0670811736abd03592274d0795f8c2382523f", kill_on_drop: false }`
[INFO] [stdout] ae06711ab5444e476dca5406d1a0670811736abd03592274d0795f8c2382523f
[INFO] running `Command { std: "docker" "create" "-v" "/var/lib/crater-agent-workspace/builds/worker-7/target:/opt/rustwide/target:rw,Z" "-v" "/var/lib/crater-agent-workspace/builds/worker-7/source:/opt/rustwide/workdir:ro,Z" "-v" "/var/lib/crater-agent-workspace/cargo-home:/opt/rustwide/cargo-home:ro,Z" "-v" "/var/lib/crater-agent-workspace/rustup-home:/opt/rustwide/rustup-home:ro,Z" "-e" "SOURCE_DIR=/opt/rustwide/workdir" "-e" "CARGO_TARGET_DIR=/opt/rustwide/target" "-e" "CARGO_INCREMENTAL=0" "-e" "RUST_BACKTRACE=full" "-e" "RUSTFLAGS=--cap-lints=warn" "-e" "CARGO_HOME=/opt/rustwide/cargo-home" "-e" "RUSTUP_HOME=/opt/rustwide/rustup-home" "-w" "/opt/rustwide/workdir" "-m" "1610612736" "--user" "0:0" "--network" "none" "ghcr.io/rust-lang/crates-build-env/linux@sha256:34b6a614d2c27851fe6cbf88fbd1137609cefab8b10d0615aaeb6fd47975d74e" "/opt/rustwide/cargo-home/bin/cargo" "+beta-2021-08-01" "test" "--frozen" "--no-run" "--message-format=json", kill_on_drop: false }`
[INFO] [stdout] 3b1f8194e99477bfde1e66dd6cc34e343506a8fbf048b754c1115805506d7401
[INFO] running `Command { std: "docker" "start" "-a" "3b1f8194e99477bfde1e66dd6cc34e343506a8fbf048b754c1115805506d7401", kill_on_drop: false }`
[INFO] [stderr]    Compiling cosmwasm-derive v0.16.0-rc5 (/opt/rustwide/workdir)
[INFO] [stderr]     Finished test [unoptimized + debuginfo] target(s) in 0.80s
[INFO] running `Command { std: "docker" "inspect" "3b1f8194e99477bfde1e66dd6cc34e343506a8fbf048b754c1115805506d7401", kill_on_drop: false }`
[INFO] running `Command { std: "docker" "rm" "-f" "3b1f8194e99477bfde1e66dd6cc34e343506a8fbf048b754c1115805506d7401", kill_on_drop: false }`
[INFO] [stdout] 3b1f8194e99477bfde1e66dd6cc34e343506a8fbf048b754c1115805506d7401
[INFO] running `Command { std: "docker" "create" "-v" "/var/lib/crater-agent-workspace/builds/worker-7/target:/opt/rustwide/target:rw,Z" "-v" "/var/lib/crater-agent-workspace/builds/worker-7/source:/opt/rustwide/workdir:ro,Z" "-v" "/var/lib/crater-agent-workspace/cargo-home:/opt/rustwide/cargo-home:ro,Z" "-v" "/var/lib/crater-agent-workspace/rustup-home:/opt/rustwide/rustup-home:ro,Z" "-e" "SOURCE_DIR=/opt/rustwide/workdir" "-e" "CARGO_TARGET_DIR=/opt/rustwide/target" "-e" "CARGO_INCREMENTAL=0" "-e" "RUST_BACKTRACE=full" "-e" "RUSTFLAGS=--cap-lints=warn" "-e" "CARGO_HOME=/opt/rustwide/cargo-home" "-e" "RUSTUP_HOME=/opt/rustwide/rustup-home" "-w" "/opt/rustwide/workdir" "-m" "1610612736" "--user" "0:0" "--network" "none" "ghcr.io/rust-lang/crates-build-env/linux@sha256:34b6a614d2c27851fe6cbf88fbd1137609cefab8b10d0615aaeb6fd47975d74e" "/opt/rustwide/cargo-home/bin/cargo" "+beta-2021-08-01" "test" "--frozen", kill_on_drop: false }`
[INFO] [stdout] 8485666b1767f1d836d393c6c4e3d47df37593afa1944a258fcb26ad5d519f13
[INFO] running `Command { std: "docker" "start" "-a" "8485666b1767f1d836d393c6c4e3d47df37593afa1944a258fcb26ad5d519f13", kill_on_drop: false }`
[INFO] [stderr]     Blocking waiting for file lock on package cache
[INFO] [stderr]     Finished test [unoptimized + debuginfo] target(s) in 0.52s
[INFO] [stderr]      Running unittests (/opt/rustwide/target/debug/deps/cosmwasm_derive-760018a95aa0b0c0)
[INFO] [stderr]    Doc-tests cosmwasm-derive
[INFO] [stdout] 
[INFO] [stdout] running 0 tests
[INFO] [stdout] 
[INFO] [stdout] test result: ok. 0 passed; 0 failed; 0 ignored; 0 measured; 0 filtered out; finished in 0.00s
[INFO] [stdout] 
[INFO] [stdout] 
[INFO] [stdout] running 1 test
[INFO] [stdout] test src/lib.rs - entry_point (line 12) ... FAILED
[INFO] [stdout] 
[INFO] [stdout] failures:
[INFO] [stdout] 
[INFO] [stdout] ---- src/lib.rs - entry_point (line 12) stdout ----
[INFO] [stdout] error[E0432]: unresolved import `cosmwasm_std`
[INFO] [stdout]  --> src/lib.rs:13:5
[INFO] [stdout]   |
[INFO] [stdout] 3 | use cosmwasm_std::{
[INFO] [stdout]   |     ^^^^^^^^^^^^ use of undeclared crate or module `cosmwasm_std`
[INFO] [stdout] 
[INFO] [stdout] error: cannot determine resolution for the attribute macro `entry_point`
[INFO] [stdout]   --> src/lib.rs:42:3
[INFO] [stdout]    |
[INFO] [stdout] 32 | #[entry_point]
[INFO] [stdout]    |   ^^^^^^^^^^^
[INFO] [stdout]    |
[INFO] [stdout]    = note: import resolution is stuck, try simplifying macro imports
[INFO] [stdout] 
[INFO] [stdout] error: cannot determine resolution for the attribute macro `entry_point`
[INFO] [stdout]   --> src/lib.rs:32:3
[INFO] [stdout]    |
[INFO] [stdout] 22 | #[entry_point]
[INFO] [stdout]    |   ^^^^^^^^^^^
[INFO] [stdout]    |
[INFO] [stdout]    = note: import resolution is stuck, try simplifying macro imports
[INFO] [stdout] 
[INFO] [stdout] error: cannot determine resolution for the attribute macro `entry_point`
[INFO] [stdout]   --> src/lib.rs:22:3
[INFO] [stdout]    |
[INFO] [stdout] 12 | #[entry_point]
[INFO] [stdout]    |   ^^^^^^^^^^^
[INFO] [stdout]    |
[INFO] [stdout]    = note: import resolution is stuck, try simplifying macro imports
[INFO] [stdout] 
[INFO] [stdout] error: aborting due to 4 previous errors
[INFO] [stdout] 
[INFO] [stdout] For more information about this error, try `rustc --explain E0432`.
[INFO] [stdout] Couldn't compile the test.
[INFO] [stdout] 
[INFO] [stdout] failures:
[INFO] [stdout]     src/lib.rs - entry_point (line 12)
[INFO] [stdout] 
[INFO] [stdout] test result: FAILED. 0 passed; 1 failed; 0 ignored; 0 measured; 0 filtered out; finished in 0.10s
[INFO] [stdout] 
[INFO] [stderr] error: test failed, to rerun pass '--doc'
[INFO] running `Command { std: "docker" "inspect" "8485666b1767f1d836d393c6c4e3d47df37593afa1944a258fcb26ad5d519f13", kill_on_drop: false }`
[INFO] running `Command { std: "docker" "rm" "-f" "8485666b1767f1d836d393c6c4e3d47df37593afa1944a258fcb26ad5d519f13", kill_on_drop: false }`
[INFO] [stdout] 8485666b1767f1d836d393c6c4e3d47df37593afa1944a258fcb26ad5d519f13
