[INFO] fetching crate coreplus 0.2.1...
[INFO] testing coreplus-0.2.1 against 1.54.0 for beta-1.55-1
[INFO] extracting crate coreplus 0.2.1 into /workspace/builds/worker-23/source
[INFO] validating manifest of crates.io crate coreplus 0.2.1 on toolchain 1.54.0
[INFO] running `Command { std: "/workspace/cargo-home/bin/cargo" "+1.54.0" "metadata" "--manifest-path" "Cargo.toml" "--no-deps", kill_on_drop: false }`
[INFO] started tweaking crates.io crate coreplus 0.2.1
[INFO] finished tweaking crates.io crate coreplus 0.2.1
[INFO] tweaked toml for crates.io crate coreplus 0.2.1 written to /workspace/builds/worker-23/source/Cargo.toml
[INFO] running `Command { std: "/workspace/cargo-home/bin/cargo" "+1.54.0" "generate-lockfile" "--manifest-path" "Cargo.toml" "-Zno-index-update", kill_on_drop: false }`
[INFO] running `Command { std: "/workspace/cargo-home/bin/cargo" "+1.54.0" "fetch" "--manifest-path" "Cargo.toml", kill_on_drop: false }`
[INFO] running `Command { std: "docker" "create" "-v" "/var/lib/crater-agent-workspace/builds/worker-23/target:/opt/rustwide/target:rw,Z" "-v" "/var/lib/crater-agent-workspace/builds/worker-23/source:/opt/rustwide/workdir:ro,Z" "-v" "/var/lib/crater-agent-workspace/cargo-home:/opt/rustwide/cargo-home:ro,Z" "-v" "/var/lib/crater-agent-workspace/rustup-home:/opt/rustwide/rustup-home:ro,Z" "-e" "SOURCE_DIR=/opt/rustwide/workdir" "-e" "CARGO_TARGET_DIR=/opt/rustwide/target" "-e" "CARGO_HOME=/opt/rustwide/cargo-home" "-e" "RUSTUP_HOME=/opt/rustwide/rustup-home" "-w" "/opt/rustwide/workdir" "-m" "1610612736" "--user" "0:0" "--network" "none" "ghcr.io/rust-lang/crates-build-env/linux@sha256:34b6a614d2c27851fe6cbf88fbd1137609cefab8b10d0615aaeb6fd47975d74e" "/opt/rustwide/cargo-home/bin/cargo" "+1.54.0" "metadata" "--no-deps" "--format-version=1", kill_on_drop: false }`
[INFO] [stdout] 2412cf1dc5d1980d5355f7bc329c39d20c479abb3d9765db59e6770a25f67ce1
[INFO] running `Command { std: "docker" "start" "-a" "2412cf1dc5d1980d5355f7bc329c39d20c479abb3d9765db59e6770a25f67ce1", kill_on_drop: false }`
[INFO] running `Command { std: "docker" "inspect" "2412cf1dc5d1980d5355f7bc329c39d20c479abb3d9765db59e6770a25f67ce1", kill_on_drop: false }`
[INFO] running `Command { std: "docker" "rm" "-f" "2412cf1dc5d1980d5355f7bc329c39d20c479abb3d9765db59e6770a25f67ce1", kill_on_drop: false }`
[INFO] [stdout] 2412cf1dc5d1980d5355f7bc329c39d20c479abb3d9765db59e6770a25f67ce1
[INFO] running `Command { std: "docker" "create" "-v" "/var/lib/crater-agent-workspace/builds/worker-23/target:/opt/rustwide/target:rw,Z" "-v" "/var/lib/crater-agent-workspace/builds/worker-23/source:/opt/rustwide/workdir:ro,Z" "-v" "/var/lib/crater-agent-workspace/cargo-home:/opt/rustwide/cargo-home:ro,Z" "-v" "/var/lib/crater-agent-workspace/rustup-home:/opt/rustwide/rustup-home:ro,Z" "-e" "SOURCE_DIR=/opt/rustwide/workdir" "-e" "CARGO_TARGET_DIR=/opt/rustwide/target" "-e" "CARGO_INCREMENTAL=0" "-e" "RUST_BACKTRACE=full" "-e" "RUSTFLAGS=--cap-lints=warn" "-e" "CARGO_HOME=/opt/rustwide/cargo-home" "-e" "RUSTUP_HOME=/opt/rustwide/rustup-home" "-w" "/opt/rustwide/workdir" "-m" "1610612736" "--user" "0:0" "--network" "none" "ghcr.io/rust-lang/crates-build-env/linux@sha256:34b6a614d2c27851fe6cbf88fbd1137609cefab8b10d0615aaeb6fd47975d74e" "/opt/rustwide/cargo-home/bin/cargo" "+1.54.0" "build" "--frozen" "--message-format=json", kill_on_drop: false }`
[INFO] [stdout] 1b7f0ac9d5b50d433c37a34fec45eddce652d74b24fa9a591e5f8f028b1a0829
[INFO] running `Command { std: "docker" "start" "-a" "1b7f0ac9d5b50d433c37a34fec45eddce652d74b24fa9a591e5f8f028b1a0829", kill_on_drop: false }`
[INFO] [stderr]    Compiling coreplus v0.2.1 (/opt/rustwide/workdir)
[INFO] [stderr]     Finished dev [unoptimized + debuginfo] target(s) in 1.98s
[INFO] running `Command { std: "docker" "inspect" "1b7f0ac9d5b50d433c37a34fec45eddce652d74b24fa9a591e5f8f028b1a0829", kill_on_drop: false }`
[INFO] running `Command { std: "docker" "rm" "-f" "1b7f0ac9d5b50d433c37a34fec45eddce652d74b24fa9a591e5f8f028b1a0829", kill_on_drop: false }`
[INFO] [stdout] 1b7f0ac9d5b50d433c37a34fec45eddce652d74b24fa9a591e5f8f028b1a0829
[INFO] running `Command { std: "docker" "create" "-v" "/var/lib/crater-agent-workspace/builds/worker-23/target:/opt/rustwide/target:rw,Z" "-v" "/var/lib/crater-agent-workspace/builds/worker-23/source:/opt/rustwide/workdir:ro,Z" "-v" "/var/lib/crater-agent-workspace/cargo-home:/opt/rustwide/cargo-home:ro,Z" "-v" "/var/lib/crater-agent-workspace/rustup-home:/opt/rustwide/rustup-home:ro,Z" "-e" "SOURCE_DIR=/opt/rustwide/workdir" "-e" "CARGO_TARGET_DIR=/opt/rustwide/target" "-e" "CARGO_INCREMENTAL=0" "-e" "RUST_BACKTRACE=full" "-e" "RUSTFLAGS=--cap-lints=warn" "-e" "CARGO_HOME=/opt/rustwide/cargo-home" "-e" "RUSTUP_HOME=/opt/rustwide/rustup-home" "-w" "/opt/rustwide/workdir" "-m" "1610612736" "--user" "0:0" "--network" "none" "ghcr.io/rust-lang/crates-build-env/linux@sha256:34b6a614d2c27851fe6cbf88fbd1137609cefab8b10d0615aaeb6fd47975d74e" "/opt/rustwide/cargo-home/bin/cargo" "+1.54.0" "test" "--frozen" "--no-run" "--message-format=json", kill_on_drop: false }`
[INFO] [stdout] f8363ebcf0281d7d44f00f65a15d5a7770c562b137863eaf64b33d38b8f9970e
[INFO] running `Command { std: "docker" "start" "-a" "f8363ebcf0281d7d44f00f65a15d5a7770c562b137863eaf64b33d38b8f9970e", kill_on_drop: false }`
[INFO] [stderr]    Compiling coreplus v0.2.1 (/opt/rustwide/workdir)
[INFO] [stderr]     Finished test [unoptimized + debuginfo] target(s) in 0.78s
[INFO] running `Command { std: "docker" "inspect" "f8363ebcf0281d7d44f00f65a15d5a7770c562b137863eaf64b33d38b8f9970e", kill_on_drop: false }`
[INFO] running `Command { std: "docker" "rm" "-f" "f8363ebcf0281d7d44f00f65a15d5a7770c562b137863eaf64b33d38b8f9970e", kill_on_drop: false }`
[INFO] [stdout] f8363ebcf0281d7d44f00f65a15d5a7770c562b137863eaf64b33d38b8f9970e
[INFO] running `Command { std: "docker" "create" "-v" "/var/lib/crater-agent-workspace/builds/worker-23/target:/opt/rustwide/target:rw,Z" "-v" "/var/lib/crater-agent-workspace/builds/worker-23/source:/opt/rustwide/workdir:ro,Z" "-v" "/var/lib/crater-agent-workspace/cargo-home:/opt/rustwide/cargo-home:ro,Z" "-v" "/var/lib/crater-agent-workspace/rustup-home:/opt/rustwide/rustup-home:ro,Z" "-e" "SOURCE_DIR=/opt/rustwide/workdir" "-e" "CARGO_TARGET_DIR=/opt/rustwide/target" "-e" "CARGO_INCREMENTAL=0" "-e" "RUST_BACKTRACE=full" "-e" "RUSTFLAGS=--cap-lints=warn" "-e" "CARGO_HOME=/opt/rustwide/cargo-home" "-e" "RUSTUP_HOME=/opt/rustwide/rustup-home" "-w" "/opt/rustwide/workdir" "-m" "1610612736" "--user" "0:0" "--network" "none" "ghcr.io/rust-lang/crates-build-env/linux@sha256:34b6a614d2c27851fe6cbf88fbd1137609cefab8b10d0615aaeb6fd47975d74e" "/opt/rustwide/cargo-home/bin/cargo" "+1.54.0" "test" "--frozen", kill_on_drop: false }`
[INFO] [stdout] 53aacb23ffe04b6c5ba17388389ce611a7ab389e564d53d769d00b75e273b3f8
[INFO] running `Command { std: "docker" "start" "-a" "53aacb23ffe04b6c5ba17388389ce611a7ab389e564d53d769d00b75e273b3f8", kill_on_drop: false }`
[INFO] [stderr]     Finished test [unoptimized + debuginfo] target(s) in 0.01s
[INFO] [stderr]      Running unittests (/opt/rustwide/target/debug/deps/coreplus-26a16537426278ad)
[INFO] [stdout] 
[INFO] [stdout] running 0 tests
[INFO] [stdout] 
[INFO] [stdout] test result: ok. 0 passed; 0 failed; 0 ignored; 0 measured; 0 filtered out; finished in 0.00s
[INFO] [stdout] 
[INFO] [stderr]    Doc-tests coreplus
[INFO] [stdout] 
[INFO] [stdout] running 84 tests
[INFO] [stdout] test src/net/ip.rs - net::ip::IpAddr::is_global (line 171) ... FAILED
[INFO] [stdout] test src/net/ip.rs - net::ip::IpAddr::is_documentation (line 215) ... FAILED
[INFO] [stdout] test src/net/ip.rs - net::ip::Ipv4Addr::is_global (line 462) ... FAILED
[INFO] [stdout] test src/net/ip.rs - net::ip::Ipv4Addr::is_benchmarking (line 591) ... FAILED
[INFO] [stdout] test src/net/ip.rs - net::ip::Ipv6Addr::is_unicast_global (line 1280) ... FAILED
[INFO] [stdout] test src/net/ip.rs - net::ip::Ipv6Addr::to_ipv4_mapped (line 1361) ... FAILED
[INFO] [stdout] test src/net/ip.rs - net::ip::Ipv6Addr::is_unique_local (line 1148) ... FAILED
[INFO] [stdout] test src/net/ip.rs - net::ip::Ipv4Addr::is_shared (line 537) ... FAILED
[INFO] [stdout] test src/net/ip.rs - net::ip::Ipv6Addr::is_global (line 1122) ... FAILED
[INFO] [stdout] test src/net/ip.rs - net::ip::Ipv4Addr::is_reserved (line 621) ... FAILED
[INFO] [stdout] test src/net/ip.rs - net::ip::Ipv6Addr::multicast_scope (line 1302) ... FAILED
[INFO] [stdout] test src/net/ip.rs - net::ip::Ipv6Addr::is_unicast (line 1169) ... FAILED
[INFO] [stdout] test src/net/ip.rs - net::ip::Ipv4Addr::is_ietf_protocol_assignment (line 566) ... FAILED
[INFO] [stdout] test src/net/ip.rs - net::ip::Ipv6Addr::is_documentation (line 1245) ... FAILED
[INFO] [stdout] test src/net/ip.rs - net::ip::Ipv6Addr::is_unicast_link_local (line 1215) ... FAILED
[INFO] [stdout] test src/net/ip.rs - net::ip::Ipv6Addr::from (line 1620) ... FAILED
[INFO] [stdout] test src/net/addr.rs - net::addr::SocketAddrV6::set_scope_id (line 464) ... FAILED
[INFO] [stdout] test src/net/ip.rs - net::ip::Ipv6Addr::to_ipv4 (line 1390) ... FAILED
[INFO] [stdout] test src/net/ip.rs - net::ip::IpAddr (line 18) ... FAILED
[INFO] [stdout] test src/net/ip.rs - net::ip::Ipv6Addr::octets (line 1412) ... FAILED
[INFO] [stdout] test src/net/ip.rs - net::ip::u128::from (line 1578) ... FAILED
[INFO] [stdout] test src/net/ip.rs - net::ip::Ipv6Addr::LOCALHOST (line 1018) ... FAILED
[INFO] [stdout] test src/net/ip.rs - net::ip::Ipv6Addr::UNSPECIFIED (line 1030) ... FAILED
[INFO] [stderr] error: test failed, to rerun pass '--doc'
[INFO] [stderr] 
[INFO] [stderr] Caused by:
[INFO] [stderr]   process didn't exit successfully: `rustdoc --edition=2018 --crate-type lib --crate-name coreplus --test /opt/rustwide/workdir/src/lib.rs -L dependency=/opt/rustwide/target/debug/deps -L dependency=/opt/rustwide/target/debug/deps --extern coreplus=/opt/rustwide/target/debug/deps/libcoreplus-a8c37ab986b7caf6.rlib -C embed-bitcode=no --cfg 'feature="default"' --cfg 'feature="std"' --error-format human` (signal: 9, SIGKILL: kill)
[INFO] running `Command { std: "docker" "inspect" "53aacb23ffe04b6c5ba17388389ce611a7ab389e564d53d769d00b75e273b3f8", kill_on_drop: false }`
[INFO] running `Command { std: "docker" "rm" "-f" "53aacb23ffe04b6c5ba17388389ce611a7ab389e564d53d769d00b75e273b3f8", kill_on_drop: false }`
[INFO] [stdout] 53aacb23ffe04b6c5ba17388389ce611a7ab389e564d53d769d00b75e273b3f8
