[INFO] fetching crate core-crypto 0.1.1-alpha.2...
[INFO] testing core-crypto-0.1.1-alpha.2 against 1.54.0 for beta-1.55-1
[INFO] extracting crate core-crypto 0.1.1-alpha.2 into /workspace/builds/worker-82/source
[INFO] validating manifest of crates.io crate core-crypto 0.1.1-alpha.2 on toolchain 1.54.0
[INFO] running `Command { std: "/workspace/cargo-home/bin/cargo" "+1.54.0" "metadata" "--manifest-path" "Cargo.toml" "--no-deps", kill_on_drop: false }`
[INFO] started tweaking crates.io crate core-crypto 0.1.1-alpha.2
[INFO] finished tweaking crates.io crate core-crypto 0.1.1-alpha.2
[INFO] tweaked toml for crates.io crate core-crypto 0.1.1-alpha.2 written to /workspace/builds/worker-82/source/Cargo.toml
[INFO] running `Command { std: "/workspace/cargo-home/bin/cargo" "+1.54.0" "generate-lockfile" "--manifest-path" "Cargo.toml" "-Zno-index-update", kill_on_drop: false }`
[INFO] running `Command { std: "/workspace/cargo-home/bin/cargo" "+1.54.0" "fetch" "--manifest-path" "Cargo.toml", kill_on_drop: false }`
[INFO] running `Command { std: "docker" "create" "-v" "/var/lib/crater-agent-workspace/builds/worker-82/target:/opt/rustwide/target:rw,Z" "-v" "/var/lib/crater-agent-workspace/builds/worker-82/source:/opt/rustwide/workdir:ro,Z" "-v" "/var/lib/crater-agent-workspace/cargo-home:/opt/rustwide/cargo-home:ro,Z" "-v" "/var/lib/crater-agent-workspace/rustup-home:/opt/rustwide/rustup-home:ro,Z" "-e" "SOURCE_DIR=/opt/rustwide/workdir" "-e" "CARGO_TARGET_DIR=/opt/rustwide/target" "-e" "CARGO_HOME=/opt/rustwide/cargo-home" "-e" "RUSTUP_HOME=/opt/rustwide/rustup-home" "-w" "/opt/rustwide/workdir" "-m" "1610612736" "--user" "0:0" "--network" "none" "ghcr.io/rust-lang/crates-build-env/linux@sha256:34b6a614d2c27851fe6cbf88fbd1137609cefab8b10d0615aaeb6fd47975d74e" "/opt/rustwide/cargo-home/bin/cargo" "+1.54.0" "metadata" "--no-deps" "--format-version=1", kill_on_drop: false }`
[INFO] [stdout] 6bf00f2d5b2e08bcea86af8f20e83d2898639cddc84ef4490d6593c485109b02
[INFO] running `Command { std: "docker" "start" "-a" "6bf00f2d5b2e08bcea86af8f20e83d2898639cddc84ef4490d6593c485109b02", kill_on_drop: false }`
[INFO] running `Command { std: "docker" "inspect" "6bf00f2d5b2e08bcea86af8f20e83d2898639cddc84ef4490d6593c485109b02", kill_on_drop: false }`
[INFO] running `Command { std: "docker" "rm" "-f" "6bf00f2d5b2e08bcea86af8f20e83d2898639cddc84ef4490d6593c485109b02", kill_on_drop: false }`
[INFO] [stdout] 6bf00f2d5b2e08bcea86af8f20e83d2898639cddc84ef4490d6593c485109b02
[INFO] running `Command { std: "docker" "create" "-v" "/var/lib/crater-agent-workspace/builds/worker-82/target:/opt/rustwide/target:rw,Z" "-v" "/var/lib/crater-agent-workspace/builds/worker-82/source:/opt/rustwide/workdir:ro,Z" "-v" "/var/lib/crater-agent-workspace/cargo-home:/opt/rustwide/cargo-home:ro,Z" "-v" "/var/lib/crater-agent-workspace/rustup-home:/opt/rustwide/rustup-home:ro,Z" "-e" "SOURCE_DIR=/opt/rustwide/workdir" "-e" "CARGO_TARGET_DIR=/opt/rustwide/target" "-e" "CARGO_INCREMENTAL=0" "-e" "RUST_BACKTRACE=full" "-e" "RUSTFLAGS=--cap-lints=warn" "-e" "CARGO_HOME=/opt/rustwide/cargo-home" "-e" "RUSTUP_HOME=/opt/rustwide/rustup-home" "-w" "/opt/rustwide/workdir" "-m" "1610612736" "--user" "0:0" "--network" "none" "ghcr.io/rust-lang/crates-build-env/linux@sha256:34b6a614d2c27851fe6cbf88fbd1137609cefab8b10d0615aaeb6fd47975d74e" "/opt/rustwide/cargo-home/bin/cargo" "+1.54.0" "build" "--frozen" "--message-format=json", kill_on_drop: false }`
[INFO] [stdout] e8f4c4b648e6a60bb015f35ead1834e9216d8c1dfd272b34d8eeb0f372e96932
[INFO] running `Command { std: "docker" "start" "-a" "e8f4c4b648e6a60bb015f35ead1834e9216d8c1dfd272b34d8eeb0f372e96932", kill_on_drop: false }`
[INFO] [stderr]    Compiling typenum v1.13.0
[INFO] [stderr]    Compiling version_check v0.9.3
[INFO] [stderr]    Compiling syn v1.0.74
[INFO] [stderr]    Compiling block-padding v0.2.1
[INFO] [stderr]    Compiling byteorder v1.4.3
[INFO] [stderr]    Compiling serde v1.0.127
[INFO] [stderr]    Compiling subtle v2.4.1
[INFO] [stderr]    Compiling signature v1.3.1
[INFO] [stderr]    Compiling cpufeatures v0.1.5
[INFO] [stderr]    Compiling regex-syntax v0.6.25
[INFO] [stderr]    Compiling rustc-hex v2.1.0
[INFO] [stderr]    Compiling static_assertions v0.2.5
[INFO] [stderr]    Compiling keccak v0.1.0
[INFO] [stderr]    Compiling getrandom v0.1.16
[INFO] [stderr]    Compiling rand_core v0.3.1
[INFO] [stderr]    Compiling aho-corasick v0.7.18
[INFO] [stderr]    Compiling rand v0.5.6
[INFO] [stderr]    Compiling ed25519 v1.2.0
[INFO] [stderr]    Compiling rand_core v0.5.1
[INFO] [stderr]    Compiling generic-array v0.14.4
[INFO] [stderr]    Compiling rand_chacha v0.2.2
[INFO] [stderr]    Compiling rand v0.7.3
[INFO] [stderr]    Compiling fixed-hash v0.3.2
[INFO] [stderr]    Compiling digest v0.9.0
[INFO] [stderr]    Compiling block-buffer v0.9.0
[INFO] [stderr]    Compiling sha2 v0.9.5
[INFO] [stderr]    Compiling sha3 v0.9.1
[INFO] [stderr]    Compiling regex v1.5.4
[INFO] [stderr]    Compiling synstructure v0.12.5
[INFO] [stderr]    Compiling zeroize_derive v1.1.0
[INFO] [stderr]    Compiling zeroize v1.4.1
[INFO] [stderr]    Compiling curve25519-dalek v3.2.0
[INFO] [stderr]    Compiling ed25519-dalek v1.0.1
[INFO] [stderr]    Compiling core-crypto v0.1.1-alpha.2 (/opt/rustwide/workdir)
[INFO] [stderr]     Finished dev [unoptimized + debuginfo] target(s) in 12.67s
[INFO] running `Command { std: "docker" "inspect" "e8f4c4b648e6a60bb015f35ead1834e9216d8c1dfd272b34d8eeb0f372e96932", kill_on_drop: false }`
[INFO] running `Command { std: "docker" "rm" "-f" "e8f4c4b648e6a60bb015f35ead1834e9216d8c1dfd272b34d8eeb0f372e96932", kill_on_drop: false }`
[INFO] [stdout] e8f4c4b648e6a60bb015f35ead1834e9216d8c1dfd272b34d8eeb0f372e96932
[INFO] running `Command { std: "docker" "create" "-v" "/var/lib/crater-agent-workspace/builds/worker-82/target:/opt/rustwide/target:rw,Z" "-v" "/var/lib/crater-agent-workspace/builds/worker-82/source:/opt/rustwide/workdir:ro,Z" "-v" "/var/lib/crater-agent-workspace/cargo-home:/opt/rustwide/cargo-home:ro,Z" "-v" "/var/lib/crater-agent-workspace/rustup-home:/opt/rustwide/rustup-home:ro,Z" "-e" "SOURCE_DIR=/opt/rustwide/workdir" "-e" "CARGO_TARGET_DIR=/opt/rustwide/target" "-e" "CARGO_INCREMENTAL=0" "-e" "RUST_BACKTRACE=full" "-e" "RUSTFLAGS=--cap-lints=warn" "-e" "CARGO_HOME=/opt/rustwide/cargo-home" "-e" "RUSTUP_HOME=/opt/rustwide/rustup-home" "-w" "/opt/rustwide/workdir" "-m" "1610612736" "--user" "0:0" "--network" "none" "ghcr.io/rust-lang/crates-build-env/linux@sha256:34b6a614d2c27851fe6cbf88fbd1137609cefab8b10d0615aaeb6fd47975d74e" "/opt/rustwide/cargo-home/bin/cargo" "+1.54.0" "test" "--frozen" "--no-run" "--message-format=json", kill_on_drop: false }`
[INFO] [stdout] b7900b1523000f1d53ffe86c6fbc17c0d484f10ecba7c585b7337894e8846432
[INFO] running `Command { std: "docker" "start" "-a" "b7900b1523000f1d53ffe86c6fbc17c0d484f10ecba7c585b7337894e8846432", kill_on_drop: false }`
[INFO] [stderr]    Compiling core-crypto v0.1.1-alpha.2 (/opt/rustwide/workdir)
[INFO] [stderr]     Finished test [unoptimized + debuginfo] target(s) in 0.77s
[INFO] running `Command { std: "docker" "inspect" "b7900b1523000f1d53ffe86c6fbc17c0d484f10ecba7c585b7337894e8846432", kill_on_drop: false }`
[INFO] running `Command { std: "docker" "rm" "-f" "b7900b1523000f1d53ffe86c6fbc17c0d484f10ecba7c585b7337894e8846432", kill_on_drop: false }`
[INFO] [stdout] b7900b1523000f1d53ffe86c6fbc17c0d484f10ecba7c585b7337894e8846432
[INFO] running `Command { std: "docker" "create" "-v" "/var/lib/crater-agent-workspace/builds/worker-82/target:/opt/rustwide/target:rw,Z" "-v" "/var/lib/crater-agent-workspace/builds/worker-82/source:/opt/rustwide/workdir:ro,Z" "-v" "/var/lib/crater-agent-workspace/cargo-home:/opt/rustwide/cargo-home:ro,Z" "-v" "/var/lib/crater-agent-workspace/rustup-home:/opt/rustwide/rustup-home:ro,Z" "-e" "SOURCE_DIR=/opt/rustwide/workdir" "-e" "CARGO_TARGET_DIR=/opt/rustwide/target" "-e" "CARGO_INCREMENTAL=0" "-e" "RUST_BACKTRACE=full" "-e" "RUSTFLAGS=--cap-lints=warn" "-e" "CARGO_HOME=/opt/rustwide/cargo-home" "-e" "RUSTUP_HOME=/opt/rustwide/rustup-home" "-w" "/opt/rustwide/workdir" "-m" "1610612736" "--user" "0:0" "--network" "none" "ghcr.io/rust-lang/crates-build-env/linux@sha256:34b6a614d2c27851fe6cbf88fbd1137609cefab8b10d0615aaeb6fd47975d74e" "/opt/rustwide/cargo-home/bin/cargo" "+1.54.0" "test" "--frozen", kill_on_drop: false }`
[INFO] [stdout] 257d813043b875ac565da549727d39dd3874e2604df048c1d84109c27428c77e
[INFO] running `Command { std: "docker" "start" "-a" "257d813043b875ac565da549727d39dd3874e2604df048c1d84109c27428c77e", kill_on_drop: false }`
[INFO] [stderr]     Finished test [unoptimized + debuginfo] target(s) in 0.05s
[INFO] [stderr]      Running unittests (/opt/rustwide/target/debug/deps/core_crypto-ee7c1ffda63f4c1f)
[INFO] [stdout] 
[INFO] [stderr]    Doc-tests core-crypto
[INFO] [stdout] running 0 tests
[INFO] [stdout] 
[INFO] [stdout] test result: ok. 0 passed; 0 failed; 0 ignored; 0 measured; 0 filtered out; finished in 0.00s
[INFO] [stdout] 
[INFO] [stdout] 
[INFO] [stdout] running 6 tests
[INFO] [stdout] test src/keypair.rs - keypair::Keypair<Kp>::from_private_key (line 107) ... FAILED
[INFO] [stdout] test src/keypair.rs - keypair::Keypair<Kp>::from_hex_private_key (line 78) ... FAILED
[INFO] [stdout] test src/keypair.rs - keypair::Keypair<Kp>::decrypt_message (line 243) ... FAILED
[INFO] [stdout] test src/keypair.rs - keypair::Keypair<Kp>::encrypt_message (line 204) ... FAILED
[INFO] [stdout] test src/keypair.rs - keypair::Keypair<Kp>::sign (line 150) ... FAILED
[INFO] [stdout] test src/keypair.rs - keypair::Keypair<Kp>::random (line 42) ... FAILED
[INFO] [stdout] 
[INFO] [stdout] failures:
[INFO] [stdout] 
[INFO] [stdout] ---- src/keypair.rs - keypair::Keypair<Kp>::from_private_key (line 107) stdout ----
[INFO] [stdout] error[E0433]: failed to resolve: use of undeclared crate or module `symbol_crypto_core`
[INFO] [stdout]  --> src/keypair.rs:109:5
[INFO] [stdout]   |
[INFO] [stdout] 3 | use symbol_crypto_core::prelude::{Keypair, PrivateKey, Sym};
[INFO] [stdout]   |     ^^^^^^^^^^^^^^^^^^ use of undeclared crate or module `symbol_crypto_core`
[INFO] [stdout] 
[INFO] [stdout] error[E0433]: failed to resolve: use of undeclared type `PrivateKey`
[INFO] [stdout]  --> src/keypair.rs:114:19
[INFO] [stdout]   |
[INFO] [stdout] 8 | let private_key = PrivateKey::from_str(private_key_hex).unwrap();
[INFO] [stdout]   |                   ^^^^^^^^^^ not found in this scope
[INFO] [stdout]   |
[INFO] [stdout] help: consider importing this struct
[INFO] [stdout]   |
[INFO] [stdout] 2 | use core_crypto::PrivateKey;
[INFO] [stdout]   |
[INFO] [stdout] 
[INFO] [stdout] error[E0433]: failed to resolve: use of undeclared type `Keypair`
[INFO] [stdout]  --> src/keypair.rs:115:15
[INFO] [stdout]   |
[INFO] [stdout] 9 | let keypair = Keypair::<Sym>::from_private_key(private_key);
[INFO] [stdout]   |               ^^^^^^^ not found in this scope
[INFO] [stdout]   |
[INFO] [stdout] help: consider importing one of these items
[INFO] [stdout]   |
[INFO] [stdout] 2 | use core_crypto::Keypair;
[INFO] [stdout]   |
[INFO] [stdout] 2 | use ed25519_dalek::Keypair;
[INFO] [stdout]   |
[INFO] [stdout] 
[INFO] [stdout] error[E0412]: cannot find type `Sym` in this scope
[INFO] [stdout]  --> src/keypair.rs:115:25
[INFO] [stdout]   |
[INFO] [stdout] 9 | let keypair = Keypair::<Sym>::from_private_key(private_key);
[INFO] [stdout]   |                         ^^^ not found in this scope
[INFO] [stdout] 
[INFO] [stdout] error: aborting due to 4 previous errors
[INFO] [stdout] 
[INFO] [stdout] Some errors have detailed explanations: E0412, E0433.
[INFO] [stdout] For more information about an error, try `rustc --explain E0412`.
[INFO] [stdout] Couldn't compile the test.
[INFO] [stdout] ---- src/keypair.rs - keypair::Keypair<Kp>::from_hex_private_key (line 78) stdout ----
[INFO] [stdout] error[E0433]: failed to resolve: use of undeclared crate or module `symbol_crypto_core`
[INFO] [stdout]  --> src/keypair.rs:79:5
[INFO] [stdout]   |
[INFO] [stdout] 2 | use symbol_crypto_core::prelude::{Keypair, Sym};
[INFO] [stdout]   |     ^^^^^^^^^^^^^^^^^^ use of undeclared crate or module `symbol_crypto_core`
[INFO] [stdout] 
[INFO] [stdout] error[E0433]: failed to resolve: use of undeclared type `Keypair`
[INFO] [stdout]  --> src/keypair.rs:85:15
[INFO] [stdout]   |
[INFO] [stdout] 8 | let keypair = Keypair::<Sym>::from_hex_private_key(private_key_hex);
[INFO] [stdout]   |               ^^^^^^^ not found in this scope
[INFO] [stdout]   |
[INFO] [stdout] help: consider importing one of these items
[INFO] [stdout]   |
[INFO] [stdout] 2 | use core_crypto::Keypair;
[INFO] [stdout]   |
[INFO] [stdout] 2 | use ed25519_dalek::Keypair;
[INFO] [stdout]   |
[INFO] [stdout] 
[INFO] [stdout] error[E0412]: cannot find type `Sym` in this scope
[INFO] [stdout]  --> src/keypair.rs:85:25
[INFO] [stdout]   |
[INFO] [stdout] 8 | let keypair = Keypair::<Sym>::from_hex_private_key(private_key_hex);
[INFO] [stdout]   |                         ^^^ not found in this scope
[INFO] [stdout] 
[INFO] [stdout] error: aborting due to 3 previous errors
[INFO] [stdout] 
[INFO] [stdout] Some errors have detailed explanations: E0412, E0433.
[INFO] [stdout] For more information about an error, try `rustc --explain E0412`.
[INFO] [stdout] Couldn't compile the test.
[INFO] [stdout] ---- src/keypair.rs - keypair::Keypair<Kp>::decrypt_message (line 243) stdout ----
[INFO] [stdout] error[E0433]: failed to resolve: use of undeclared crate or module `symbol_crypto_core`
[INFO] [stdout]  --> src/keypair.rs:245:5
[INFO] [stdout]   |
[INFO] [stdout] 3 | use symbol_crypto_core::prelude::{Keypair, Sym, PublicKey};
[INFO] [stdout]   |     ^^^^^^^^^^^^^^^^^^ use of undeclared crate or module `symbol_crypto_core`
[INFO] [stdout] 
[INFO] [stdout] error[E0433]: failed to resolve: use of undeclared type `Keypair`
[INFO] [stdout]  --> src/keypair.rs:249:19
[INFO] [stdout]   |
[INFO] [stdout] 7 | let receiver_kp = Keypair::<Sym>::from_hex_private_key("A22A4BBF126A2D7D7ECE823174DFD184C5DE0FDE4CB2075D30CFA409F7EF8908").unwrap();
[INFO] [stdout]   |                   ^^^^^^^ not found in this scope
[INFO] [stdout]   |
[INFO] [stdout] help: consider importing one of these items
[INFO] [stdout]   |
[INFO] [stdout] 2 | use core_crypto::Keypair;
[INFO] [stdout]   |
[INFO] [stdout] 2 | use ed25519_dalek::Keypair;
[INFO] [stdout]   |
[INFO] [stdout] 
[INFO] [stdout] error[E0412]: cannot find type `Sym` in this scope
[INFO] [stdout]  --> src/keypair.rs:249:29
[INFO] [stdout]   |
[INFO] [stdout] 7 | let receiver_kp = Keypair::<Sym>::from_hex_private_key("A22A4BBF126A2D7D7ECE823174DFD184C5DE0FDE4CB2075D30CFA409F7EF8908").unwrap();
[INFO] [stdout]   |                             ^^^ not found in this scope
[INFO] [stdout] 
[INFO] [stdout] error[E0433]: failed to resolve: use of undeclared type `PublicKey`
[INFO] [stdout]  --> src/keypair.rs:250:17
[INFO] [stdout]   |
[INFO] [stdout] 8 | let signer_pk = PublicKey::from_str("3FD283D8543C12B81917C154CDF4EFD3D48E553E6D7BC77E29CB168138CED17D").unwrap();
[INFO] [stdout]   |                 ^^^^^^^^^ not found in this scope
[INFO] [stdout]   |
[INFO] [stdout] help: consider importing one of these items
[INFO] [stdout]   |
[INFO] [stdout] 2 | use core_crypto::PublicKey;
[INFO] [stdout]   |
[INFO] [stdout] 2 | use ed25519_dalek::PublicKey;
[INFO] [stdout]   |
[INFO] [stdout] 
[INFO] [stdout] error: aborting due to 4 previous errors
[INFO] [stdout] 
[INFO] [stdout] Some errors have detailed explanations: E0412, E0433.
[INFO] [stdout] For more information about an error, try `rustc --explain E0412`.
[INFO] [stdout] Couldn't compile the test.
[INFO] [stdout] ---- src/keypair.rs - keypair::Keypair<Kp>::encrypt_message (line 204) stdout ----
[INFO] [stdout] error[E0433]: failed to resolve: use of undeclared crate or module `symbol_crypto_core`
[INFO] [stdout]  --> src/keypair.rs:206:5
[INFO] [stdout]   |
[INFO] [stdout] 3 | use symbol_crypto_core::prelude::{Keypair, Sym, PublicKey};
[INFO] [stdout]   |     ^^^^^^^^^^^^^^^^^^ use of undeclared crate or module `symbol_crypto_core`
[INFO] [stdout] 
[INFO] [stdout] error[E0433]: failed to resolve: use of undeclared type `Keypair`
[INFO] [stdout]  --> src/keypair.rs:210:17
[INFO] [stdout]   |
[INFO] [stdout] 7 | let signer_kp = Keypair::<Sym>::random();
[INFO] [stdout]   |                 ^^^^^^^ not found in this scope
[INFO] [stdout]   |
[INFO] [stdout] help: consider importing one of these items
[INFO] [stdout]   |
[INFO] [stdout] 2 | use core_crypto::Keypair;
[INFO] [stdout]   |
[INFO] [stdout] 2 | use ed25519_dalek::Keypair;
[INFO] [stdout]   |
[INFO] [stdout] 
[INFO] [stdout] error[E0412]: cannot find type `Sym` in this scope
[INFO] [stdout]  --> src/keypair.rs:210:27
[INFO] [stdout]   |
[INFO] [stdout] 7 | let signer_kp = Keypair::<Sym>::random();
[INFO] [stdout]   |                           ^^^ not found in this scope
[INFO] [stdout] 
[INFO] [stdout] error[E0433]: failed to resolve: use of undeclared type `PublicKey`
[INFO] [stdout]  --> src/keypair.rs:211:19
[INFO] [stdout]   |
[INFO] [stdout] 8 | let receiver_pk = PublicKey::from_str("645C6BB6526E209ED33162472BF75F06172309DC72214AE07CE68EB5A6496B4E").unwrap();
[INFO] [stdout]   |                   ^^^^^^^^^ not found in this scope
[INFO] [stdout]   |
[INFO] [stdout] help: consider importing one of these items
[INFO] [stdout]   |
[INFO] [stdout] 2 | use core_crypto::PublicKey;
[INFO] [stdout]   |
[INFO] [stdout] 2 | use ed25519_dalek::PublicKey;
[INFO] [stdout]   |
[INFO] [stdout] 
[INFO] [stdout] error: aborting due to 4 previous errors
[INFO] [stdout] 
[INFO] [stdout] Some errors have detailed explanations: E0412, E0433.
[INFO] [stdout] For more information about an error, try `rustc --explain E0412`.
[INFO] [stdout] Couldn't compile the test.
[INFO] [stdout] ---- src/keypair.rs - keypair::Keypair<Kp>::sign (line 150) stdout ----
[INFO] [stdout] error[E0433]: failed to resolve: use of undeclared crate or module `symbol_crypto_core`
[INFO] [stdout]  --> src/keypair.rs:151:5
[INFO] [stdout]   |
[INFO] [stdout] 2 | use symbol_crypto_core::prelude::{Keypair, Sym};
[INFO] [stdout]   |     ^^^^^^^^^^^^^^^^^^ use of undeclared crate or module `symbol_crypto_core`
[INFO] [stdout] 
[INFO] [stdout] error[E0433]: failed to resolve: use of undeclared type `Keypair`
[INFO] [stdout]  --> src/keypair.rs:155:15
[INFO] [stdout]   |
[INFO] [stdout] 6 | let keypair = Keypair::<Sym>::random();
[INFO] [stdout]   |               ^^^^^^^ not found in this scope
[INFO] [stdout]   |
[INFO] [stdout] help: consider importing one of these items
[INFO] [stdout]   |
[INFO] [stdout] 2 | use core_crypto::Keypair;
[INFO] [stdout]   |
[INFO] [stdout] 2 | use ed25519_dalek::Keypair;
[INFO] [stdout]   |
[INFO] [stdout] 
[INFO] [stdout] error[E0412]: cannot find type `Sym` in this scope
[INFO] [stdout]  --> src/keypair.rs:155:25
[INFO] [stdout]   |
[INFO] [stdout] 6 | let keypair = Keypair::<Sym>::random();
[INFO] [stdout]   |                         ^^^ not found in this scope
[INFO] [stdout] 
[INFO] [stdout] error: aborting due to 3 previous errors
[INFO] [stdout] 
[INFO] [stdout] Some errors have detailed explanations: E0412, E0433.
[INFO] [stdout] For more information about an error, try `rustc --explain E0412`.
[INFO] [stdout] Couldn't compile the test.
[INFO] [stdout] ---- src/keypair.rs - keypair::Keypair<Kp>::random (line 42) stdout ----
[INFO] [stdout] error[E0433]: failed to resolve: use of undeclared crate or module `symbol_crypto_core`
[INFO] [stdout]  --> src/keypair.rs:43:5
[INFO] [stdout]   |
[INFO] [stdout] 2 | use symbol_crypto_core::prelude::{Keypair, Sym};
[INFO] [stdout]   |     ^^^^^^^^^^^^^^^^^^ use of undeclared crate or module `symbol_crypto_core`
[INFO] [stdout] 
[INFO] [stdout] error[E0433]: failed to resolve: use of undeclared type `Keypair`
[INFO] [stdout]  --> src/keypair.rs:47:15
[INFO] [stdout]   |
[INFO] [stdout] 6 | let keypair = Keypair::<Sym>::random();
[INFO] [stdout]   |               ^^^^^^^ not found in this scope
[INFO] [stdout]   |
[INFO] [stdout] help: consider importing one of these items
[INFO] [stdout]   |
[INFO] [stdout] 2 | use core_crypto::Keypair;
[INFO] [stdout]   |
[INFO] [stdout] 2 | use ed25519_dalek::Keypair;
[INFO] [stdout]   |
[INFO] [stdout] 
[INFO] [stdout] error[E0412]: cannot find type `Sym` in this scope
[INFO] [stdout]  --> src/keypair.rs:47:25
[INFO] [stdout]   |
[INFO] [stdout] 6 | let keypair = Keypair::<Sym>::random();
[INFO] [stdout]   |                         ^^^ not found in this scope
[INFO] [stdout] 
[INFO] [stdout] error: aborting due to 3 previous errors
[INFO] [stdout] 
[INFO] [stdout] Some errors have detailed explanations: E0412, E0433.
[INFO] [stdout] For more information about an error, try `rustc --explain E0412`.
[INFO] [stdout] Couldn't compile the test.
[INFO] [stdout] 
[INFO] [stdout] failures:
[INFO] [stdout]     src/keypair.rs - keypair::Keypair<Kp>::decrypt_message (line 243)
[INFO] [stdout]     src/keypair.rs - keypair::Keypair<Kp>::encrypt_message (line 204)
[INFO] [stdout]     src/keypair.rs - keypair::Keypair<Kp>::from_hex_private_key (line 78)
[INFO] [stdout]     src/keypair.rs - keypair::Keypair<Kp>::from_private_key (line 107)
[INFO] [stdout]     src/keypair.rs - keypair::Keypair<Kp>::random (line 42)
[INFO] [stdout]     src/keypair.rs - keypair::Keypair<Kp>::sign (line 150)
[INFO] [stdout] 
[INFO] [stdout] test result: FAILED. 0 passed; 6 failed; 0 ignored; 0 measured; 0 filtered out; finished in 0.18s
[INFO] [stdout] 
[INFO] [stderr] error: test failed, to rerun pass '--doc'
[INFO] running `Command { std: "docker" "inspect" "257d813043b875ac565da549727d39dd3874e2604df048c1d84109c27428c77e", kill_on_drop: false }`
[INFO] running `Command { std: "docker" "rm" "-f" "257d813043b875ac565da549727d39dd3874e2604df048c1d84109c27428c77e", kill_on_drop: false }`
[INFO] [stdout] 257d813043b875ac565da549727d39dd3874e2604df048c1d84109c27428c77e
