[INFO] fetching crate copymiddle 0.0.0...
[INFO] testing copymiddle-0.0.0 against beta-2021-08-01 for beta-1.55-1
[INFO] extracting crate copymiddle 0.0.0 into /workspace/builds/worker-110/source
[INFO] validating manifest of crates.io crate copymiddle 0.0.0 on toolchain beta-2021-08-01
[INFO] running `Command { std: "/workspace/cargo-home/bin/cargo" "+beta-2021-08-01" "metadata" "--manifest-path" "Cargo.toml" "--no-deps", kill_on_drop: false }`
[INFO] started tweaking crates.io crate copymiddle 0.0.0
[INFO] finished tweaking crates.io crate copymiddle 0.0.0
[INFO] tweaked toml for crates.io crate copymiddle 0.0.0 written to /workspace/builds/worker-110/source/Cargo.toml
[INFO] running `Command { std: "/workspace/cargo-home/bin/cargo" "+beta-2021-08-01" "generate-lockfile" "--manifest-path" "Cargo.toml" "-Zno-index-update", kill_on_drop: false }`
[INFO] running `Command { std: "/workspace/cargo-home/bin/cargo" "+beta-2021-08-01" "fetch" "--manifest-path" "Cargo.toml", kill_on_drop: false }`
[INFO] [stderr]     Blocking waiting for file lock on package cache
[INFO] running `Command { std: "docker" "create" "-v" "/var/lib/crater-agent-workspace/builds/worker-110/target:/opt/rustwide/target:rw,Z" "-v" "/var/lib/crater-agent-workspace/builds/worker-110/source:/opt/rustwide/workdir:ro,Z" "-v" "/var/lib/crater-agent-workspace/cargo-home:/opt/rustwide/cargo-home:ro,Z" "-v" "/var/lib/crater-agent-workspace/rustup-home:/opt/rustwide/rustup-home:ro,Z" "-e" "SOURCE_DIR=/opt/rustwide/workdir" "-e" "CARGO_TARGET_DIR=/opt/rustwide/target" "-e" "CARGO_HOME=/opt/rustwide/cargo-home" "-e" "RUSTUP_HOME=/opt/rustwide/rustup-home" "-w" "/opt/rustwide/workdir" "-m" "1610612736" "--user" "0:0" "--network" "none" "ghcr.io/rust-lang/crates-build-env/linux@sha256:34b6a614d2c27851fe6cbf88fbd1137609cefab8b10d0615aaeb6fd47975d74e" "/opt/rustwide/cargo-home/bin/cargo" "+beta-2021-08-01" "metadata" "--no-deps" "--format-version=1", kill_on_drop: false }`
[INFO] [stdout] 40323e4c19d63877cd1ab7b4a57883510f32284456fcdbbde6eb3803386d5c81
[INFO] running `Command { std: "docker" "start" "-a" "40323e4c19d63877cd1ab7b4a57883510f32284456fcdbbde6eb3803386d5c81", kill_on_drop: false }`
[INFO] running `Command { std: "docker" "inspect" "40323e4c19d63877cd1ab7b4a57883510f32284456fcdbbde6eb3803386d5c81", kill_on_drop: false }`
[INFO] running `Command { std: "docker" "rm" "-f" "40323e4c19d63877cd1ab7b4a57883510f32284456fcdbbde6eb3803386d5c81", kill_on_drop: false }`
[INFO] [stdout] 40323e4c19d63877cd1ab7b4a57883510f32284456fcdbbde6eb3803386d5c81
[INFO] running `Command { std: "docker" "create" "-v" "/var/lib/crater-agent-workspace/builds/worker-110/target:/opt/rustwide/target:rw,Z" "-v" "/var/lib/crater-agent-workspace/builds/worker-110/source:/opt/rustwide/workdir:ro,Z" "-v" "/var/lib/crater-agent-workspace/cargo-home:/opt/rustwide/cargo-home:ro,Z" "-v" "/var/lib/crater-agent-workspace/rustup-home:/opt/rustwide/rustup-home:ro,Z" "-e" "SOURCE_DIR=/opt/rustwide/workdir" "-e" "CARGO_TARGET_DIR=/opt/rustwide/target" "-e" "CARGO_INCREMENTAL=0" "-e" "RUST_BACKTRACE=full" "-e" "RUSTFLAGS=--cap-lints=warn" "-e" "CARGO_HOME=/opt/rustwide/cargo-home" "-e" "RUSTUP_HOME=/opt/rustwide/rustup-home" "-w" "/opt/rustwide/workdir" "-m" "1610612736" "--user" "0:0" "--network" "none" "ghcr.io/rust-lang/crates-build-env/linux@sha256:34b6a614d2c27851fe6cbf88fbd1137609cefab8b10d0615aaeb6fd47975d74e" "/opt/rustwide/cargo-home/bin/cargo" "+beta-2021-08-01" "build" "--frozen" "--message-format=json", kill_on_drop: false }`
[INFO] [stdout] 2f537706cc5b6816320573663487486975e51927559259553e45e9711a2fdbd5
[INFO] running `Command { std: "docker" "start" "-a" "2f537706cc5b6816320573663487486975e51927559259553e45e9711a2fdbd5", kill_on_drop: false }`
[INFO] [stderr]     Blocking waiting for file lock on package cache
[INFO] [stderr]    Compiling copymiddle v0.0.0 (/opt/rustwide/workdir)
[INFO] [stderr]     Finished dev [unoptimized + debuginfo] target(s) in 1.66s
[INFO] running `Command { std: "docker" "inspect" "2f537706cc5b6816320573663487486975e51927559259553e45e9711a2fdbd5", kill_on_drop: false }`
[INFO] running `Command { std: "docker" "rm" "-f" "2f537706cc5b6816320573663487486975e51927559259553e45e9711a2fdbd5", kill_on_drop: false }`
[INFO] [stdout] 2f537706cc5b6816320573663487486975e51927559259553e45e9711a2fdbd5
[INFO] running `Command { std: "docker" "create" "-v" "/var/lib/crater-agent-workspace/builds/worker-110/target:/opt/rustwide/target:rw,Z" "-v" "/var/lib/crater-agent-workspace/builds/worker-110/source:/opt/rustwide/workdir:ro,Z" "-v" "/var/lib/crater-agent-workspace/cargo-home:/opt/rustwide/cargo-home:ro,Z" "-v" "/var/lib/crater-agent-workspace/rustup-home:/opt/rustwide/rustup-home:ro,Z" "-e" "SOURCE_DIR=/opt/rustwide/workdir" "-e" "CARGO_TARGET_DIR=/opt/rustwide/target" "-e" "CARGO_INCREMENTAL=0" "-e" "RUST_BACKTRACE=full" "-e" "RUSTFLAGS=--cap-lints=warn" "-e" "CARGO_HOME=/opt/rustwide/cargo-home" "-e" "RUSTUP_HOME=/opt/rustwide/rustup-home" "-w" "/opt/rustwide/workdir" "-m" "1610612736" "--user" "0:0" "--network" "none" "ghcr.io/rust-lang/crates-build-env/linux@sha256:34b6a614d2c27851fe6cbf88fbd1137609cefab8b10d0615aaeb6fd47975d74e" "/opt/rustwide/cargo-home/bin/cargo" "+beta-2021-08-01" "test" "--frozen" "--no-run" "--message-format=json", kill_on_drop: false }`
[INFO] [stdout] 6d46d975faedd16c41f6e1b752ccf3ebb55dcebabce8da9f61e7a7d77d7b17ee
[INFO] running `Command { std: "docker" "start" "-a" "6d46d975faedd16c41f6e1b752ccf3ebb55dcebabce8da9f61e7a7d77d7b17ee", kill_on_drop: false }`
[INFO] [stderr]    Compiling copymiddle v0.0.0 (/opt/rustwide/workdir)
[INFO] [stderr]     Finished test [unoptimized + debuginfo] target(s) in 0.96s
[INFO] running `Command { std: "docker" "inspect" "6d46d975faedd16c41f6e1b752ccf3ebb55dcebabce8da9f61e7a7d77d7b17ee", kill_on_drop: false }`
[INFO] running `Command { std: "docker" "rm" "-f" "6d46d975faedd16c41f6e1b752ccf3ebb55dcebabce8da9f61e7a7d77d7b17ee", kill_on_drop: false }`
[INFO] [stdout] 6d46d975faedd16c41f6e1b752ccf3ebb55dcebabce8da9f61e7a7d77d7b17ee
[INFO] running `Command { std: "docker" "create" "-v" "/var/lib/crater-agent-workspace/builds/worker-110/target:/opt/rustwide/target:rw,Z" "-v" "/var/lib/crater-agent-workspace/builds/worker-110/source:/opt/rustwide/workdir:ro,Z" "-v" "/var/lib/crater-agent-workspace/cargo-home:/opt/rustwide/cargo-home:ro,Z" "-v" "/var/lib/crater-agent-workspace/rustup-home:/opt/rustwide/rustup-home:ro,Z" "-e" "SOURCE_DIR=/opt/rustwide/workdir" "-e" "CARGO_TARGET_DIR=/opt/rustwide/target" "-e" "CARGO_INCREMENTAL=0" "-e" "RUST_BACKTRACE=full" "-e" "RUSTFLAGS=--cap-lints=warn" "-e" "CARGO_HOME=/opt/rustwide/cargo-home" "-e" "RUSTUP_HOME=/opt/rustwide/rustup-home" "-w" "/opt/rustwide/workdir" "-m" "1610612736" "--user" "0:0" "--network" "none" "ghcr.io/rust-lang/crates-build-env/linux@sha256:34b6a614d2c27851fe6cbf88fbd1137609cefab8b10d0615aaeb6fd47975d74e" "/opt/rustwide/cargo-home/bin/cargo" "+beta-2021-08-01" "test" "--frozen", kill_on_drop: false }`
[INFO] [stdout] ed6faf303947846f2f36c3f4795138319b087dff16e1382ab41f24a345f419f9
[INFO] running `Command { std: "docker" "start" "-a" "ed6faf303947846f2f36c3f4795138319b087dff16e1382ab41f24a345f419f9", kill_on_drop: false }`
[INFO] [stderr]     Finished test [unoptimized + debuginfo] target(s) in 0.01s
[INFO] [stderr]      Running unittests (/opt/rustwide/target/debug/deps/copymiddle-47c75ca767c9049e)
[INFO] [stdout] 
[INFO] [stderr]    Doc-tests copymiddle
[INFO] [stdout] running 0 tests
[INFO] [stdout] 
[INFO] [stdout] test result: ok. 0 passed; 0 failed; 0 ignored; 0 measured; 0 filtered out; finished in 0.00s
[INFO] [stdout] 
[INFO] [stdout] 
[INFO] [stdout] running 1 test
[INFO] [stderr] error: test failed, to rerun pass '--doc'
[INFO] [stdout] test src/lib.rs - (line 7) ... FAILED
[INFO] [stdout] 
[INFO] [stdout] failures:
[INFO] [stdout] 
[INFO] [stdout] ---- src/lib.rs - (line 7) stdout ----
[INFO] [stdout] error[E0762]: unterminated character literal
[INFO] [stdout]    --> src/lib.rs:174:44
[INFO] [stdout]     |
[INFO] [stdout] 167 | attempt to alter or restrict the recipients' rights in the Source Code
[INFO] [stdout]     |                                            ^^^^^^^^^^^^^^^^^^^^^^^^^^^
[INFO] [stdout] 
[INFO] [stdout] error: aborting due to previous error
[INFO] [stdout] 
[INFO] [stdout] For more information about this error, try `rustc --explain E0762`.
[INFO] [stdout] Couldn't compile the test.
[INFO] [stdout] 
[INFO] [stdout] failures:
[INFO] [stdout]     src/lib.rs - (line 7)
[INFO] [stdout] 
[INFO] [stdout] test result: FAILED. 0 passed; 1 failed; 0 ignored; 0 measured; 0 filtered out; finished in 0.06s
[INFO] [stdout] 
[INFO] running `Command { std: "docker" "inspect" "ed6faf303947846f2f36c3f4795138319b087dff16e1382ab41f24a345f419f9", kill_on_drop: false }`
[INFO] running `Command { std: "docker" "rm" "-f" "ed6faf303947846f2f36c3f4795138319b087dff16e1382ab41f24a345f419f9", kill_on_drop: false }`
[INFO] [stdout] ed6faf303947846f2f36c3f4795138319b087dff16e1382ab41f24a345f419f9
