[INFO] fetching crate coord2d 0.2.5...
[INFO] testing coord2d-0.2.5 against beta-2021-08-01 for beta-1.55-1
[INFO] extracting crate coord2d 0.2.5 into /workspace/builds/worker-65/source
[INFO] validating manifest of crates.io crate coord2d 0.2.5 on toolchain beta-2021-08-01
[INFO] running `Command { std: "/workspace/cargo-home/bin/cargo" "+beta-2021-08-01" "metadata" "--manifest-path" "Cargo.toml" "--no-deps", kill_on_drop: false }`
[INFO] started tweaking crates.io crate coord2d 0.2.5
[INFO] finished tweaking crates.io crate coord2d 0.2.5
[INFO] tweaked toml for crates.io crate coord2d 0.2.5 written to /workspace/builds/worker-65/source/Cargo.toml
[INFO] running `Command { std: "/workspace/cargo-home/bin/cargo" "+beta-2021-08-01" "generate-lockfile" "--manifest-path" "Cargo.toml" "-Zno-index-update", kill_on_drop: false }`
[INFO] [stderr]     Blocking waiting for file lock on package cache
[INFO] running `Command { std: "/workspace/cargo-home/bin/cargo" "+beta-2021-08-01" "fetch" "--manifest-path" "Cargo.toml", kill_on_drop: false }`
[INFO] [stderr]     Blocking waiting for file lock on package cache
[INFO] [stderr]     Blocking waiting for file lock on package cache
[INFO] running `Command { std: "docker" "create" "-v" "/var/lib/crater-agent-workspace/builds/worker-65/target:/opt/rustwide/target:rw,Z" "-v" "/var/lib/crater-agent-workspace/builds/worker-65/source:/opt/rustwide/workdir:ro,Z" "-v" "/var/lib/crater-agent-workspace/cargo-home:/opt/rustwide/cargo-home:ro,Z" "-v" "/var/lib/crater-agent-workspace/rustup-home:/opt/rustwide/rustup-home:ro,Z" "-e" "SOURCE_DIR=/opt/rustwide/workdir" "-e" "CARGO_TARGET_DIR=/opt/rustwide/target" "-e" "CARGO_HOME=/opt/rustwide/cargo-home" "-e" "RUSTUP_HOME=/opt/rustwide/rustup-home" "-w" "/opt/rustwide/workdir" "-m" "1610612736" "--user" "0:0" "--network" "none" "ghcr.io/rust-lang/crates-build-env/linux@sha256:34b6a614d2c27851fe6cbf88fbd1137609cefab8b10d0615aaeb6fd47975d74e" "/opt/rustwide/cargo-home/bin/cargo" "+beta-2021-08-01" "metadata" "--no-deps" "--format-version=1", kill_on_drop: false }`
[INFO] [stdout] 6258a8be6c1b453ec1ee96e455c61d8248d03aef2e24270a9dcb11fb6ac41d10
[INFO] running `Command { std: "docker" "start" "-a" "6258a8be6c1b453ec1ee96e455c61d8248d03aef2e24270a9dcb11fb6ac41d10", kill_on_drop: false }`
[INFO] running `Command { std: "docker" "inspect" "6258a8be6c1b453ec1ee96e455c61d8248d03aef2e24270a9dcb11fb6ac41d10", kill_on_drop: false }`
[INFO] running `Command { std: "docker" "rm" "-f" "6258a8be6c1b453ec1ee96e455c61d8248d03aef2e24270a9dcb11fb6ac41d10", kill_on_drop: false }`
[INFO] [stdout] 6258a8be6c1b453ec1ee96e455c61d8248d03aef2e24270a9dcb11fb6ac41d10
[INFO] running `Command { std: "docker" "create" "-v" "/var/lib/crater-agent-workspace/builds/worker-65/target:/opt/rustwide/target:rw,Z" "-v" "/var/lib/crater-agent-workspace/builds/worker-65/source:/opt/rustwide/workdir:ro,Z" "-v" "/var/lib/crater-agent-workspace/cargo-home:/opt/rustwide/cargo-home:ro,Z" "-v" "/var/lib/crater-agent-workspace/rustup-home:/opt/rustwide/rustup-home:ro,Z" "-e" "SOURCE_DIR=/opt/rustwide/workdir" "-e" "CARGO_TARGET_DIR=/opt/rustwide/target" "-e" "CARGO_INCREMENTAL=0" "-e" "RUST_BACKTRACE=full" "-e" "RUSTFLAGS=--cap-lints=warn" "-e" "CARGO_HOME=/opt/rustwide/cargo-home" "-e" "RUSTUP_HOME=/opt/rustwide/rustup-home" "-w" "/opt/rustwide/workdir" "-m" "1610612736" "--user" "0:0" "--network" "none" "ghcr.io/rust-lang/crates-build-env/linux@sha256:34b6a614d2c27851fe6cbf88fbd1137609cefab8b10d0615aaeb6fd47975d74e" "/opt/rustwide/cargo-home/bin/cargo" "+beta-2021-08-01" "build" "--frozen" "--message-format=json", kill_on_drop: false }`
[INFO] [stdout] 4d6445088dcb46e5f9af3729fef846b270f5d069a3bd3d18e4549b10227f896d
[INFO] running `Command { std: "docker" "start" "-a" "4d6445088dcb46e5f9af3729fef846b270f5d069a3bd3d18e4549b10227f896d", kill_on_drop: false }`
[INFO] [stderr]    Compiling coord2d v0.2.5 (/opt/rustwide/workdir)
[INFO] [stderr]     Finished dev [unoptimized + debuginfo] target(s) in 0.28s
[INFO] running `Command { std: "docker" "inspect" "4d6445088dcb46e5f9af3729fef846b270f5d069a3bd3d18e4549b10227f896d", kill_on_drop: false }`
[INFO] running `Command { std: "docker" "rm" "-f" "4d6445088dcb46e5f9af3729fef846b270f5d069a3bd3d18e4549b10227f896d", kill_on_drop: false }`
[INFO] [stdout] 4d6445088dcb46e5f9af3729fef846b270f5d069a3bd3d18e4549b10227f896d
[INFO] running `Command { std: "docker" "create" "-v" "/var/lib/crater-agent-workspace/builds/worker-65/target:/opt/rustwide/target:rw,Z" "-v" "/var/lib/crater-agent-workspace/builds/worker-65/source:/opt/rustwide/workdir:ro,Z" "-v" "/var/lib/crater-agent-workspace/cargo-home:/opt/rustwide/cargo-home:ro,Z" "-v" "/var/lib/crater-agent-workspace/rustup-home:/opt/rustwide/rustup-home:ro,Z" "-e" "SOURCE_DIR=/opt/rustwide/workdir" "-e" "CARGO_TARGET_DIR=/opt/rustwide/target" "-e" "CARGO_INCREMENTAL=0" "-e" "RUST_BACKTRACE=full" "-e" "RUSTFLAGS=--cap-lints=warn" "-e" "CARGO_HOME=/opt/rustwide/cargo-home" "-e" "RUSTUP_HOME=/opt/rustwide/rustup-home" "-w" "/opt/rustwide/workdir" "-m" "1610612736" "--user" "0:0" "--network" "none" "ghcr.io/rust-lang/crates-build-env/linux@sha256:34b6a614d2c27851fe6cbf88fbd1137609cefab8b10d0615aaeb6fd47975d74e" "/opt/rustwide/cargo-home/bin/cargo" "+beta-2021-08-01" "test" "--frozen" "--no-run" "--message-format=json", kill_on_drop: false }`
[INFO] [stdout] 36cc9c0b72f600afff5e363995fafde2dde7cc2c645990894d117df70bf40000
[INFO] running `Command { std: "docker" "start" "-a" "36cc9c0b72f600afff5e363995fafde2dde7cc2c645990894d117df70bf40000", kill_on_drop: false }`
[INFO] [stderr]    Compiling coord2d v0.2.5 (/opt/rustwide/workdir)
[INFO] [stderr]     Finished test [unoptimized + debuginfo] target(s) in 0.83s
[INFO] running `Command { std: "docker" "inspect" "36cc9c0b72f600afff5e363995fafde2dde7cc2c645990894d117df70bf40000", kill_on_drop: false }`
[INFO] running `Command { std: "docker" "rm" "-f" "36cc9c0b72f600afff5e363995fafde2dde7cc2c645990894d117df70bf40000", kill_on_drop: false }`
[INFO] [stdout] 36cc9c0b72f600afff5e363995fafde2dde7cc2c645990894d117df70bf40000
[INFO] running `Command { std: "docker" "create" "-v" "/var/lib/crater-agent-workspace/builds/worker-65/target:/opt/rustwide/target:rw,Z" "-v" "/var/lib/crater-agent-workspace/builds/worker-65/source:/opt/rustwide/workdir:ro,Z" "-v" "/var/lib/crater-agent-workspace/cargo-home:/opt/rustwide/cargo-home:ro,Z" "-v" "/var/lib/crater-agent-workspace/rustup-home:/opt/rustwide/rustup-home:ro,Z" "-e" "SOURCE_DIR=/opt/rustwide/workdir" "-e" "CARGO_TARGET_DIR=/opt/rustwide/target" "-e" "CARGO_INCREMENTAL=0" "-e" "RUST_BACKTRACE=full" "-e" "RUSTFLAGS=--cap-lints=warn" "-e" "CARGO_HOME=/opt/rustwide/cargo-home" "-e" "RUSTUP_HOME=/opt/rustwide/rustup-home" "-w" "/opt/rustwide/workdir" "-m" "1610612736" "--user" "0:0" "--network" "none" "ghcr.io/rust-lang/crates-build-env/linux@sha256:34b6a614d2c27851fe6cbf88fbd1137609cefab8b10d0615aaeb6fd47975d74e" "/opt/rustwide/cargo-home/bin/cargo" "+beta-2021-08-01" "test" "--frozen", kill_on_drop: false }`
[INFO] [stdout] 04f0538c3a5ffa09fea8401f1dc8c8711b588a690ba0c1016cd3d7cb7a32d6ac
[INFO] running `Command { std: "docker" "start" "-a" "04f0538c3a5ffa09fea8401f1dc8c8711b588a690ba0c1016cd3d7cb7a32d6ac", kill_on_drop: false }`
[INFO] [stderr]     Finished test [unoptimized + debuginfo] target(s) in 0.11s
[INFO] [stderr]      Running unittests (/opt/rustwide/target/debug/deps/coord2d-206aad09d23a9536)
[INFO] [stdout] 
[INFO] [stdout] running 3 tests
[INFO] [stdout] test test::test_debug ... ok
[INFO] [stdout] test test::test_coords ... ok
[INFO] [stderr]    Doc-tests coord2d
[INFO] [stdout] test test::test_vector ... ok
[INFO] [stdout] 
[INFO] [stdout] test result: ok. 3 passed; 0 failed; 0 ignored; 0 measured; 0 filtered out; finished in 0.01s
[INFO] [stdout] 
[INFO] [stdout] 
[INFO] [stdout] running 20 tests
[INFO] [stdout] test src/vectors.rs - vectors::Vector::to_vec (line 64) ... FAILED
[INFO] [stdout] test src/vectors.rs - vectors::Vector::get_midpoint (line 132) ... FAILED
[INFO] [stdout] test src/vectors.rs - vectors::Vector::get_magnitude (line 111) ... FAILED
[INFO] [stdout] test src/vectors.rs - vectors::Vector::to_tuple (line 80) ... FAILED
[INFO] [stdout] test src/vectors.rs - new_vector (line 15) ... FAILED
[INFO] [stdout] test src/coords.rs - coords::Coord (line 107) ... FAILED
[INFO] [stdout] test src/coords.rs - coords::Coord (line 87) ... FAILED
[INFO] [stdout] test src/coords.rs - coords::Coord::split (line 72) ... FAILED
[INFO] [stdout] test src/coords.rs - coords::Coord (line 129) ... FAILED
[INFO] [stdout] test src/coords.rs - coords::Coord (line 150) ... FAILED
[INFO] [stdout] test src/vectors.rs - vectors::Vector (line 179) ... FAILED
[INFO] [stdout] test src/coords.rs - coords::Coord::to_vec (line 46) ... FAILED
[INFO] [stdout] test src/coords.rs - coords::Coord::to_tuple (line 59) ... FAILED
[INFO] [stdout] test src/vectors.rs - vectors::Vector (line 152) ... FAILED
[INFO] [stdout] test src/vectors.rs - vectors::Vector (line 233) ... FAILED
[INFO] [stdout] test src/vectors.rs - vectors::Vector (line 206) ... FAILED
[INFO] [stdout] test src/vectors.rs - vectors::Vector::split (line 96) ... FAILED
[INFO] [stdout] test src/coords.rs - new_coord (line 13) ... FAILED
[INFO] [stdout] test src/debug.rs - debug::type_of (line 25) ... ok
[INFO] [stdout] test src/debug.rs - debug::debug (line 5) ... ok
[INFO] [stdout] 
[INFO] [stdout] failures:
[INFO] [stdout] 
[INFO] [stdout] ---- src/vectors.rs - vectors::Vector::to_vec (line 64) stdout ----
[INFO] [stdout] error: unexpected closing delimiter: `}`
[INFO] [stdout]   --> src/vectors.rs:73:39
[INFO] [stdout]    |
[INFO] [stdout] 3  | fn main() { #[allow(non_snake_case)] fn _doctest_main_src_vectors_rs_64_0() {
[INFO] [stdout]    |           - this opening brace...
[INFO] [stdout] ...
[INFO] [stdout] 12 | } _doctest_main_src_vectors_rs_64_0() }
[INFO] [stdout]    | - ...matches this closing brace       ^ unexpected closing delimiter
[INFO] [stdout] 
[INFO] [stdout] error: aborting due to previous error
[INFO] [stdout] 
[INFO] [stdout] Couldn't compile the test.
[INFO] [stdout] ---- src/vectors.rs - vectors::Vector::get_midpoint (line 132) stdout ----
[INFO] [stdout] error: unexpected closing delimiter: `}`
[INFO] [stdout]   --> src/vectors.rs:141:40
[INFO] [stdout]    |
[INFO] [stdout] 3  | fn main() { #[allow(non_snake_case)] fn _doctest_main_src_vectors_rs_132_0() {
[INFO] [stdout]    |           - this opening brace...
[INFO] [stdout] ...
[INFO] [stdout] 12 | } _doctest_main_src_vectors_rs_132_0() }
[INFO] [stdout]    | - ...matches this closing brace        ^ unexpected closing delimiter
[INFO] [stdout] 
[INFO] [stdout] error: aborting due to previous error
[INFO] [stdout] 
[INFO] [stdout] Couldn't compile the test.
[INFO] [stdout] ---- src/vectors.rs - vectors::Vector::get_magnitude (line 111) stdout ----
[INFO] [stdout] error: unexpected closing delimiter: `}`
[INFO] [stdout]   --> src/vectors.rs:120:40
[INFO] [stdout]    |
[INFO] [stdout] 3  | fn main() { #[allow(non_snake_case)] fn _doctest_main_src_vectors_rs_111_0() {
[INFO] [stdout]    |           - this opening brace...
[INFO] [stdout] ...
[INFO] [stdout] 12 | } _doctest_main_src_vectors_rs_111_0() }
[INFO] [stdout]    | - ...matches this closing brace        ^ unexpected closing delimiter
[INFO] [stdout] 
[INFO] [stdout] error: aborting due to previous error
[INFO] [stdout] 
[INFO] [stdout] Couldn't compile the test.
[INFO] [stdout] ---- src/vectors.rs - vectors::Vector::to_tuple (line 80) stdout ----
[INFO] [stdout] error: unexpected closing delimiter: `}`
[INFO] [stdout]   --> src/vectors.rs:89:39
[INFO] [stdout]    |
[INFO] [stdout] 3  | fn main() { #[allow(non_snake_case)] fn _doctest_main_src_vectors_rs_80_0() {
[INFO] [stdout]    |           - this opening brace...
[INFO] [stdout] ...
[INFO] [stdout] 12 | } _doctest_main_src_vectors_rs_80_0() }
[INFO] [stdout]    | - ...matches this closing brace       ^ unexpected closing delimiter
[INFO] [stdout] 
[INFO] [stdout] error: aborting due to previous error
[INFO] [stdout] 
[INFO] [stdout] Couldn't compile the test.
[INFO] [stdout] ---- src/vectors.rs - new_vector (line 15) stdout ----
[INFO] [stdout] error: cannot find macro `new_vector` in this scope
[INFO] [stdout]  --> src/vectors.rs:20:25
[INFO] [stdout]   |
[INFO] [stdout] 8 | let h:vectors::Vector = new_vector!(a, b);
[INFO] [stdout]   |                         ^^^^^^^^^^
[INFO] [stdout]   |
[INFO] [stdout]   = note: consider importing this macro:
[INFO] [stdout]           coord2d::new_vector
[INFO] [stdout] 
[INFO] [stdout] error: cannot find macro `new_coord` in this scope
[INFO] [stdout]  --> src/vectors.rs:19:24
[INFO] [stdout]   |
[INFO] [stdout] 7 | let b: coords::Coord = new_coord!(0.4, 3.3);
[INFO] [stdout]   |                        ^^^^^^^^^
[INFO] [stdout]   |
[INFO] [stdout]   = note: consider importing this macro:
[INFO] [stdout]           coord2d::new_coord
[INFO] [stdout] 
[INFO] [stdout] error: cannot find macro `new_coord` in this scope
[INFO] [stdout]  --> src/vectors.rs:18:24
[INFO] [stdout]   |
[INFO] [stdout] 6 | let a: coords::Coord = new_coord!(1, 2.0);
[INFO] [stdout]   |                        ^^^^^^^^^
[INFO] [stdout]   |
[INFO] [stdout]   = note: consider importing this macro:
[INFO] [stdout]           coord2d::new_coord
[INFO] [stdout] 
[INFO] [stdout] error: aborting due to 3 previous errors
[INFO] [stdout] 
[INFO] [stdout] Couldn't compile the test.
[INFO] [stdout] ---- src/coords.rs - coords::Coord (line 107) stdout ----
[INFO] [stdout] error: cannot find macro `new_coord` in this scope
[INFO] [stdout]  --> src/coords.rs:111:24
[INFO] [stdout]   |
[INFO] [stdout] 7 | let b: coords::Coord = new_coord!(0.4, 3.3);
[INFO] [stdout]   |                        ^^^^^^^^^
[INFO] [stdout]   |
[INFO] [stdout]   = note: consider importing this macro:
[INFO] [stdout]           coord2d::new_coord
[INFO] [stdout] 
[INFO] [stdout] error: cannot find macro `new_coord` in this scope
[INFO] [stdout]  --> src/coords.rs:110:24
[INFO] [stdout]   |
[INFO] [stdout] 6 | let a: coords::Coord = new_coord!(1, 2.0);
[INFO] [stdout]   |                        ^^^^^^^^^
[INFO] [stdout]   |
[INFO] [stdout]   = note: consider importing this macro:
[INFO] [stdout]           coord2d::new_coord
[INFO] [stdout] 
[INFO] [stdout] error: aborting due to 2 previous errors
[INFO] [stdout] 
[INFO] [stdout] Couldn't compile the test.
[INFO] [stdout] ---- src/coords.rs - coords::Coord (line 87) stdout ----
[INFO] [stdout] error: cannot find macro `new_coord` in this scope
[INFO] [stdout]  --> src/coords.rs:91:24
[INFO] [stdout]   |
[INFO] [stdout] 7 | let b: coords::Coord = new_coord!(0.4, 3.3);
[INFO] [stdout]   |                        ^^^^^^^^^
[INFO] [stdout]   |
[INFO] [stdout]   = note: consider importing this macro:
[INFO] [stdout]           coord2d::new_coord
[INFO] [stdout] 
[INFO] [stdout] error: cannot find macro `new_coord` in this scope
[INFO] [stdout]  --> src/coords.rs:90:24
[INFO] [stdout]   |
[INFO] [stdout] 6 | let a: coords::Coord = new_coord!(1, 2.0);
[INFO] [stdout]   |                        ^^^^^^^^^
[INFO] [stdout]   |
[INFO] [stdout]   = note: consider importing this macro:
[INFO] [stdout]           coord2d::new_coord
[INFO] [stdout] 
[INFO] [stdout] error: aborting due to 2 previous errors
[INFO] [stdout] 
[INFO] [stdout] Couldn't compile the test.
[INFO] [stdout] ---- src/coords.rs - coords::Coord::split (line 72) stdout ----
[INFO] [stdout] error: cannot find macro `new_coord` in this scope
[INFO] [stdout]  --> src/coords.rs:75:24
[INFO] [stdout]   |
[INFO] [stdout] 6 | let a: coords::Coord = new_coord!(1, 2.0);
[INFO] [stdout]   |                        ^^^^^^^^^
[INFO] [stdout]   |
[INFO] [stdout]   = note: consider importing this macro:
[INFO] [stdout]           coord2d::new_coord
[INFO] [stdout] 
[INFO] [stdout] error: aborting due to previous error
[INFO] [stdout] 
[INFO] [stdout] Couldn't compile the test.
[INFO] [stdout] ---- src/coords.rs - coords::Coord (line 129) stdout ----
[INFO] [stdout] error: cannot find macro `new_coord` in this scope
[INFO] [stdout]  --> src/coords.rs:133:24
[INFO] [stdout]   |
[INFO] [stdout] 7 | let b: coords::Coord = new_coord!(0.4, 3.3);
[INFO] [stdout]   |                        ^^^^^^^^^
[INFO] [stdout]   |
[INFO] [stdout]   = note: consider importing this macro:
[INFO] [stdout]           coord2d::new_coord
[INFO] [stdout] 
[INFO] [stdout] error: cannot find macro `new_coord` in this scope
[INFO] [stdout]  --> src/coords.rs:132:24
[INFO] [stdout]   |
[INFO] [stdout] 6 | let a: coords::Coord = new_coord!(1, 2.0);
[INFO] [stdout]   |                        ^^^^^^^^^
[INFO] [stdout]   |
[INFO] [stdout]   = note: consider importing this macro:
[INFO] [stdout]           coord2d::new_coord
[INFO] [stdout] 
[INFO] [stdout] error: aborting due to 2 previous errors
[INFO] [stdout] 
[INFO] [stdout] Couldn't compile the test.
[INFO] [stdout] ---- src/coords.rs - coords::Coord (line 150) stdout ----
[INFO] [stdout] error: cannot find macro `new_coord` in this scope
[INFO] [stdout]  --> src/coords.rs:154:24
[INFO] [stdout]   |
[INFO] [stdout] 7 | let b: coords::Coord = new_coord!(0.4, 3.3);
[INFO] [stdout]   |                        ^^^^^^^^^
[INFO] [stdout]   |
[INFO] [stdout]   = note: consider importing this macro:
[INFO] [stdout]           coord2d::new_coord
[INFO] [stdout] 
[INFO] [stdout] error: cannot find macro `new_coord` in this scope
[INFO] [stdout]  --> src/coords.rs:153:24
[INFO] [stdout]   |
[INFO] [stdout] 6 | let a: coords::Coord = new_coord!(1, 2.0);
[INFO] [stdout]   |                        ^^^^^^^^^
[INFO] [stdout]   |
[INFO] [stdout]   = note: consider importing this macro:
[INFO] [stdout]           coord2d::new_coord
[INFO] [stdout] 
[INFO] [stdout] error: aborting due to 2 previous errors
[INFO] [stdout] 
[INFO] [stdout] Couldn't compile the test.
[INFO] [stdout] ---- src/vectors.rs - vectors::Vector (line 179) stdout ----
[INFO] [stdout] error: cannot find macro `new_vector` in this scope
[INFO] [stdout]  --> src/vectors.rs:185:26
[INFO] [stdout]   |
[INFO] [stdout] 9 | let h: vectors::Vector = new_vector!(b, a);
[INFO] [stdout]   |                          ^^^^^^^^^^
[INFO] [stdout]   |
[INFO] [stdout]   = note: consider importing this macro:
[INFO] [stdout]           coord2d::new_vector
[INFO] [stdout] 
[INFO] [stdout] error: cannot find macro `new_vector` in this scope
[INFO] [stdout]  --> src/vectors.rs:184:26
[INFO] [stdout]   |
[INFO] [stdout] 8 | let s: vectors::Vector = new_vector!(a, b);
[INFO] [stdout]   |                          ^^^^^^^^^^
[INFO] [stdout]   |
[INFO] [stdout]   = note: consider importing this macro:
[INFO] [stdout]           coord2d::new_vector
[INFO] [stdout] 
[INFO] [stdout] error: cannot find macro `new_coord` in this scope
[INFO] [stdout]  --> src/vectors.rs:183:24
[INFO] [stdout]   |
[INFO] [stdout] 7 | let b: coords::Coord = new_coord!(0.4, 3.3);
[INFO] [stdout]   |                        ^^^^^^^^^
[INFO] [stdout]   |
[INFO] [stdout]   = note: consider importing this macro:
[INFO] [stdout]           coord2d::new_coord
[INFO] [stdout] 
[INFO] [stdout] error: cannot find macro `new_coord` in this scope
[INFO] [stdout]  --> src/vectors.rs:182:24
[INFO] [stdout]   |
[INFO] [stdout] 6 | let a: coords::Coord = new_coord!(1, 2.0);
[INFO] [stdout]   |                        ^^^^^^^^^
[INFO] [stdout]   |
[INFO] [stdout]   = note: consider importing this macro:
[INFO] [stdout]           coord2d::new_coord
[INFO] [stdout] 
[INFO] [stdout] error: aborting due to 4 previous errors
[INFO] [stdout] 
[INFO] [stdout] Couldn't compile the test.
[INFO] [stdout] ---- src/coords.rs - coords::Coord::to_vec (line 46) stdout ----
[INFO] [stdout] error: cannot find macro `new_coord` in this scope
[INFO] [stdout]  --> src/coords.rs:49:24
[INFO] [stdout]   |
[INFO] [stdout] 6 | let a: coords::Coord = new_coord!(1, 2.0);
[INFO] [stdout]   |                        ^^^^^^^^^
[INFO] [stdout]   |
[INFO] [stdout]   = note: consider importing this macro:
[INFO] [stdout]           coord2d::new_coord
[INFO] [stdout] 
[INFO] [stdout] error: aborting due to previous error
[INFO] [stdout] 
[INFO] [stdout] Couldn't compile the test.
[INFO] [stdout] ---- src/coords.rs - coords::Coord::to_tuple (line 59) stdout ----
[INFO] [stdout] error: cannot find macro `new_coord` in this scope
[INFO] [stdout]  --> src/coords.rs:62:24
[INFO] [stdout]   |
[INFO] [stdout] 6 | let a: coords::Coord = new_coord!(1, 2.0);
[INFO] [stdout]   |                        ^^^^^^^^^
[INFO] [stdout]   |
[INFO] [stdout]   = note: consider importing this macro:
[INFO] [stdout]           coord2d::new_coord
[INFO] [stdout] 
[INFO] [stdout] error: aborting due to previous error
[INFO] [stdout] 
[INFO] [stdout] Couldn't compile the test.
[INFO] [stdout] ---- src/vectors.rs - vectors::Vector (line 152) stdout ----
[INFO] [stdout] error: cannot find macro `new_vector` in this scope
[INFO] [stdout]  --> src/vectors.rs:158:26
[INFO] [stdout]   |
[INFO] [stdout] 9 | let h: vectors::Vector = new_vector!(b, a);
[INFO] [stdout]   |                          ^^^^^^^^^^
[INFO] [stdout]   |
[INFO] [stdout]   = note: consider importing this macro:
[INFO] [stdout]           coord2d::new_vector
[INFO] [stdout] 
[INFO] [stdout] error: cannot find macro `new_vector` in this scope
[INFO] [stdout]  --> src/vectors.rs:157:26
[INFO] [stdout]   |
[INFO] [stdout] 8 | let s: vectors::Vector = new_vector!(a, b);
[INFO] [stdout]   |                          ^^^^^^^^^^
[INFO] [stdout]   |
[INFO] [stdout]   = note: consider importing this macro:
[INFO] [stdout]           coord2d::new_vector
[INFO] [stdout] 
[INFO] [stdout] error: cannot find macro `new_coord` in this scope
[INFO] [stdout]  --> src/vectors.rs:156:24
[INFO] [stdout]   |
[INFO] [stdout] 7 | let b: coords::Coord = new_coord!(0.4, 3.3);
[INFO] [stdout]   |                        ^^^^^^^^^
[INFO] [stdout]   |
[INFO] [stdout]   = note: consider importing this macro:
[INFO] [stdout]           coord2d::new_coord
[INFO] [stdout] 
[INFO] [stdout] error: cannot find macro `new_coord` in this scope
[INFO] [stdout]  --> src/vectors.rs:155:24
[INFO] [stdout]   |
[INFO] [stdout] 6 | let a: coords::Coord = new_coord!(1, 2.0);
[INFO] [stdout]   |                        ^^^^^^^^^
[INFO] [stdout]   |
[INFO] [stdout]   = note: consider importing this macro:
[INFO] [stdout]           coord2d::new_coord
[INFO] [stdout] 
[INFO] [stdout] error: aborting due to 4 previous errors
[INFO] [stdout] 
[INFO] [stdout] Couldn't compile the test.
[INFO] [stdout] ---- src/vectors.rs - vectors::Vector (line 233) stdout ----
[INFO] [stdout] error: cannot find macro `new_vector` in this scope
[INFO] [stdout]  --> src/vectors.rs:239:26
[INFO] [stdout]   |
[INFO] [stdout] 9 | let h: vectors::Vector = new_vector!(b, a);
[INFO] [stdout]   |                          ^^^^^^^^^^
[INFO] [stdout]   |
[INFO] [stdout]   = note: consider importing this macro:
[INFO] [stdout]           coord2d::new_vector
[INFO] [stdout] 
[INFO] [stdout] error: cannot find macro `new_vector` in this scope
[INFO] [stdout]  --> src/vectors.rs:238:26
[INFO] [stdout]   |
[INFO] [stdout] 8 | let s: vectors::Vector = new_vector!(a, b);
[INFO] [stdout]   |                          ^^^^^^^^^^
[INFO] [stdout]   |
[INFO] [stdout]   = note: consider importing this macro:
[INFO] [stdout]           coord2d::new_vector
[INFO] [stdout] 
[INFO] [stdout] error: cannot find macro `new_coord` in this scope
[INFO] [stdout]  --> src/vectors.rs:237:24
[INFO] [stdout]   |
[INFO] [stdout] 7 | let b: coords::Coord = new_coord!(0.4, 3.3);
[INFO] [stdout]   |                        ^^^^^^^^^
[INFO] [stdout]   |
[INFO] [stdout]   = note: consider importing this macro:
[INFO] [stdout]           coord2d::new_coord
[INFO] [stdout] 
[INFO] [stdout] error: cannot find macro `new_coord` in this scope
[INFO] [stdout]  --> src/vectors.rs:236:24
[INFO] [stdout]   |
[INFO] [stdout] 6 | let a: coords::Coord = new_coord!(1, 2.0);
[INFO] [stdout]   |                        ^^^^^^^^^
[INFO] [stdout]   |
[INFO] [stdout]   = note: consider importing this macro:
[INFO] [stdout]           coord2d::new_coord
[INFO] [stdout] 
[INFO] [stdout] error: aborting due to 4 previous errors
[INFO] [stdout] 
[INFO] [stdout] Couldn't compile the test.
[INFO] [stdout] ---- src/vectors.rs - vectors::Vector (line 206) stdout ----
[INFO] [stdout] error: cannot find macro `new_vector` in this scope
[INFO] [stdout]  --> src/vectors.rs:212:26
[INFO] [stdout]   |
[INFO] [stdout] 9 | let h: vectors::Vector = new_vector!(b, a);
[INFO] [stdout]   |                          ^^^^^^^^^^
[INFO] [stdout]   |
[INFO] [stdout]   = note: consider importing this macro:
[INFO] [stdout]           coord2d::new_vector
[INFO] [stdout] 
[INFO] [stdout] error: cannot find macro `new_vector` in this scope
[INFO] [stdout]  --> src/vectors.rs:211:26
[INFO] [stdout]   |
[INFO] [stdout] 8 | let s: vectors::Vector = new_vector!(a, b);
[INFO] [stdout]   |                          ^^^^^^^^^^
[INFO] [stdout]   |
[INFO] [stdout]   = note: consider importing this macro:
[INFO] [stdout]           coord2d::new_vector
[INFO] [stdout] 
[INFO] [stdout] error: cannot find macro `new_coord` in this scope
[INFO] [stdout]  --> src/vectors.rs:210:24
[INFO] [stdout]   |
[INFO] [stdout] 7 | let b: coords::Coord = new_coord!(0.4, 3.3);
[INFO] [stdout]   |                        ^^^^^^^^^
[INFO] [stdout]   |
[INFO] [stdout]   = note: consider importing this macro:
[INFO] [stdout]           coord2d::new_coord
[INFO] [stdout] 
[INFO] [stdout] error: cannot find macro `new_coord` in this scope
[INFO] [stdout]  --> src/vectors.rs:209:24
[INFO] [stdout]   |
[INFO] [stdout] 6 | let a: coords::Coord = new_coord!(1, 2.0);
[INFO] [stdout]   |                        ^^^^^^^^^
[INFO] [stdout]   |
[INFO] [stdout]   = note: consider importing this macro:
[INFO] [stdout]           coord2d::new_coord
[INFO] [stdout] 
[INFO] [stdout] error: aborting due to 4 previous errors
[INFO] [stdout] 
[INFO] [stdout] Couldn't compile the test.
[INFO] [stdout] ---- src/vectors.rs - vectors::Vector::split (line 96) stdout ----
[INFO] [stdout] error: cannot find macro `new_vector` in this scope
[INFO] [stdout]  --> src/vectors.rs:101:24
[INFO] [stdout]   |
[INFO] [stdout] 8 | let s:vectors::Vector =new_vector!(a, b);
[INFO] [stdout]   |                        ^^^^^^^^^^
[INFO] [stdout]   |
[INFO] [stdout]   = note: consider importing this macro:
[INFO] [stdout]           coord2d::new_vector
[INFO] [stdout] 
[INFO] [stdout] error: cannot find macro `new_coord` in this scope
[INFO] [stdout]  --> src/vectors.rs:100:24
[INFO] [stdout]   |
[INFO] [stdout] 7 | let b: coords::Coord = new_coord!(0.4, 3.3);
[INFO] [stdout]   |                        ^^^^^^^^^
[INFO] [stdout]   |
[INFO] [stdout]   = note: consider importing this macro:
[INFO] [stdout]           coord2d::new_coord
[INFO] [stdout] 
[INFO] [stdout] error: cannot find macro `new_coord` in this scope
[INFO] [stdout]  --> src/vectors.rs:99:24
[INFO] [stdout]   |
[INFO] [stdout] 6 | let a: coords::Coord = new_coord!(1, 2.0);
[INFO] [stdout]   |                        ^^^^^^^^^
[INFO] [stdout]   |
[INFO] [stdout]   = note: consider importing this macro:
[INFO] [stdout]           coord2d::new_coord
[INFO] [stdout] 
[INFO] [stdout] error: aborting due to 3 previous errors
[INFO] [stdout] 
[INFO] [stdout] Couldn't compile the test.
[INFO] [stdout] ---- src/coords.rs - new_coord (line 13) stdout ----
[INFO] [stdout] error: cannot find macro `new_coord` in this scope
[INFO] [stdout]  --> src/coords.rs:19:24
[INFO] [stdout]   |
[INFO] [stdout] 9 | let a: coords::Coord = new_coord!(2.0);
[INFO] [stdout]   |                        ^^^^^^^^^
[INFO] [stdout]   |
[INFO] [stdout]   = note: consider importing this macro:
[INFO] [stdout]           coord2d::new_coord
[INFO] [stdout] 
[INFO] [stdout] error: cannot find macro `new_coord` in this scope
[INFO] [stdout]  --> src/coords.rs:16:24
[INFO] [stdout]   |
[INFO] [stdout] 6 | let a: coords::Coord = new_coord!(1, 2.0);
[INFO] [stdout]   |                        ^^^^^^^^^
[INFO] [stdout]   |
[INFO] [stdout]   = note: consider importing this macro:
[INFO] [stdout]           coord2d::new_coord
[INFO] [stdout] 
[INFO] [stdout] error: aborting due to 2 previous errors
[INFO] [stdout] 
[INFO] [stdout] Couldn't compile the test.
[INFO] [stdout] 
[INFO] [stdout] failures:
[INFO] [stdout]     src/coords.rs - coords::Coord (line 107)
[INFO] [stdout]     src/coords.rs - coords::Coord (line 129)
[INFO] [stdout]     src/coords.rs - coords::Coord (line 150)
[INFO] [stdout]     src/coords.rs - coords::Coord (line 87)
[INFO] [stdout]     src/coords.rs - coords::Coord::split (line 72)
[INFO] [stdout]     src/coords.rs - coords::Coord::to_tuple (line 59)
[INFO] [stdout]     src/coords.rs - coords::Coord::to_vec (line 46)
[INFO] [stdout]     src/coords.rs - new_coord (line 13)
[INFO] [stdout]     src/vectors.rs - new_vector (line 15)
[INFO] [stdout]     src/vectors.rs - vectors::Vector (line 152)
[INFO] [stdout]     src/vectors.rs - vectors::Vector (line 179)
[INFO] [stdout]     src/vectors.rs - vectors::Vector (line 206)
[INFO] [stdout]     src/vectors.rs - vectors::Vector (line 233)
[INFO] [stdout]     src/vectors.rs - vectors::Vector::get_magnitude (line 111)
[INFO] [stdout]     src/vectors.rs - vectors::Vector::get_midpoint (line 132)
[INFO] [stdout]     src/vectors.rs - vectors::Vector::split (line 96)
[INFO] [stdout]     src/vectors.rs - vectors::Vector::to_tuple (line 80)
[INFO] [stdout]     src/vectors.rs - vectors::Vector::to_vec (line 64)
[INFO] [stdout] 
[INFO] [stdout] test result: FAILED. 2 passed; 18 failed; 0 ignored; 0 measured; 0 filtered out; finished in 0.56s
[INFO] [stdout] 
[INFO] [stderr] error: test failed, to rerun pass '--doc'
[INFO] running `Command { std: "docker" "inspect" "04f0538c3a5ffa09fea8401f1dc8c8711b588a690ba0c1016cd3d7cb7a32d6ac", kill_on_drop: false }`
[INFO] running `Command { std: "docker" "rm" "-f" "04f0538c3a5ffa09fea8401f1dc8c8711b588a690ba0c1016cd3d7cb7a32d6ac", kill_on_drop: false }`
[INFO] [stdout] 04f0538c3a5ffa09fea8401f1dc8c8711b588a690ba0c1016cd3d7cb7a32d6ac
