[INFO] fetching crate cookie 0.15.1...
[INFO] testing cookie-0.15.1 against beta-2021-08-01 for beta-1.55-1
[INFO] extracting crate cookie 0.15.1 into /workspace/builds/worker-77/source
[INFO] validating manifest of crates.io crate cookie 0.15.1 on toolchain beta-2021-08-01
[INFO] running `Command { std: "/workspace/cargo-home/bin/cargo" "+beta-2021-08-01" "metadata" "--manifest-path" "Cargo.toml" "--no-deps", kill_on_drop: false }`
[INFO] started tweaking crates.io crate cookie 0.15.1
[INFO] finished tweaking crates.io crate cookie 0.15.1
[INFO] tweaked toml for crates.io crate cookie 0.15.1 written to /workspace/builds/worker-77/source/Cargo.toml
[INFO] running `Command { std: "/workspace/cargo-home/bin/cargo" "+beta-2021-08-01" "generate-lockfile" "--manifest-path" "Cargo.toml" "-Zno-index-update", kill_on_drop: false }`
[INFO] [stderr]     Blocking waiting for file lock on package cache
[INFO] running `Command { std: "/workspace/cargo-home/bin/cargo" "+beta-2021-08-01" "fetch" "--manifest-path" "Cargo.toml", kill_on_drop: false }`
[INFO] [stderr]     Blocking waiting for file lock on package cache
[INFO] [stderr]     Blocking waiting for file lock on package cache
[INFO] running `Command { std: "docker" "create" "-v" "/var/lib/crater-agent-workspace/builds/worker-77/target:/opt/rustwide/target:rw,Z" "-v" "/var/lib/crater-agent-workspace/builds/worker-77/source:/opt/rustwide/workdir:ro,Z" "-v" "/var/lib/crater-agent-workspace/cargo-home:/opt/rustwide/cargo-home:ro,Z" "-v" "/var/lib/crater-agent-workspace/rustup-home:/opt/rustwide/rustup-home:ro,Z" "-e" "SOURCE_DIR=/opt/rustwide/workdir" "-e" "CARGO_TARGET_DIR=/opt/rustwide/target" "-e" "CARGO_HOME=/opt/rustwide/cargo-home" "-e" "RUSTUP_HOME=/opt/rustwide/rustup-home" "-w" "/opt/rustwide/workdir" "-m" "1610612736" "--user" "0:0" "--network" "none" "ghcr.io/rust-lang/crates-build-env/linux@sha256:34b6a614d2c27851fe6cbf88fbd1137609cefab8b10d0615aaeb6fd47975d74e" "/opt/rustwide/cargo-home/bin/cargo" "+beta-2021-08-01" "metadata" "--no-deps" "--format-version=1", kill_on_drop: false }`
[INFO] [stdout] de24921b089989603f6d2198385c3368738ba78a543f40343538a66c022fb5cb
[INFO] running `Command { std: "docker" "start" "-a" "de24921b089989603f6d2198385c3368738ba78a543f40343538a66c022fb5cb", kill_on_drop: false }`
[INFO] running `Command { std: "docker" "inspect" "de24921b089989603f6d2198385c3368738ba78a543f40343538a66c022fb5cb", kill_on_drop: false }`
[INFO] running `Command { std: "docker" "rm" "-f" "de24921b089989603f6d2198385c3368738ba78a543f40343538a66c022fb5cb", kill_on_drop: false }`
[INFO] [stdout] de24921b089989603f6d2198385c3368738ba78a543f40343538a66c022fb5cb
[INFO] running `Command { std: "docker" "create" "-v" "/var/lib/crater-agent-workspace/builds/worker-77/target:/opt/rustwide/target:rw,Z" "-v" "/var/lib/crater-agent-workspace/builds/worker-77/source:/opt/rustwide/workdir:ro,Z" "-v" "/var/lib/crater-agent-workspace/cargo-home:/opt/rustwide/cargo-home:ro,Z" "-v" "/var/lib/crater-agent-workspace/rustup-home:/opt/rustwide/rustup-home:ro,Z" "-e" "SOURCE_DIR=/opt/rustwide/workdir" "-e" "CARGO_TARGET_DIR=/opt/rustwide/target" "-e" "CARGO_INCREMENTAL=0" "-e" "RUST_BACKTRACE=full" "-e" "RUSTFLAGS=--cap-lints=warn" "-e" "CARGO_HOME=/opt/rustwide/cargo-home" "-e" "RUSTUP_HOME=/opt/rustwide/rustup-home" "-w" "/opt/rustwide/workdir" "-m" "1610612736" "--user" "0:0" "--network" "none" "ghcr.io/rust-lang/crates-build-env/linux@sha256:34b6a614d2c27851fe6cbf88fbd1137609cefab8b10d0615aaeb6fd47975d74e" "/opt/rustwide/cargo-home/bin/cargo" "+beta-2021-08-01" "build" "--frozen" "--message-format=json", kill_on_drop: false }`
[INFO] [stdout] 19533840d0bc42fb814743eccb5fdef20eab6dfa08aa233f92cb5967e1f4b285
[INFO] running `Command { std: "docker" "start" "-a" "19533840d0bc42fb814743eccb5fdef20eab6dfa08aa233f92cb5967e1f4b285", kill_on_drop: false }`
[INFO] [stderr]    Compiling version_check v0.9.3
[INFO] [stderr]    Compiling syn v1.0.74
[INFO] [stderr]    Compiling const_fn v0.4.8
[INFO] [stderr]    Compiling libc v0.2.98
[INFO] [stderr]    Compiling proc-macro-hack v0.5.19
[INFO] [stderr]    Compiling standback v0.2.17
[INFO] [stderr]    Compiling time v0.2.27
[INFO] [stderr]    Compiling cookie v0.15.1 (/opt/rustwide/workdir)
[INFO] [stderr]    Compiling time-macros-impl v0.1.2
[INFO] [stderr]    Compiling time-macros v0.1.1
[INFO] [stderr]     Finished dev [unoptimized + debuginfo] target(s) in 13.61s
[INFO] running `Command { std: "docker" "inspect" "19533840d0bc42fb814743eccb5fdef20eab6dfa08aa233f92cb5967e1f4b285", kill_on_drop: false }`
[INFO] running `Command { std: "docker" "rm" "-f" "19533840d0bc42fb814743eccb5fdef20eab6dfa08aa233f92cb5967e1f4b285", kill_on_drop: false }`
[INFO] [stdout] 19533840d0bc42fb814743eccb5fdef20eab6dfa08aa233f92cb5967e1f4b285
[INFO] running `Command { std: "docker" "create" "-v" "/var/lib/crater-agent-workspace/builds/worker-77/target:/opt/rustwide/target:rw,Z" "-v" "/var/lib/crater-agent-workspace/builds/worker-77/source:/opt/rustwide/workdir:ro,Z" "-v" "/var/lib/crater-agent-workspace/cargo-home:/opt/rustwide/cargo-home:ro,Z" "-v" "/var/lib/crater-agent-workspace/rustup-home:/opt/rustwide/rustup-home:ro,Z" "-e" "SOURCE_DIR=/opt/rustwide/workdir" "-e" "CARGO_TARGET_DIR=/opt/rustwide/target" "-e" "CARGO_INCREMENTAL=0" "-e" "RUST_BACKTRACE=full" "-e" "RUSTFLAGS=--cap-lints=warn" "-e" "CARGO_HOME=/opt/rustwide/cargo-home" "-e" "RUSTUP_HOME=/opt/rustwide/rustup-home" "-w" "/opt/rustwide/workdir" "-m" "1610612736" "--user" "0:0" "--network" "none" "ghcr.io/rust-lang/crates-build-env/linux@sha256:34b6a614d2c27851fe6cbf88fbd1137609cefab8b10d0615aaeb6fd47975d74e" "/opt/rustwide/cargo-home/bin/cargo" "+beta-2021-08-01" "test" "--frozen" "--no-run" "--message-format=json", kill_on_drop: false }`
[INFO] [stdout] 1dd330aee95ea8b371359e344dd52e3e0d8917a5bfc8bb7a0e8de0d80fccfad9
[INFO] running `Command { std: "docker" "start" "-a" "1dd330aee95ea8b371359e344dd52e3e0d8917a5bfc8bb7a0e8de0d80fccfad9", kill_on_drop: false }`
[INFO] [stderr]    Compiling cookie v0.15.1 (/opt/rustwide/workdir)
[INFO] [stderr]     Finished test [unoptimized + debuginfo] target(s) in 1.92s
[INFO] running `Command { std: "docker" "inspect" "1dd330aee95ea8b371359e344dd52e3e0d8917a5bfc8bb7a0e8de0d80fccfad9", kill_on_drop: false }`
[INFO] running `Command { std: "docker" "rm" "-f" "1dd330aee95ea8b371359e344dd52e3e0d8917a5bfc8bb7a0e8de0d80fccfad9", kill_on_drop: false }`
[INFO] [stdout] 1dd330aee95ea8b371359e344dd52e3e0d8917a5bfc8bb7a0e8de0d80fccfad9
[INFO] running `Command { std: "docker" "create" "-v" "/var/lib/crater-agent-workspace/builds/worker-77/target:/opt/rustwide/target:rw,Z" "-v" "/var/lib/crater-agent-workspace/builds/worker-77/source:/opt/rustwide/workdir:ro,Z" "-v" "/var/lib/crater-agent-workspace/cargo-home:/opt/rustwide/cargo-home:ro,Z" "-v" "/var/lib/crater-agent-workspace/rustup-home:/opt/rustwide/rustup-home:ro,Z" "-e" "SOURCE_DIR=/opt/rustwide/workdir" "-e" "CARGO_TARGET_DIR=/opt/rustwide/target" "-e" "CARGO_INCREMENTAL=0" "-e" "RUST_BACKTRACE=full" "-e" "RUSTFLAGS=--cap-lints=warn" "-e" "CARGO_HOME=/opt/rustwide/cargo-home" "-e" "RUSTUP_HOME=/opt/rustwide/rustup-home" "-w" "/opt/rustwide/workdir" "-m" "1610612736" "--user" "0:0" "--network" "none" "ghcr.io/rust-lang/crates-build-env/linux@sha256:34b6a614d2c27851fe6cbf88fbd1137609cefab8b10d0615aaeb6fd47975d74e" "/opt/rustwide/cargo-home/bin/cargo" "+beta-2021-08-01" "test" "--frozen", kill_on_drop: false }`
[INFO] [stdout] 9c60bd520a8361a3ad76e01702f9812a87322e7c6e495c6d29129cf38a1b3873
[INFO] running `Command { std: "docker" "start" "-a" "9c60bd520a8361a3ad76e01702f9812a87322e7c6e495c6d29129cf38a1b3873", kill_on_drop: false }`
[INFO] [stderr]     Blocking waiting for file lock on package cache
[INFO] [stderr]     Finished test [unoptimized + debuginfo] target(s) in 0.06s
[INFO] [stderr]      Running unittests (/opt/rustwide/target/debug/deps/cookie-54115e39d921115a)
[INFO] [stdout] 
[INFO] [stdout] running 19 tests
[INFO] [stdout] test jar::test::add_remove_add ... ok
[INFO] [stdout] test jar::test::delta ... ok
[INFO] [stdout] test jar::test::jar_is_send ... ok
[INFO] [stdout] test jar::test::empty_delta ... ok
[INFO] [stdout] test jar::test::remove_with_path ... ok
[INFO] [stdout] test jar::test::replace_original ... ok
[INFO] [stdout] test jar::test::replace_remove ... ok
[INFO] [stdout] test jar::test::simple ... ok
[INFO] [stdout] test parse::tests::do_not_panic_on_large_max_ages ... ok
[INFO] [stdout] test parse::tests::odd_characters ... ok
[INFO] [stdout] test parse::tests::parse_abbreviated_years ... ok
[INFO] [stdout] test parse::tests::parse_very_large_max_ages ... ok
[INFO] [stdout] test parse::tests::parse_same_site ... ok
[INFO] [stdout] test tests::format_date_wraps ... ignored
[INFO] [stdout] test tests::cookie_string_long_lifetimes ... ok
[INFO] [stdout] test tests::format ... ok
[INFO] [stdout] test tests::owned_cookie_string ... ok
[INFO] [stdout] test parse::tests::parse ... ok
[INFO] [stdout] test tests::owned_cookie_struct ... ok
[INFO] [stdout] 
[INFO] [stdout] test result: ok. 18 passed; 0 failed; 1 ignored; 0 measured; 0 filtered out; finished in 0.02s
[INFO] [stdout] 
[INFO] [stderr]    Doc-tests cookie
[INFO] [stdout] 
[INFO] [stdout] running 72 tests
[INFO] [stdout] test src/lib.rs - Cookie::parse (line 284) ... FAILED
[INFO] [stdout] test src/lib.rs - Cookie::secure (line 429) ... FAILED
[INFO] [stdout] test src/lib.rs - Cookie::domain (line 515) ... FAILED
[INFO] [stdout] test src/lib.rs - Cookie::max_age (line 473) ... FAILED
[INFO] [stdout] test src/lib.rs - Cookie::set_max_age (line 708) ... FAILED
[INFO] [stdout] test src/lib.rs - Cookie::make_permanent (line 865) ... FAILED
[INFO] [stdout] test src/lib.rs - Cookie::unset_path (line 752) ... FAILED
[INFO] [stdout] test src/lib.rs - Cookie::expires (line 536) ... FAILED
[INFO] [stdout] test src/lib.rs - Display (line 1162) ... FAILED
[INFO] [stderr] error: test failed, to rerun pass '--doc'
[INFO] [stderr] 
[INFO] [stderr] Caused by:
[INFO] [stderr]   process didn't exit successfully: `rustdoc --edition=2018 --crate-type lib --crate-name cookie --test /opt/rustwide/workdir/src/lib.rs -L dependency=/opt/rustwide/target/debug/deps -L dependency=/opt/rustwide/target/debug/deps --extern cookie=/opt/rustwide/target/debug/deps/libcookie-9f36f19a8a920cde.rlib --extern time=/opt/rustwide/target/debug/deps/libtime-88d366c3fc89a8bc.rlib -C embed-bitcode=no --error-format human` (signal: 9, SIGKILL: kill)
[INFO] running `Command { std: "docker" "inspect" "9c60bd520a8361a3ad76e01702f9812a87322e7c6e495c6d29129cf38a1b3873", kill_on_drop: false }`
[INFO] running `Command { std: "docker" "rm" "-f" "9c60bd520a8361a3ad76e01702f9812a87322e7c6e495c6d29129cf38a1b3873", kill_on_drop: false }`
[INFO] [stdout] 9c60bd520a8361a3ad76e01702f9812a87322e7c6e495c6d29129cf38a1b3873
