[INFO] fetching crate contrail 0.3.0...
[INFO] testing contrail-0.3.0 against beta-2021-08-01 for beta-1.55-1
[INFO] extracting crate contrail 0.3.0 into /workspace/builds/worker-12/source
[INFO] validating manifest of crates.io crate contrail 0.3.0 on toolchain beta-2021-08-01
[INFO] running `Command { std: "/workspace/cargo-home/bin/cargo" "+beta-2021-08-01" "metadata" "--manifest-path" "Cargo.toml" "--no-deps", kill_on_drop: false }`
[INFO] started tweaking crates.io crate contrail 0.3.0
[INFO] finished tweaking crates.io crate contrail 0.3.0
[INFO] tweaked toml for crates.io crate contrail 0.3.0 written to /workspace/builds/worker-12/source/Cargo.toml
[INFO] running `Command { std: "/workspace/cargo-home/bin/cargo" "+beta-2021-08-01" "generate-lockfile" "--manifest-path" "Cargo.toml" "-Zno-index-update", kill_on_drop: false }`
[INFO] [stderr]     Blocking waiting for file lock on package cache
[INFO] running `Command { std: "/workspace/cargo-home/bin/cargo" "+beta-2021-08-01" "fetch" "--manifest-path" "Cargo.toml", kill_on_drop: false }`
[INFO] [stderr]     Blocking waiting for file lock on package cache
[INFO] [stderr]     Blocking waiting for file lock on package cache
[INFO] running `Command { std: "docker" "create" "-v" "/var/lib/crater-agent-workspace/builds/worker-12/target:/opt/rustwide/target:rw,Z" "-v" "/var/lib/crater-agent-workspace/builds/worker-12/source:/opt/rustwide/workdir:ro,Z" "-v" "/var/lib/crater-agent-workspace/cargo-home:/opt/rustwide/cargo-home:ro,Z" "-v" "/var/lib/crater-agent-workspace/rustup-home:/opt/rustwide/rustup-home:ro,Z" "-e" "SOURCE_DIR=/opt/rustwide/workdir" "-e" "CARGO_TARGET_DIR=/opt/rustwide/target" "-e" "CARGO_HOME=/opt/rustwide/cargo-home" "-e" "RUSTUP_HOME=/opt/rustwide/rustup-home" "-w" "/opt/rustwide/workdir" "-m" "1610612736" "--user" "0:0" "--network" "none" "ghcr.io/rust-lang/crates-build-env/linux@sha256:34b6a614d2c27851fe6cbf88fbd1137609cefab8b10d0615aaeb6fd47975d74e" "/opt/rustwide/cargo-home/bin/cargo" "+beta-2021-08-01" "metadata" "--no-deps" "--format-version=1", kill_on_drop: false }`
[INFO] [stdout] 19bff9b42e2b487e5ece99e25261ce96153e6af6f7674607f5b30258f04fee54
[INFO] running `Command { std: "docker" "start" "-a" "19bff9b42e2b487e5ece99e25261ce96153e6af6f7674607f5b30258f04fee54", kill_on_drop: false }`
[INFO] running `Command { std: "docker" "inspect" "19bff9b42e2b487e5ece99e25261ce96153e6af6f7674607f5b30258f04fee54", kill_on_drop: false }`
[INFO] running `Command { std: "docker" "rm" "-f" "19bff9b42e2b487e5ece99e25261ce96153e6af6f7674607f5b30258f04fee54", kill_on_drop: false }`
[INFO] [stdout] 19bff9b42e2b487e5ece99e25261ce96153e6af6f7674607f5b30258f04fee54
[INFO] running `Command { std: "docker" "create" "-v" "/var/lib/crater-agent-workspace/builds/worker-12/target:/opt/rustwide/target:rw,Z" "-v" "/var/lib/crater-agent-workspace/builds/worker-12/source:/opt/rustwide/workdir:ro,Z" "-v" "/var/lib/crater-agent-workspace/cargo-home:/opt/rustwide/cargo-home:ro,Z" "-v" "/var/lib/crater-agent-workspace/rustup-home:/opt/rustwide/rustup-home:ro,Z" "-e" "SOURCE_DIR=/opt/rustwide/workdir" "-e" "CARGO_TARGET_DIR=/opt/rustwide/target" "-e" "CARGO_INCREMENTAL=0" "-e" "RUST_BACKTRACE=full" "-e" "RUSTFLAGS=--cap-lints=warn" "-e" "CARGO_HOME=/opt/rustwide/cargo-home" "-e" "RUSTUP_HOME=/opt/rustwide/rustup-home" "-w" "/opt/rustwide/workdir" "-m" "1610612736" "--user" "0:0" "--network" "none" "ghcr.io/rust-lang/crates-build-env/linux@sha256:34b6a614d2c27851fe6cbf88fbd1137609cefab8b10d0615aaeb6fd47975d74e" "/opt/rustwide/cargo-home/bin/cargo" "+beta-2021-08-01" "build" "--frozen" "--message-format=json", kill_on_drop: false }`
[INFO] [stdout] 8dd4babb48a888d6042be2fca8a3e88747784f4c6ebad89769443d502fab5e0f
[INFO] running `Command { std: "docker" "start" "-a" "8dd4babb48a888d6042be2fca8a3e88747784f4c6ebad89769443d502fab5e0f", kill_on_drop: false }`
[INFO] [stderr]    Compiling syn v0.15.44
[INFO] [stderr]    Compiling contrail-derive v0.2.0
[INFO] [stderr]    Compiling contrail v0.3.0 (/opt/rustwide/workdir)
[INFO] [stderr]     Finished dev [unoptimized + debuginfo] target(s) in 9.52s
[INFO] running `Command { std: "docker" "inspect" "8dd4babb48a888d6042be2fca8a3e88747784f4c6ebad89769443d502fab5e0f", kill_on_drop: false }`
[INFO] running `Command { std: "docker" "rm" "-f" "8dd4babb48a888d6042be2fca8a3e88747784f4c6ebad89769443d502fab5e0f", kill_on_drop: false }`
[INFO] [stdout] 8dd4babb48a888d6042be2fca8a3e88747784f4c6ebad89769443d502fab5e0f
[INFO] running `Command { std: "docker" "create" "-v" "/var/lib/crater-agent-workspace/builds/worker-12/target:/opt/rustwide/target:rw,Z" "-v" "/var/lib/crater-agent-workspace/builds/worker-12/source:/opt/rustwide/workdir:ro,Z" "-v" "/var/lib/crater-agent-workspace/cargo-home:/opt/rustwide/cargo-home:ro,Z" "-v" "/var/lib/crater-agent-workspace/rustup-home:/opt/rustwide/rustup-home:ro,Z" "-e" "SOURCE_DIR=/opt/rustwide/workdir" "-e" "CARGO_TARGET_DIR=/opt/rustwide/target" "-e" "CARGO_INCREMENTAL=0" "-e" "RUST_BACKTRACE=full" "-e" "RUSTFLAGS=--cap-lints=warn" "-e" "CARGO_HOME=/opt/rustwide/cargo-home" "-e" "RUSTUP_HOME=/opt/rustwide/rustup-home" "-w" "/opt/rustwide/workdir" "-m" "1610612736" "--user" "0:0" "--network" "none" "ghcr.io/rust-lang/crates-build-env/linux@sha256:34b6a614d2c27851fe6cbf88fbd1137609cefab8b10d0615aaeb6fd47975d74e" "/opt/rustwide/cargo-home/bin/cargo" "+beta-2021-08-01" "test" "--frozen" "--no-run" "--message-format=json", kill_on_drop: false }`
[INFO] [stdout] 5393b69b1b8d90bb9d480fd4c3dfe3a90a6a06db0c38391d66fd90a7754eae4d
[INFO] running `Command { std: "docker" "start" "-a" "5393b69b1b8d90bb9d480fd4c3dfe3a90a6a06db0c38391d66fd90a7754eae4d", kill_on_drop: false }`
[INFO] [stderr]    Compiling contrail v0.3.0 (/opt/rustwide/workdir)
[INFO] [stderr]     Finished test [unoptimized + debuginfo] target(s) in 1.51s
[INFO] running `Command { std: "docker" "inspect" "5393b69b1b8d90bb9d480fd4c3dfe3a90a6a06db0c38391d66fd90a7754eae4d", kill_on_drop: false }`
[INFO] running `Command { std: "docker" "rm" "-f" "5393b69b1b8d90bb9d480fd4c3dfe3a90a6a06db0c38391d66fd90a7754eae4d", kill_on_drop: false }`
[INFO] [stdout] 5393b69b1b8d90bb9d480fd4c3dfe3a90a6a06db0c38391d66fd90a7754eae4d
[INFO] running `Command { std: "docker" "create" "-v" "/var/lib/crater-agent-workspace/builds/worker-12/target:/opt/rustwide/target:rw,Z" "-v" "/var/lib/crater-agent-workspace/builds/worker-12/source:/opt/rustwide/workdir:ro,Z" "-v" "/var/lib/crater-agent-workspace/cargo-home:/opt/rustwide/cargo-home:ro,Z" "-v" "/var/lib/crater-agent-workspace/rustup-home:/opt/rustwide/rustup-home:ro,Z" "-e" "SOURCE_DIR=/opt/rustwide/workdir" "-e" "CARGO_TARGET_DIR=/opt/rustwide/target" "-e" "CARGO_INCREMENTAL=0" "-e" "RUST_BACKTRACE=full" "-e" "RUSTFLAGS=--cap-lints=warn" "-e" "CARGO_HOME=/opt/rustwide/cargo-home" "-e" "RUSTUP_HOME=/opt/rustwide/rustup-home" "-w" "/opt/rustwide/workdir" "-m" "1610612736" "--user" "0:0" "--network" "none" "ghcr.io/rust-lang/crates-build-env/linux@sha256:34b6a614d2c27851fe6cbf88fbd1137609cefab8b10d0615aaeb6fd47975d74e" "/opt/rustwide/cargo-home/bin/cargo" "+beta-2021-08-01" "test" "--frozen", kill_on_drop: false }`
[INFO] [stdout] b40653f30d23538d39a48d5811c669a41d72ad0177a3cedfd9cfbea2e370f883
[INFO] running `Command { std: "docker" "start" "-a" "b40653f30d23538d39a48d5811c669a41d72ad0177a3cedfd9cfbea2e370f883", kill_on_drop: false }`
[INFO] [stderr]     Finished test [unoptimized + debuginfo] target(s) in 0.02s
[INFO] [stderr]      Running unittests (/opt/rustwide/target/debug/deps/contrail-7cadb46851394d4e)
[INFO] [stdout] 
[INFO] [stdout] running 36 tests
[INFO] [stdout] test mem::tests::array_pointer::clone_eq ... ok
[INFO] [stdout] test mem::tests::array_pointer::empty ... ok
[INFO] [stdout] test mem::tests::array_pointer::debug ... ok
[INFO] [stdout] test mem::tests::array_pointer::get_set_update ... ok
[INFO] [stdout] test mem::tests::array_pointer::swap ... ok
[INFO] [stdout] test mem::tests::pointer::clone_eq ... ok
[INFO] [stdout] test mem::tests::pointer::debug ... ok
[INFO] [stdout] test mem::tests::pointer::get_set_update ... ok
[INFO] [stdout] test mem::tests::read_write_bytes::bool ... ok
[INFO] [stdout] test mem::tests::read_write_bytes::f64 ... ok
[INFO] [stdout] test mem::tests::read_write_bytes::i128 ... ok
[INFO] [stdout] test mem::tests::read_write_bytes::char ... ok
[INFO] [stdout] test mem::tests::read_write_bytes::i16 ... ok
[INFO] [stdout] test mem::tests::read_write_bytes::f32 ... ok
[INFO] [stdout] test mem::tests::read_write_bytes::i64 ... ok
[INFO] [stdout] test mem::tests::read_write_bytes::i32 ... ok
[INFO] [stdout] test mem::tests::read_write_bytes::u32 ... ok
[INFO] [stdout] test mem::tests::read_write_bytes::isize ... ok
[INFO] [stdout] test mem::tests::read_write_bytes::i8 ... ok
[INFO] [stdout] test tests::array::clone_eq ... ok
[INFO] [stdout] test tests::array::empty ... ok
[INFO] [stdout] test tests::array::get_set_roundtrip ... ok
[INFO] [stdout] test tests::array::debug ... ok
[INFO] [stdout] test mem::tests::read_write_bytes::unit ... ok
[INFO] [stdout] test mem::tests::read_write_bytes::u128 ... ok
[INFO] [stdout] test mem::tests::read_write_bytes::u64 ... ok
[INFO] [stdout] test mem::tests::read_write_bytes::u8 ... ok
[INFO] [stdout] test mem::tests::read_write_bytes::u16 ... ok
[INFO] [stdout] test tests::array::iter ... ok
[INFO] [stdout] test tests::array::swap ... ok
[INFO] [stdout] test tests::array::update ... ok
[INFO] [stdout] test mem::tests::read_write_bytes::usize ... ok
[INFO] [stdout] test tests::value::clone_eq ... ok
[INFO] [stdout] test tests::value::debug ... ok
[INFO] [stdout] test tests::value::get_set_roundtrip ... ok
[INFO] [stdout] test tests::value::update ... ok
[INFO] [stdout] 
[INFO] [stdout] test result: ok. 36 passed; 0 failed; 0 ignored; 0 measured; 0 filtered out; finished in 0.02s
[INFO] [stdout] 
[INFO] [stderr]      Running tests/derive.rs (/opt/rustwide/target/debug/deps/derive-9e91b4adebfd1248)
[INFO] [stdout] 
[INFO] [stderr]    Doc-tests contrail
[INFO] [stdout] running 1 test
[INFO] [stdout] test custom_derive ... ok
[INFO] [stdout] 
[INFO] [stdout] test result: ok. 1 passed; 0 failed; 0 ignored; 0 measured; 0 filtered out; finished in 0.00s
[INFO] [stdout] 
[INFO] [stdout] 
[INFO] [stdout] running 43 tests
[INFO] [stdout] test src/mem.rs - mem::Bytes (line 62) - compile fail ... ok
[INFO] [stdout] test src/mem.rs - mem::Bytes (line 75) - compile fail ... ok
[INFO] [stdout] test src/lib.rs - Trail::is_trail_empty (line 211) ... ok
[INFO] [stdout] test src/lib.rs - Trail::trail_len (line 190) ... ok
[INFO] [stdout] test src/lib.rs - Array<M, T>::iter (line 508) ... FAILED
[INFO] [stdout] test src/lib.rs - Array<M, T>::update (line 582) ... FAILED
[INFO] [stdout] test src/lib.rs - TrailBuilder::finish (line 272) ... FAILED
[INFO] [stdout] test src/lib.rs - Array<M, T>::new (line 448) ... FAILED
[INFO] [stdout] test src/lib.rs - TrailBuilder::new (line 253) ... ok
[INFO] [stdout] test src/lib.rs - Array<M, T>::get (line 535) ... FAILED
[INFO] [stdout] test src/lib.rs - Array<M, T>::swap (line 607) ... FAILED
[INFO] [stdout] test src/lib.rs - Array<M, T>::set (line 557) ... FAILED
[INFO] [stdout] test src/mem.rs - mem::MemoryBuilder::finish (line 180) ... FAILED
[INFO] [stdout] test src/mem.rs - mem::ArrayPointer<T>::get (line 486) ... FAILED
[INFO] [stdout] test src/lib.rs - Array<M, T>::len (line 472) ... FAILED
[INFO] [stdout] test src/storage.rs - storage::Backtrackable (line 36) ... FAILED
[INFO] [stdout] test src/mem.rs - mem::Bytes (line 87) ... ok
[INFO] [stdout] test src/mem.rs - mem::ArrayPointer<T>::len (line 441) ... ok
[INFO] [stdout] test src/mem.rs - mem::Bytes (line 37) ... ok
[INFO] [stdout] test src/lib.rs - Value<M, T>::new (line 317) ... ok
[INFO] [stdout] test src/mem.rs - mem::Pointer<T>::get (line 268) ... ok
[INFO] [stdout] test src/mem.rs - mem::Pointer<T>::set (line 292) ... ok
[INFO] [stdout] test src/mem.rs - mem::MemoryBuilder::new (line 164) ... ok
[INFO] [stdout] test src/lib.rs - Trail::backtrack (line 164) ... ok
[INFO] [stdout] test src/mem.rs - mem::ArrayPointer<T>::swap (line 574) ... ok
[INFO] [stdout] test src/mem.rs - mem::Pointer<T>::update (line 317) ... ok
[INFO] [stdout] test src/mem.rs - mem::MemoryBuilder (line 144) ... ok
[INFO] [stdout] test src/mem.rs - mem::Pointer (line 206) ... ok
[INFO] [stdout] test src/storage.rs - storage::NonBacktrackable (line 83) ... ok
[INFO] [stdout] test src/lib.rs - Trail::new_level (line 139) ... ok
[INFO] [stdout] test src/lib.rs - Value<M, T>::update (line 375) ... ok
[INFO] [stdout] test src/lib.rs - Value<M, T>::set (line 356) ... ok
[INFO] [stdout] test src/lib.rs - Trail (line 59) ... ok
[INFO] [stdout] test src/lib.rs - Array<M, T>::is_empty (line 489) ... ok
[INFO] [stdout] test src/mem.rs - mem::ArrayPointer<T>::set (line 516) ... ok
[INFO] [stdout] test src/mem.rs - mem::Pointer<T>::new (line 233) ... ok
[INFO] [stdout] test src/lib.rs - Value<M, T>::get (line 338) ... ok
[INFO] [stdout] test src/mem.rs - mem::ArrayPointer<T>::new (line 396) ... ok
[INFO] [stdout] test src/lib.rs - TrailBuilder (line 233) ... ok
[INFO] [stdout] test src/mem.rs - mem::ArrayPointer (line 369) ... ok
[INFO] [stdout] test src/lib.rs - Trail (line 86) ... ok
[INFO] [stdout] test src/mem.rs - mem::ArrayPointer<T>::is_empty (line 462) ... ok
[INFO] [stdout] test src/mem.rs - mem::ArrayPointer<T>::update (line 549) ... ok
[INFO] [stdout] 
[INFO] [stdout] failures:
[INFO] [stdout] 
[INFO] [stdout] ---- src/lib.rs - Array<M, T>::iter (line 508) stdout ----
[INFO] [stdout] Couldn't compile the test.
[INFO] [stdout] ---- src/lib.rs - Array<M, T>::update (line 582) stdout ----
[INFO] [stdout] Couldn't compile the test.
[INFO] [stdout] ---- src/lib.rs - TrailBuilder::finish (line 272) stdout ----
[INFO] [stdout] Couldn't compile the test.
[INFO] [stdout] ---- src/lib.rs - Array<M, T>::new (line 448) stdout ----
[INFO] [stdout] Couldn't compile the test.
[INFO] [stdout] ---- src/lib.rs - Array<M, T>::get (line 535) stdout ----
[INFO] [stdout] Couldn't compile the test.
[INFO] [stdout] ---- src/lib.rs - Array<M, T>::swap (line 607) stdout ----
[INFO] [stdout] Couldn't compile the test.
[INFO] [stdout] ---- src/lib.rs - Array<M, T>::set (line 557) stdout ----
[INFO] [stdout] Couldn't compile the test.
[INFO] [stdout] ---- src/mem.rs - mem::MemoryBuilder::finish (line 180) stdout ----
[INFO] [stdout] Couldn't compile the test.
[INFO] [stdout] ---- src/mem.rs - mem::ArrayPointer<T>::get (line 486) stdout ----
[INFO] [stdout] Couldn't compile the test.
[INFO] [stdout] ---- src/lib.rs - Array<M, T>::len (line 472) stdout ----
[INFO] [stdout] Couldn't compile the test.
[INFO] [stdout] ---- src/storage.rs - storage::Backtrackable (line 36) stdout ----
[INFO] [stdout] Couldn't compile the test.
[INFO] [stdout] 
[INFO] [stdout] failures:
[INFO] [stdout]     src/lib.rs - Array<M, T>::get (line 535)
[INFO] [stdout]     src/lib.rs - Array<M, T>::iter (line 508)
[INFO] [stdout]     src/lib.rs - Array<M, T>::len (line 472)
[INFO] [stdout]     src/lib.rs - Array<M, T>::new (line 448)
[INFO] [stdout]     src/lib.rs - Array<M, T>::set (line 557)
[INFO] [stdout]     src/lib.rs - Array<M, T>::swap (line 607)
[INFO] [stdout]     src/lib.rs - Array<M, T>::update (line 582)
[INFO] [stdout]     src/lib.rs - TrailBuilder::finish (line 272)
[INFO] [stdout]     src/mem.rs - mem::ArrayPointer<T>::get (line 486)
[INFO] [stdout]     src/mem.rs - mem::MemoryBuilder::finish (line 180)
[INFO] [stdout]     src/storage.rs - storage::Backtrackable (line 36)
[INFO] [stdout] 
[INFO] [stdout] test result: FAILED. 32 passed; 11 failed; 0 ignored; 0 measured; 0 filtered out; finished in 2.28s
[INFO] [stdout] 
[INFO] [stderr] error: test failed, to rerun pass '--doc'
[INFO] running `Command { std: "docker" "inspect" "b40653f30d23538d39a48d5811c669a41d72ad0177a3cedfd9cfbea2e370f883", kill_on_drop: false }`
[INFO] running `Command { std: "docker" "rm" "-f" "b40653f30d23538d39a48d5811c669a41d72ad0177a3cedfd9cfbea2e370f883", kill_on_drop: false }`
[INFO] [stdout] b40653f30d23538d39a48d5811c669a41d72ad0177a3cedfd9cfbea2e370f883
