[INFO] fetching crate context-attribute 1.0.0...
[INFO] testing context-attribute-1.0.0 against 1.54.0 for beta-1.55-1
[INFO] extracting crate context-attribute 1.0.0 into /workspace/builds/worker-81/source
[INFO] validating manifest of crates.io crate context-attribute 1.0.0 on toolchain 1.54.0
[INFO] running `Command { std: "/workspace/cargo-home/bin/cargo" "+1.54.0" "metadata" "--manifest-path" "Cargo.toml" "--no-deps", kill_on_drop: false }`
[INFO] started tweaking crates.io crate context-attribute 1.0.0
[INFO] finished tweaking crates.io crate context-attribute 1.0.0
[INFO] tweaked toml for crates.io crate context-attribute 1.0.0 written to /workspace/builds/worker-81/source/Cargo.toml
[INFO] running `Command { std: "/workspace/cargo-home/bin/cargo" "+1.54.0" "generate-lockfile" "--manifest-path" "Cargo.toml" "-Zno-index-update", kill_on_drop: false }`
[INFO] [stderr]     Blocking waiting for file lock on package cache
[INFO] running `Command { std: "/workspace/cargo-home/bin/cargo" "+1.54.0" "fetch" "--manifest-path" "Cargo.toml", kill_on_drop: false }`
[INFO] running `Command { std: "docker" "create" "-v" "/var/lib/crater-agent-workspace/builds/worker-81/target:/opt/rustwide/target:rw,Z" "-v" "/var/lib/crater-agent-workspace/builds/worker-81/source:/opt/rustwide/workdir:ro,Z" "-v" "/var/lib/crater-agent-workspace/cargo-home:/opt/rustwide/cargo-home:ro,Z" "-v" "/var/lib/crater-agent-workspace/rustup-home:/opt/rustwide/rustup-home:ro,Z" "-e" "SOURCE_DIR=/opt/rustwide/workdir" "-e" "CARGO_TARGET_DIR=/opt/rustwide/target" "-e" "CARGO_HOME=/opt/rustwide/cargo-home" "-e" "RUSTUP_HOME=/opt/rustwide/rustup-home" "-w" "/opt/rustwide/workdir" "-m" "1610612736" "--user" "0:0" "--network" "none" "ghcr.io/rust-lang/crates-build-env/linux@sha256:34b6a614d2c27851fe6cbf88fbd1137609cefab8b10d0615aaeb6fd47975d74e" "/opt/rustwide/cargo-home/bin/cargo" "+1.54.0" "metadata" "--no-deps" "--format-version=1", kill_on_drop: false }`
[INFO] [stdout] 3f979979a297249146ad91ffa93b40397d38aba16515a7868ad5512b2e999368
[INFO] running `Command { std: "docker" "start" "-a" "3f979979a297249146ad91ffa93b40397d38aba16515a7868ad5512b2e999368", kill_on_drop: false }`
[INFO] running `Command { std: "docker" "inspect" "3f979979a297249146ad91ffa93b40397d38aba16515a7868ad5512b2e999368", kill_on_drop: false }`
[INFO] running `Command { std: "docker" "rm" "-f" "3f979979a297249146ad91ffa93b40397d38aba16515a7868ad5512b2e999368", kill_on_drop: false }`
[INFO] [stdout] 3f979979a297249146ad91ffa93b40397d38aba16515a7868ad5512b2e999368
[INFO] running `Command { std: "docker" "create" "-v" "/var/lib/crater-agent-workspace/builds/worker-81/target:/opt/rustwide/target:rw,Z" "-v" "/var/lib/crater-agent-workspace/builds/worker-81/source:/opt/rustwide/workdir:ro,Z" "-v" "/var/lib/crater-agent-workspace/cargo-home:/opt/rustwide/cargo-home:ro,Z" "-v" "/var/lib/crater-agent-workspace/rustup-home:/opt/rustwide/rustup-home:ro,Z" "-e" "SOURCE_DIR=/opt/rustwide/workdir" "-e" "CARGO_TARGET_DIR=/opt/rustwide/target" "-e" "CARGO_INCREMENTAL=0" "-e" "RUST_BACKTRACE=full" "-e" "RUSTFLAGS=--cap-lints=warn" "-e" "CARGO_HOME=/opt/rustwide/cargo-home" "-e" "RUSTUP_HOME=/opt/rustwide/rustup-home" "-w" "/opt/rustwide/workdir" "-m" "1610612736" "--user" "0:0" "--network" "none" "ghcr.io/rust-lang/crates-build-env/linux@sha256:34b6a614d2c27851fe6cbf88fbd1137609cefab8b10d0615aaeb6fd47975d74e" "/opt/rustwide/cargo-home/bin/cargo" "+1.54.0" "build" "--frozen" "--message-format=json", kill_on_drop: false }`
[INFO] [stdout] 17daedaf935b6454b6fb63827fa5d5a67ae802eb4bb523dbdd7534d7f6955e96
[INFO] running `Command { std: "docker" "start" "-a" "17daedaf935b6454b6fb63827fa5d5a67ae802eb4bb523dbdd7534d7f6955e96", kill_on_drop: false }`
[INFO] [stderr]    Compiling memchr v2.4.0
[INFO] [stderr]    Compiling libc v0.2.98
[INFO] [stderr]    Compiling proc-macro2 v0.4.30
[INFO] [stderr]    Compiling syn v0.15.44
[INFO] [stderr]    Compiling object v0.26.0
[INFO] [stderr]    Compiling quote v0.6.13
[INFO] [stderr]    Compiling backtrace v0.3.61
[INFO] [stderr]    Compiling failure v0.1.8
[INFO] [stderr]    Compiling context-attribute v1.0.0 (/opt/rustwide/workdir)
[INFO] [stdout] warning: unused extern crate
[INFO] [stdout]   --> src/lib.rs:45:1
[INFO] [stdout]    |
[INFO] [stdout] 45 | extern crate proc_macro;
[INFO] [stdout]    | ^^^^^^^^^^^^^^^^^^^^^^^^ help: remove it
[INFO] [stdout]    |
[INFO] [stdout] note: the lint level is defined here
[INFO] [stdout]   --> src/lib.rs:39:45
[INFO] [stdout]    |
[INFO] [stdout] 39 | #![forbid(unsafe_code, future_incompatible, rust_2018_idioms)]
[INFO] [stdout]    |                                             ^^^^^^^^^^^^^^^^
[INFO] [stdout]    = note: `#[warn(unused_extern_crates)]` implied by `#[warn(rust_2018_idioms)]`
[INFO] [stdout] 
[INFO] [stdout] 
[INFO] [stdout] warning: 1 warning emitted
[INFO] [stdout] 
[INFO] [stdout] 
[INFO] [stderr]     Finished dev [unoptimized + debuginfo] target(s) in 11.34s
[INFO] running `Command { std: "docker" "inspect" "17daedaf935b6454b6fb63827fa5d5a67ae802eb4bb523dbdd7534d7f6955e96", kill_on_drop: false }`
[INFO] running `Command { std: "docker" "rm" "-f" "17daedaf935b6454b6fb63827fa5d5a67ae802eb4bb523dbdd7534d7f6955e96", kill_on_drop: false }`
[INFO] [stdout] 17daedaf935b6454b6fb63827fa5d5a67ae802eb4bb523dbdd7534d7f6955e96
[INFO] running `Command { std: "docker" "create" "-v" "/var/lib/crater-agent-workspace/builds/worker-81/target:/opt/rustwide/target:rw,Z" "-v" "/var/lib/crater-agent-workspace/builds/worker-81/source:/opt/rustwide/workdir:ro,Z" "-v" "/var/lib/crater-agent-workspace/cargo-home:/opt/rustwide/cargo-home:ro,Z" "-v" "/var/lib/crater-agent-workspace/rustup-home:/opt/rustwide/rustup-home:ro,Z" "-e" "SOURCE_DIR=/opt/rustwide/workdir" "-e" "CARGO_TARGET_DIR=/opt/rustwide/target" "-e" "CARGO_INCREMENTAL=0" "-e" "RUST_BACKTRACE=full" "-e" "RUSTFLAGS=--cap-lints=warn" "-e" "CARGO_HOME=/opt/rustwide/cargo-home" "-e" "RUSTUP_HOME=/opt/rustwide/rustup-home" "-w" "/opt/rustwide/workdir" "-m" "1610612736" "--user" "0:0" "--network" "none" "ghcr.io/rust-lang/crates-build-env/linux@sha256:34b6a614d2c27851fe6cbf88fbd1137609cefab8b10d0615aaeb6fd47975d74e" "/opt/rustwide/cargo-home/bin/cargo" "+1.54.0" "test" "--frozen" "--no-run" "--message-format=json", kill_on_drop: false }`
[INFO] [stdout] 55f30a2a3db06a8a5a4034e2ddc0b587cde297b5e6bfcd1daa499b8a2fb79d7d
[INFO] running `Command { std: "docker" "start" "-a" "55f30a2a3db06a8a5a4034e2ddc0b587cde297b5e6bfcd1daa499b8a2fb79d7d", kill_on_drop: false }`
[INFO] [stderr]     Blocking waiting for file lock on package cache
[INFO] [stderr]    Compiling context-attribute v1.0.0 (/opt/rustwide/workdir)
[INFO] [stdout] warning: unused extern crate
[INFO] [stdout]   --> src/lib.rs:45:1
[INFO] [stdout]    |
[INFO] [stdout] 45 | extern crate proc_macro;
[INFO] [stdout]    | ^^^^^^^^^^^^^^^^^^^^^^^^ help: remove it
[INFO] [stdout]    |
[INFO] [stdout] note: the lint level is defined here
[INFO] [stdout]   --> src/lib.rs:39:45
[INFO] [stdout]    |
[INFO] [stdout] 39 | #![forbid(unsafe_code, future_incompatible, rust_2018_idioms)]
[INFO] [stdout]    |                                             ^^^^^^^^^^^^^^^^
[INFO] [stdout]    = note: `#[warn(unused_extern_crates)]` implied by `#[warn(rust_2018_idioms)]`
[INFO] [stdout] 
[INFO] [stdout] 
[INFO] [stdout] warning: 1 warning emitted
[INFO] [stdout] 
[INFO] [stdout] 
[INFO] [stdout] warning: unused extern crate
[INFO] [stdout]   --> src/lib.rs:45:1
[INFO] [stdout]    |
[INFO] [stdout] 45 | extern crate proc_macro;
[INFO] [stdout]    | ^^^^^^^^^^^^^^^^^^^^^^^^ help: remove it
[INFO] [stdout]    |
[INFO] [stdout] note: the lint level is defined here
[INFO] [stdout]   --> src/lib.rs:39:45
[INFO] [stdout]    |
[INFO] [stdout] 39 | #![forbid(unsafe_code, future_incompatible, rust_2018_idioms)]
[INFO] [stdout]    |                                             ^^^^^^^^^^^^^^^^
[INFO] [stdout]    = note: `#[warn(unused_extern_crates)]` implied by `#[warn(rust_2018_idioms)]`
[INFO] [stdout] 
[INFO] [stdout] 
[INFO] [stdout] warning: 1 warning emitted
[INFO] [stdout] 
[INFO] [stdout] 
[INFO] [stderr]     Finished test [unoptimized + debuginfo] target(s) in 2.62s
[INFO] running `Command { std: "docker" "inspect" "55f30a2a3db06a8a5a4034e2ddc0b587cde297b5e6bfcd1daa499b8a2fb79d7d", kill_on_drop: false }`
[INFO] running `Command { std: "docker" "rm" "-f" "55f30a2a3db06a8a5a4034e2ddc0b587cde297b5e6bfcd1daa499b8a2fb79d7d", kill_on_drop: false }`
[INFO] [stdout] 55f30a2a3db06a8a5a4034e2ddc0b587cde297b5e6bfcd1daa499b8a2fb79d7d
[INFO] running `Command { std: "docker" "create" "-v" "/var/lib/crater-agent-workspace/builds/worker-81/target:/opt/rustwide/target:rw,Z" "-v" "/var/lib/crater-agent-workspace/builds/worker-81/source:/opt/rustwide/workdir:ro,Z" "-v" "/var/lib/crater-agent-workspace/cargo-home:/opt/rustwide/cargo-home:ro,Z" "-v" "/var/lib/crater-agent-workspace/rustup-home:/opt/rustwide/rustup-home:ro,Z" "-e" "SOURCE_DIR=/opt/rustwide/workdir" "-e" "CARGO_TARGET_DIR=/opt/rustwide/target" "-e" "CARGO_INCREMENTAL=0" "-e" "RUST_BACKTRACE=full" "-e" "RUSTFLAGS=--cap-lints=warn" "-e" "CARGO_HOME=/opt/rustwide/cargo-home" "-e" "RUSTUP_HOME=/opt/rustwide/rustup-home" "-w" "/opt/rustwide/workdir" "-m" "1610612736" "--user" "0:0" "--network" "none" "ghcr.io/rust-lang/crates-build-env/linux@sha256:34b6a614d2c27851fe6cbf88fbd1137609cefab8b10d0615aaeb6fd47975d74e" "/opt/rustwide/cargo-home/bin/cargo" "+1.54.0" "test" "--frozen", kill_on_drop: false }`
[INFO] [stdout] b7a8b81058ea6bd8a322a41c99c4b85c6fda3d28633c5c1138b053ee8ad94831
[INFO] running `Command { std: "docker" "start" "-a" "b7a8b81058ea6bd8a322a41c99c4b85c6fda3d28633c5c1138b053ee8ad94831", kill_on_drop: false }`
[INFO] [stderr] warning: unused extern crate
[INFO] [stderr]   --> src/lib.rs:45:1
[INFO] [stderr]    |
[INFO] [stderr] 45 | extern crate proc_macro;
[INFO] [stderr]    | ^^^^^^^^^^^^^^^^^^^^^^^^ help: remove it
[INFO] [stderr]    |
[INFO] [stderr] note: the lint level is defined here
[INFO] [stderr]   --> src/lib.rs:39:45
[INFO] [stderr]    |
[INFO] [stderr] 39 | #![forbid(unsafe_code, future_incompatible, rust_2018_idioms)]
[INFO] [stderr]    |                                             ^^^^^^^^^^^^^^^^
[INFO] [stderr]    = note: `#[warn(unused_extern_crates)]` implied by `#[warn(rust_2018_idioms)]`
[INFO] [stderr] 
[INFO] [stderr] warning: 1 warning emitted
[INFO] [stderr] 
[INFO] [stderr] warning: unused extern crate
[INFO] [stderr]   --> src/lib.rs:45:1
[INFO] [stderr]    |
[INFO] [stderr] 45 | extern crate proc_macro;
[INFO] [stderr]    | ^^^^^^^^^^^^^^^^^^^^^^^^ help: remove it
[INFO] [stderr]    |
[INFO] [stderr] note: the lint level is defined here
[INFO] [stderr]   --> src/lib.rs:39:45
[INFO] [stderr]    |
[INFO] [stderr] 39 | #![forbid(unsafe_code, future_incompatible, rust_2018_idioms)]
[INFO] [stderr]    |                                             ^^^^^^^^^^^^^^^^
[INFO] [stderr]    = note: `#[warn(unused_extern_crates)]` implied by `#[warn(rust_2018_idioms)]`
[INFO] [stderr] 
[INFO] [stderr] warning: 1 warning emitted
[INFO] [stderr] 
[INFO] [stderr]     Finished test [unoptimized + debuginfo] target(s) in 0.06s
[INFO] [stderr]      Running unittests (/opt/rustwide/target/debug/deps/context_attribute-513722597598bbe8)
[INFO] [stdout] 
[INFO] [stdout] running 0 tests
[INFO] [stdout] 
[INFO] [stdout] test result: ok. 0 passed; 0 failed; 0 ignored; 0 measured; 0 filtered out; finished in 0.00s
[INFO] [stdout] 
[INFO] [stderr]      Running tests/test.rs (/opt/rustwide/target/debug/deps/test-63b835a5d30a4aae)
[INFO] [stdout] 
[INFO] [stdout] running 1 test
[INFO] [stdout] test should_work ... ok
[INFO] [stdout] 
[INFO] [stdout] test result: ok. 1 passed; 0 failed; 0 ignored; 0 measured; 0 filtered out; finished in 0.00s
[INFO] [stdout] 
[INFO] [stderr]    Doc-tests context-attribute
[INFO] [stdout] 
[INFO] [stdout] running 2 tests
[INFO] [stdout] test src/lib.rs - context (line 56) ... FAILED
[INFO] [stderr] error: test failed, to rerun pass '--doc'
[INFO] [stdout] test src/lib.rs - (line 11) ... FAILED
[INFO] [stdout] 
[INFO] [stdout] failures:
[INFO] [stdout] 
[INFO] [stdout] ---- src/lib.rs - context (line 56) stdout ----
[INFO] [stdout] error[E0107]: this enum takes 2 generic arguments but 1 generic argument was supplied
[INFO] [stdout]    --> src/lib.rs:68:26
[INFO] [stdout]     |
[INFO] [stdout] 14  | fn square(num: usize) -> Result<String, >{
[INFO] [stdout]     |                          ^^^^^^ ------ supplied 1 generic argument
[INFO] [stdout]     |                          |
[INFO] [stdout]     |                          expected 2 generic arguments
[INFO] [stdout]     |
[INFO] [stdout] note: enum defined here, with 2 generic parameters: `T`, `E`
[INFO] [stdout] help: add missing generic argument
[INFO] [stdout]     |
[INFO] [stdout] 14  | fn square(num: usize) -> Result<String, E, >{
[INFO] [stdout]     |                                       ^^^
[INFO] [stdout] 
[INFO] [stdout] error: aborting due to previous error
[INFO] [stdout] 
[INFO] [stdout] For more information about this error, try `rustc --explain E0107`.
[INFO] [stdout] Couldn't compile the test.
[INFO] [stdout] ---- src/lib.rs - (line 11) stdout ----
[INFO] [stdout] Test executable failed (exit code 1).
[INFO] [stdout] 
[INFO] [stdout] stderr:
[INFO] [stdout] Error: ErrorMessage { msg: "usage: square <num>" }
[INFO] [stdout] 
[INFO] [stdout]    0: failure::backtrace::internal::InternalBacktrace::new
[INFO] [stdout]              at /opt/rustwide/cargo-home/registry/src/github.com-1ecc6299db9ec823/failure-0.1.8/src/backtrace/internal.rs:46:44
[INFO] [stdout]    1: failure::backtrace::Backtrace::new
[INFO] [stdout]              at /opt/rustwide/cargo-home/registry/src/github.com-1ecc6299db9ec823/failure-0.1.8/src/backtrace/mod.rs:121:35
[INFO] [stdout]    2: <failure::error::error_impl::ErrorImpl as core::convert::From<F>>::from
[INFO] [stdout]    3: <failure::error::Error as core::convert::From<F>>::from
[INFO] [stdout]    4: failure::error_message::err_msg
[INFO] [stdout]    5: rust_out::main
[INFO] [stdout]    6: core::ops::function::FnOnce::call_once
[INFO] [stdout]    7: std::sys_common::backtrace::__rust_begin_short_backtrace
[INFO] [stdout]    8: std::rt::lang_start::{{closure}}
[INFO] [stdout]    9: core::ops::function::impls::<impl core::ops::function::FnOnce<A> for &F>::call_once
[INFO] [stdout]              at /rustc/a178d0322ce20e33eac124758e837cbd80a6f633/library/core/src/ops/function.rs:259:13
[INFO] [stdout]       std::panicking::try::do_call
[INFO] [stdout]              at /rustc/a178d0322ce20e33eac124758e837cbd80a6f633/library/std/src/panicking.rs:401:40
[INFO] [stdout]       std::panicking::try
[INFO] [stdout]              at /rustc/a178d0322ce20e33eac124758e837cbd80a6f633/library/std/src/panicking.rs:365:19
[INFO] [stdout]       std::panic::catch_unwind
[INFO] [stdout]              at /rustc/a178d0322ce20e33eac124758e837cbd80a6f633/library/std/src/panic.rs:434:14
[INFO] [stdout]       std::rt::lang_start_internal
[INFO] [stdout]              at /rustc/a178d0322ce20e33eac124758e837cbd80a6f633/library/std/src/rt.rs:34:21
[INFO] [stdout]   10: std::rt::lang_start
[INFO] [stdout]   11: main
[INFO] [stdout]   12: __libc_start_main
[INFO] [stdout]   13: _start
[INFO] [stdout] 
[INFO] [stdout] 
[INFO] [stdout] 
[INFO] [stdout] 
[INFO] [stdout] failures:
[INFO] [stdout]     src/lib.rs - (line 11)
[INFO] [stdout]     src/lib.rs - context (line 56)
[INFO] [stdout] 
[INFO] [stdout] test result: FAILED. 0 passed; 2 failed; 0 ignored; 0 measured; 0 filtered out; finished in 1.28s
[INFO] [stdout] 
[INFO] running `Command { std: "docker" "inspect" "b7a8b81058ea6bd8a322a41c99c4b85c6fda3d28633c5c1138b053ee8ad94831", kill_on_drop: false }`
[INFO] running `Command { std: "docker" "rm" "-f" "b7a8b81058ea6bd8a322a41c99c4b85c6fda3d28633c5c1138b053ee8ad94831", kill_on_drop: false }`
[INFO] [stdout] b7a8b81058ea6bd8a322a41c99c4b85c6fda3d28633c5c1138b053ee8ad94831
