[INFO] fetching crate const-str 0.1.4...
[INFO] testing const-str-0.1.4 against 1.54.0 for beta-1.55-1
[INFO] extracting crate const-str 0.1.4 into /workspace/builds/worker-26/source
[INFO] validating manifest of crates.io crate const-str 0.1.4 on toolchain 1.54.0
[INFO] running `Command { std: "/workspace/cargo-home/bin/cargo" "+1.54.0" "metadata" "--manifest-path" "Cargo.toml" "--no-deps", kill_on_drop: false }`
[INFO] started tweaking crates.io crate const-str 0.1.4
[INFO] finished tweaking crates.io crate const-str 0.1.4
[INFO] tweaked toml for crates.io crate const-str 0.1.4 written to /workspace/builds/worker-26/source/Cargo.toml
[INFO] running `Command { std: "/workspace/cargo-home/bin/cargo" "+1.54.0" "generate-lockfile" "--manifest-path" "Cargo.toml" "-Zno-index-update", kill_on_drop: false }`
[INFO] [stderr]     Blocking waiting for file lock on package cache
[INFO] running `Command { std: "/workspace/cargo-home/bin/cargo" "+1.54.0" "fetch" "--manifest-path" "Cargo.toml", kill_on_drop: false }`
[INFO] [stderr]     Blocking waiting for file lock on package cache
[INFO] [stderr]     Blocking waiting for file lock on package cache
[INFO] [stderr]  Downloading crates ...
[INFO] [stderr]   Downloaded const-str-proc-macro v0.1.4
[INFO] running `Command { std: "docker" "create" "-v" "/var/lib/crater-agent-workspace/builds/worker-26/target:/opt/rustwide/target:rw,Z" "-v" "/var/lib/crater-agent-workspace/builds/worker-26/source:/opt/rustwide/workdir:ro,Z" "-v" "/var/lib/crater-agent-workspace/cargo-home:/opt/rustwide/cargo-home:ro,Z" "-v" "/var/lib/crater-agent-workspace/rustup-home:/opt/rustwide/rustup-home:ro,Z" "-e" "SOURCE_DIR=/opt/rustwide/workdir" "-e" "CARGO_TARGET_DIR=/opt/rustwide/target" "-e" "CARGO_HOME=/opt/rustwide/cargo-home" "-e" "RUSTUP_HOME=/opt/rustwide/rustup-home" "-w" "/opt/rustwide/workdir" "-m" "1610612736" "--user" "0:0" "--network" "none" "ghcr.io/rust-lang/crates-build-env/linux@sha256:34b6a614d2c27851fe6cbf88fbd1137609cefab8b10d0615aaeb6fd47975d74e" "/opt/rustwide/cargo-home/bin/cargo" "+1.54.0" "metadata" "--no-deps" "--format-version=1", kill_on_drop: false }`
[INFO] [stdout] 87be75bc1e1fdb62586e08e5be22686d5c6e7e75b98f3432636cff55caac6f26
[INFO] running `Command { std: "docker" "start" "-a" "87be75bc1e1fdb62586e08e5be22686d5c6e7e75b98f3432636cff55caac6f26", kill_on_drop: false }`
[INFO] running `Command { std: "docker" "inspect" "87be75bc1e1fdb62586e08e5be22686d5c6e7e75b98f3432636cff55caac6f26", kill_on_drop: false }`
[INFO] running `Command { std: "docker" "rm" "-f" "87be75bc1e1fdb62586e08e5be22686d5c6e7e75b98f3432636cff55caac6f26", kill_on_drop: false }`
[INFO] [stdout] 87be75bc1e1fdb62586e08e5be22686d5c6e7e75b98f3432636cff55caac6f26
[INFO] running `Command { std: "docker" "create" "-v" "/var/lib/crater-agent-workspace/builds/worker-26/target:/opt/rustwide/target:rw,Z" "-v" "/var/lib/crater-agent-workspace/builds/worker-26/source:/opt/rustwide/workdir:ro,Z" "-v" "/var/lib/crater-agent-workspace/cargo-home:/opt/rustwide/cargo-home:ro,Z" "-v" "/var/lib/crater-agent-workspace/rustup-home:/opt/rustwide/rustup-home:ro,Z" "-e" "SOURCE_DIR=/opt/rustwide/workdir" "-e" "CARGO_TARGET_DIR=/opt/rustwide/target" "-e" "CARGO_INCREMENTAL=0" "-e" "RUST_BACKTRACE=full" "-e" "RUSTFLAGS=--cap-lints=warn" "-e" "CARGO_HOME=/opt/rustwide/cargo-home" "-e" "RUSTUP_HOME=/opt/rustwide/rustup-home" "-w" "/opt/rustwide/workdir" "-m" "1610612736" "--user" "0:0" "--network" "none" "ghcr.io/rust-lang/crates-build-env/linux@sha256:34b6a614d2c27851fe6cbf88fbd1137609cefab8b10d0615aaeb6fd47975d74e" "/opt/rustwide/cargo-home/bin/cargo" "+1.54.0" "build" "--frozen" "--message-format=json", kill_on_drop: false }`
[INFO] [stdout] 0b4343cc42d2ed17de3b0cf4c5ae516367f7e154cd2374abd2e5795228d7e32f
[INFO] running `Command { std: "docker" "start" "-a" "0b4343cc42d2ed17de3b0cf4c5ae516367f7e154cd2374abd2e5795228d7e32f", kill_on_drop: false }`
[INFO] [stderr]    Compiling proc-macro2 v1.0.28
[INFO] [stderr]    Compiling unicode-xid v0.2.2
[INFO] [stderr]    Compiling syn v1.0.74
[INFO] [stderr]    Compiling quote v1.0.9
[INFO] [stderr]    Compiling const-str-proc-macro v0.1.4
[INFO] [stderr]    Compiling const-str v0.1.4 (/opt/rustwide/workdir)
[INFO] [stderr]     Finished dev [unoptimized + debuginfo] target(s) in 9.93s
[INFO] running `Command { std: "docker" "inspect" "0b4343cc42d2ed17de3b0cf4c5ae516367f7e154cd2374abd2e5795228d7e32f", kill_on_drop: false }`
[INFO] running `Command { std: "docker" "rm" "-f" "0b4343cc42d2ed17de3b0cf4c5ae516367f7e154cd2374abd2e5795228d7e32f", kill_on_drop: false }`
[INFO] [stdout] 0b4343cc42d2ed17de3b0cf4c5ae516367f7e154cd2374abd2e5795228d7e32f
[INFO] running `Command { std: "docker" "create" "-v" "/var/lib/crater-agent-workspace/builds/worker-26/target:/opt/rustwide/target:rw,Z" "-v" "/var/lib/crater-agent-workspace/builds/worker-26/source:/opt/rustwide/workdir:ro,Z" "-v" "/var/lib/crater-agent-workspace/cargo-home:/opt/rustwide/cargo-home:ro,Z" "-v" "/var/lib/crater-agent-workspace/rustup-home:/opt/rustwide/rustup-home:ro,Z" "-e" "SOURCE_DIR=/opt/rustwide/workdir" "-e" "CARGO_TARGET_DIR=/opt/rustwide/target" "-e" "CARGO_INCREMENTAL=0" "-e" "RUST_BACKTRACE=full" "-e" "RUSTFLAGS=--cap-lints=warn" "-e" "CARGO_HOME=/opt/rustwide/cargo-home" "-e" "RUSTUP_HOME=/opt/rustwide/rustup-home" "-w" "/opt/rustwide/workdir" "-m" "1610612736" "--user" "0:0" "--network" "none" "ghcr.io/rust-lang/crates-build-env/linux@sha256:34b6a614d2c27851fe6cbf88fbd1137609cefab8b10d0615aaeb6fd47975d74e" "/opt/rustwide/cargo-home/bin/cargo" "+1.54.0" "test" "--frozen" "--no-run" "--message-format=json", kill_on_drop: false }`
[INFO] [stdout] ed8686cc8416430c13763f2a991151ba921940b4ed6bb605be559b08677701f4
[INFO] running `Command { std: "docker" "start" "-a" "ed8686cc8416430c13763f2a991151ba921940b4ed6bb605be559b08677701f4", kill_on_drop: false }`
[INFO] [stderr]    Compiling memchr v2.4.0
[INFO] [stderr]    Compiling itoa v0.4.7
[INFO] [stderr]    Compiling fnv v1.0.7
[INFO] [stderr]    Compiling regex-syntax v0.6.25
[INFO] [stderr]    Compiling bytes v1.0.1
[INFO] [stderr]    Compiling http v0.2.4
[INFO] [stderr]    Compiling aho-corasick v0.7.18
[INFO] [stderr]    Compiling regex v1.5.4
[INFO] [stderr]    Compiling const-str v0.1.4 (/opt/rustwide/workdir)
[INFO] [stderr]     Finished test [unoptimized + debuginfo] target(s) in 8.05s
[INFO] running `Command { std: "docker" "inspect" "ed8686cc8416430c13763f2a991151ba921940b4ed6bb605be559b08677701f4", kill_on_drop: false }`
[INFO] running `Command { std: "docker" "rm" "-f" "ed8686cc8416430c13763f2a991151ba921940b4ed6bb605be559b08677701f4", kill_on_drop: false }`
[INFO] [stdout] ed8686cc8416430c13763f2a991151ba921940b4ed6bb605be559b08677701f4
[INFO] running `Command { std: "docker" "create" "-v" "/var/lib/crater-agent-workspace/builds/worker-26/target:/opt/rustwide/target:rw,Z" "-v" "/var/lib/crater-agent-workspace/builds/worker-26/source:/opt/rustwide/workdir:ro,Z" "-v" "/var/lib/crater-agent-workspace/cargo-home:/opt/rustwide/cargo-home:ro,Z" "-v" "/var/lib/crater-agent-workspace/rustup-home:/opt/rustwide/rustup-home:ro,Z" "-e" "SOURCE_DIR=/opt/rustwide/workdir" "-e" "CARGO_TARGET_DIR=/opt/rustwide/target" "-e" "CARGO_INCREMENTAL=0" "-e" "RUST_BACKTRACE=full" "-e" "RUSTFLAGS=--cap-lints=warn" "-e" "CARGO_HOME=/opt/rustwide/cargo-home" "-e" "RUSTUP_HOME=/opt/rustwide/rustup-home" "-w" "/opt/rustwide/workdir" "-m" "1610612736" "--user" "0:0" "--network" "none" "ghcr.io/rust-lang/crates-build-env/linux@sha256:34b6a614d2c27851fe6cbf88fbd1137609cefab8b10d0615aaeb6fd47975d74e" "/opt/rustwide/cargo-home/bin/cargo" "+1.54.0" "test" "--frozen", kill_on_drop: false }`
[INFO] [stdout] adb1e7ac5350248241c3cb196d520cb9e7d04ea5eb36a6284cc63fc42761d5fe
[INFO] running `Command { std: "docker" "start" "-a" "adb1e7ac5350248241c3cb196d520cb9e7d04ea5eb36a6284cc63fc42761d5fe", kill_on_drop: false }`
[INFO] [stderr]     Blocking waiting for file lock on package cache
[INFO] [stderr]     Blocking waiting for file lock on package cache
[INFO] [stderr]     Finished test [unoptimized + debuginfo] target(s) in 0.06s
[INFO] [stderr]      Running unittests (/opt/rustwide/target/debug/deps/const_str-ce52c5e032f136b1)
[INFO] [stdout] 
[INFO] [stdout] running 0 tests
[INFO] [stderr]    Doc-tests const-str
[INFO] [stdout] 
[INFO] [stdout] test result: ok. 0 passed; 0 failed; 0 ignored; 0 measured; 0 filtered out; finished in 0.00s
[INFO] [stdout] 
[INFO] [stdout] 
[INFO] [stdout] running 10 tests
[INFO] [stdout] test src/lib.rs - (line 15) ... FAILED
[INFO] [stdout] test src/lib.rs - (line 25) ... FAILED
[INFO] [stdout] test src/str.rs - len (line 85) ... ok
[INFO] [stdout] test src/str.rs - to_lowercase (line 7) ... ok
[INFO] [stdout] test src/lib.rs - (line 5) ... ok
[INFO] [stdout] test src/str.rs - to_char_array (line 100) ... ok
[INFO] [stdout] test src/str.rs - as_bytes (line 55) ... ok
[INFO] [stdout] test src/str.rs - from_utf8 (line 70) ... ok
[INFO] [stdout] test src/str.rs - replace (line 41) ... ok
[INFO] [stdout] test src/str.rs - to_uppercase (line 24) ... ok
[INFO] [stdout] 
[INFO] [stdout] failures:
[INFO] [stdout] 
[INFO] [stdout] ---- src/lib.rs - (line 15) stdout ----
[INFO] [stdout] error[E0433]: failed to resolve: could not find `verified_regex` in `const_str`
[INFO] [stdout]  --> src/lib.rs:17:21
[INFO] [stdout]   |
[INFO] [stdout] 5 | let re = const_str::verified_regex!(r"^\d{4}-\d{2}-\d{2}$");
[INFO] [stdout]   |                     ^^^^^^^^^^^^^^ could not find `verified_regex` in `const_str`
[INFO] [stdout] 
[INFO] [stdout] error[E0433]: failed to resolve: could not find `regex_assert_match` in `const_str`
[INFO] [stdout]  --> src/lib.rs:20:12
[INFO] [stdout]   |
[INFO] [stdout] 8 | const_str::regex_assert_match!(r"^\d{4}-\d{2}-\d{2}$", "2014-01-01");
[INFO] [stdout]   |            ^^^^^^^^^^^^^^^^^^ could not find `regex_assert_match` in `const_str`
[INFO] [stdout] 
[INFO] [stdout] error: aborting due to 2 previous errors
[INFO] [stdout] 
[INFO] [stdout] For more information about this error, try `rustc --explain E0433`.
[INFO] [stdout] Couldn't compile the test.
[INFO] [stdout] ---- src/lib.rs - (line 25) stdout ----
[INFO] [stdout] error[E0433]: failed to resolve: could not find `verified_header_name` in `const_str`
[INFO] [stdout]  --> src/lib.rs:27:23
[INFO] [stdout]   |
[INFO] [stdout] 5 | let name = const_str::verified_header_name!("content-md5");
[INFO] [stdout]   |                       ^^^^^^^^^^^^^^^^^^^^ could not find `verified_header_name` in `const_str`
[INFO] [stdout] 
[INFO] [stdout] error: aborting due to previous error
[INFO] [stdout] 
[INFO] [stdout] For more information about this error, try `rustc --explain E0433`.
[INFO] [stdout] Couldn't compile the test.
[INFO] [stdout] 
[INFO] [stdout] failures:
[INFO] [stdout]     src/lib.rs - (line 15)
[INFO] [stdout]     src/lib.rs - (line 25)
[INFO] [stdout] 
[INFO] [stdout] test result: FAILED. 8 passed; 2 failed; 0 ignored; 0 measured; 0 filtered out; finished in 0.32s
[INFO] [stdout] 
[INFO] [stderr] error: test failed, to rerun pass '--doc'
[INFO] running `Command { std: "docker" "inspect" "adb1e7ac5350248241c3cb196d520cb9e7d04ea5eb36a6284cc63fc42761d5fe", kill_on_drop: false }`
[INFO] running `Command { std: "docker" "rm" "-f" "adb1e7ac5350248241c3cb196d520cb9e7d04ea5eb36a6284cc63fc42761d5fe", kill_on_drop: false }`
[INFO] [stdout] adb1e7ac5350248241c3cb196d520cb9e7d04ea5eb36a6284cc63fc42761d5fe
