[INFO] fetching crate consprob 0.1.5...
[INFO] testing consprob-0.1.5 against beta-2021-08-01 for beta-1.55-1
[INFO] extracting crate consprob 0.1.5 into /workspace/builds/worker-37/source
[INFO] validating manifest of crates.io crate consprob 0.1.5 on toolchain beta-2021-08-01
[INFO] running `Command { std: "/workspace/cargo-home/bin/cargo" "+beta-2021-08-01" "metadata" "--manifest-path" "Cargo.toml" "--no-deps", kill_on_drop: false }`
[INFO] started tweaking crates.io crate consprob 0.1.5
[INFO] finished tweaking crates.io crate consprob 0.1.5
[INFO] tweaked toml for crates.io crate consprob 0.1.5 written to /workspace/builds/worker-37/source/Cargo.toml
[INFO] crate crates.io crate consprob 0.1.5 already has a lockfile, it will not be regenerated
[INFO] running `Command { std: "/workspace/cargo-home/bin/cargo" "+beta-2021-08-01" "fetch" "--manifest-path" "Cargo.toml", kill_on_drop: false }`
[INFO] [stderr]     Blocking waiting for file lock on package cache
[INFO] [stderr]  Downloading crates ...
[INFO] [stderr]   Downloaded ndarray v0.9.1
[INFO] [stderr]   Downloaded bv v0.7.4
[INFO] [stderr]   Downloaded bio-seq-algos v0.1.17
[INFO] [stderr]   Downloaded bio v0.20.3
[INFO] [stderr]   Downloaded rna-ss-params v0.1.20
[INFO] [stderr]   Downloaded rna-algos v0.1.23
[INFO] running `Command { std: "docker" "create" "-v" "/var/lib/crater-agent-workspace/builds/worker-37/target:/opt/rustwide/target:rw,Z" "-v" "/var/lib/crater-agent-workspace/builds/worker-37/source:/opt/rustwide/workdir:ro,Z" "-v" "/var/lib/crater-agent-workspace/cargo-home:/opt/rustwide/cargo-home:ro,Z" "-v" "/var/lib/crater-agent-workspace/rustup-home:/opt/rustwide/rustup-home:ro,Z" "-e" "SOURCE_DIR=/opt/rustwide/workdir" "-e" "CARGO_TARGET_DIR=/opt/rustwide/target" "-e" "CARGO_HOME=/opt/rustwide/cargo-home" "-e" "RUSTUP_HOME=/opt/rustwide/rustup-home" "-w" "/opt/rustwide/workdir" "-m" "1610612736" "--user" "0:0" "--network" "none" "ghcr.io/rust-lang/crates-build-env/linux@sha256:34b6a614d2c27851fe6cbf88fbd1137609cefab8b10d0615aaeb6fd47975d74e" "/opt/rustwide/cargo-home/bin/cargo" "+beta-2021-08-01" "metadata" "--no-deps" "--format-version=1", kill_on_drop: false }`
[INFO] [stdout] ebde78dfbc971da6ab49d9a1b6795d55dbc91472895572ea42c38883c5cfcd1e
[INFO] running `Command { std: "docker" "start" "-a" "ebde78dfbc971da6ab49d9a1b6795d55dbc91472895572ea42c38883c5cfcd1e", kill_on_drop: false }`
[INFO] running `Command { std: "docker" "inspect" "ebde78dfbc971da6ab49d9a1b6795d55dbc91472895572ea42c38883c5cfcd1e", kill_on_drop: false }`
[INFO] running `Command { std: "docker" "rm" "-f" "ebde78dfbc971da6ab49d9a1b6795d55dbc91472895572ea42c38883c5cfcd1e", kill_on_drop: false }`
[INFO] [stdout] ebde78dfbc971da6ab49d9a1b6795d55dbc91472895572ea42c38883c5cfcd1e
[INFO] running `Command { std: "docker" "create" "-v" "/var/lib/crater-agent-workspace/builds/worker-37/target:/opt/rustwide/target:rw,Z" "-v" "/var/lib/crater-agent-workspace/builds/worker-37/source:/opt/rustwide/workdir:ro,Z" "-v" "/var/lib/crater-agent-workspace/cargo-home:/opt/rustwide/cargo-home:ro,Z" "-v" "/var/lib/crater-agent-workspace/rustup-home:/opt/rustwide/rustup-home:ro,Z" "-e" "SOURCE_DIR=/opt/rustwide/workdir" "-e" "CARGO_TARGET_DIR=/opt/rustwide/target" "-e" "CARGO_INCREMENTAL=0" "-e" "RUST_BACKTRACE=full" "-e" "RUSTFLAGS=--cap-lints=warn" "-e" "CARGO_HOME=/opt/rustwide/cargo-home" "-e" "RUSTUP_HOME=/opt/rustwide/rustup-home" "-w" "/opt/rustwide/workdir" "-m" "1610612736" "--user" "0:0" "--network" "none" "ghcr.io/rust-lang/crates-build-env/linux@sha256:34b6a614d2c27851fe6cbf88fbd1137609cefab8b10d0615aaeb6fd47975d74e" "/opt/rustwide/cargo-home/bin/cargo" "+beta-2021-08-01" "build" "--frozen" "--message-format=json", kill_on_drop: false }`
[INFO] [stdout] 997feee67fe82dd601f17426d13d0b6d1cfc7424de9b100fb1823761da35f996
[INFO] running `Command { std: "docker" "start" "-a" "997feee67fe82dd601f17426d13d0b6d1cfc7424de9b100fb1823761da35f996", kill_on_drop: false }`
[INFO] [stderr]    Compiling autocfg v1.0.1
[INFO] [stderr]    Compiling proc-macro2 v1.0.24
[INFO] [stderr]    Compiling unicode-xid v0.2.1
[INFO] [stderr]    Compiling syn v1.0.60
[INFO] [stderr]    Compiling serde_derive v1.0.123
[INFO] [stderr]    Compiling memchr v2.3.4
[INFO] [stderr]    Compiling serde v1.0.123
[INFO] [stderr]    Compiling libc v0.2.86
[INFO] [stderr]    Compiling semver v0.1.20
[INFO] [stderr]    Compiling either v1.6.1
[INFO] [stderr]    Compiling lazy_static v1.4.0
[INFO] [stderr]    Compiling byteorder v1.4.2
[INFO] [stderr]    Compiling matrixmultiply v0.1.15
[INFO] [stderr]    Compiling ryu v1.0.5
[INFO] [stderr]    Compiling rawpointer v0.1.0
[INFO] [stderr]    Compiling void v1.0.2
[INFO] [stderr]    Compiling ucd-util v0.1.8
[INFO] [stderr]    Compiling regex v0.2.11
[INFO] [stderr]    Compiling ndarray v0.9.1
[INFO] [stderr]    Compiling bv v0.7.4
[INFO] [stderr]    Compiling utf8-ranges v1.0.4
[INFO] [stderr]    Compiling unicode-width v0.1.8
[INFO] [stderr]    Compiling itoa v0.4.7
[INFO] [stderr]    Compiling lazy_static v0.1.16
[INFO] [stderr]    Compiling hashbrown v0.3.1
[INFO] [stderr]    Compiling bit-vec v0.4.4
[INFO] [stderr]    Compiling quick-error v1.2.3
[INFO] [stderr]    Compiling bytecount v0.3.2
[INFO] [stderr]    Compiling custom_derive v0.1.7
[INFO] [stderr]    Compiling lazy_static v0.2.11
[INFO] [stderr]    Compiling approx v0.1.1
[INFO] [stderr]    Compiling scoped_threadpool v0.1.9
[INFO] [stderr]    Compiling getopts v0.2.21
[INFO] [stderr]    Compiling unreachable v1.0.0
[INFO] [stderr]    Compiling regex-automata v0.1.9
[INFO] [stderr]    Compiling fxhash v0.2.1
[INFO] [stderr]    Compiling regex-syntax v0.5.6
[INFO] [stderr]    Compiling bit-set v0.4.0
[INFO] [stderr]    Compiling rustc_version v0.1.7
[INFO] [stderr]    Compiling itertools v0.6.5
[INFO] [stderr]    Compiling itertools v0.8.2
[INFO] [stderr]    Compiling itertools v0.7.11
[INFO] [stderr]    Compiling thread_local v0.3.6
[INFO] [stderr]    Compiling csv-core v0.1.10
[INFO] [stderr]    Compiling aho-corasick v0.6.10
[INFO] [stderr]    Compiling newtype_derive v0.1.6
[INFO] [stderr]    Compiling num-traits v0.2.14
[INFO] [stderr]    Compiling num-integer v0.1.44
[INFO] [stderr]    Compiling num-bigint v0.3.1
[INFO] [stderr]    Compiling num-rational v0.3.2
[INFO] [stderr]    Compiling num-iter v0.1.42
[INFO] [stderr]    Compiling quote v1.0.9
[INFO] [stderr]    Compiling time v0.1.44
[INFO] [stderr]    Compiling num_cpus v1.13.0
[INFO] [stderr]    Compiling bio-seq-algos v0.1.17
[INFO] [stderr]    Compiling rna-ss-params v0.1.20
[INFO] [stderr]    Compiling num-traits v0.1.43
[INFO] [stderr]    Compiling num-complex v0.1.43
[INFO] [stderr]    Compiling num-complex v0.3.1
[INFO] [stderr]    Compiling itertools-num v0.1.3
[INFO] [stderr]    Compiling ordered-float v0.5.2
[INFO] [stderr]    Compiling num v0.3.1
[INFO] [stderr]    Compiling bstr v0.2.15
[INFO] [stderr]    Compiling multimap v0.4.0
[INFO] [stderr]    Compiling vec_map v0.8.2
[INFO] [stderr]    Compiling csv v1.1.5
[INFO] [stderr]    Compiling bio v0.20.3
[INFO] [stderr]    Compiling rna-algos v0.1.23
[INFO] [stderr]    Compiling consprob v0.1.5 (/opt/rustwide/workdir)
[INFO] [stdout] warning: use of deprecated constant `std::sync::ONCE_INIT`: the `new` function is now preferred
[INFO] [stdout]   --> src/utils.rs:18:1
[INFO] [stdout]    |
[INFO] [stdout] 18 | / lazy_static! {
[INFO] [stdout] 19 | |   pub static ref BA_SCORE_MAT: BaScoreMat = {
[INFO] [stdout] 20 | |     [
[INFO] [stdout] 21 | |       (AA, 0.5256508867), (AC, -0.40906402), (AG, -0.2502759109), (AU, -0.3252306723),
[INFO] [stdout] ...  |
[INFO] [stdout] 44 | |   };
[INFO] [stdout] 45 | | }
[INFO] [stdout]    | |_^
[INFO] [stdout]    |
[INFO] [stdout]    = note: `#[warn(deprecated)]` on by default
[INFO] [stdout]    = note: this warning originates in the macro `lazy_static` (in Nightly builds, run with -Z macro-backtrace for more info)
[INFO] [stdout] 
[INFO] [stdout] 
[INFO] [stdout] warning: use of deprecated constant `std::sync::ONCE_INIT`: the `new` function is now preferred
[INFO] [stdout]   --> src/utils.rs:18:1
[INFO] [stdout]    |
[INFO] [stdout] 18 | / lazy_static! {
[INFO] [stdout] 19 | |   pub static ref BA_SCORE_MAT: BaScoreMat = {
[INFO] [stdout] 20 | |     [
[INFO] [stdout] 21 | |       (AA, 0.5256508867), (AC, -0.40906402), (AG, -0.2502759109), (AU, -0.3252306723),
[INFO] [stdout] ...  |
[INFO] [stdout] 44 | |   };
[INFO] [stdout] 45 | | }
[INFO] [stdout]    | |_^
[INFO] [stdout]    |
[INFO] [stdout]    = note: this warning originates in the macro `lazy_static` (in Nightly builds, run with -Z macro-backtrace for more info)
[INFO] [stdout] 
[INFO] [stdout] 
[INFO] [stdout] warning: use of deprecated constant `std::sync::ONCE_INIT`: the `new` function is now preferred
[INFO] [stdout]   --> src/utils.rs:18:1
[INFO] [stdout]    |
[INFO] [stdout] 18 | / lazy_static! {
[INFO] [stdout] 19 | |   pub static ref BA_SCORE_MAT: BaScoreMat = {
[INFO] [stdout] 20 | |     [
[INFO] [stdout] 21 | |       (AA, 0.5256508867), (AC, -0.40906402), (AG, -0.2502759109), (AU, -0.3252306723),
[INFO] [stdout] ...  |
[INFO] [stdout] 44 | |   };
[INFO] [stdout] 45 | | }
[INFO] [stdout]    | |_^
[INFO] [stdout]    |
[INFO] [stdout]    = note: this warning originates in the macro `lazy_static` (in Nightly builds, run with -Z macro-backtrace for more info)
[INFO] [stdout] 
[INFO] [stdout] 
[INFO] [stdout] warning: use of deprecated constant `std::sync::ONCE_INIT`: the `new` function is now preferred
[INFO] [stdout]   --> src/utils.rs:18:1
[INFO] [stdout]    |
[INFO] [stdout] 18 | / lazy_static! {
[INFO] [stdout] 19 | |   pub static ref BA_SCORE_MAT: BaScoreMat = {
[INFO] [stdout] 20 | |     [
[INFO] [stdout] 21 | |       (AA, 0.5256508867), (AC, -0.40906402), (AG, -0.2502759109), (AU, -0.3252306723),
[INFO] [stdout] ...  |
[INFO] [stdout] 44 | |   };
[INFO] [stdout] 45 | | }
[INFO] [stdout]    | |_^
[INFO] [stdout]    |
[INFO] [stdout]    = note: this warning originates in the macro `lazy_static` (in Nightly builds, run with -Z macro-backtrace for more info)
[INFO] [stdout] 
[INFO] [stdout] 
[INFO] [stdout] warning: use of deprecated constant `std::sync::ONCE_INIT`: the `new` function is now preferred
[INFO] [stdout]   --> src/utils.rs:18:1
[INFO] [stdout]    |
[INFO] [stdout] 18 | / lazy_static! {
[INFO] [stdout] 19 | |   pub static ref BA_SCORE_MAT: BaScoreMat = {
[INFO] [stdout] 20 | |     [
[INFO] [stdout] 21 | |       (AA, 0.5256508867), (AC, -0.40906402), (AG, -0.2502759109), (AU, -0.3252306723),
[INFO] [stdout] ...  |
[INFO] [stdout] 44 | |   };
[INFO] [stdout] 45 | | }
[INFO] [stdout]    | |_^
[INFO] [stdout]    |
[INFO] [stdout]    = note: this warning originates in the macro `lazy_static` (in Nightly builds, run with -Z macro-backtrace for more info)
[INFO] [stdout] 
[INFO] [stdout] 
[INFO] [stdout] warning: use of deprecated constant `std::sync::ONCE_INIT`: the `new` function is now preferred
[INFO] [stdout]   --> src/utils.rs:18:1
[INFO] [stdout]    |
[INFO] [stdout] 18 | / lazy_static! {
[INFO] [stdout] 19 | |   pub static ref BA_SCORE_MAT: BaScoreMat = {
[INFO] [stdout] 20 | |     [
[INFO] [stdout] 21 | |       (AA, 0.5256508867), (AC, -0.40906402), (AG, -0.2502759109), (AU, -0.3252306723),
[INFO] [stdout] ...  |
[INFO] [stdout] 44 | |   };
[INFO] [stdout] 45 | | }
[INFO] [stdout]    | |_^
[INFO] [stdout]    |
[INFO] [stdout]    = note: this warning originates in the macro `lazy_static` (in Nightly builds, run with -Z macro-backtrace for more info)
[INFO] [stdout] 
[INFO] [stdout] 
[INFO] [stdout] warning: 6 warnings emitted
[INFO] [stdout] 
[INFO] [stdout] 
[INFO] [stdout] warning: panic message is not a string literal
[INFO] [stdout]   --> src/main.rs:19:72
[INFO] [stdout]    |
[INFO] [stdout] 19 |     Err(failure) => {print_program_usage(&program_name, &opts); panic!(failure.to_string())}
[INFO] [stdout]    |                                                                        ^^^^^^^^^^^^^^^^^^^
[INFO] [stdout]    |
[INFO] [stdout]    = note: `#[warn(non_fmt_panics)]` on by default
[INFO] [stdout]    = note: this usage of panic!() is deprecated; it will be a hard error in Rust 2021
[INFO] [stdout]    = note: for more information, see <https://doc.rust-lang.org/nightly/edition-guide/rust-2021/panic-macro-consistency.html>
[INFO] [stdout] help: add a "{}" format string to Display the message
[INFO] [stdout]    |
[INFO] [stdout] 19 |     Err(failure) => {print_program_usage(&program_name, &opts); panic!("{}", failure.to_string())}
[INFO] [stdout]    |                                                                        ^^^^^
[INFO] [stdout] help: or use std::panic::panic_any instead
[INFO] [stdout]    |
[INFO] [stdout] 19 |     Err(failure) => {print_program_usage(&program_name, &opts); std::panic::panic_any(failure.to_string())}
[INFO] [stdout]    |                                                                 ^^^^^^^^^^^^^^^^^^^^^
[INFO] [stdout] 
[INFO] [stdout] 
[INFO] [stdout] warning: 1 warning emitted
[INFO] [stdout] 
[INFO] [stdout] 
[INFO] [stderr]     Finished dev [unoptimized + debuginfo] target(s) in 29.92s
[INFO] running `Command { std: "docker" "inspect" "997feee67fe82dd601f17426d13d0b6d1cfc7424de9b100fb1823761da35f996", kill_on_drop: false }`
[INFO] running `Command { std: "docker" "rm" "-f" "997feee67fe82dd601f17426d13d0b6d1cfc7424de9b100fb1823761da35f996", kill_on_drop: false }`
[INFO] [stdout] 997feee67fe82dd601f17426d13d0b6d1cfc7424de9b100fb1823761da35f996
[INFO] running `Command { std: "docker" "create" "-v" "/var/lib/crater-agent-workspace/builds/worker-37/target:/opt/rustwide/target:rw,Z" "-v" "/var/lib/crater-agent-workspace/builds/worker-37/source:/opt/rustwide/workdir:ro,Z" "-v" "/var/lib/crater-agent-workspace/cargo-home:/opt/rustwide/cargo-home:ro,Z" "-v" "/var/lib/crater-agent-workspace/rustup-home:/opt/rustwide/rustup-home:ro,Z" "-e" "SOURCE_DIR=/opt/rustwide/workdir" "-e" "CARGO_TARGET_DIR=/opt/rustwide/target" "-e" "CARGO_INCREMENTAL=0" "-e" "RUST_BACKTRACE=full" "-e" "RUSTFLAGS=--cap-lints=warn" "-e" "CARGO_HOME=/opt/rustwide/cargo-home" "-e" "RUSTUP_HOME=/opt/rustwide/rustup-home" "-w" "/opt/rustwide/workdir" "-m" "1610612736" "--user" "0:0" "--network" "none" "ghcr.io/rust-lang/crates-build-env/linux@sha256:34b6a614d2c27851fe6cbf88fbd1137609cefab8b10d0615aaeb6fd47975d74e" "/opt/rustwide/cargo-home/bin/cargo" "+beta-2021-08-01" "test" "--frozen" "--no-run" "--message-format=json", kill_on_drop: false }`
[INFO] [stdout] 2cd7335700234e62f074ff7ef60517fc99202ebec5ed0d09b36b2f9382091443
[INFO] running `Command { std: "docker" "start" "-a" "2cd7335700234e62f074ff7ef60517fc99202ebec5ed0d09b36b2f9382091443", kill_on_drop: false }`
[INFO] [stdout] warning: use of deprecated constant `std::sync::ONCE_INIT`: the `new` function is now preferred
[INFO] [stdout]   --> src/utils.rs:18:1
[INFO] [stdout]    |
[INFO] [stdout] 18 | / lazy_static! {
[INFO] [stdout] 19 | |   pub static ref BA_SCORE_MAT: BaScoreMat = {
[INFO] [stdout] 20 | |     [
[INFO] [stdout] 21 | |       (AA, 0.5256508867), (AC, -0.40906402), (AG, -0.2502759109), (AU, -0.3252306723),
[INFO] [stdout] ...  |
[INFO] [stdout] 44 | |   };
[INFO] [stdout] 45 | | }
[INFO] [stdout]    | |_^
[INFO] [stdout]    |
[INFO] [stdout]    = note: `#[warn(deprecated)]` on by default
[INFO] [stdout]    = note: this warning originates in the macro `lazy_static` (in Nightly builds, run with -Z macro-backtrace for more info)
[INFO] [stdout] 
[INFO] [stdout] 
[INFO] [stdout] warning: use of deprecated constant `std::sync::ONCE_INIT`: the `new` function is now preferred
[INFO] [stdout]   --> src/utils.rs:18:1
[INFO] [stdout]    |
[INFO] [stdout] 18 | / lazy_static! {
[INFO] [stdout] 19 | |   pub static ref BA_SCORE_MAT: BaScoreMat = {
[INFO] [stdout] 20 | |     [
[INFO] [stdout] 21 | |       (AA, 0.5256508867), (AC, -0.40906402), (AG, -0.2502759109), (AU, -0.3252306723),
[INFO] [stdout] ...  |
[INFO] [stdout] 44 | |   };
[INFO] [stdout] 45 | | }
[INFO] [stdout]    | |_^
[INFO] [stdout]    |
[INFO] [stdout]    = note: this warning originates in the macro `lazy_static` (in Nightly builds, run with -Z macro-backtrace for more info)
[INFO] [stdout] 
[INFO] [stdout] 
[INFO] [stdout] warning: use of deprecated constant `std::sync::ONCE_INIT`: the `new` function is now preferred
[INFO] [stdout]   --> src/utils.rs:18:1
[INFO] [stdout]    |
[INFO] [stdout] 18 | / lazy_static! {
[INFO] [stdout] 19 | |   pub static ref BA_SCORE_MAT: BaScoreMat = {
[INFO] [stdout] 20 | |     [
[INFO] [stdout] 21 | |       (AA, 0.5256508867), (AC, -0.40906402), (AG, -0.2502759109), (AU, -0.3252306723),
[INFO] [stdout] ...  |
[INFO] [stdout] 44 | |   };
[INFO] [stdout] 45 | | }
[INFO] [stdout]    | |_^
[INFO] [stdout]    |
[INFO] [stdout]    = note: this warning originates in the macro `lazy_static` (in Nightly builds, run with -Z macro-backtrace for more info)
[INFO] [stdout] 
[INFO] [stdout] 
[INFO] [stdout] warning: use of deprecated constant `std::sync::ONCE_INIT`: the `new` function is now preferred
[INFO] [stdout]   --> src/utils.rs:18:1
[INFO] [stdout]    |
[INFO] [stdout] 18 | / lazy_static! {
[INFO] [stdout] 19 | |   pub static ref BA_SCORE_MAT: BaScoreMat = {
[INFO] [stdout] 20 | |     [
[INFO] [stdout] 21 | |       (AA, 0.5256508867), (AC, -0.40906402), (AG, -0.2502759109), (AU, -0.3252306723),
[INFO] [stdout] ...  |
[INFO] [stdout] 44 | |   };
[INFO] [stdout] 45 | | }
[INFO] [stdout]    | |_^
[INFO] [stdout]    |
[INFO] [stdout]    = note: this warning originates in the macro `lazy_static` (in Nightly builds, run with -Z macro-backtrace for more info)
[INFO] [stdout] 
[INFO] [stdout] 
[INFO] [stdout] warning: use of deprecated constant `std::sync::ONCE_INIT`: the `new` function is now preferred
[INFO] [stdout]   --> src/utils.rs:18:1
[INFO] [stdout]    |
[INFO] [stdout] 18 | / lazy_static! {
[INFO] [stdout] 19 | |   pub static ref BA_SCORE_MAT: BaScoreMat = {
[INFO] [stdout] 20 | |     [
[INFO] [stdout] 21 | |       (AA, 0.5256508867), (AC, -0.40906402), (AG, -0.2502759109), (AU, -0.3252306723),
[INFO] [stdout] ...  |
[INFO] [stdout] 44 | |   };
[INFO] [stdout] 45 | | }
[INFO] [stdout]    | |_^
[INFO] [stdout]    |
[INFO] [stdout]    = note: this warning originates in the macro `lazy_static` (in Nightly builds, run with -Z macro-backtrace for more info)
[INFO] [stdout] 
[INFO] [stdout] 
[INFO] [stderr]    Compiling consprob v0.1.5 (/opt/rustwide/workdir)
[INFO] [stdout] warning: use of deprecated constant `std::sync::ONCE_INIT`: the `new` function is now preferred
[INFO] [stdout]   --> src/utils.rs:18:1
[INFO] [stdout]    |
[INFO] [stdout] 18 | / lazy_static! {
[INFO] [stdout] 19 | |   pub static ref BA_SCORE_MAT: BaScoreMat = {
[INFO] [stdout] 20 | |     [
[INFO] [stdout] 21 | |       (AA, 0.5256508867), (AC, -0.40906402), (AG, -0.2502759109), (AU, -0.3252306723),
[INFO] [stdout] ...  |
[INFO] [stdout] 44 | |   };
[INFO] [stdout] 45 | | }
[INFO] [stdout]    | |_^
[INFO] [stdout]    |
[INFO] [stdout]    = note: this warning originates in the macro `lazy_static` (in Nightly builds, run with -Z macro-backtrace for more info)
[INFO] [stdout] 
[INFO] [stdout] 
[INFO] [stdout] warning: 6 warnings emitted
[INFO] [stdout] 
[INFO] [stdout] 
[INFO] [stdout] warning: panic message is not a string literal
[INFO] [stdout]   --> src/main.rs:19:72
[INFO] [stdout]    |
[INFO] [stdout] 19 |     Err(failure) => {print_program_usage(&program_name, &opts); panic!(failure.to_string())}
[INFO] [stdout]    |                                                                        ^^^^^^^^^^^^^^^^^^^
[INFO] [stdout]    |
[INFO] [stdout]    = note: `#[warn(non_fmt_panics)]` on by default
[INFO] [stdout]    = note: this usage of panic!() is deprecated; it will be a hard error in Rust 2021
[INFO] [stdout]    = note: for more information, see <https://doc.rust-lang.org/nightly/edition-guide/rust-2021/panic-macro-consistency.html>
[INFO] [stdout] help: add a "{}" format string to Display the message
[INFO] [stdout]    |
[INFO] [stdout] 19 |     Err(failure) => {print_program_usage(&program_name, &opts); panic!("{}", failure.to_string())}
[INFO] [stdout]    |                                                                        ^^^^^
[INFO] [stdout] help: or use std::panic::panic_any instead
[INFO] [stdout]    |
[INFO] [stdout] 19 |     Err(failure) => {print_program_usage(&program_name, &opts); std::panic::panic_any(failure.to_string())}
[INFO] [stdout]    |                                                                 ^^^^^^^^^^^^^^^^^^^^^
[INFO] [stdout] 
[INFO] [stdout] 
[INFO] [stdout] warning: 1 warning emitted
[INFO] [stdout] 
[INFO] [stdout] 
[INFO] [stdout] warning: panic message is not a string literal
[INFO] [stdout]   --> src/main.rs:19:72
[INFO] [stdout]    |
[INFO] [stdout] 19 |     Err(failure) => {print_program_usage(&program_name, &opts); panic!(failure.to_string())}
[INFO] [stdout]    |                                                                        ^^^^^^^^^^^^^^^^^^^
[INFO] [stdout]    |
[INFO] [stdout]    = note: `#[warn(non_fmt_panics)]` on by default
[INFO] [stdout]    = note: this usage of panic!() is deprecated; it will be a hard error in Rust 2021
[INFO] [stdout]    = note: for more information, see <https://doc.rust-lang.org/nightly/edition-guide/rust-2021/panic-macro-consistency.html>
[INFO] [stdout] help: add a "{}" format string to Display the message
[INFO] [stdout]    |
[INFO] [stdout] 19 |     Err(failure) => {print_program_usage(&program_name, &opts); panic!("{}", failure.to_string())}
[INFO] [stdout]    |                                                                        ^^^^^
[INFO] [stdout] help: or use std::panic::panic_any instead
[INFO] [stdout]    |
[INFO] [stdout] 19 |     Err(failure) => {print_program_usage(&program_name, &opts); std::panic::panic_any(failure.to_string())}
[INFO] [stdout]    |                                                                 ^^^^^^^^^^^^^^^^^^^^^
[INFO] [stdout] 
[INFO] [stdout] 
[INFO] [stdout] warning: use of deprecated constant `std::sync::ONCE_INIT`: the `new` function is now preferred
[INFO] [stdout]   --> src/utils.rs:18:1
[INFO] [stdout]    |
[INFO] [stdout] 18 | / lazy_static! {
[INFO] [stdout] 19 | |   pub static ref BA_SCORE_MAT: BaScoreMat = {
[INFO] [stdout] 20 | |     [
[INFO] [stdout] 21 | |       (AA, 0.5256508867), (AC, -0.40906402), (AG, -0.2502759109), (AU, -0.3252306723),
[INFO] [stdout] ...  |
[INFO] [stdout] 44 | |   };
[INFO] [stdout] 45 | | }
[INFO] [stdout]    | |_^
[INFO] [stdout]    |
[INFO] [stdout]    = note: `#[warn(deprecated)]` on by default
[INFO] [stdout]    = note: this warning originates in the macro `lazy_static` (in Nightly builds, run with -Z macro-backtrace for more info)
[INFO] [stdout] 
[INFO] [stdout] 
[INFO] [stdout] warning: use of deprecated constant `std::sync::ONCE_INIT`: the `new` function is now preferred
[INFO] [stdout]   --> src/utils.rs:18:1
[INFO] [stdout]    |
[INFO] [stdout] 18 | / lazy_static! {
[INFO] [stdout] 19 | |   pub static ref BA_SCORE_MAT: BaScoreMat = {
[INFO] [stdout] 20 | |     [
[INFO] [stdout] 21 | |       (AA, 0.5256508867), (AC, -0.40906402), (AG, -0.2502759109), (AU, -0.3252306723),
[INFO] [stdout] ...  |
[INFO] [stdout] 44 | |   };
[INFO] [stdout] 45 | | }
[INFO] [stdout]    | |_^
[INFO] [stdout]    |
[INFO] [stdout]    = note: this warning originates in the macro `lazy_static` (in Nightly builds, run with -Z macro-backtrace for more info)
[INFO] [stdout] 
[INFO] [stdout] 
[INFO] [stdout] warning: use of deprecated constant `std::sync::ONCE_INIT`: the `new` function is now preferred
[INFO] [stdout]   --> src/utils.rs:18:1
[INFO] [stdout]    |
[INFO] [stdout] 18 | / lazy_static! {
[INFO] [stdout] 19 | |   pub static ref BA_SCORE_MAT: BaScoreMat = {
[INFO] [stdout] 20 | |     [
[INFO] [stdout] 21 | |       (AA, 0.5256508867), (AC, -0.40906402), (AG, -0.2502759109), (AU, -0.3252306723),
[INFO] [stdout] ...  |
[INFO] [stdout] 44 | |   };
[INFO] [stdout] 45 | | }
[INFO] [stdout]    | |_^
[INFO] [stdout]    |
[INFO] [stdout]    = note: this warning originates in the macro `lazy_static` (in Nightly builds, run with -Z macro-backtrace for more info)
[INFO] [stdout] 
[INFO] [stdout] 
[INFO] [stdout] warning: use of deprecated constant `std::sync::ONCE_INIT`: the `new` function is now preferred
[INFO] [stdout]   --> src/utils.rs:18:1
[INFO] [stdout]    |
[INFO] [stdout] 18 | / lazy_static! {
[INFO] [stdout] 19 | |   pub static ref BA_SCORE_MAT: BaScoreMat = {
[INFO] [stdout] 20 | |     [
[INFO] [stdout] 21 | |       (AA, 0.5256508867), (AC, -0.40906402), (AG, -0.2502759109), (AU, -0.3252306723),
[INFO] [stdout] ...  |
[INFO] [stdout] 44 | |   };
[INFO] [stdout] 45 | | }
[INFO] [stdout]    | |_^
[INFO] [stdout]    |
[INFO] [stdout]    = note: this warning originates in the macro `lazy_static` (in Nightly builds, run with -Z macro-backtrace for more info)
[INFO] [stdout] 
[INFO] [stdout] 
[INFO] [stdout] warning: use of deprecated constant `std::sync::ONCE_INIT`: the `new` function is now preferred
[INFO] [stdout]   --> src/utils.rs:18:1
[INFO] [stdout]    |
[INFO] [stdout] 18 | / lazy_static! {
[INFO] [stdout] 19 | |   pub static ref BA_SCORE_MAT: BaScoreMat = {
[INFO] [stdout] 20 | |     [
[INFO] [stdout] 21 | |       (AA, 0.5256508867), (AC, -0.40906402), (AG, -0.2502759109), (AU, -0.3252306723),
[INFO] [stdout] ...  |
[INFO] [stdout] 44 | |   };
[INFO] [stdout] 45 | | }
[INFO] [stdout]    | |_^
[INFO] [stdout]    |
[INFO] [stdout]    = note: this warning originates in the macro `lazy_static` (in Nightly builds, run with -Z macro-backtrace for more info)
[INFO] [stdout] 
[INFO] [stdout] 
[INFO] [stdout] warning: use of deprecated constant `std::sync::ONCE_INIT`: the `new` function is now preferred
[INFO] [stdout]   --> src/utils.rs:18:1
[INFO] [stdout]    |
[INFO] [stdout] 18 | / lazy_static! {
[INFO] [stdout] 19 | |   pub static ref BA_SCORE_MAT: BaScoreMat = {
[INFO] [stdout] 20 | |     [
[INFO] [stdout] 21 | |       (AA, 0.5256508867), (AC, -0.40906402), (AG, -0.2502759109), (AU, -0.3252306723),
[INFO] [stdout] ...  |
[INFO] [stdout] 44 | |   };
[INFO] [stdout] 45 | | }
[INFO] [stdout]    | |_^
[INFO] [stdout]    |
[INFO] [stdout]    = note: this warning originates in the macro `lazy_static` (in Nightly builds, run with -Z macro-backtrace for more info)
[INFO] [stdout] 
[INFO] [stdout] 
[INFO] [stdout] warning: 1 warning emitted
[INFO] [stdout] 
[INFO] [stdout] 
[INFO] [stdout] warning: 6 warnings emitted
[INFO] [stdout] 
[INFO] [stdout] 
[INFO] [stderr]     Finished test [unoptimized + debuginfo] target(s) in 3.60s
[INFO] running `Command { std: "docker" "inspect" "2cd7335700234e62f074ff7ef60517fc99202ebec5ed0d09b36b2f9382091443", kill_on_drop: false }`
[INFO] running `Command { std: "docker" "rm" "-f" "2cd7335700234e62f074ff7ef60517fc99202ebec5ed0d09b36b2f9382091443", kill_on_drop: false }`
[INFO] [stdout] 2cd7335700234e62f074ff7ef60517fc99202ebec5ed0d09b36b2f9382091443
[INFO] running `Command { std: "docker" "create" "-v" "/var/lib/crater-agent-workspace/builds/worker-37/target:/opt/rustwide/target:rw,Z" "-v" "/var/lib/crater-agent-workspace/builds/worker-37/source:/opt/rustwide/workdir:ro,Z" "-v" "/var/lib/crater-agent-workspace/cargo-home:/opt/rustwide/cargo-home:ro,Z" "-v" "/var/lib/crater-agent-workspace/rustup-home:/opt/rustwide/rustup-home:ro,Z" "-e" "SOURCE_DIR=/opt/rustwide/workdir" "-e" "CARGO_TARGET_DIR=/opt/rustwide/target" "-e" "CARGO_INCREMENTAL=0" "-e" "RUST_BACKTRACE=full" "-e" "RUSTFLAGS=--cap-lints=warn" "-e" "CARGO_HOME=/opt/rustwide/cargo-home" "-e" "RUSTUP_HOME=/opt/rustwide/rustup-home" "-w" "/opt/rustwide/workdir" "-m" "1610612736" "--user" "0:0" "--network" "none" "ghcr.io/rust-lang/crates-build-env/linux@sha256:34b6a614d2c27851fe6cbf88fbd1137609cefab8b10d0615aaeb6fd47975d74e" "/opt/rustwide/cargo-home/bin/cargo" "+beta-2021-08-01" "test" "--frozen", kill_on_drop: false }`
[INFO] [stdout] 2075977d99a049683c60591edbbc2c3ccc025665c577e1ebdc04ebd2956e36ca
[INFO] running `Command { std: "docker" "start" "-a" "2075977d99a049683c60591edbbc2c3ccc025665c577e1ebdc04ebd2956e36ca", kill_on_drop: false }`
[INFO] [stderr] warning: use of deprecated constant `std::sync::ONCE_INIT`: the `new` function is now preferred
[INFO] [stderr]   --> src/utils.rs:18:1
[INFO] [stderr]    |
[INFO] [stderr] 18 | / lazy_static! {
[INFO] [stderr] 19 | |   pub static ref BA_SCORE_MAT: BaScoreMat = {
[INFO] [stderr] 20 | |     [
[INFO] [stderr] 21 | |       (AA, 0.5256508867), (AC, -0.40906402), (AG, -0.2502759109), (AU, -0.3252306723),
[INFO] [stderr] ...  |
[INFO] [stderr] 44 | |   };
[INFO] [stderr] 45 | | }
[INFO] [stderr]    | |_^
[INFO] [stderr]    |
[INFO] [stderr]    = note: `#[warn(deprecated)]` on by default
[INFO] [stderr]    = note: this warning originates in the macro `lazy_static` (in Nightly builds, run with -Z macro-backtrace for more info)
[INFO] [stderr] 
[INFO] [stderr] warning: use of deprecated constant `std::sync::ONCE_INIT`: the `new` function is now preferred
[INFO] [stderr]   --> src/utils.rs:18:1
[INFO] [stderr]    |
[INFO] [stderr] 18 | / lazy_static! {
[INFO] [stderr] 19 | |   pub static ref BA_SCORE_MAT: BaScoreMat = {
[INFO] [stderr] 20 | |     [
[INFO] [stderr] 21 | |       (AA, 0.5256508867), (AC, -0.40906402), (AG, -0.2502759109), (AU, -0.3252306723),
[INFO] [stderr] ...  |
[INFO] [stderr] 44 | |   };
[INFO] [stderr] 45 | | }
[INFO] [stderr]    | |_^
[INFO] [stderr]    |
[INFO] [stderr]    = note: this warning originates in the macro `lazy_static` (in Nightly builds, run with -Z macro-backtrace for more info)
[INFO] [stderr] 
[INFO] [stderr] warning: `consprob` (lib) generated 6 warnings (4 duplicates)
[INFO] [stderr] warning: `consprob` (lib test) generated 6 warnings (6 duplicates)
[INFO] [stderr] warning: panic message is not a string literal
[INFO] [stderr]   --> src/main.rs:19:72
[INFO] [stderr]    |
[INFO] [stderr] 19 |     Err(failure) => {print_program_usage(&program_name, &opts); panic!(failure.to_string())}
[INFO] [stderr]    |                                                                        ^^^^^^^^^^^^^^^^^^^
[INFO] [stderr]    |
[INFO] [stderr]    = note: `#[warn(non_fmt_panics)]` on by default
[INFO] [stderr]    = note: this usage of panic!() is deprecated; it will be a hard error in Rust 2021
[INFO] [stderr]    = note: for more information, see <https://doc.rust-lang.org/nightly/edition-guide/rust-2021/panic-macro-consistency.html>
[INFO] [stderr] help: add a "{}" format string to Display the message
[INFO] [stderr]    |
[INFO] [stderr] 19 |     Err(failure) => {print_program_usage(&program_name, &opts); panic!("{}", failure.to_string())}
[INFO] [stderr]    |                                                                        ^^^^^
[INFO] [stderr] help: or use std::panic::panic_any instead
[INFO] [stderr]    |
[INFO] [stderr] 19 |     Err(failure) => {print_program_usage(&program_name, &opts); std::panic::panic_any(failure.to_string())}
[INFO] [stderr]    |                                                                 ^^^^^^^^^^^^^^^^^^^^^
[INFO] [stderr] 
[INFO] [stderr] warning: `consprob` (bin "consprob" test) generated 1 warning
[INFO] [stderr] warning: `consprob` (bin "consprob") generated 1 warning (1 duplicate)
[INFO] [stderr]     Finished test [unoptimized + debuginfo] target(s) in 0.13s
[INFO] [stderr]      Running unittests (/opt/rustwide/target/debug/deps/consprob-b9ee45d6e4d077d3)
[INFO] [stdout] 
[INFO] [stdout] running 0 tests
[INFO] [stdout] 
[INFO] [stdout] test result: ok. 0 passed; 0 failed; 0 ignored; 0 measured; 0 filtered out; finished in 0.00s
[INFO] [stdout] 
[INFO] [stderr]      Running unittests (/opt/rustwide/target/debug/deps/consprob-35dfbe6700a5a112)
[INFO] [stdout] 
[INFO] [stderr]      Running tests/tests.rs (/opt/rustwide/target/debug/deps/tests-81c603846dc4958a)
[INFO] [stdout] running 0 tests
[INFO] [stdout] 
[INFO] [stdout] test result: ok. 0 passed; 0 failed; 0 ignored; 0 measured; 0 filtered out; finished in 0.00s
[INFO] [stdout] 
[INFO] [stdout] 
[INFO] [stdout] running 1 test
[INFO] [stdout] test test_consprob_program ... FAILED
[INFO] [stdout] 
[INFO] [stdout] failures:
[INFO] [stdout] 
[INFO] [stdout] ---- test_consprob_program stdout ----
[INFO] [stdout] thread 'test_consprob_program' panicked at 'Failed to run the ConsProb program.: Os { code: 2, kind: NotFound, message: "No such file or directory" }', tests/tests.rs:19:45
[INFO] [stdout] stack backtrace:
[INFO] [stdout]    0:     0x563b004931a0 - std::backtrace_rs::backtrace::libunwind::trace::hff4d1766e93f64f1
[INFO] [stdout]                                at /rustc/53fd98ca776cb875bc9e5514f56b52eb74f9e7a9/library/std/src/../../backtrace/src/backtrace/libunwind.rs:90:5
[INFO] [stdout]    1:     0x563b004931a0 - std::backtrace_rs::backtrace::trace_unsynchronized::h56bbc8eb78770bcb
[INFO] [stdout]                                at /rustc/53fd98ca776cb875bc9e5514f56b52eb74f9e7a9/library/std/src/../../backtrace/src/backtrace/mod.rs:66:5
[INFO] [stdout]    2:     0x563b004931a0 - std::sys_common::backtrace::_print_fmt::h5c8e75464faca780
[INFO] [stdout]                                at /rustc/53fd98ca776cb875bc9e5514f56b52eb74f9e7a9/library/std/src/sys_common/backtrace.rs:67:5
[INFO] [stdout]    3:     0x563b004931a0 - <std::sys_common::backtrace::_print::DisplayBacktrace as core::fmt::Display>::fmt::h48b88277def8b362
[INFO] [stdout]                                at /rustc/53fd98ca776cb875bc9e5514f56b52eb74f9e7a9/library/std/src/sys_common/backtrace.rs:46:22
[INFO] [stdout]    4:     0x563b004b5a5c - core::fmt::write::h3381b3176fe2b3d3
[INFO] [stdout]                                at /rustc/53fd98ca776cb875bc9e5514f56b52eb74f9e7a9/library/core/src/fmt/mod.rs:1115:17
[INFO] [stdout]    5:     0x563b00490105 - std::io::Write::write_fmt::h5f34a676f60246b5
[INFO] [stdout]                                at /rustc/53fd98ca776cb875bc9e5514f56b52eb74f9e7a9/library/std/src/io/mod.rs:1665:15
[INFO] [stdout]    6:     0x563b0049531b - std::sys_common::backtrace::_print::ha537687d6c17dd0d
[INFO] [stdout]                                at /rustc/53fd98ca776cb875bc9e5514f56b52eb74f9e7a9/library/std/src/sys_common/backtrace.rs:49:5
[INFO] [stdout]    7:     0x563b0049531b - std::sys_common::backtrace::print::h61376ae57d131d72
[INFO] [stdout]                                at /rustc/53fd98ca776cb875bc9e5514f56b52eb74f9e7a9/library/std/src/sys_common/backtrace.rs:36:9
[INFO] [stdout]    8:     0x563b0049531b - std::panicking::default_hook::{{closure}}::h0f7208c0b9644a54
[INFO] [stdout]                                at /rustc/53fd98ca776cb875bc9e5514f56b52eb74f9e7a9/library/std/src/panicking.rs:208:50
[INFO] [stdout]    9:     0x563b00494e2c - std::panicking::default_hook::hdac7fc06578c14ce
[INFO] [stdout]                                at /rustc/53fd98ca776cb875bc9e5514f56b52eb74f9e7a9/library/std/src/panicking.rs:222:9
[INFO] [stdout]   10:     0x563b004959e4 - std::panicking::rust_panic_with_hook::h72b21c283da3d1ef
[INFO] [stdout]                                at /rustc/53fd98ca776cb875bc9e5514f56b52eb74f9e7a9/library/std/src/panicking.rs:622:17
[INFO] [stdout]   11:     0x563b004954c7 - std::panicking::begin_panic_handler::{{closure}}::he5778f1729cff84a
[INFO] [stdout]                                at /rustc/53fd98ca776cb875bc9e5514f56b52eb74f9e7a9/library/std/src/panicking.rs:519:13
[INFO] [stdout]   12:     0x563b0049367c - std::sys_common::backtrace::__rust_end_short_backtrace::h2d11ca8b453b4b1d
[INFO] [stdout]                                at /rustc/53fd98ca776cb875bc9e5514f56b52eb74f9e7a9/library/std/src/sys_common/backtrace.rs:141:18
[INFO] [stdout]   13:     0x563b00495429 - rust_begin_unwind
[INFO] [stdout]                                at /rustc/53fd98ca776cb875bc9e5514f56b52eb74f9e7a9/library/std/src/panicking.rs:515:5
[INFO] [stdout]   14:     0x563b0043e3a1 - core::panicking::panic_fmt::hf9de31d4acbce4db
[INFO] [stdout]                                at /rustc/53fd98ca776cb875bc9e5514f56b52eb74f9e7a9/library/core/src/panicking.rs:92:14
[INFO] [stdout]   15:     0x563b0043e493 - core::result::unwrap_failed::ha0c84e81219e5878
[INFO] [stdout]                                at /rustc/53fd98ca776cb875bc9e5514f56b52eb74f9e7a9/library/core/src/result.rs:1599:5
[INFO] [stdout]   16:     0x563b00440ddd - core::result::Result<T,E>::expect::h69d02d2fd619d6ad
[INFO] [stdout]                                at /rustc/53fd98ca776cb875bc9e5514f56b52eb74f9e7a9/library/core/src/result.rs:1241:23
[INFO] [stdout]   17:     0x563b004424b5 - tests::run_command::h65593453d4363f3e
[INFO] [stdout]                                at /opt/rustwide/workdir/tests/tests.rs:19:3
[INFO] [stdout]   18:     0x563b004425cd - tests::test_consprob_program::hb0cf59070c7db778
[INFO] [stdout]                                at /opt/rustwide/workdir/tests/tests.rs:12:3
[INFO] [stdout]   19:     0x563b004424fa - tests::test_consprob_program::{{closure}}::he7aaee59d3d5d396
[INFO] [stdout]                                at /opt/rustwide/workdir/tests/tests.rs:8:1
[INFO] [stdout]   20:     0x563b00440ece - core::ops::function::FnOnce::call_once::h801fa14fbf371b51
[INFO] [stdout]                                at /rustc/53fd98ca776cb875bc9e5514f56b52eb74f9e7a9/library/core/src/ops/function.rs:227:5
[INFO] [stdout]   21:     0x563b004761c3 - core::ops::function::FnOnce::call_once::hbb52c4519d3137b0
[INFO] [stdout]                                at /rustc/53fd98ca776cb875bc9e5514f56b52eb74f9e7a9/library/core/src/ops/function.rs:227:5
[INFO] [stdout]   22:     0x563b004761c3 - test::__rust_begin_short_backtrace::h86fe3a2a5a5121af
[INFO] [stdout]                                at /rustc/53fd98ca776cb875bc9e5514f56b52eb74f9e7a9/library/test/src/lib.rs:578:5
[INFO] [stdout]   23:     0x563b00474c78 - <alloc::boxed::Box<F,A> as core::ops::function::FnOnce<Args>>::call_once::hfd956bc3d57399be
[INFO] [stdout]                                at /rustc/53fd98ca776cb875bc9e5514f56b52eb74f9e7a9/library/alloc/src/boxed.rs:1572:9
[INFO] [stdout]   24:     0x563b00474c78 - <std::panic::AssertUnwindSafe<F> as core::ops::function::FnOnce<()>>::call_once::h40dc93e0ddb5938a
[INFO] [stdout]                                at /rustc/53fd98ca776cb875bc9e5514f56b52eb74f9e7a9/library/std/src/panic.rs:347:9
[INFO] [stdout]   25:     0x563b00474c78 - std::panicking::try::do_call::h90d07750cb47c562
[INFO] [stdout]                                at /rustc/53fd98ca776cb875bc9e5514f56b52eb74f9e7a9/library/std/src/panicking.rs:401:40
[INFO] [stdout]   26:     0x563b00474c78 - std::panicking::try::h063c84733ad2a629
[INFO] [stdout]                                at /rustc/53fd98ca776cb875bc9e5514f56b52eb74f9e7a9/library/std/src/panicking.rs:365:19
[INFO] [stdout]   27:     0x563b00474c78 - std::panic::catch_unwind::h0c464836a84e7c08
[INFO] [stdout]                                at /rustc/53fd98ca776cb875bc9e5514f56b52eb74f9e7a9/library/std/src/panic.rs:434:14
[INFO] [stdout]   28:     0x563b00474c78 - test::run_test_in_process::h5cb06ef620b157fc
[INFO] [stdout]                                at /rustc/53fd98ca776cb875bc9e5514f56b52eb74f9e7a9/library/test/src/lib.rs:601:18
[INFO] [stdout]   29:     0x563b00474c78 - test::run_test::run_test_inner::{{closure}}::h76f677f4b93f9828
[INFO] [stdout]                                at /rustc/53fd98ca776cb875bc9e5514f56b52eb74f9e7a9/library/test/src/lib.rs:493:39
[INFO] [stdout]   30:     0x563b0044340d - test::run_test::run_test_inner::{{closure}}::h366d01fe04f4d67a
[INFO] [stdout]                                at /rustc/53fd98ca776cb875bc9e5514f56b52eb74f9e7a9/library/test/src/lib.rs:520:37
[INFO] [stdout]   31:     0x563b0044340d - std::sys_common::backtrace::__rust_begin_short_backtrace::h7dfa0de4eb395af2
[INFO] [stdout]                                at /rustc/53fd98ca776cb875bc9e5514f56b52eb74f9e7a9/library/std/src/sys_common/backtrace.rs:125:18
[INFO] [stdout]   32:     0x563b00447bd8 - std::thread::Builder::spawn_unchecked::{{closure}}::{{closure}}::hf0a74bb58798037f
[INFO] [stdout]                                at /rustc/53fd98ca776cb875bc9e5514f56b52eb74f9e7a9/library/std/src/thread/mod.rs:476:17
[INFO] [stdout]   33:     0x563b00447bd8 - <std::panic::AssertUnwindSafe<F> as core::ops::function::FnOnce<()>>::call_once::hb024e854818586ac
[INFO] [stdout]                                at /rustc/53fd98ca776cb875bc9e5514f56b52eb74f9e7a9/library/std/src/panic.rs:347:9
[INFO] [stdout]   34:     0x563b00447bd8 - std::panicking::try::do_call::hb2dd9f1d0d48e41d
[INFO] [stdout]                                at /rustc/53fd98ca776cb875bc9e5514f56b52eb74f9e7a9/library/std/src/panicking.rs:401:40
[INFO] [stdout]   35:     0x563b00447bd8 - std::panicking::try::h4717ae7bac8b2bf3
[INFO] [stdout]                                at /rustc/53fd98ca776cb875bc9e5514f56b52eb74f9e7a9/library/std/src/panicking.rs:365:19
[INFO] [stdout]   36:     0x563b00447bd8 - std::panic::catch_unwind::h0dc8a061326ce8d8
[INFO] [stdout]                                at /rustc/53fd98ca776cb875bc9e5514f56b52eb74f9e7a9/library/std/src/panic.rs:434:14
[INFO] [stdout]   37:     0x563b00447bd8 - std::thread::Builder::spawn_unchecked::{{closure}}::haa369e2d6fd00aa1
[INFO] [stdout]                                at /rustc/53fd98ca776cb875bc9e5514f56b52eb74f9e7a9/library/std/src/thread/mod.rs:475:30
[INFO] [stdout]   38:     0x563b00447bd8 - core::ops::function::FnOnce::call_once{{vtable.shim}}::h36dcf3de8b056f17
[INFO] [stdout]                                at /rustc/53fd98ca776cb875bc9e5514f56b52eb74f9e7a9/library/core/src/ops/function.rs:227:5
[INFO] [stdout]   39:     0x563b0049a647 - <alloc::boxed::Box<F,A> as core::ops::function::FnOnce<Args>>::call_once::h65c29e4642be2358
[INFO] [stdout]                                at /rustc/53fd98ca776cb875bc9e5514f56b52eb74f9e7a9/library/alloc/src/boxed.rs:1572:9
[INFO] [stdout]   40:     0x563b0049a647 - <alloc::boxed::Box<F,A> as core::ops::function::FnOnce<Args>>::call_once::hd0f8f7fbbd9fffbf
[INFO] [stdout]                                at /rustc/53fd98ca776cb875bc9e5514f56b52eb74f9e7a9/library/alloc/src/boxed.rs:1572:9
[INFO] [stdout]   41:     0x563b0049a647 - std::sys::unix::thread::Thread::new::thread_start::h2fd22fee3ca77b65
[INFO] [stdout]                                at /rustc/53fd98ca776cb875bc9e5514f56b52eb74f9e7a9/library/std/src/sys/unix/thread.rs:74:17
[INFO] [stdout]   42:     0x7f797fd28609 - start_thread
[INFO] [stdout]   43:     0x7f797fafa293 - clone
[INFO] [stdout]   44:                0x0 - <unknown>
[INFO] [stdout] 
[INFO] [stdout] 
[INFO] [stdout] failures:
[INFO] [stdout]     test_consprob_program
[INFO] [stdout] 
[INFO] [stdout] test result: FAILED. 0 passed; 1 failed; 0 ignored; 0 measured; 0 filtered out; finished in 0.10s
[INFO] [stdout] 
[INFO] [stderr] error: test failed, to rerun pass '--test tests'
[INFO] running `Command { std: "docker" "inspect" "2075977d99a049683c60591edbbc2c3ccc025665c577e1ebdc04ebd2956e36ca", kill_on_drop: false }`
[INFO] running `Command { std: "docker" "rm" "-f" "2075977d99a049683c60591edbbc2c3ccc025665c577e1ebdc04ebd2956e36ca", kill_on_drop: false }`
[INFO] [stdout] 2075977d99a049683c60591edbbc2c3ccc025665c577e1ebdc04ebd2956e36ca
