[INFO] fetching crate console_error_panic_hook 0.1.6...
[INFO] testing console_error_panic_hook-0.1.6 against beta-2021-08-01 for beta-1.55-1
[INFO] extracting crate console_error_panic_hook 0.1.6 into /workspace/builds/worker-91/source
[INFO] validating manifest of crates.io crate console_error_panic_hook 0.1.6 on toolchain beta-2021-08-01
[INFO] running `Command { std: "/workspace/cargo-home/bin/cargo" "+beta-2021-08-01" "metadata" "--manifest-path" "Cargo.toml" "--no-deps", kill_on_drop: false }`
[INFO] started tweaking crates.io crate console_error_panic_hook 0.1.6
[INFO] finished tweaking crates.io crate console_error_panic_hook 0.1.6
[INFO] tweaked toml for crates.io crate console_error_panic_hook 0.1.6 written to /workspace/builds/worker-91/source/Cargo.toml
[INFO] running `Command { std: "/workspace/cargo-home/bin/cargo" "+beta-2021-08-01" "generate-lockfile" "--manifest-path" "Cargo.toml" "-Zno-index-update", kill_on_drop: false }`
[INFO] [stderr]     Blocking waiting for file lock on package cache
[INFO] running `Command { std: "/workspace/cargo-home/bin/cargo" "+beta-2021-08-01" "fetch" "--manifest-path" "Cargo.toml", kill_on_drop: false }`
[INFO] [stderr]     Blocking waiting for file lock on package cache
[INFO] [stderr]     Blocking waiting for file lock on package cache
[INFO] running `Command { std: "docker" "create" "-v" "/var/lib/crater-agent-workspace/builds/worker-91/target:/opt/rustwide/target:rw,Z" "-v" "/var/lib/crater-agent-workspace/builds/worker-91/source:/opt/rustwide/workdir:ro,Z" "-v" "/var/lib/crater-agent-workspace/cargo-home:/opt/rustwide/cargo-home:ro,Z" "-v" "/var/lib/crater-agent-workspace/rustup-home:/opt/rustwide/rustup-home:ro,Z" "-e" "SOURCE_DIR=/opt/rustwide/workdir" "-e" "CARGO_TARGET_DIR=/opt/rustwide/target" "-e" "CARGO_HOME=/opt/rustwide/cargo-home" "-e" "RUSTUP_HOME=/opt/rustwide/rustup-home" "-w" "/opt/rustwide/workdir" "-m" "1610612736" "--user" "0:0" "--network" "none" "ghcr.io/rust-lang/crates-build-env/linux@sha256:34b6a614d2c27851fe6cbf88fbd1137609cefab8b10d0615aaeb6fd47975d74e" "/opt/rustwide/cargo-home/bin/cargo" "+beta-2021-08-01" "metadata" "--no-deps" "--format-version=1", kill_on_drop: false }`
[INFO] [stdout] ea699ba6576052fe99e36b83f658e0d65262c40e6adaae0eb6170ac6499bd808
[INFO] running `Command { std: "docker" "start" "-a" "ea699ba6576052fe99e36b83f658e0d65262c40e6adaae0eb6170ac6499bd808", kill_on_drop: false }`
[INFO] running `Command { std: "docker" "inspect" "ea699ba6576052fe99e36b83f658e0d65262c40e6adaae0eb6170ac6499bd808", kill_on_drop: false }`
[INFO] running `Command { std: "docker" "rm" "-f" "ea699ba6576052fe99e36b83f658e0d65262c40e6adaae0eb6170ac6499bd808", kill_on_drop: false }`
[INFO] [stdout] ea699ba6576052fe99e36b83f658e0d65262c40e6adaae0eb6170ac6499bd808
[INFO] running `Command { std: "docker" "create" "-v" "/var/lib/crater-agent-workspace/builds/worker-91/target:/opt/rustwide/target:rw,Z" "-v" "/var/lib/crater-agent-workspace/builds/worker-91/source:/opt/rustwide/workdir:ro,Z" "-v" "/var/lib/crater-agent-workspace/cargo-home:/opt/rustwide/cargo-home:ro,Z" "-v" "/var/lib/crater-agent-workspace/rustup-home:/opt/rustwide/rustup-home:ro,Z" "-e" "SOURCE_DIR=/opt/rustwide/workdir" "-e" "CARGO_TARGET_DIR=/opt/rustwide/target" "-e" "CARGO_INCREMENTAL=0" "-e" "RUST_BACKTRACE=full" "-e" "RUSTFLAGS=--cap-lints=warn" "-e" "CARGO_HOME=/opt/rustwide/cargo-home" "-e" "RUSTUP_HOME=/opt/rustwide/rustup-home" "-w" "/opt/rustwide/workdir" "-m" "1610612736" "--user" "0:0" "--network" "none" "ghcr.io/rust-lang/crates-build-env/linux@sha256:34b6a614d2c27851fe6cbf88fbd1137609cefab8b10d0615aaeb6fd47975d74e" "/opt/rustwide/cargo-home/bin/cargo" "+beta-2021-08-01" "build" "--frozen" "--message-format=json", kill_on_drop: false }`
[INFO] [stdout] ff44a35d4b0fb836c27fb6859b9fec162973b462ed96b1ca7473643f27214835
[INFO] running `Command { std: "docker" "start" "-a" "ff44a35d4b0fb836c27fb6859b9fec162973b462ed96b1ca7473643f27214835", kill_on_drop: false }`
[INFO] [stderr]    Compiling wasm-bindgen-backend v0.2.75
[INFO] [stderr]    Compiling wasm-bindgen-macro-support v0.2.75
[INFO] [stderr]    Compiling wasm-bindgen-macro v0.2.75
[INFO] [stderr]    Compiling wasm-bindgen v0.2.75
[INFO] [stderr]    Compiling console_error_panic_hook v0.1.6 (/opt/rustwide/workdir)
[INFO] [stdout] warning: use of deprecated constant `std::sync::ONCE_INIT`: the `new` function is now preferred
[INFO] [stdout]    --> src/lib.rs:142:21
[INFO] [stdout]     |
[INFO] [stdout] 142 |     use std::sync::{ONCE_INIT, Once};
[INFO] [stdout]     |                     ^^^^^^^^^
[INFO] [stdout]     |
[INFO] [stdout]     = note: `#[warn(deprecated)]` on by default
[INFO] [stdout] 
[INFO] [stdout] 
[INFO] [stdout] warning: use of deprecated constant `std::sync::ONCE_INIT`: the `new` function is now preferred
[INFO] [stdout]    --> src/lib.rs:143:29
[INFO] [stdout]     |
[INFO] [stdout] 143 |     static SET_HOOK: Once = ONCE_INIT;
[INFO] [stdout]     |                             ^^^^^^^^^ help: replace the use of the deprecated constant: `Once::new()`
[INFO] [stdout] 
[INFO] [stdout] 
[INFO] [stdout] warning: 2 warnings emitted
[INFO] [stdout] 
[INFO] [stdout] 
[INFO] [stderr]     Finished dev [unoptimized + debuginfo] target(s) in 7.20s
[INFO] running `Command { std: "docker" "inspect" "ff44a35d4b0fb836c27fb6859b9fec162973b462ed96b1ca7473643f27214835", kill_on_drop: false }`
[INFO] running `Command { std: "docker" "rm" "-f" "ff44a35d4b0fb836c27fb6859b9fec162973b462ed96b1ca7473643f27214835", kill_on_drop: false }`
[INFO] [stdout] ff44a35d4b0fb836c27fb6859b9fec162973b462ed96b1ca7473643f27214835
[INFO] running `Command { std: "docker" "create" "-v" "/var/lib/crater-agent-workspace/builds/worker-91/target:/opt/rustwide/target:rw,Z" "-v" "/var/lib/crater-agent-workspace/builds/worker-91/source:/opt/rustwide/workdir:ro,Z" "-v" "/var/lib/crater-agent-workspace/cargo-home:/opt/rustwide/cargo-home:ro,Z" "-v" "/var/lib/crater-agent-workspace/rustup-home:/opt/rustwide/rustup-home:ro,Z" "-e" "SOURCE_DIR=/opt/rustwide/workdir" "-e" "CARGO_TARGET_DIR=/opt/rustwide/target" "-e" "CARGO_INCREMENTAL=0" "-e" "RUST_BACKTRACE=full" "-e" "RUSTFLAGS=--cap-lints=warn" "-e" "CARGO_HOME=/opt/rustwide/cargo-home" "-e" "RUSTUP_HOME=/opt/rustwide/rustup-home" "-w" "/opt/rustwide/workdir" "-m" "1610612736" "--user" "0:0" "--network" "none" "ghcr.io/rust-lang/crates-build-env/linux@sha256:34b6a614d2c27851fe6cbf88fbd1137609cefab8b10d0615aaeb6fd47975d74e" "/opt/rustwide/cargo-home/bin/cargo" "+beta-2021-08-01" "test" "--frozen" "--no-run" "--message-format=json", kill_on_drop: false }`
[INFO] [stdout] 8f827e999312dc7963a1b7549d3414567cd7fc93fa09532cce892b28e07e43bd
[INFO] running `Command { std: "docker" "start" "-a" "8f827e999312dc7963a1b7549d3414567cd7fc93fa09532cce892b28e07e43bd", kill_on_drop: false }`
[INFO] [stderr]     Blocking waiting for file lock on package cache
[INFO] [stderr]    Compiling console_error_panic_hook v0.1.6 (/opt/rustwide/workdir)
[INFO] [stdout] warning: use of deprecated constant `std::sync::ONCE_INIT`: the `new` function is now preferred
[INFO] [stdout]    --> src/lib.rs:142:21
[INFO] [stdout]     |
[INFO] [stdout] 142 |     use std::sync::{ONCE_INIT, Once};
[INFO] [stdout]     |                     ^^^^^^^^^
[INFO] [stdout]     |
[INFO] [stdout]     = note: `#[warn(deprecated)]` on by default
[INFO] [stdout] 
[INFO] [stdout] 
[INFO] [stdout] warning: use of deprecated constant `std::sync::ONCE_INIT`: the `new` function is now preferred
[INFO] [stdout]    --> src/lib.rs:143:29
[INFO] [stdout]     |
[INFO] [stdout] 143 |     static SET_HOOK: Once = ONCE_INIT;
[INFO] [stdout]     |                             ^^^^^^^^^ help: replace the use of the deprecated constant: `Once::new()`
[INFO] [stdout] 
[INFO] [stdout] 
[INFO] [stdout] warning: 2 warnings emitted
[INFO] [stdout] 
[INFO] [stdout] 
[INFO] [stdout] warning: use of deprecated constant `std::sync::ONCE_INIT`: the `new` function is now preferred
[INFO] [stdout]    --> src/lib.rs:142:21
[INFO] [stdout]     |
[INFO] [stdout] 142 |     use std::sync::{ONCE_INIT, Once};
[INFO] [stdout]     |                     ^^^^^^^^^
[INFO] [stdout]     |
[INFO] [stdout]     = note: `#[warn(deprecated)]` on by default
[INFO] [stdout] 
[INFO] [stdout] 
[INFO] [stdout] warning: use of deprecated constant `std::sync::ONCE_INIT`: the `new` function is now preferred
[INFO] [stdout]    --> src/lib.rs:143:29
[INFO] [stdout]     |
[INFO] [stdout] 143 |     static SET_HOOK: Once = ONCE_INIT;
[INFO] [stdout]     |                             ^^^^^^^^^ help: replace the use of the deprecated constant: `Once::new()`
[INFO] [stdout] 
[INFO] [stdout] 
[INFO] [stdout] warning: 2 warnings emitted
[INFO] [stdout] 
[INFO] [stdout] 
[INFO] [stderr]     Finished test [unoptimized + debuginfo] target(s) in 0.66s
[INFO] running `Command { std: "docker" "inspect" "8f827e999312dc7963a1b7549d3414567cd7fc93fa09532cce892b28e07e43bd", kill_on_drop: false }`
[INFO] running `Command { std: "docker" "rm" "-f" "8f827e999312dc7963a1b7549d3414567cd7fc93fa09532cce892b28e07e43bd", kill_on_drop: false }`
[INFO] [stdout] 8f827e999312dc7963a1b7549d3414567cd7fc93fa09532cce892b28e07e43bd
[INFO] running `Command { std: "docker" "create" "-v" "/var/lib/crater-agent-workspace/builds/worker-91/target:/opt/rustwide/target:rw,Z" "-v" "/var/lib/crater-agent-workspace/builds/worker-91/source:/opt/rustwide/workdir:ro,Z" "-v" "/var/lib/crater-agent-workspace/cargo-home:/opt/rustwide/cargo-home:ro,Z" "-v" "/var/lib/crater-agent-workspace/rustup-home:/opt/rustwide/rustup-home:ro,Z" "-e" "SOURCE_DIR=/opt/rustwide/workdir" "-e" "CARGO_TARGET_DIR=/opt/rustwide/target" "-e" "CARGO_INCREMENTAL=0" "-e" "RUST_BACKTRACE=full" "-e" "RUSTFLAGS=--cap-lints=warn" "-e" "CARGO_HOME=/opt/rustwide/cargo-home" "-e" "RUSTUP_HOME=/opt/rustwide/rustup-home" "-w" "/opt/rustwide/workdir" "-m" "1610612736" "--user" "0:0" "--network" "none" "ghcr.io/rust-lang/crates-build-env/linux@sha256:34b6a614d2c27851fe6cbf88fbd1137609cefab8b10d0615aaeb6fd47975d74e" "/opt/rustwide/cargo-home/bin/cargo" "+beta-2021-08-01" "test" "--frozen", kill_on_drop: false }`
[INFO] [stdout] 7a206552fb59a5e885cd7d5a93de25d18d2eb895e0b1d4ee6bf371f09acfd160
[INFO] running `Command { std: "docker" "start" "-a" "7a206552fb59a5e885cd7d5a93de25d18d2eb895e0b1d4ee6bf371f09acfd160", kill_on_drop: false }`
[INFO] [stderr] warning: use of deprecated constant `std::sync::ONCE_INIT`: the `new` function is now preferred
[INFO] [stderr]    --> src/lib.rs:142:21
[INFO] [stderr]     |
[INFO] [stderr] 142 |     use std::sync::{ONCE_INIT, Once};
[INFO] [stderr]     |                     ^^^^^^^^^
[INFO] [stderr]     |
[INFO] [stderr]     = note: `#[warn(deprecated)]` on by default
[INFO] [stderr] 
[INFO] [stderr] warning: use of deprecated constant `std::sync::ONCE_INIT`: the `new` function is now preferred
[INFO] [stderr]    --> src/lib.rs:143:29
[INFO] [stderr]     |
[INFO] [stderr] 143 |     static SET_HOOK: Once = ONCE_INIT;
[INFO] [stderr]     |                             ^^^^^^^^^ help: replace the use of the deprecated constant: `Once::new()`
[INFO] [stderr] 
[INFO] [stderr] warning: `console_error_panic_hook` (lib) generated 2 warnings
[INFO] [stderr] warning: `console_error_panic_hook` (lib test) generated 2 warnings (2 duplicates)
[INFO] [stderr]     Finished test [unoptimized + debuginfo] target(s) in 0.03s
[INFO] [stderr]      Running unittests (/opt/rustwide/target/debug/deps/console_error_panic_hook-718ddece5a0f880a)
[INFO] [stdout] 
[INFO] [stderr]      Running tests/tests.rs (/opt/rustwide/target/debug/deps/tests-1435e1e00650eb99)
[INFO] [stdout] running 0 tests
[INFO] [stdout] 
[INFO] [stdout] test result: ok. 0 passed; 0 failed; 0 ignored; 0 measured; 0 filtered out; finished in 0.00s
[INFO] [stdout] 
[INFO] [stdout] 
[INFO] [stdout] running 3 tests
[INFO] [stdout] test can_set_as_hook ... ok
[INFO] [stdout] test can_set_once ... ok
[INFO] [stderr] panicked at 'Check if you have `cargo-readme` in $PATH', tests/tests.rs:18:5
[INFO] [stdout] test cargo_readme_up_to_date ... FAILED
[INFO] [stdout] 
[INFO] [stdout] failures:
[INFO] [stdout] 
[INFO] [stdout] ---- cargo_readme_up_to_date stdout ----
[INFO] [stdout] Checking that `cargo readme > README.md` is up to date...
[INFO] [stdout] 
[INFO] [stdout] 
[INFO] [stdout] failures:
[INFO] [stdout]     cargo_readme_up_to_date
[INFO] [stdout] 
[INFO] [stdout] test result: FAILED. 2 passed; 1 failed; 0 ignored; 0 measured; 0 filtered out; finished in 0.13s
[INFO] [stdout] 
[INFO] [stderr] error: test failed, to rerun pass '--test tests'
[INFO] running `Command { std: "docker" "inspect" "7a206552fb59a5e885cd7d5a93de25d18d2eb895e0b1d4ee6bf371f09acfd160", kill_on_drop: false }`
[INFO] running `Command { std: "docker" "rm" "-f" "7a206552fb59a5e885cd7d5a93de25d18d2eb895e0b1d4ee6bf371f09acfd160", kill_on_drop: false }`
[INFO] [stdout] 7a206552fb59a5e885cd7d5a93de25d18d2eb895e0b1d4ee6bf371f09acfd160
