[INFO] fetching crate console-listener 0.2.0...
[INFO] testing console-listener-0.2.0 against 1.54.0 for beta-1.55-1
[INFO] extracting crate console-listener 0.2.0 into /workspace/builds/worker-109/source
[INFO] validating manifest of crates.io crate console-listener 0.2.0 on toolchain 1.54.0
[INFO] running `Command { std: "/workspace/cargo-home/bin/cargo" "+1.54.0" "metadata" "--manifest-path" "Cargo.toml" "--no-deps", kill_on_drop: false }`
[INFO] started tweaking crates.io crate console-listener 0.2.0
[INFO] finished tweaking crates.io crate console-listener 0.2.0
[INFO] tweaked toml for crates.io crate console-listener 0.2.0 written to /workspace/builds/worker-109/source/Cargo.toml
[INFO] running `Command { std: "/workspace/cargo-home/bin/cargo" "+1.54.0" "generate-lockfile" "--manifest-path" "Cargo.toml" "-Zno-index-update", kill_on_drop: false }`
[INFO] running `Command { std: "/workspace/cargo-home/bin/cargo" "+1.54.0" "fetch" "--manifest-path" "Cargo.toml", kill_on_drop: false }`
[INFO] running `Command { std: "docker" "create" "-v" "/var/lib/crater-agent-workspace/builds/worker-109/target:/opt/rustwide/target:rw,Z" "-v" "/var/lib/crater-agent-workspace/builds/worker-109/source:/opt/rustwide/workdir:ro,Z" "-v" "/var/lib/crater-agent-workspace/cargo-home:/opt/rustwide/cargo-home:ro,Z" "-v" "/var/lib/crater-agent-workspace/rustup-home:/opt/rustwide/rustup-home:ro,Z" "-e" "SOURCE_DIR=/opt/rustwide/workdir" "-e" "CARGO_TARGET_DIR=/opt/rustwide/target" "-e" "CARGO_HOME=/opt/rustwide/cargo-home" "-e" "RUSTUP_HOME=/opt/rustwide/rustup-home" "-w" "/opt/rustwide/workdir" "-m" "1610612736" "--user" "0:0" "--network" "none" "ghcr.io/rust-lang/crates-build-env/linux@sha256:34b6a614d2c27851fe6cbf88fbd1137609cefab8b10d0615aaeb6fd47975d74e" "/opt/rustwide/cargo-home/bin/cargo" "+1.54.0" "metadata" "--no-deps" "--format-version=1", kill_on_drop: false }`
[INFO] [stdout] d751b9312477f4214e52aaa003fc0235e08ea637005b6b94c8831fa329a6cd1f
[INFO] running `Command { std: "docker" "start" "-a" "d751b9312477f4214e52aaa003fc0235e08ea637005b6b94c8831fa329a6cd1f", kill_on_drop: false }`
[INFO] running `Command { std: "docker" "inspect" "d751b9312477f4214e52aaa003fc0235e08ea637005b6b94c8831fa329a6cd1f", kill_on_drop: false }`
[INFO] running `Command { std: "docker" "rm" "-f" "d751b9312477f4214e52aaa003fc0235e08ea637005b6b94c8831fa329a6cd1f", kill_on_drop: false }`
[INFO] [stdout] d751b9312477f4214e52aaa003fc0235e08ea637005b6b94c8831fa329a6cd1f
[INFO] running `Command { std: "docker" "create" "-v" "/var/lib/crater-agent-workspace/builds/worker-109/target:/opt/rustwide/target:rw,Z" "-v" "/var/lib/crater-agent-workspace/builds/worker-109/source:/opt/rustwide/workdir:ro,Z" "-v" "/var/lib/crater-agent-workspace/cargo-home:/opt/rustwide/cargo-home:ro,Z" "-v" "/var/lib/crater-agent-workspace/rustup-home:/opt/rustwide/rustup-home:ro,Z" "-e" "SOURCE_DIR=/opt/rustwide/workdir" "-e" "CARGO_TARGET_DIR=/opt/rustwide/target" "-e" "CARGO_INCREMENTAL=0" "-e" "RUST_BACKTRACE=full" "-e" "RUSTFLAGS=--cap-lints=warn" "-e" "CARGO_HOME=/opt/rustwide/cargo-home" "-e" "RUSTUP_HOME=/opt/rustwide/rustup-home" "-w" "/opt/rustwide/workdir" "-m" "1610612736" "--user" "0:0" "--network" "none" "ghcr.io/rust-lang/crates-build-env/linux@sha256:34b6a614d2c27851fe6cbf88fbd1137609cefab8b10d0615aaeb6fd47975d74e" "/opt/rustwide/cargo-home/bin/cargo" "+1.54.0" "build" "--frozen" "--message-format=json", kill_on_drop: false }`
[INFO] [stdout] 8b0ee7340eedd26a0ce5f385bced6d02d1b24a10ef1e0a6cbe58665eaeae48cc
[INFO] running `Command { std: "docker" "start" "-a" "8b0ee7340eedd26a0ce5f385bced6d02d1b24a10ef1e0a6cbe58665eaeae48cc", kill_on_drop: false }`
[INFO] [stderr]    Compiling console-listener v0.2.0 (/opt/rustwide/workdir)
[INFO] [stderr]     Finished dev [unoptimized + debuginfo] target(s) in 0.36s
[INFO] running `Command { std: "docker" "inspect" "8b0ee7340eedd26a0ce5f385bced6d02d1b24a10ef1e0a6cbe58665eaeae48cc", kill_on_drop: false }`
[INFO] running `Command { std: "docker" "rm" "-f" "8b0ee7340eedd26a0ce5f385bced6d02d1b24a10ef1e0a6cbe58665eaeae48cc", kill_on_drop: false }`
[INFO] [stdout] 8b0ee7340eedd26a0ce5f385bced6d02d1b24a10ef1e0a6cbe58665eaeae48cc
[INFO] running `Command { std: "docker" "create" "-v" "/var/lib/crater-agent-workspace/builds/worker-109/target:/opt/rustwide/target:rw,Z" "-v" "/var/lib/crater-agent-workspace/builds/worker-109/source:/opt/rustwide/workdir:ro,Z" "-v" "/var/lib/crater-agent-workspace/cargo-home:/opt/rustwide/cargo-home:ro,Z" "-v" "/var/lib/crater-agent-workspace/rustup-home:/opt/rustwide/rustup-home:ro,Z" "-e" "SOURCE_DIR=/opt/rustwide/workdir" "-e" "CARGO_TARGET_DIR=/opt/rustwide/target" "-e" "CARGO_INCREMENTAL=0" "-e" "RUST_BACKTRACE=full" "-e" "RUSTFLAGS=--cap-lints=warn" "-e" "CARGO_HOME=/opt/rustwide/cargo-home" "-e" "RUSTUP_HOME=/opt/rustwide/rustup-home" "-w" "/opt/rustwide/workdir" "-m" "1610612736" "--user" "0:0" "--network" "none" "ghcr.io/rust-lang/crates-build-env/linux@sha256:34b6a614d2c27851fe6cbf88fbd1137609cefab8b10d0615aaeb6fd47975d74e" "/opt/rustwide/cargo-home/bin/cargo" "+1.54.0" "test" "--frozen" "--no-run" "--message-format=json", kill_on_drop: false }`
[INFO] [stdout] f7b2a5acf9444bc428885ace9595fd285b2de40b9bf142773ad5cff361b9c14e
[INFO] running `Command { std: "docker" "start" "-a" "f7b2a5acf9444bc428885ace9595fd285b2de40b9bf142773ad5cff361b9c14e", kill_on_drop: false }`
[INFO] [stderr]     Blocking waiting for file lock on package cache
[INFO] [stderr]    Compiling console-listener v0.2.0 (/opt/rustwide/workdir)
[INFO] [stderr]     Finished test [unoptimized + debuginfo] target(s) in 3.46s
[INFO] running `Command { std: "docker" "inspect" "f7b2a5acf9444bc428885ace9595fd285b2de40b9bf142773ad5cff361b9c14e", kill_on_drop: false }`
[INFO] running `Command { std: "docker" "rm" "-f" "f7b2a5acf9444bc428885ace9595fd285b2de40b9bf142773ad5cff361b9c14e", kill_on_drop: false }`
[INFO] [stdout] f7b2a5acf9444bc428885ace9595fd285b2de40b9bf142773ad5cff361b9c14e
[INFO] running `Command { std: "docker" "create" "-v" "/var/lib/crater-agent-workspace/builds/worker-109/target:/opt/rustwide/target:rw,Z" "-v" "/var/lib/crater-agent-workspace/builds/worker-109/source:/opt/rustwide/workdir:ro,Z" "-v" "/var/lib/crater-agent-workspace/cargo-home:/opt/rustwide/cargo-home:ro,Z" "-v" "/var/lib/crater-agent-workspace/rustup-home:/opt/rustwide/rustup-home:ro,Z" "-e" "SOURCE_DIR=/opt/rustwide/workdir" "-e" "CARGO_TARGET_DIR=/opt/rustwide/target" "-e" "CARGO_INCREMENTAL=0" "-e" "RUST_BACKTRACE=full" "-e" "RUSTFLAGS=--cap-lints=warn" "-e" "CARGO_HOME=/opt/rustwide/cargo-home" "-e" "RUSTUP_HOME=/opt/rustwide/rustup-home" "-w" "/opt/rustwide/workdir" "-m" "1610612736" "--user" "0:0" "--network" "none" "ghcr.io/rust-lang/crates-build-env/linux@sha256:34b6a614d2c27851fe6cbf88fbd1137609cefab8b10d0615aaeb6fd47975d74e" "/opt/rustwide/cargo-home/bin/cargo" "+1.54.0" "test" "--frozen", kill_on_drop: false }`
[INFO] [stdout] d1bd52c957ae47627c7ed232b9a5ac7c7758bf41c3b75a7c77e3379b0e43ff28
[INFO] running `Command { std: "docker" "start" "-a" "d1bd52c957ae47627c7ed232b9a5ac7c7758bf41c3b75a7c77e3379b0e43ff28", kill_on_drop: false }`
[INFO] [stderr]     Blocking waiting for file lock on package cache
[INFO] [stderr]     Finished test [unoptimized + debuginfo] target(s) in 0.72s
[INFO] [stderr]      Running unittests (/opt/rustwide/target/debug/deps/console_listener-b3714081621b4f41)
[INFO] [stdout] 
[INFO] [stdout] running 5 tests
[INFO] [stdout] test tests::new_works ... ok
[INFO] [stdout] test tests::new_case_insensitive_works ... ok
[INFO] [stdout] test tests::new_case_insensitive_panics_on_empty_key - should panic ... ok
[INFO] [stdout] test tests::new_panics_on_empty_key - should panic ... ok
[INFO] [stdout] test tests::heard_key_returns_false ... ok
[INFO] [stdout] 
[INFO] [stdout] test result: ok. 5 passed; 0 failed; 0 ignored; 0 measured; 0 filtered out; finished in 5.02s
[INFO] [stdout] 
[INFO] [stderr]    Doc-tests console-listener
[INFO] [stdout] 
[INFO] [stdout] running 4 tests
[INFO] [stdout] test src/lib.rs - listener::Listener::wait_for_key (line 113) ... FAILED
[INFO] [stdout] test src/lib.rs - listener::Listener::new_case_insensitive (line 50) ... FAILED
[INFO] [stdout] test src/lib.rs - listener::Listener::new (line 31) ... FAILED
[INFO] [stdout] test src/lib.rs - listener::Listener::heard_key (line 89) ... FAILED
[INFO] [stdout] 
[INFO] [stdout] failures:
[INFO] [stdout] 
[INFO] [stdout] ---- src/lib.rs - listener::Listener::wait_for_key (line 113) stdout ----
[INFO] [stdout] error[E0433]: failed to resolve: use of undeclared type `Listener`
[INFO] [stdout]  --> src/lib.rs:114:16
[INFO] [stdout]   |
[INFO] [stdout] 3 | let listener = Listener::new("q");
[INFO] [stdout]   |                ^^^^^^^^ not found in this scope
[INFO] [stdout]   |
[INFO] [stdout] help: consider importing this struct
[INFO] [stdout]   |
[INFO] [stdout] 2 | use console_listener::listener::Listener;
[INFO] [stdout]   |
[INFO] [stdout] 
[INFO] [stdout] error[E0425]: cannot find value `heard_key` in this scope
[INFO] [stdout]  --> src/lib.rs:116:1
[INFO] [stdout]   |
[INFO] [stdout] 5 | heard_key = listener.wait_for_key().unwrap();
[INFO] [stdout]   | ^^^^^^^^^ not found in this scope
[INFO] [stdout] 
[INFO] [stdout] error[E0425]: cannot find value `heard_key` in this scope
[INFO] [stdout]  --> src/lib.rs:118:9
[INFO] [stdout]   |
[INFO] [stdout] 7 | assert!(heard_key);
[INFO] [stdout]   |         ^^^^^^^^^ not found in this scope
[INFO] [stdout] 
[INFO] [stdout] error: aborting due to 3 previous errors
[INFO] [stdout] 
[INFO] [stdout] Some errors have detailed explanations: E0425, E0433.
[INFO] [stdout] For more information about an error, try `rustc --explain E0425`.
[INFO] [stdout] Couldn't compile the test.
[INFO] [stdout] ---- src/lib.rs - listener::Listener::new_case_insensitive (line 50) stdout ----
[INFO] [stdout] error[E0433]: failed to resolve: use of undeclared type `Listener`
[INFO] [stdout]  --> src/lib.rs:51:16
[INFO] [stdout]   |
[INFO] [stdout] 3 | let listener = Listener::new_case_insensitive("q");
[INFO] [stdout]   |                ^^^^^^^^ not found in this scope
[INFO] [stdout]   |
[INFO] [stdout] help: consider importing this struct
[INFO] [stdout]   |
[INFO] [stdout] 2 | use console_listener::listener::Listener;
[INFO] [stdout]   |
[INFO] [stdout] 
[INFO] [stdout] error: aborting due to previous error
[INFO] [stdout] 
[INFO] [stdout] For more information about this error, try `rustc --explain E0433`.
[INFO] [stdout] Couldn't compile the test.
[INFO] [stdout] ---- src/lib.rs - listener::Listener::new (line 31) stdout ----
[INFO] [stdout] error[E0433]: failed to resolve: use of undeclared type `Listener`
[INFO] [stdout]  --> src/lib.rs:32:16
[INFO] [stdout]   |
[INFO] [stdout] 3 | let listener = Listener::new("q");
[INFO] [stdout]   |                ^^^^^^^^ not found in this scope
[INFO] [stdout]   |
[INFO] [stdout] help: consider importing this struct
[INFO] [stdout]   |
[INFO] [stdout] 2 | use console_listener::listener::Listener;
[INFO] [stdout]   |
[INFO] [stdout] 
[INFO] [stdout] error: aborting due to previous error
[INFO] [stdout] 
[INFO] [stdout] For more information about this error, try `rustc --explain E0433`.
[INFO] [stdout] Couldn't compile the test.
[INFO] [stdout] ---- src/lib.rs - listener::Listener::heard_key (line 89) stdout ----
[INFO] [stdout] error[E0433]: failed to resolve: use of undeclared type `Listener`
[INFO] [stdout]  --> src/lib.rs:90:16
[INFO] [stdout]   |
[INFO] [stdout] 3 | let listener = Listener::new("q");
[INFO] [stdout]   |                ^^^^^^^^ not found in this scope
[INFO] [stdout]   |
[INFO] [stdout] help: consider importing this struct
[INFO] [stdout]   |
[INFO] [stdout] 2 | use console_listener::listener::Listener;
[INFO] [stdout]   |
[INFO] [stdout] 
[INFO] [stdout] error: aborting due to previous error
[INFO] [stdout] 
[INFO] [stdout] For more information about this error, try `rustc --explain E0433`.
[INFO] [stdout] Couldn't compile the test.
[INFO] [stdout] 
[INFO] [stdout] failures:
[INFO] [stdout]     src/lib.rs - listener::Listener::heard_key (line 89)
[INFO] [stdout]     src/lib.rs - listener::Listener::new (line 31)
[INFO] [stdout]     src/lib.rs - listener::Listener::new_case_insensitive (line 50)
[INFO] [stdout]     src/lib.rs - listener::Listener::wait_for_key (line 113)
[INFO] [stdout] 
[INFO] [stdout] test result: FAILED. 0 passed; 4 failed; 0 ignored; 0 measured; 0 filtered out; finished in 0.23s
[INFO] [stdout] 
[INFO] [stderr] error: test failed, to rerun pass '--doc'
[INFO] running `Command { std: "docker" "inspect" "d1bd52c957ae47627c7ed232b9a5ac7c7758bf41c3b75a7c77e3379b0e43ff28", kill_on_drop: false }`
[INFO] running `Command { std: "docker" "rm" "-f" "d1bd52c957ae47627c7ed232b9a5ac7c7758bf41c3b75a7c77e3379b0e43ff28", kill_on_drop: false }`
[INFO] [stdout] d1bd52c957ae47627c7ed232b9a5ac7c7758bf41c3b75a7c77e3379b0e43ff28
