[INFO] fetching crate conserve 0.6.14...
[INFO] testing conserve-0.6.14 against 1.54.0 for beta-1.55-1
[INFO] extracting crate conserve 0.6.14 into /workspace/builds/worker-23/source
[INFO] validating manifest of crates.io crate conserve 0.6.14 on toolchain 1.54.0
[INFO] running `Command { std: "/workspace/cargo-home/bin/cargo" "+1.54.0" "metadata" "--manifest-path" "Cargo.toml" "--no-deps", kill_on_drop: false }`
[INFO] started tweaking crates.io crate conserve 0.6.14
[INFO] finished tweaking crates.io crate conserve 0.6.14
[INFO] tweaked toml for crates.io crate conserve 0.6.14 written to /workspace/builds/worker-23/source/Cargo.toml
[INFO] crate crates.io crate conserve 0.6.14 already has a lockfile, it will not be regenerated
[INFO] running `Command { std: "/workspace/cargo-home/bin/cargo" "+1.54.0" "fetch" "--manifest-path" "Cargo.toml", kill_on_drop: false }`
[INFO] [stderr]     Blocking waiting for file lock on package cache
[INFO] running `Command { std: "docker" "create" "-v" "/var/lib/crater-agent-workspace/builds/worker-23/target:/opt/rustwide/target:rw,Z" "-v" "/var/lib/crater-agent-workspace/builds/worker-23/source:/opt/rustwide/workdir:ro,Z" "-v" "/var/lib/crater-agent-workspace/cargo-home:/opt/rustwide/cargo-home:ro,Z" "-v" "/var/lib/crater-agent-workspace/rustup-home:/opt/rustwide/rustup-home:ro,Z" "-e" "SOURCE_DIR=/opt/rustwide/workdir" "-e" "CARGO_TARGET_DIR=/opt/rustwide/target" "-e" "CARGO_HOME=/opt/rustwide/cargo-home" "-e" "RUSTUP_HOME=/opt/rustwide/rustup-home" "-w" "/opt/rustwide/workdir" "-m" "1610612736" "--user" "0:0" "--network" "none" "ghcr.io/rust-lang/crates-build-env/linux@sha256:34b6a614d2c27851fe6cbf88fbd1137609cefab8b10d0615aaeb6fd47975d74e" "/opt/rustwide/cargo-home/bin/cargo" "+1.54.0" "metadata" "--no-deps" "--format-version=1", kill_on_drop: false }`
[INFO] [stdout] 9d35314e9b63b3e9e850fe23c0d7994d3e452eadbecf5cef590cb3e8b56f7c38
[INFO] running `Command { std: "docker" "start" "-a" "9d35314e9b63b3e9e850fe23c0d7994d3e452eadbecf5cef590cb3e8b56f7c38", kill_on_drop: false }`
[INFO] running `Command { std: "docker" "inspect" "9d35314e9b63b3e9e850fe23c0d7994d3e452eadbecf5cef590cb3e8b56f7c38", kill_on_drop: false }`
[INFO] running `Command { std: "docker" "rm" "-f" "9d35314e9b63b3e9e850fe23c0d7994d3e452eadbecf5cef590cb3e8b56f7c38", kill_on_drop: false }`
[INFO] [stdout] 9d35314e9b63b3e9e850fe23c0d7994d3e452eadbecf5cef590cb3e8b56f7c38
[INFO] running `Command { std: "docker" "create" "-v" "/var/lib/crater-agent-workspace/builds/worker-23/target:/opt/rustwide/target:rw,Z" "-v" "/var/lib/crater-agent-workspace/builds/worker-23/source:/opt/rustwide/workdir:ro,Z" "-v" "/var/lib/crater-agent-workspace/cargo-home:/opt/rustwide/cargo-home:ro,Z" "-v" "/var/lib/crater-agent-workspace/rustup-home:/opt/rustwide/rustup-home:ro,Z" "-e" "SOURCE_DIR=/opt/rustwide/workdir" "-e" "CARGO_TARGET_DIR=/opt/rustwide/target" "-e" "CARGO_INCREMENTAL=0" "-e" "RUST_BACKTRACE=full" "-e" "RUSTFLAGS=--cap-lints=warn" "-e" "CARGO_HOME=/opt/rustwide/cargo-home" "-e" "RUSTUP_HOME=/opt/rustwide/rustup-home" "-w" "/opt/rustwide/workdir" "-m" "1610612736" "--user" "0:0" "--network" "none" "ghcr.io/rust-lang/crates-build-env/linux@sha256:34b6a614d2c27851fe6cbf88fbd1137609cefab8b10d0615aaeb6fd47975d74e" "/opt/rustwide/cargo-home/bin/cargo" "+1.54.0" "build" "--frozen" "--message-format=json", kill_on_drop: false }`
[INFO] [stdout] b49cfb3893d8535c0ee73c8b11c93e1a6aa22ccab36fb745949e634e84ccb9f7
[INFO] running `Command { std: "docker" "start" "-a" "b49cfb3893d8535c0ee73c8b11c93e1a6aa22ccab36fb745949e634e84ccb9f7", kill_on_drop: false }`
[INFO] [stderr]     Blocking waiting for file lock on package cache
[INFO] [stderr]    Compiling libc v0.2.94
[INFO] [stderr]    Compiling autocfg v1.0.1
[INFO] [stderr]    Compiling proc-macro2 v1.0.27
[INFO] [stderr]    Compiling syn v1.0.72
[INFO] [stderr]    Compiling version_check v0.9.3
[INFO] [stderr]    Compiling log v0.4.14
[INFO] [stderr]    Compiling memchr v2.4.0
[INFO] [stderr]    Compiling serde_derive v1.0.126
[INFO] [stderr]    Compiling rayon-core v1.9.1
[INFO] [stderr]    Compiling unicode-width v0.1.8
[INFO] [stderr]    Compiling ppv-lite86 v0.2.10
[INFO] [stderr]    Compiling arrayvec v0.4.12
[INFO] [stderr]    Compiling ryu v1.0.5
[INFO] [stderr]    Compiling serde v1.0.126
[INFO] [stderr]    Compiling byteorder v1.4.3
[INFO] [stderr]    Compiling ucd-trie v0.1.3
[INFO] [stderr]    Compiling unicode-segmentation v1.7.1
[INFO] [stderr]    Compiling regex-syntax v0.6.25
[INFO] [stderr]    Compiling either v1.6.1
[INFO] [stderr]    Compiling serde_json v1.0.64
[INFO] [stderr]    Compiling snap v1.0.5
[INFO] [stderr]    Compiling nodrop v0.1.14
[INFO] [stderr]    Compiling strsim v0.8.0
[INFO] [stderr]    Compiling ansi_term v0.11.0
[INFO] [stderr]    Compiling vec_map v0.8.2
[INFO] [stderr]    Compiling constant_time_eq v0.1.5
[INFO] [stderr]    Compiling fnv v1.0.7
[INFO] [stderr]    Compiling convert_case v0.4.0
[INFO] [stderr]    Compiling remove_dir_all v0.5.3
[INFO] [stderr]    Compiling itoa v0.4.7
[INFO] [stderr]    Compiling readahead-iterator v0.1.1
[INFO] [stderr]    Compiling thousands v0.2.0
[INFO] [stderr]    Compiling hex v0.4.3
[INFO] [stderr]    Compiling lock_api v0.4.4
[INFO] [stderr]    Compiling itertools v0.10.0
[INFO] [stderr]    Compiling textwrap v0.11.0
[INFO] [stderr]    Compiling pest v2.1.3
[INFO] [stderr]    Compiling regex-automata v0.1.9
[INFO] [stderr]    Compiling heck v0.3.2
[INFO] [stderr]    Compiling proc-macro-error-attr v1.0.4
[INFO] [stderr]    Compiling proc-macro-error v1.0.4
[INFO] [stderr]    Compiling crossbeam-utils v0.8.4
[INFO] [stderr]    Compiling memoffset v0.6.3
[INFO] [stderr]    Compiling num-traits v0.2.14
[INFO] [stderr]    Compiling num-integer v0.1.44
[INFO] [stderr]    Compiling rayon v1.5.1
[INFO] [stderr]    Compiling aho-corasick v0.7.18
[INFO] [stderr]    Compiling bstr v0.2.16
[INFO] [stderr]    Compiling blake2-rfc v0.2.18
[INFO] [stderr]    Compiling quote v1.0.9
[INFO] [stderr]    Compiling getrandom v0.2.3
[INFO] [stderr]    Compiling atty v0.2.14
[INFO] [stderr]    Compiling signal-hook-registry v1.3.0
[INFO] [stderr]    Compiling mio v0.7.11
[INFO] [stderr]    Compiling num_cpus v1.13.0
[INFO] [stderr]    Compiling parking_lot_core v0.8.3
[INFO] [stderr]    Compiling time v0.1.43
[INFO] [stderr]    Compiling filetime v0.2.14
[INFO] [stderr]    Compiling semver-parser v0.10.2
[INFO] [stderr]    Compiling clap v2.33.3
[INFO] [stderr]    Compiling rand_core v0.6.2
[INFO] [stderr]    Compiling parking_lot v0.11.1
[INFO] [stderr]    Compiling signal-hook v0.1.17
[INFO] [stderr]    Compiling rand_chacha v0.3.0
[INFO] [stderr]    Compiling semver v0.11.0
[INFO] [stderr]    Compiling crossterm v0.19.0
[INFO] [stderr]    Compiling crossbeam-epoch v0.9.4
[INFO] [stderr]    Compiling crossbeam-channel v0.5.1
[INFO] [stderr]    Compiling rand v0.8.3
[INFO] [stderr]    Compiling crossbeam-deque v0.8.0
[INFO] [stderr]    Compiling chrono v0.4.19
[INFO] [stderr]    Compiling regex v1.5.4
[INFO] [stderr]    Compiling tempfile v3.2.0
[INFO] [stderr]    Compiling globset v0.4.6
[INFO] [stderr]    Compiling structopt-derive v0.4.14
[INFO] [stderr]    Compiling thiserror-impl v1.0.24
[INFO] [stderr]    Compiling derive_more v0.99.14
[INFO] [stderr]    Compiling thiserror v1.0.24
[INFO] [stderr]    Compiling structopt v0.3.21
[INFO] [stderr]    Compiling conserve v0.6.14 (/opt/rustwide/workdir)
[INFO] [stderr]     Finished dev [unoptimized + debuginfo] target(s) in 42.79s
[INFO] running `Command { std: "docker" "inspect" "b49cfb3893d8535c0ee73c8b11c93e1a6aa22ccab36fb745949e634e84ccb9f7", kill_on_drop: false }`
[INFO] running `Command { std: "docker" "rm" "-f" "b49cfb3893d8535c0ee73c8b11c93e1a6aa22ccab36fb745949e634e84ccb9f7", kill_on_drop: false }`
[INFO] [stdout] b49cfb3893d8535c0ee73c8b11c93e1a6aa22ccab36fb745949e634e84ccb9f7
[INFO] running `Command { std: "docker" "create" "-v" "/var/lib/crater-agent-workspace/builds/worker-23/target:/opt/rustwide/target:rw,Z" "-v" "/var/lib/crater-agent-workspace/builds/worker-23/source:/opt/rustwide/workdir:ro,Z" "-v" "/var/lib/crater-agent-workspace/cargo-home:/opt/rustwide/cargo-home:ro,Z" "-v" "/var/lib/crater-agent-workspace/rustup-home:/opt/rustwide/rustup-home:ro,Z" "-e" "SOURCE_DIR=/opt/rustwide/workdir" "-e" "CARGO_TARGET_DIR=/opt/rustwide/target" "-e" "CARGO_INCREMENTAL=0" "-e" "RUST_BACKTRACE=full" "-e" "RUSTFLAGS=--cap-lints=warn" "-e" "CARGO_HOME=/opt/rustwide/cargo-home" "-e" "RUSTUP_HOME=/opt/rustwide/rustup-home" "-w" "/opt/rustwide/workdir" "-m" "1610612736" "--user" "0:0" "--network" "none" "ghcr.io/rust-lang/crates-build-env/linux@sha256:34b6a614d2c27851fe6cbf88fbd1137609cefab8b10d0615aaeb6fd47975d74e" "/opt/rustwide/cargo-home/bin/cargo" "+1.54.0" "test" "--frozen" "--no-run" "--message-format=json", kill_on_drop: false }`
[INFO] [stdout] de0a54646823d17019ea67317e2533b9212072a7382c563d9cb463a30e1b58bd
[INFO] running `Command { std: "docker" "start" "-a" "de0a54646823d17019ea67317e2533b9212072a7382c563d9cb463a30e1b58bd", kill_on_drop: false }`
[INFO] [stderr]    Compiling once_cell v1.7.2
[INFO] [stderr]    Compiling winapi-build v0.1.1
[INFO] [stderr]    Compiling doc-comment v0.3.3
[INFO] [stderr]    Compiling predicates-core v1.0.2
[INFO] [stderr]    Compiling same-file v1.0.6
[INFO] [stderr]    Compiling difference v2.0.0
[INFO] [stderr]    Compiling treeline v0.1.0
[INFO] [stderr]    Compiling winapi v0.2.8
[INFO] [stderr]    Compiling normalize-line-endings v0.3.0
[INFO] [stderr]    Compiling escargot v0.5.2
[INFO] [stderr]    Compiling wait-timeout v0.2.0
[INFO] [stderr]    Compiling float-cmp v0.8.0
[INFO] [stderr]    Compiling walkdir v2.3.2
[INFO] [stderr]    Compiling thread_local v1.1.3
[INFO] [stderr]    Compiling predicates-tree v1.0.2
[INFO] [stderr]    Compiling predicates v1.0.8
[INFO] [stderr]    Compiling kernel32-sys v0.2.2
[INFO] [stderr]    Compiling ignore v0.4.17
[INFO] [stderr]    Compiling walkdir v0.1.8
[INFO] [stderr]    Compiling assert_cmd v1.0.4
[INFO] [stderr]    Compiling copy_dir v0.1.2
[INFO] [stderr]    Compiling globwalk v0.8.1
[INFO] [stderr]    Compiling assert_fs v1.0.2
[INFO] [stderr]    Compiling conserve v0.6.14 (/opt/rustwide/workdir)
[INFO] [stderr]     Finished test [unoptimized + debuginfo] target(s) in 12.86s
[INFO] running `Command { std: "docker" "inspect" "de0a54646823d17019ea67317e2533b9212072a7382c563d9cb463a30e1b58bd", kill_on_drop: false }`
[INFO] running `Command { std: "docker" "rm" "-f" "de0a54646823d17019ea67317e2533b9212072a7382c563d9cb463a30e1b58bd", kill_on_drop: false }`
[INFO] [stdout] de0a54646823d17019ea67317e2533b9212072a7382c563d9cb463a30e1b58bd
[INFO] running `Command { std: "docker" "create" "-v" "/var/lib/crater-agent-workspace/builds/worker-23/target:/opt/rustwide/target:rw,Z" "-v" "/var/lib/crater-agent-workspace/builds/worker-23/source:/opt/rustwide/workdir:ro,Z" "-v" "/var/lib/crater-agent-workspace/cargo-home:/opt/rustwide/cargo-home:ro,Z" "-v" "/var/lib/crater-agent-workspace/rustup-home:/opt/rustwide/rustup-home:ro,Z" "-e" "SOURCE_DIR=/opt/rustwide/workdir" "-e" "CARGO_TARGET_DIR=/opt/rustwide/target" "-e" "CARGO_INCREMENTAL=0" "-e" "RUST_BACKTRACE=full" "-e" "RUSTFLAGS=--cap-lints=warn" "-e" "CARGO_HOME=/opt/rustwide/cargo-home" "-e" "RUSTUP_HOME=/opt/rustwide/rustup-home" "-w" "/opt/rustwide/workdir" "-m" "1610612736" "--user" "0:0" "--network" "none" "ghcr.io/rust-lang/crates-build-env/linux@sha256:34b6a614d2c27851fe6cbf88fbd1137609cefab8b10d0615aaeb6fd47975d74e" "/opt/rustwide/cargo-home/bin/cargo" "+1.54.0" "test" "--frozen", kill_on_drop: false }`
[INFO] [stdout] 8bca9e70dd91d001b37cd56ee9f9a4d239a682d613a2543b703ce39f45023f37
[INFO] running `Command { std: "docker" "start" "-a" "8bca9e70dd91d001b37cd56ee9f9a4d239a682d613a2543b703ce39f45023f37", kill_on_drop: false }`
[INFO] [stderr]     Finished test [unoptimized + debuginfo] target(s) in 0.13s
[INFO] [stderr]      Running unittests (/opt/rustwide/target/debug/deps/conserve-fed17ebe7b53d4ff)
[INFO] [stdout] 
[INFO] [stdout] running 65 tests
[INFO] [stdout] test bandid::tests::equality ... ok
[INFO] [stdout] test archive::tests::empty_archive ... ok
[INFO] [stdout] test bandid::tests::from_string_valid ... ok
[INFO] [stdout] test bandid::tests::next ... ok
[INFO] [stdout] test bandid::tests::to_string ... ok
[INFO] [stdout] test bandid::tests::from_string_detects_invalid ... ok
[INFO] [stdout] test bandid::tests::previous_of_one_is_zero ... ok
[INFO] [stdout] test bandid::tests::format ... ok
[INFO] [stdout] test archive::tests::fails_on_non_empty_directory ... ok
[INFO] [stdout] test archive::tests::create_then_open_archive ... ok
[INFO] [stdout] test band::tests::unsupported_band_version ... ok
[INFO] [stdout] test compress::snappy::test::compressor_decompressor ... ok
[INFO] [stdout] test bandid::tests::zero ... ok
[INFO] [stdout] test excludes::tests::nothing_parse ... ok
[INFO] [stdout] test bandid::tests::zero_has_no_previous ... ok
[INFO] [stdout] test band::tests::create_and_reopen_band ... ok
[INFO] [stdout] test band::tests::delete_band ... ok
[INFO] [stdout] test excludes::tests::simple_parse ... ok
[INFO] [stdout] test archive::tests::create_bands ... ok
[INFO] [stdout] test gc_lock::test::break_lock ... ok
[INFO] [stdout] test gc_lock::test::incomplete_backup_denied ... ok
[INFO] [stdout] test index::tests::path_for_hunk ... ok
[INFO] [stdout] test gc_lock::test::empty_archive_ok ... ok
[INFO] [stdout] test jsonio::tests::read_json_from_transport ... ok
[INFO] [stdout] test index::tests::serialize_index ... ok
[INFO] [stdout] test gc_lock::test::completed_backup_ok ... ok
[INFO] [stdout] test gc_lock::test::concurrent_complete_backup_denied ... ok
[INFO] [stdout] test gc_lock::test::concurrent_gc_prevented ... ok
[INFO] [stdout] test index::tests::index_builder_sorts_entries ... ok
[INFO] [stdout] test live_tree::tests::open_tree ... ok
[INFO] [stdout] test excludes::tests::extendend_pattern_parse ... ok
[INFO] [stdout] test excludes::tests::path_parse ... ok
[INFO] [stdout] test jsonio::tests::write_json_to_transport ... ok
[INFO] [stdout] test stored_tree::test::iter_entries ... ok
[INFO] [stdout] test live_tree::tests::iter_subtree_entries ... ok
[INFO] [stdout] test live_tree::tests::symlinks ... ok
[INFO] [stdout] test gc_lock::test::sequential_gc_allowed ... ok
[INFO] [stdout] test index::tests::basic ... ok
[INFO] [stdout] test index::tests::advance ... ok
[INFO] [stdout] test index::tests::iter_hunks_advance_to_after ... ok
[INFO] [stdout] test transport::local::test::list_directory ... ok
[INFO] [stdout] test merge::tests::merge_entry_trees ... ok
[INFO] [stdout] test index::tests::multiple_hunks ... ok
[INFO] [stdout] test transport::local::test::read_metadata ... ok
[INFO] [stdout] test transport::local::test::remove_dir_all ... ok
[INFO] [stdout] test stored_tree::test::cant_open_no_versions ... ok
[INFO] [stdout] test ui::tests::test_compression_ratio ... ok
[INFO] [stdout] test transport::local::test::sub_transport ... ok
[INFO] [stdout] test transport::local::test::write_file ... ok
[INFO] [stdout] test transport::local::test::create_existing_dir ... ok
[INFO] [stdout] test stitch::test::stitch_index ... ok
[INFO] [stdout] test transport::local::test::read_file ... ok
[INFO] [stdout] test transport::local::test::read_with_non_empty_buffer ... ok
[INFO] [stdout] test live_tree::tests::exclude_entries_directory ... ok
[INFO] [stdout] test live_tree::tests::simple_directory ... ok
[INFO] [stdout] test index::tests::no_final_empty_hunk ... ok
[INFO] [stdout] test stored_tree::test::open_stored_tree ... ok
[INFO] [stdout] test bandid::tests::empty_id_not_allowed - should panic ... ok
[INFO] [stdout] test index::tests::no_duplicate_paths_across_hunks - should panic ... ok
[INFO] [stdout] test index::tests::index_builder_checks_names - should panic ... ok
[INFO] [stdout] test index::tests::no_duplicate_paths - should panic ... ok
[INFO] [stdout] test backup::tests::retrieve_partial_data ... ok
[INFO] [stdout] test backup::tests::invalid_addresses ... ok
[INFO] [stdout] test backup::tests::write_same_data_again ... ok
[INFO] [stdout] test backup::tests::store_a_file ... ok
[INFO] [stdout] 
[INFO] [stdout] test result: ok. 65 passed; 0 failed; 0 ignored; 0 measured; 0 filtered out; finished in 0.64s
[INFO] [stdout] 
[INFO] [stderr]      Running tests/api/main.rs (/opt/rustwide/target/debug/deps/api-8ecc64d358b27561)
[INFO] [stdout] 
[INFO] [stdout] running 39 tests
[INFO] [stdout] test apath::valid_and_ordered ... ok
[INFO] [stdout] test apath::is_prefix_of ... ok
[INFO] [stdout] test apath::invalid ... ok
[INFO] [stdout] test apath::parse ... ok
[INFO] [stdout] test blockhash::to_from_string ... ok
[INFO] [stdout] test old_archives::all_archive_versions_are_tested ... ok
[INFO] [stdout] test old_archives::examine_archive ... ok
[INFO] [stdout] test damaged::missing_block_skip_block_hashes ... ok
[INFO] [stdout] test backup::detect_unchanged_from_stitched_index ... ok
[INFO] [stdout] test backup::small_files_combined_two_backups ... ok
[INFO] [stdout] test backup::empty_file_uses_zero_blocks ... ok
[INFO] [stdout] test transport::parse_location ... ok
[INFO] [stdout] test transport::open_local ... ok
[INFO] [stdout] test backup::symlink ... ok
[INFO] [stdout] test transport::list_dir_names ... ok
[INFO] [stdout] test old_archives::restore_old_archive ... ok
[INFO] [stdout] test backup::simple_backup ... ok
[INFO] [stdout] test restore::restore_symlink ... ok
[INFO] [stdout] test backup::backup_more_excludes ... ok
[INFO] [stdout] test restore::exclude_files ... ok
[INFO] [stdout] test backup::detect_minimal_mtime_change ... ok
[INFO] [stdout] test backup::detect_unmodified ... ok
[INFO] [stdout] test backup::mtime_before_epoch ... ok
[INFO] [stdout] test restore::decline_to_overwrite ... ok
[INFO] [stdout] test restore::forced_overwrite ... ok
[INFO] [stdout] test restore::restore_specified_band ... ok
[INFO] [stdout] test restore::simple_restore ... ok
[INFO] [stdout] test diff::diff_unchanged ... ok
[INFO] [stdout] test old_archives::restore_modify_backup ... ok
[INFO] [stdout] test damaged::missing_block ... ok
[INFO] [stdout] test gc::unreferenced_blocks ... ok
[INFO] [stdout] test backup::simple_backup_with_excludes ... ok
[INFO] [stdout] test backup::source_unreadable ... FAILED
[INFO] [stdout] test gc::backup_prevented_by_gc_lock ... ok
[INFO] [stdout] test old_archives::validate_archive ... ok
[INFO] [stdout] test delete::delete_all_bands ... ok
[INFO] [stdout] test backup::many_small_files_combined_to_one_block ... ok
[INFO] [stdout] test backup::large_file ... ok
[INFO] [stdout] test backup::mixed_medium_small_files_two_hunks ... ok
[INFO] [stdout] 
[INFO] [stdout] failures:
[INFO] [stdout] 
[INFO] [stdout] ---- backup::source_unreadable stdout ----
[INFO] [stdout] thread 'backup::source_unreadable' panicked at 'assertion failed: `(left == right)`
[INFO] [stdout]   left: `0`,
[INFO] [stdout]  right: `1`', tests/api/backup.rs:220:5
[INFO] [stdout] stack backtrace:
[INFO] [stdout]    0:     0x5642d3fbf7a0 - std::backtrace_rs::backtrace::libunwind::trace::h34055254b57d8e79
[INFO] [stdout]                                at /rustc/a178d0322ce20e33eac124758e837cbd80a6f633/library/std/src/../../backtrace/src/backtrace/libunwind.rs:90:5
[INFO] [stdout]    1:     0x5642d3fbf7a0 - std::backtrace_rs::backtrace::trace_unsynchronized::h8f1e3fbd9afff6ec
[INFO] [stdout]                                at /rustc/a178d0322ce20e33eac124758e837cbd80a6f633/library/std/src/../../backtrace/src/backtrace/mod.rs:66:5
[INFO] [stdout]    2:     0x5642d3fbf7a0 - std::sys_common::backtrace::_print_fmt::h3a99a796b770c360
[INFO] [stdout]                                at /rustc/a178d0322ce20e33eac124758e837cbd80a6f633/library/std/src/sys_common/backtrace.rs:67:5
[INFO] [stdout]    3:     0x5642d3fbf7a0 - <std::sys_common::backtrace::_print::DisplayBacktrace as core::fmt::Display>::fmt::h32d1f94a80615d18
[INFO] [stdout]                                at /rustc/a178d0322ce20e33eac124758e837cbd80a6f633/library/std/src/sys_common/backtrace.rs:46:22
[INFO] [stdout]    4:     0x5642d3fe47ac - core::fmt::write::h306731c068f7162c
[INFO] [stdout]                                at /rustc/a178d0322ce20e33eac124758e837cbd80a6f633/library/core/src/fmt/mod.rs:1110:17
[INFO] [stdout]    5:     0x5642d3fbbcd5 - std::io::Write::write_fmt::h87f19b0a2cd190bc
[INFO] [stdout]                                at /rustc/a178d0322ce20e33eac124758e837cbd80a6f633/library/std/src/io/mod.rs:1588:15
[INFO] [stdout]    6:     0x5642d3fc1f3b - std::sys_common::backtrace::_print::h5abaa2601a852287
[INFO] [stdout]                                at /rustc/a178d0322ce20e33eac124758e837cbd80a6f633/library/std/src/sys_common/backtrace.rs:49:5
[INFO] [stdout]    7:     0x5642d3fc1f3b - std::sys_common::backtrace::print::h8d81445442bb638f
[INFO] [stdout]                                at /rustc/a178d0322ce20e33eac124758e837cbd80a6f633/library/std/src/sys_common/backtrace.rs:36:9
[INFO] [stdout]    8:     0x5642d3fc1f3b - std::panicking::default_hook::{{closure}}::hcfe804496a9fa747
[INFO] [stdout]                                at /rustc/a178d0322ce20e33eac124758e837cbd80a6f633/library/std/src/panicking.rs:208:50
[INFO] [stdout]    9:     0x5642d3fc1a4c - std::panicking::default_hook::hbea8e3ccf2ba8901
[INFO] [stdout]                                at /rustc/a178d0322ce20e33eac124758e837cbd80a6f633/library/std/src/panicking.rs:222:9
[INFO] [stdout]   10:     0x5642d3fc2604 - std::panicking::rust_panic_with_hook::h7ee9e1a2d0f8975a
[INFO] [stdout]                                at /rustc/a178d0322ce20e33eac124758e837cbd80a6f633/library/std/src/panicking.rs:622:17
[INFO] [stdout]   11:     0x5642d3fc20e7 - std::panicking::begin_panic_handler::{{closure}}::h8ab3b4491718b2c7
[INFO] [stdout]                                at /rustc/a178d0322ce20e33eac124758e837cbd80a6f633/library/std/src/panicking.rs:519:13
[INFO] [stdout]   12:     0x5642d3fbfc9c - std::sys_common::backtrace::__rust_end_short_backtrace::hd489062ffa586a9f
[INFO] [stdout]                                at /rustc/a178d0322ce20e33eac124758e837cbd80a6f633/library/std/src/sys_common/backtrace.rs:141:18
[INFO] [stdout]   13:     0x5642d3fc2049 - rust_begin_unwind
[INFO] [stdout]                                at /rustc/a178d0322ce20e33eac124758e837cbd80a6f633/library/std/src/panicking.rs:515:5
[INFO] [stdout]   14:     0x5642d3a44c31 - core::panicking::panic_fmt::hca6330e3e14086b4
[INFO] [stdout]                                at /rustc/a178d0322ce20e33eac124758e837cbd80a6f633/library/core/src/panicking.rs:92:14
[INFO] [stdout]   15:     0x5642d3fe30c8 - core::panicking::assert_failed_inner::h33b45280069a80ed
[INFO] [stdout]   16:     0x5642d3ae014a - core::panicking::assert_failed::h85b2c2792ccac077
[INFO] [stdout]                                at /rustc/a178d0322ce20e33eac124758e837cbd80a6f633/library/core/src/panicking.rs:117:5
[INFO] [stdout]   17:     0x5642d3a49613 - api::backup::source_unreadable::ha0b4492ac7a31808
[INFO] [stdout]                                at /opt/rustwide/workdir/tests/api/backup.rs:220:5
[INFO] [stdout]   18:     0x5642d3a492ba - api::backup::source_unreadable::{{closure}}::hbcc0a486e2a82810
[INFO] [stdout]                                at /opt/rustwide/workdir/tests/api/backup.rs:209:1
[INFO] [stdout]   19:     0x5642d3a579ee - core::ops::function::FnOnce::call_once::h709c7789286c546e
[INFO] [stdout]                                at /rustc/a178d0322ce20e33eac124758e837cbd80a6f633/library/core/src/ops/function.rs:227:5
[INFO] [stdout]   20:     0x5642d3aad833 - core::ops::function::FnOnce::call_once::h152e7e439ff59e19
[INFO] [stdout]                                at /rustc/a178d0322ce20e33eac124758e837cbd80a6f633/library/core/src/ops/function.rs:227:5
[INFO] [stdout]   21:     0x5642d3aad833 - test::__rust_begin_short_backtrace::h0908f3b1fdbb72ab
[INFO] [stdout]                                at /rustc/a178d0322ce20e33eac124758e837cbd80a6f633/library/test/src/lib.rs:577:5
[INFO] [stdout]   22:     0x5642d3aac2f0 - <alloc::boxed::Box<F,A> as core::ops::function::FnOnce<Args>>::call_once::hf6d2a51e5587546c
[INFO] [stdout]                                at /rustc/a178d0322ce20e33eac124758e837cbd80a6f633/library/alloc/src/boxed.rs:1575:9
[INFO] [stdout]   23:     0x5642d3aac2f0 - <std::panic::AssertUnwindSafe<F> as core::ops::function::FnOnce<()>>::call_once::h8af660f3a89ef593
[INFO] [stdout]                                at /rustc/a178d0322ce20e33eac124758e837cbd80a6f633/library/std/src/panic.rs:347:9
[INFO] [stdout]   24:     0x5642d3aac2f0 - std::panicking::try::do_call::hd36aef60f84b6d36
[INFO] [stdout]                                at /rustc/a178d0322ce20e33eac124758e837cbd80a6f633/library/std/src/panicking.rs:401:40
[INFO] [stdout]   25:     0x5642d3aac2f0 - std::panicking::try::h9932b4480e69817c
[INFO] [stdout]                                at /rustc/a178d0322ce20e33eac124758e837cbd80a6f633/library/std/src/panicking.rs:365:19
[INFO] [stdout]   26:     0x5642d3aac2f0 - std::panic::catch_unwind::h6aa177099cfff5f8
[INFO] [stdout]                                at /rustc/a178d0322ce20e33eac124758e837cbd80a6f633/library/std/src/panic.rs:434:14
[INFO] [stdout]   27:     0x5642d3aac2f0 - test::run_test_in_process::h5884d6f2d99e20c3
[INFO] [stdout]                                at /rustc/a178d0322ce20e33eac124758e837cbd80a6f633/library/test/src/lib.rs:600:18
[INFO] [stdout]   28:     0x5642d3aac2f0 - test::run_test::run_test_inner::{{closure}}::h6fdc58c6d5f5b6e3
[INFO] [stdout]                                at /rustc/a178d0322ce20e33eac124758e837cbd80a6f633/library/test/src/lib.rs:492:39
[INFO] [stdout]   29:     0x5642d3a859a2 - test::run_test::run_test_inner::{{closure}}::h408365d67a78ade8
[INFO] [stdout]                                at /rustc/a178d0322ce20e33eac124758e837cbd80a6f633/library/test/src/lib.rs:519:37
[INFO] [stdout]   30:     0x5642d3a859a2 - std::sys_common::backtrace::__rust_begin_short_backtrace::hb560b77c4f701523
[INFO] [stdout]                                at /rustc/a178d0322ce20e33eac124758e837cbd80a6f633/library/std/src/sys_common/backtrace.rs:125:18
[INFO] [stdout]   31:     0x5642d3a89558 - std::thread::Builder::spawn_unchecked::{{closure}}::{{closure}}::hf2e7831dad93c597
[INFO] [stdout]                                at /rustc/a178d0322ce20e33eac124758e837cbd80a6f633/library/std/src/thread/mod.rs:481:17
[INFO] [stdout]   32:     0x5642d3a89558 - <std::panic::AssertUnwindSafe<F> as core::ops::function::FnOnce<()>>::call_once::hd2e08783d8be4d02
[INFO] [stdout]                                at /rustc/a178d0322ce20e33eac124758e837cbd80a6f633/library/std/src/panic.rs:347:9
[INFO] [stdout]   33:     0x5642d3a89558 - std::panicking::try::do_call::h062597b7acfd6b82
[INFO] [stdout]                                at /rustc/a178d0322ce20e33eac124758e837cbd80a6f633/library/std/src/panicking.rs:401:40
[INFO] [stdout]   34:     0x5642d3a89558 - std::panicking::try::h0d7b79db04c14552
[INFO] [stdout]                                at /rustc/a178d0322ce20e33eac124758e837cbd80a6f633/library/std/src/panicking.rs:365:19
[INFO] [stdout]   35:     0x5642d3a89558 - std::panic::catch_unwind::hb01a0b5e7c8cd43b
[INFO] [stdout]                                at /rustc/a178d0322ce20e33eac124758e837cbd80a6f633/library/std/src/panic.rs:434:14
[INFO] [stdout]   36:     0x5642d3a89558 - std::thread::Builder::spawn_unchecked::{{closure}}::h5bde48cc887e0d1e
[INFO] [stdout]                                at /rustc/a178d0322ce20e33eac124758e837cbd80a6f633/library/std/src/thread/mod.rs:480:30
[INFO] [stdout]   37:     0x5642d3a89558 - core::ops::function::FnOnce::call_once{{vtable.shim}}::h745ea30807a29e55
[INFO] [stdout]                                at /rustc/a178d0322ce20e33eac124758e837cbd80a6f633/library/core/src/ops/function.rs:227:5
[INFO] [stdout]   38:     0x5642d3fc8e67 - <alloc::boxed::Box<F,A> as core::ops::function::FnOnce<Args>>::call_once::h7ece6cfefaff1005
[INFO] [stdout]                                at /rustc/a178d0322ce20e33eac124758e837cbd80a6f633/library/alloc/src/boxed.rs:1575:9
[INFO] [stdout]   39:     0x5642d3fc8e67 - <alloc::boxed::Box<F,A> as core::ops::function::FnOnce<Args>>::call_once::hb8b48e55c21f193e
[INFO] [stdout]                                at /rustc/a178d0322ce20e33eac124758e837cbd80a6f633/library/alloc/src/boxed.rs:1575:9
[INFO] [stdout]   40:     0x5642d3fc8e67 - std::sys::unix::thread::Thread::new::thread_start::h8c7c4450dba62914
[INFO] [stdout]                                at /rustc/a178d0322ce20e33eac124758e837cbd80a6f633/library/std/src/sys/unix/thread.rs:71:17
[INFO] [stdout]   41:     0x7f08ba88b609 - start_thread
[INFO] [stdout]   42:     0x7f08ba65d293 - clone
[INFO] [stdout]   43:                0x0 - <unknown>
[INFO] [stdout] 
[INFO] [stdout] 
[INFO] [stdout] failures:
[INFO] [stdout]     backup::source_unreadable
[INFO] [stdout] 
[INFO] [stdout] test result: FAILED. 38 passed; 1 failed; 0 ignored; 0 measured; 0 filtered out; finished in 3.65s
[INFO] [stdout] 
[INFO] [stderr] error: test failed, to rerun pass '--test api'
[INFO] running `Command { std: "docker" "inspect" "8bca9e70dd91d001b37cd56ee9f9a4d239a682d613a2543b703ce39f45023f37", kill_on_drop: false }`
[INFO] running `Command { std: "docker" "rm" "-f" "8bca9e70dd91d001b37cd56ee9f9a4d239a682d613a2543b703ce39f45023f37", kill_on_drop: false }`
[INFO] [stdout] 8bca9e70dd91d001b37cd56ee9f9a4d239a682d613a2543b703ce39f45023f37
