[INFO] fetching crate consecuit_macros 0.1.0...
[INFO] testing consecuit_macros-0.1.0 against 1.54.0 for beta-1.55-1
[INFO] extracting crate consecuit_macros 0.1.0 into /workspace/builds/worker-40/source
[INFO] validating manifest of crates.io crate consecuit_macros 0.1.0 on toolchain 1.54.0
[INFO] running `Command { std: "/workspace/cargo-home/bin/cargo" "+1.54.0" "metadata" "--manifest-path" "Cargo.toml" "--no-deps", kill_on_drop: false }`
[INFO] started tweaking crates.io crate consecuit_macros 0.1.0
[INFO] finished tweaking crates.io crate consecuit_macros 0.1.0
[INFO] tweaked toml for crates.io crate consecuit_macros 0.1.0 written to /workspace/builds/worker-40/source/Cargo.toml
[INFO] running `Command { std: "/workspace/cargo-home/bin/cargo" "+1.54.0" "generate-lockfile" "--manifest-path" "Cargo.toml" "-Zno-index-update", kill_on_drop: false }`
[INFO] running `Command { std: "/workspace/cargo-home/bin/cargo" "+1.54.0" "fetch" "--manifest-path" "Cargo.toml", kill_on_drop: false }`
[INFO] [stderr]     Blocking waiting for file lock on package cache
[INFO] [stderr]     Blocking waiting for file lock on package cache
[INFO] running `Command { std: "docker" "create" "-v" "/var/lib/crater-agent-workspace/builds/worker-40/target:/opt/rustwide/target:rw,Z" "-v" "/var/lib/crater-agent-workspace/builds/worker-40/source:/opt/rustwide/workdir:ro,Z" "-v" "/var/lib/crater-agent-workspace/cargo-home:/opt/rustwide/cargo-home:ro,Z" "-v" "/var/lib/crater-agent-workspace/rustup-home:/opt/rustwide/rustup-home:ro,Z" "-e" "SOURCE_DIR=/opt/rustwide/workdir" "-e" "CARGO_TARGET_DIR=/opt/rustwide/target" "-e" "CARGO_HOME=/opt/rustwide/cargo-home" "-e" "RUSTUP_HOME=/opt/rustwide/rustup-home" "-w" "/opt/rustwide/workdir" "-m" "1610612736" "--user" "0:0" "--network" "none" "ghcr.io/rust-lang/crates-build-env/linux@sha256:34b6a614d2c27851fe6cbf88fbd1137609cefab8b10d0615aaeb6fd47975d74e" "/opt/rustwide/cargo-home/bin/cargo" "+1.54.0" "metadata" "--no-deps" "--format-version=1", kill_on_drop: false }`
[INFO] [stdout] 3a51d411aa5cd95cd4b450813aa72e0e3904608b82865ff0d4ebb3d146d38235
[INFO] running `Command { std: "docker" "start" "-a" "3a51d411aa5cd95cd4b450813aa72e0e3904608b82865ff0d4ebb3d146d38235", kill_on_drop: false }`
[INFO] running `Command { std: "docker" "inspect" "3a51d411aa5cd95cd4b450813aa72e0e3904608b82865ff0d4ebb3d146d38235", kill_on_drop: false }`
[INFO] running `Command { std: "docker" "rm" "-f" "3a51d411aa5cd95cd4b450813aa72e0e3904608b82865ff0d4ebb3d146d38235", kill_on_drop: false }`
[INFO] [stdout] 3a51d411aa5cd95cd4b450813aa72e0e3904608b82865ff0d4ebb3d146d38235
[INFO] running `Command { std: "docker" "create" "-v" "/var/lib/crater-agent-workspace/builds/worker-40/target:/opt/rustwide/target:rw,Z" "-v" "/var/lib/crater-agent-workspace/builds/worker-40/source:/opt/rustwide/workdir:ro,Z" "-v" "/var/lib/crater-agent-workspace/cargo-home:/opt/rustwide/cargo-home:ro,Z" "-v" "/var/lib/crater-agent-workspace/rustup-home:/opt/rustwide/rustup-home:ro,Z" "-e" "SOURCE_DIR=/opt/rustwide/workdir" "-e" "CARGO_TARGET_DIR=/opt/rustwide/target" "-e" "CARGO_INCREMENTAL=0" "-e" "RUST_BACKTRACE=full" "-e" "RUSTFLAGS=--cap-lints=warn" "-e" "CARGO_HOME=/opt/rustwide/cargo-home" "-e" "RUSTUP_HOME=/opt/rustwide/rustup-home" "-w" "/opt/rustwide/workdir" "-m" "1610612736" "--user" "0:0" "--network" "none" "ghcr.io/rust-lang/crates-build-env/linux@sha256:34b6a614d2c27851fe6cbf88fbd1137609cefab8b10d0615aaeb6fd47975d74e" "/opt/rustwide/cargo-home/bin/cargo" "+1.54.0" "build" "--frozen" "--message-format=json", kill_on_drop: false }`
[INFO] [stdout] 6ec7a408906969c308fe44cbd3e91b3b822b6a449d42b3f1e2ebb8d551a78531
[INFO] running `Command { std: "docker" "start" "-a" "6ec7a408906969c308fe44cbd3e91b3b822b6a449d42b3f1e2ebb8d551a78531", kill_on_drop: false }`
[INFO] [stderr]    Compiling syn v1.0.74
[INFO] [stderr]    Compiling syn-rsx v0.8.0
[INFO] [stderr]    Compiling consecuit_macros v0.1.0 (/opt/rustwide/workdir)
[INFO] [stderr]     Finished dev [unoptimized + debuginfo] target(s) in 12.17s
[INFO] running `Command { std: "docker" "inspect" "6ec7a408906969c308fe44cbd3e91b3b822b6a449d42b3f1e2ebb8d551a78531", kill_on_drop: false }`
[INFO] running `Command { std: "docker" "rm" "-f" "6ec7a408906969c308fe44cbd3e91b3b822b6a449d42b3f1e2ebb8d551a78531", kill_on_drop: false }`
[INFO] [stdout] 6ec7a408906969c308fe44cbd3e91b3b822b6a449d42b3f1e2ebb8d551a78531
[INFO] running `Command { std: "docker" "create" "-v" "/var/lib/crater-agent-workspace/builds/worker-40/target:/opt/rustwide/target:rw,Z" "-v" "/var/lib/crater-agent-workspace/builds/worker-40/source:/opt/rustwide/workdir:ro,Z" "-v" "/var/lib/crater-agent-workspace/cargo-home:/opt/rustwide/cargo-home:ro,Z" "-v" "/var/lib/crater-agent-workspace/rustup-home:/opt/rustwide/rustup-home:ro,Z" "-e" "SOURCE_DIR=/opt/rustwide/workdir" "-e" "CARGO_TARGET_DIR=/opt/rustwide/target" "-e" "CARGO_INCREMENTAL=0" "-e" "RUST_BACKTRACE=full" "-e" "RUSTFLAGS=--cap-lints=warn" "-e" "CARGO_HOME=/opt/rustwide/cargo-home" "-e" "RUSTUP_HOME=/opt/rustwide/rustup-home" "-w" "/opt/rustwide/workdir" "-m" "1610612736" "--user" "0:0" "--network" "none" "ghcr.io/rust-lang/crates-build-env/linux@sha256:34b6a614d2c27851fe6cbf88fbd1137609cefab8b10d0615aaeb6fd47975d74e" "/opt/rustwide/cargo-home/bin/cargo" "+1.54.0" "test" "--frozen" "--no-run" "--message-format=json", kill_on_drop: false }`
[INFO] [stdout] ec20638e79e3cd4913cbb579cbd7b4d070e2022b5173534e3154b5b21ff15bbb
[INFO] running `Command { std: "docker" "start" "-a" "ec20638e79e3cd4913cbb579cbd7b4d070e2022b5173534e3154b5b21ff15bbb", kill_on_drop: false }`
[INFO] [stderr]    Compiling consecuit_macros v0.1.0 (/opt/rustwide/workdir)
[INFO] [stderr]     Finished test [unoptimized + debuginfo] target(s) in 0.79s
[INFO] running `Command { std: "docker" "inspect" "ec20638e79e3cd4913cbb579cbd7b4d070e2022b5173534e3154b5b21ff15bbb", kill_on_drop: false }`
[INFO] running `Command { std: "docker" "rm" "-f" "ec20638e79e3cd4913cbb579cbd7b4d070e2022b5173534e3154b5b21ff15bbb", kill_on_drop: false }`
[INFO] [stdout] ec20638e79e3cd4913cbb579cbd7b4d070e2022b5173534e3154b5b21ff15bbb
[INFO] running `Command { std: "docker" "create" "-v" "/var/lib/crater-agent-workspace/builds/worker-40/target:/opt/rustwide/target:rw,Z" "-v" "/var/lib/crater-agent-workspace/builds/worker-40/source:/opt/rustwide/workdir:ro,Z" "-v" "/var/lib/crater-agent-workspace/cargo-home:/opt/rustwide/cargo-home:ro,Z" "-v" "/var/lib/crater-agent-workspace/rustup-home:/opt/rustwide/rustup-home:ro,Z" "-e" "SOURCE_DIR=/opt/rustwide/workdir" "-e" "CARGO_TARGET_DIR=/opt/rustwide/target" "-e" "CARGO_INCREMENTAL=0" "-e" "RUST_BACKTRACE=full" "-e" "RUSTFLAGS=--cap-lints=warn" "-e" "CARGO_HOME=/opt/rustwide/cargo-home" "-e" "RUSTUP_HOME=/opt/rustwide/rustup-home" "-w" "/opt/rustwide/workdir" "-m" "1610612736" "--user" "0:0" "--network" "none" "ghcr.io/rust-lang/crates-build-env/linux@sha256:34b6a614d2c27851fe6cbf88fbd1137609cefab8b10d0615aaeb6fd47975d74e" "/opt/rustwide/cargo-home/bin/cargo" "+1.54.0" "test" "--frozen", kill_on_drop: false }`
[INFO] [stdout] edaa065113ebf1f965f0246434373b564fabcab6ec6ee7488539ff4704a10717
[INFO] running `Command { std: "docker" "start" "-a" "edaa065113ebf1f965f0246434373b564fabcab6ec6ee7488539ff4704a10717", kill_on_drop: false }`
[INFO] [stderr]     Finished test [unoptimized + debuginfo] target(s) in 0.09s
[INFO] [stderr]      Running unittests (/opt/rustwide/target/debug/deps/consecuit_macros-46a9bd3ffc463ac3)
[INFO] [stdout] 
[INFO] [stdout] running 0 tests
[INFO] [stdout] 
[INFO] [stdout] test result: ok. 0 passed; 0 failed; 0 ignored; 0 measured; 0 filtered out; finished in 0.00s
[INFO] [stdout] 
[INFO] [stderr]    Doc-tests consecuit_macros
[INFO] [stdout] 
[INFO] [stdout] running 3 tests
[INFO] [stdout] test src/lib.rs - cc_tree (line 20) ... FAILED
[INFO] [stdout] test src/lib.rs - cc_tree (line 56) ... FAILED
[INFO] [stdout] test src/lib.rs - cc_tree (line 33) ... FAILED
[INFO] [stdout] 
[INFO] [stdout] failures:
[INFO] [stdout] 
[INFO] [stdout] ---- src/lib.rs - cc_tree (line 20) stdout ----
[INFO] [stdout] error: cannot find macro `cc_tree` in this scope
[INFO] [stdout]  --> src/lib.rs:21:1
[INFO] [stdout]   |
[INFO] [stdout] 3 | cc_tree!(
[INFO] [stdout]   | ^^^^^^^
[INFO] [stdout]   |
[INFO] [stdout]   = note: consider importing this macro:
[INFO] [stdout]           consecuit_macros::cc_tree
[INFO] [stdout] 
[INFO] [stdout] error: aborting due to previous error
[INFO] [stdout] 
[INFO] [stdout] Couldn't compile the test.
[INFO] [stdout] ---- src/lib.rs - cc_tree (line 56) stdout ----
[INFO] [stdout] error: cannot find macro `cc_tree` in this scope
[INFO] [stdout]  --> src/lib.rs:58:5
[INFO] [stdout]   |
[INFO] [stdout] 4 |     cc_tree!(consecuit_object,
[INFO] [stdout]   |     ^^^^^^^
[INFO] [stdout]   |
[INFO] [stdout]   = note: consider importing this macro:
[INFO] [stdout]           consecuit_macros::cc_tree
[INFO] [stdout] 
[INFO] [stdout] error[E0412]: cannot find type `ComponentBuilder` in this scope
[INFO] [stdout]  --> src/lib.rs:57:30
[INFO] [stdout]   |
[INFO] [stdout] 3 | fn my_comp(consecuit_object: ComponentBuilder, _props: ()) -> impl ComponentReturn {
[INFO] [stdout]   |                              ^^^^^^^^^^^^^^^^ not found in this scope
[INFO] [stdout] 
[INFO] [stdout] error[E0405]: cannot find trait `ComponentReturn` in this scope
[INFO] [stdout]  --> src/lib.rs:57:68
[INFO] [stdout]   |
[INFO] [stdout] 3 | fn my_comp(consecuit_object: ComponentBuilder, _props: ()) -> impl ComponentReturn {
[INFO] [stdout]   |                                                                    ^^^^^^^^^^^^^^^ not found in this scope
[INFO] [stdout] 
[INFO] [stdout] error: aborting due to 3 previous errors
[INFO] [stdout] 
[INFO] [stdout] Some errors have detailed explanations: E0405, E0412.
[INFO] [stdout] For more information about an error, try `rustc --explain E0405`.
[INFO] [stdout] Couldn't compile the test.
[INFO] [stdout] ---- src/lib.rs - cc_tree (line 33) stdout ----
[INFO] [stdout] error[E0425]: cannot find value `cc` in this scope
[INFO] [stdout]  --> src/lib.rs:34:1
[INFO] [stdout]   |
[INFO] [stdout] 3 | cc.comp(div, Default::default())
[INFO] [stdout]   | ^^ not found in this scope
[INFO] [stdout] 
[INFO] [stdout] error[E0425]: cannot find value `div` in this scope
[INFO] [stdout]  --> src/lib.rs:34:9
[INFO] [stdout]   |
[INFO] [stdout] 3 | cc.comp(div, Default::default())
[INFO] [stdout]   |         ^^^ not found in this scope
[INFO] [stdout] 
[INFO] [stdout] error[E0425]: cannot find value `text_node` in this scope
[INFO] [stdout]  --> src/lib.rs:36:13
[INFO] [stdout]   |
[INFO] [stdout] 5 |     cc.comp(text_node, "This is a text node")
[INFO] [stdout]   |             ^^^^^^^^^ not found in this scope
[INFO] [stdout] 
[INFO] [stdout] error[E0425]: cannot find value `text_node` in this scope
[INFO] [stdout]  --> src/lib.rs:37:11
[INFO] [stdout]   |
[INFO] [stdout] 6 |     .comp(text_node, { format!("hi: {}", name) })
[INFO] [stdout]   |           ^^^^^^^^^ not found in this scope
[INFO] [stdout] 
[INFO] [stdout] error[E0425]: cannot find value `name` in this scope
[INFO] [stdout]  --> src/lib.rs:37:42
[INFO] [stdout]   |
[INFO] [stdout] 6 |     .comp(text_node, { format!("hi: {}", name) })
[INFO] [stdout]   |                                          ^^^^ not found in this scope
[INFO] [stdout] 
[INFO] [stdout] error[E0425]: cannot find value `span` in this scope
[INFO] [stdout]  --> src/lib.rs:38:11
[INFO] [stdout]   |
[INFO] [stdout] 7 |     .comp(span, html_props().class_name("text-span"))
[INFO] [stdout]   |           ^^^^ not found in this scope
[INFO] [stdout] 
[INFO] [stdout] error[E0425]: cannot find function `html_props` in this scope
[INFO] [stdout]  --> src/lib.rs:38:17
[INFO] [stdout]   |
[INFO] [stdout] 7 |     .comp(span, html_props().class_name("text-span"))
[INFO] [stdout]   |                 ^^^^^^^^^^ not found in this scope
[INFO] [stdout] 
[INFO] [stdout] error[E0425]: cannot find value `text_node` in this scope
[INFO] [stdout]  --> src/lib.rs:40:17
[INFO] [stdout]   |
[INFO] [stdout] 9 |         cc.comp(text_node, "This is a text node in a span")
[INFO] [stdout]   |                 ^^^^^^^^^ not found in this scope
[INFO] [stdout] 
[INFO] [stdout] error[E0425]: cannot find value `my_component` in this scope
[INFO] [stdout]   --> src/lib.rs:42:11
[INFO] [stdout]    |
[INFO] [stdout] 11 |     .comp(my_component, MyComponentProps { value: 5 })
[INFO] [stdout]    |           ^^^^^^^^^^^^ not found in this scope
[INFO] [stdout] 
[INFO] [stdout] error[E0422]: cannot find struct, variant or union type `MyComponentProps` in this scope
[INFO] [stdout]   --> src/lib.rs:42:25
[INFO] [stdout]    |
[INFO] [stdout] 11 |     .comp(my_component, MyComponentProps { value: 5 })
[INFO] [stdout]    |                         ^^^^^^^^^^^^^^^^ not found in this scope
[INFO] [stdout] 
[INFO] [stdout] error: aborting due to 10 previous errors
[INFO] [stdout] 
[INFO] [stdout] Some errors have detailed explanations: E0422, E0425.
[INFO] [stdout] For more information about an error, try `rustc --explain E0422`.
[INFO] [stdout] Couldn't compile the test.
[INFO] [stdout] 
[INFO] [stdout] failures:
[INFO] [stdout]     src/lib.rs - cc_tree (line 20)
[INFO] [stdout]     src/lib.rs - cc_tree (line 33)
[INFO] [stdout]     src/lib.rs - cc_tree (line 56)
[INFO] [stdout] 
[INFO] [stdout] test result: FAILED. 0 passed; 3 failed; 0 ignored; 0 measured; 0 filtered out; finished in 0.10s
[INFO] [stdout] 
[INFO] [stderr] error: test failed, to rerun pass '--doc'
[INFO] running `Command { std: "docker" "inspect" "edaa065113ebf1f965f0246434373b564fabcab6ec6ee7488539ff4704a10717", kill_on_drop: false }`
[INFO] running `Command { std: "docker" "rm" "-f" "edaa065113ebf1f965f0246434373b564fabcab6ec6ee7488539ff4704a10717", kill_on_drop: false }`
[INFO] [stdout] edaa065113ebf1f965f0246434373b564fabcab6ec6ee7488539ff4704a10717
