[INFO] fetching crate consecuit_html 0.2.0...
[INFO] testing consecuit_html-0.2.0 against 1.54.0 for beta-1.55-1
[INFO] extracting crate consecuit_html 0.2.0 into /workspace/builds/worker-21/source
[INFO] validating manifest of crates.io crate consecuit_html 0.2.0 on toolchain 1.54.0
[INFO] running `Command { std: "/workspace/cargo-home/bin/cargo" "+1.54.0" "metadata" "--manifest-path" "Cargo.toml" "--no-deps", kill_on_drop: false }`
[INFO] started tweaking crates.io crate consecuit_html 0.2.0
[INFO] finished tweaking crates.io crate consecuit_html 0.2.0
[INFO] tweaked toml for crates.io crate consecuit_html 0.2.0 written to /workspace/builds/worker-21/source/Cargo.toml
[INFO] running `Command { std: "/workspace/cargo-home/bin/cargo" "+1.54.0" "generate-lockfile" "--manifest-path" "Cargo.toml" "-Zno-index-update", kill_on_drop: false }`
[INFO] running `Command { std: "/workspace/cargo-home/bin/cargo" "+1.54.0" "fetch" "--manifest-path" "Cargo.toml", kill_on_drop: false }`
[INFO] [stderr]     Blocking waiting for file lock on package cache
[INFO] running `Command { std: "docker" "create" "-v" "/var/lib/crater-agent-workspace/builds/worker-21/target:/opt/rustwide/target:rw,Z" "-v" "/var/lib/crater-agent-workspace/builds/worker-21/source:/opt/rustwide/workdir:ro,Z" "-v" "/var/lib/crater-agent-workspace/cargo-home:/opt/rustwide/cargo-home:ro,Z" "-v" "/var/lib/crater-agent-workspace/rustup-home:/opt/rustwide/rustup-home:ro,Z" "-e" "SOURCE_DIR=/opt/rustwide/workdir" "-e" "CARGO_TARGET_DIR=/opt/rustwide/target" "-e" "CARGO_HOME=/opt/rustwide/cargo-home" "-e" "RUSTUP_HOME=/opt/rustwide/rustup-home" "-w" "/opt/rustwide/workdir" "-m" "1610612736" "--user" "0:0" "--network" "none" "ghcr.io/rust-lang/crates-build-env/linux@sha256:34b6a614d2c27851fe6cbf88fbd1137609cefab8b10d0615aaeb6fd47975d74e" "/opt/rustwide/cargo-home/bin/cargo" "+1.54.0" "metadata" "--no-deps" "--format-version=1", kill_on_drop: false }`
[INFO] [stdout] d4abf0a6540e207b6085b1cbecbe006f217db3922b5034319512d3a612dfd043
[INFO] running `Command { std: "docker" "start" "-a" "d4abf0a6540e207b6085b1cbecbe006f217db3922b5034319512d3a612dfd043", kill_on_drop: false }`
[INFO] running `Command { std: "docker" "inspect" "d4abf0a6540e207b6085b1cbecbe006f217db3922b5034319512d3a612dfd043", kill_on_drop: false }`
[INFO] running `Command { std: "docker" "rm" "-f" "d4abf0a6540e207b6085b1cbecbe006f217db3922b5034319512d3a612dfd043", kill_on_drop: false }`
[INFO] [stdout] d4abf0a6540e207b6085b1cbecbe006f217db3922b5034319512d3a612dfd043
[INFO] running `Command { std: "docker" "create" "-v" "/var/lib/crater-agent-workspace/builds/worker-21/target:/opt/rustwide/target:rw,Z" "-v" "/var/lib/crater-agent-workspace/builds/worker-21/source:/opt/rustwide/workdir:ro,Z" "-v" "/var/lib/crater-agent-workspace/cargo-home:/opt/rustwide/cargo-home:ro,Z" "-v" "/var/lib/crater-agent-workspace/rustup-home:/opt/rustwide/rustup-home:ro,Z" "-e" "SOURCE_DIR=/opt/rustwide/workdir" "-e" "CARGO_TARGET_DIR=/opt/rustwide/target" "-e" "CARGO_INCREMENTAL=0" "-e" "RUST_BACKTRACE=full" "-e" "RUSTFLAGS=--cap-lints=warn" "-e" "CARGO_HOME=/opt/rustwide/cargo-home" "-e" "RUSTUP_HOME=/opt/rustwide/rustup-home" "-w" "/opt/rustwide/workdir" "-m" "1610612736" "--user" "0:0" "--network" "none" "ghcr.io/rust-lang/crates-build-env/linux@sha256:34b6a614d2c27851fe6cbf88fbd1137609cefab8b10d0615aaeb6fd47975d74e" "/opt/rustwide/cargo-home/bin/cargo" "+1.54.0" "build" "--frozen" "--message-format=json", kill_on_drop: false }`
[INFO] [stdout] 94bf2ae20558782b2a0accccbaff5d544916e3837d6db19b0a42cbea269e6b91
[INFO] running `Command { std: "docker" "start" "-a" "94bf2ae20558782b2a0accccbaff5d544916e3837d6db19b0a42cbea269e6b91", kill_on_drop: false }`
[INFO] [stderr]    Compiling syn v1.0.74
[INFO] [stderr]    Compiling wasm-bindgen-shared v0.2.75
[INFO] [stderr]    Compiling bumpalo v3.7.0
[INFO] [stderr]    Compiling wasm-bindgen v0.2.75
[INFO] [stderr]    Compiling rand_core v0.5.1
[INFO] [stderr]    Compiling im-rc v15.0.0
[INFO] [stderr]    Compiling bitmaps v2.1.0
[INFO] [stderr]    Compiling rand_xoshiro v0.4.0
[INFO] [stderr]    Compiling sized-chunks v0.6.5
[INFO] [stderr]    Compiling wasm-bindgen-backend v0.2.75
[INFO] [stderr]    Compiling syn-rsx v0.8.0
[INFO] [stderr]    Compiling wasm-bindgen-macro-support v0.2.75
[INFO] [stderr]    Compiling consecuit_macros v0.1.0
[INFO] [stderr]    Compiling sealed v0.3.0
[INFO] [stderr]    Compiling wasm-bindgen-macro v0.2.75
[INFO] [stderr]    Compiling js-sys v0.3.52
[INFO] [stderr]    Compiling web-sys v0.3.52
[INFO] [stderr]    Compiling consecuit v0.2.0
[INFO] [stderr]    Compiling consecuit_html v0.2.0 (/opt/rustwide/workdir)
[INFO] [stderr]     Finished dev [unoptimized + debuginfo] target(s) in 53.43s
[INFO] running `Command { std: "docker" "inspect" "94bf2ae20558782b2a0accccbaff5d544916e3837d6db19b0a42cbea269e6b91", kill_on_drop: false }`
[INFO] running `Command { std: "docker" "rm" "-f" "94bf2ae20558782b2a0accccbaff5d544916e3837d6db19b0a42cbea269e6b91", kill_on_drop: false }`
[INFO] [stdout] 94bf2ae20558782b2a0accccbaff5d544916e3837d6db19b0a42cbea269e6b91
[INFO] running `Command { std: "docker" "create" "-v" "/var/lib/crater-agent-workspace/builds/worker-21/target:/opt/rustwide/target:rw,Z" "-v" "/var/lib/crater-agent-workspace/builds/worker-21/source:/opt/rustwide/workdir:ro,Z" "-v" "/var/lib/crater-agent-workspace/cargo-home:/opt/rustwide/cargo-home:ro,Z" "-v" "/var/lib/crater-agent-workspace/rustup-home:/opt/rustwide/rustup-home:ro,Z" "-e" "SOURCE_DIR=/opt/rustwide/workdir" "-e" "CARGO_TARGET_DIR=/opt/rustwide/target" "-e" "CARGO_INCREMENTAL=0" "-e" "RUST_BACKTRACE=full" "-e" "RUSTFLAGS=--cap-lints=warn" "-e" "CARGO_HOME=/opt/rustwide/cargo-home" "-e" "RUSTUP_HOME=/opt/rustwide/rustup-home" "-w" "/opt/rustwide/workdir" "-m" "1610612736" "--user" "0:0" "--network" "none" "ghcr.io/rust-lang/crates-build-env/linux@sha256:34b6a614d2c27851fe6cbf88fbd1137609cefab8b10d0615aaeb6fd47975d74e" "/opt/rustwide/cargo-home/bin/cargo" "+1.54.0" "test" "--frozen" "--no-run" "--message-format=json", kill_on_drop: false }`
[INFO] [stdout] 3a065f56520e5eb51b2f41f70f0b65f276f62dc6bbdcf1d72841cf43cf27fd26
[INFO] running `Command { std: "docker" "start" "-a" "3a065f56520e5eb51b2f41f70f0b65f276f62dc6bbdcf1d72841cf43cf27fd26", kill_on_drop: false }`
[INFO] [stderr]     Blocking waiting for file lock on package cache
[INFO] [stderr]     Blocking waiting for file lock on package cache
[INFO] [stderr]    Compiling consecuit_html v0.2.0 (/opt/rustwide/workdir)
[INFO] [stderr]     Finished test [unoptimized + debuginfo] target(s) in 3.31s
[INFO] running `Command { std: "docker" "inspect" "3a065f56520e5eb51b2f41f70f0b65f276f62dc6bbdcf1d72841cf43cf27fd26", kill_on_drop: false }`
[INFO] running `Command { std: "docker" "rm" "-f" "3a065f56520e5eb51b2f41f70f0b65f276f62dc6bbdcf1d72841cf43cf27fd26", kill_on_drop: false }`
[INFO] [stdout] 3a065f56520e5eb51b2f41f70f0b65f276f62dc6bbdcf1d72841cf43cf27fd26
[INFO] running `Command { std: "docker" "create" "-v" "/var/lib/crater-agent-workspace/builds/worker-21/target:/opt/rustwide/target:rw,Z" "-v" "/var/lib/crater-agent-workspace/builds/worker-21/source:/opt/rustwide/workdir:ro,Z" "-v" "/var/lib/crater-agent-workspace/cargo-home:/opt/rustwide/cargo-home:ro,Z" "-v" "/var/lib/crater-agent-workspace/rustup-home:/opt/rustwide/rustup-home:ro,Z" "-e" "SOURCE_DIR=/opt/rustwide/workdir" "-e" "CARGO_TARGET_DIR=/opt/rustwide/target" "-e" "CARGO_INCREMENTAL=0" "-e" "RUST_BACKTRACE=full" "-e" "RUSTFLAGS=--cap-lints=warn" "-e" "CARGO_HOME=/opt/rustwide/cargo-home" "-e" "RUSTUP_HOME=/opt/rustwide/rustup-home" "-w" "/opt/rustwide/workdir" "-m" "1610612736" "--user" "0:0" "--network" "none" "ghcr.io/rust-lang/crates-build-env/linux@sha256:34b6a614d2c27851fe6cbf88fbd1137609cefab8b10d0615aaeb6fd47975d74e" "/opt/rustwide/cargo-home/bin/cargo" "+1.54.0" "test" "--frozen", kill_on_drop: false }`
[INFO] [stdout] b72ad04532f1b42c43eef5751827d4decc8f2d3a112d4bf7e8dea4ab59be77db
[INFO] running `Command { std: "docker" "start" "-a" "b72ad04532f1b42c43eef5751827d4decc8f2d3a112d4bf7e8dea4ab59be77db", kill_on_drop: false }`
[INFO] [stderr]     Finished test [unoptimized + debuginfo] target(s) in 0.18s
[INFO] [stderr]      Running unittests (/opt/rustwide/target/debug/deps/consecuit_html-18d3e6259433edc5)
[INFO] [stdout] 
[INFO] [stderr]    Doc-tests consecuit_html
[INFO] [stdout] running 0 tests
[INFO] [stdout] 
[INFO] [stdout] test result: ok. 0 passed; 0 failed; 0 ignored; 0 measured; 0 filtered out; finished in 0.00s
[INFO] [stdout] 
[INFO] [stdout] 
[INFO] [stdout] running 9 tests
[INFO] [stdout] test src/lib.rs - (line 70) ... FAILED
[INFO] [stdout] test src/lib.rs - (line 64) ... FAILED
[INFO] [stdout] test src/lib.rs - (line 83) ... FAILED
[INFO] [stdout] test src/lib.rs - (line 17) ... FAILED
[INFO] [stdout] test src/lib.rs - (line 95) ... FAILED
[INFO] [stdout] test src/lib.rs - (line 34) ... FAILED
[INFO] [stdout] test src/callback.rs - callback::Callback (line 11) ... FAILED
[INFO] [stdout] test src/lib.rs - (line 47) ... FAILED
[INFO] [stdout] test src/lib.rs - (line 11) ... ok
[INFO] [stdout] 
[INFO] [stdout] failures:
[INFO] [stdout] 
[INFO] [stdout] ---- src/lib.rs - (line 70) stdout ----
[INFO] [stdout] error: expected one of `!`, `(`, `+`, `::`, `<`, `>`, or `as`, found `{`
[INFO] [stdout]  --> src/lib.rs:71:4
[INFO] [stdout]   |
[INFO] [stdout] 3 | <a {HtmlProps::<web_sys::HtmlAnchorElement>::new().href("https://example.com")}>"Go to web"</a>
[INFO] [stdout]   |    ^ expected one of 7 possible tokens
[INFO] [stdout] 
[INFO] [stdout] error: aborting due to previous error
[INFO] [stdout] 
[INFO] [stdout] Couldn't compile the test.
[INFO] [stdout] ---- src/lib.rs - (line 64) stdout ----
[INFO] [stdout] error: expected one of `!`, `(`, `+`, `::`, `<`, `>`, or `as`, found `{`
[INFO] [stdout]  --> src/lib.rs:65:4
[INFO] [stdout]   |
[INFO] [stdout] 3 | <a {html_props().href("https://example.com")}>"Go to web"</a>
[INFO] [stdout]   |    ^ expected one of 7 possible tokens
[INFO] [stdout] 
[INFO] [stdout] error: aborting due to previous error
[INFO] [stdout] 
[INFO] [stdout] Couldn't compile the test.
[INFO] [stdout] ---- src/lib.rs - (line 83) stdout ----
[INFO] [stdout] error: cannot find macro `cc_tree` in this scope
[INFO] [stdout]  --> src/lib.rs:85:1
[INFO] [stdout]   |
[INFO] [stdout] 4 | cc_tree!(
[INFO] [stdout]   | ^^^^^^^
[INFO] [stdout]   |
[INFO] [stdout]   = note: consider importing this macro:
[INFO] [stdout]           consecuit::prelude::cc_tree
[INFO] [stdout] 
[INFO] [stdout] error[E0412]: cannot find type `Reference` in this scope
[INFO] [stdout]  --> src/lib.rs:84:26
[INFO] [stdout]   |
[INFO] [stdout] 3 | let (cc, input_ref): (_, Reference<Option<web_sys::HtmlInputElement>>) = cc.hook(use_ref, ());
[INFO] [stdout]   |                          ^^^^^^^^^ not found in this scope
[INFO] [stdout]   |
[INFO] [stdout] help: consider importing this struct
[INFO] [stdout]   |
[INFO] [stdout] 2 | use consecuit::prelude::Reference;
[INFO] [stdout]   |
[INFO] [stdout] 
[INFO] [stdout] error[E0425]: cannot find value `cc` in this scope
[INFO] [stdout]  --> src/lib.rs:84:74
[INFO] [stdout]   |
[INFO] [stdout] 3 | let (cc, input_ref): (_, Reference<Option<web_sys::HtmlInputElement>>) = cc.hook(use_ref, ());
[INFO] [stdout]   |                                                                          ^^ not found in this scope
[INFO] [stdout] 
[INFO] [stdout] error[E0425]: cannot find value `use_ref` in this scope
[INFO] [stdout]  --> src/lib.rs:84:82
[INFO] [stdout]   |
[INFO] [stdout] 3 | let (cc, input_ref): (_, Reference<Option<web_sys::HtmlInputElement>>) = cc.hook(use_ref, ());
[INFO] [stdout]   |                                                                                  ^^^^^^^ not found in this scope
[INFO] [stdout]   |
[INFO] [stdout] help: consider importing this function
[INFO] [stdout]   |
[INFO] [stdout] 2 | use consecuit::prelude::use_ref;
[INFO] [stdout]   |
[INFO] [stdout] 
[INFO] [stdout] error: aborting due to 4 previous errors
[INFO] [stdout] 
[INFO] [stdout] Some errors have detailed explanations: E0412, E0425.
[INFO] [stdout] For more information about an error, try `rustc --explain E0412`.
[INFO] [stdout] Couldn't compile the test.
[INFO] [stdout] ---- src/lib.rs - (line 17) stdout ----
[INFO] [stdout] error: cannot find macro `cc_tree` in this scope
[INFO] [stdout]  --> src/lib.rs:18:1
[INFO] [stdout]   |
[INFO] [stdout] 3 | cc_tree!(
[INFO] [stdout]   | ^^^^^^^
[INFO] [stdout]   |
[INFO] [stdout]   = note: consider importing this macro:
[INFO] [stdout]           consecuit::prelude::cc_tree
[INFO] [stdout] 
[INFO] [stdout] error: aborting due to previous error
[INFO] [stdout] 
[INFO] [stdout] Couldn't compile the test.
[INFO] [stdout] ---- src/lib.rs - (line 95) stdout ----
[INFO] [stdout] error: cannot find macro `cc_tree` in this scope
[INFO] [stdout]   --> src/lib.rs:113:1
[INFO] [stdout]    |
[INFO] [stdout] 20 | cc_tree!(
[INFO] [stdout]    | ^^^^^^^
[INFO] [stdout]    |
[INFO] [stdout]    = note: consider importing this macro:
[INFO] [stdout]            consecuit::prelude::cc_tree
[INFO] [stdout] 
[INFO] [stdout] error[E0412]: cannot find type `Reference` in this scope
[INFO] [stdout]  --> src/lib.rs:96:26
[INFO] [stdout]   |
[INFO] [stdout] 3 | let (cc, input_ref): (_, Reference<Option<web_sys::HtmlInputElement>>) = cc.hook(use_ref, ());
[INFO] [stdout]   |                          ^^^^^^^^^ not found in this scope
[INFO] [stdout]   |
[INFO] [stdout] help: consider importing this struct
[INFO] [stdout]   |
[INFO] [stdout] 2 | use consecuit::prelude::Reference;
[INFO] [stdout]   |
[INFO] [stdout] 
[INFO] [stdout] error[E0425]: cannot find value `cc` in this scope
[INFO] [stdout]  --> src/lib.rs:96:74
[INFO] [stdout]   |
[INFO] [stdout] 3 | let (cc, input_ref): (_, Reference<Option<web_sys::HtmlInputElement>>) = cc.hook(use_ref, ());
[INFO] [stdout]   |                                                                          ^^ not found in this scope
[INFO] [stdout] 
[INFO] [stdout] error[E0425]: cannot find value `use_ref` in this scope
[INFO] [stdout]  --> src/lib.rs:96:82
[INFO] [stdout]   |
[INFO] [stdout] 3 | let (cc, input_ref): (_, Reference<Option<web_sys::HtmlInputElement>>) = cc.hook(use_ref, ());
[INFO] [stdout]   |                                                                                  ^^^^^^^ not found in this scope
[INFO] [stdout]   |
[INFO] [stdout] help: consider importing this function
[INFO] [stdout]   |
[INFO] [stdout] 2 | use consecuit::prelude::use_ref;
[INFO] [stdout]   |
[INFO] [stdout] 
[INFO] [stdout] error[E0433]: failed to resolve: use of undeclared type `Callback`
[INFO] [stdout]  --> src/lib.rs:97:28
[INFO] [stdout]   |
[INFO] [stdout] 4 | let submit_click_handler = Callback::new(move |_ev| {
[INFO] [stdout]   |                            ^^^^^^^^ not found in this scope
[INFO] [stdout]   |
[INFO] [stdout] help: consider importing this struct
[INFO] [stdout]   |
[INFO] [stdout] 2 | use consecuit_html::prelude::Callback;
[INFO] [stdout]   |
[INFO] [stdout] 
[INFO] [stdout] error: aborting due to 5 previous errors
[INFO] [stdout] 
[INFO] [stdout] Some errors have detailed explanations: E0412, E0425, E0433.
[INFO] [stdout] For more information about an error, try `rustc --explain E0412`.
[INFO] [stdout] Couldn't compile the test.
[INFO] [stdout] ---- src/lib.rs - (line 34) stdout ----
[INFO] [stdout] error: cannot find macro `cc_tree` in this scope
[INFO] [stdout]  --> src/lib.rs:35:1
[INFO] [stdout]   |
[INFO] [stdout] 3 | cc_tree!(
[INFO] [stdout]   | ^^^^^^^
[INFO] [stdout]   |
[INFO] [stdout]   = note: consider importing this macro:
[INFO] [stdout]           consecuit::prelude::cc_tree
[INFO] [stdout] 
[INFO] [stdout] error: aborting due to previous error
[INFO] [stdout] 
[INFO] [stdout] Couldn't compile the test.
[INFO] [stdout] ---- src/callback.rs - callback::Callback (line 11) stdout ----
[INFO] [stdout] error: cannot find macro `cc_tree` in this scope
[INFO] [stdout]  --> src/callback.rs:18:1
[INFO] [stdout]   |
[INFO] [stdout] 9 | cc_tree!(
[INFO] [stdout]   | ^^^^^^^
[INFO] [stdout]   |
[INFO] [stdout]   = note: consider importing this macro:
[INFO] [stdout]           consecuit::prelude::cc_tree
[INFO] [stdout] 
[INFO] [stdout] error[E0433]: failed to resolve: use of undeclared type `Callback`
[INFO] [stdout]  --> src/callback.rs:12:21
[INFO] [stdout]   |
[INFO] [stdout] 3 | let click_handler = Callback::new(move |ev: web_sys::MouseEvent| {
[INFO] [stdout]   |                     ^^^^^^^^ not found in this scope
[INFO] [stdout]   |
[INFO] [stdout] help: consider importing this struct
[INFO] [stdout]   |
[INFO] [stdout] 2 | use consecuit_html::prelude::Callback;
[INFO] [stdout]   |
[INFO] [stdout] 
[INFO] [stdout] error: aborting due to 2 previous errors
[INFO] [stdout] 
[INFO] [stdout] For more information about this error, try `rustc --explain E0433`.
[INFO] [stdout] Couldn't compile the test.
[INFO] [stdout] ---- src/lib.rs - (line 47) stdout ----
[INFO] [stdout] error: cannot find macro `cc_tree` in this scope
[INFO] [stdout]  --> src/lib.rs:54:1
[INFO] [stdout]   |
[INFO] [stdout] 9 | cc_tree!(
[INFO] [stdout]   | ^^^^^^^
[INFO] [stdout]   |
[INFO] [stdout]   = note: consider importing this macro:
[INFO] [stdout]           consecuit::prelude::cc_tree
[INFO] [stdout] 
[INFO] [stdout] error[E0433]: failed to resolve: use of undeclared type `Callback`
[INFO] [stdout]  --> src/lib.rs:48:21
[INFO] [stdout]   |
[INFO] [stdout] 3 | let click_handler = Callback::new(move |ev: web_sys::MouseEvent| {
[INFO] [stdout]   |                     ^^^^^^^^ not found in this scope
[INFO] [stdout]   |
[INFO] [stdout] help: consider importing this struct
[INFO] [stdout]   |
[INFO] [stdout] 2 | use consecuit_html::prelude::Callback;
[INFO] [stdout]   |
[INFO] [stdout] 
[INFO] [stdout] error: aborting due to 2 previous errors
[INFO] [stdout] 
[INFO] [stdout] For more information about this error, try `rustc --explain E0433`.
[INFO] [stdout] Couldn't compile the test.
[INFO] [stdout] 
[INFO] [stdout] failures:
[INFO] [stdout]     src/callback.rs - callback::Callback (line 11)
[INFO] [stdout]     src/lib.rs - (line 17)
[INFO] [stdout]     src/lib.rs - (line 34)
[INFO] [stdout]     src/lib.rs - (line 47)
[INFO] [stdout]     src/lib.rs - (line 64)
[INFO] [stdout]     src/lib.rs - (line 70)
[INFO] [stdout]     src/lib.rs - (line 83)
[INFO] [stdout]     src/lib.rs - (line 95)
[INFO] [stdout] 
[INFO] [stdout] test result: FAILED. 1 passed; 8 failed; 0 ignored; 0 measured; 0 filtered out; finished in 2.87s
[INFO] [stdout] 
[INFO] [stderr] error: test failed, to rerun pass '--doc'
[INFO] running `Command { std: "docker" "inspect" "b72ad04532f1b42c43eef5751827d4decc8f2d3a112d4bf7e8dea4ab59be77db", kill_on_drop: false }`
[INFO] running `Command { std: "docker" "rm" "-f" "b72ad04532f1b42c43eef5751827d4decc8f2d3a112d4bf7e8dea4ab59be77db", kill_on_drop: false }`
[INFO] [stdout] b72ad04532f1b42c43eef5751827d4decc8f2d3a112d4bf7e8dea4ab59be77db
