[INFO] fetching crate conjure-codegen 0.7.4...
[INFO] testing conjure-codegen-0.7.4 against beta-2021-08-01 for beta-1.55-1
[INFO] extracting crate conjure-codegen 0.7.4 into /workspace/builds/worker-54/source
[INFO] validating manifest of crates.io crate conjure-codegen 0.7.4 on toolchain beta-2021-08-01
[INFO] running `Command { std: "/workspace/cargo-home/bin/cargo" "+beta-2021-08-01" "metadata" "--manifest-path" "Cargo.toml" "--no-deps", kill_on_drop: false }`
[INFO] started tweaking crates.io crate conjure-codegen 0.7.4
[INFO] finished tweaking crates.io crate conjure-codegen 0.7.4
[INFO] tweaked toml for crates.io crate conjure-codegen 0.7.4 written to /workspace/builds/worker-54/source/Cargo.toml
[INFO] running `Command { std: "/workspace/cargo-home/bin/cargo" "+beta-2021-08-01" "generate-lockfile" "--manifest-path" "Cargo.toml" "-Zno-index-update", kill_on_drop: false }`
[INFO] [stderr]     Blocking waiting for file lock on package cache
[INFO] running `Command { std: "/workspace/cargo-home/bin/cargo" "+beta-2021-08-01" "fetch" "--manifest-path" "Cargo.toml", kill_on_drop: false }`
[INFO] [stderr]     Blocking waiting for file lock on package cache
[INFO] running `Command { std: "docker" "create" "-v" "/var/lib/crater-agent-workspace/builds/worker-54/target:/opt/rustwide/target:rw,Z" "-v" "/var/lib/crater-agent-workspace/builds/worker-54/source:/opt/rustwide/workdir:ro,Z" "-v" "/var/lib/crater-agent-workspace/cargo-home:/opt/rustwide/cargo-home:ro,Z" "-v" "/var/lib/crater-agent-workspace/rustup-home:/opt/rustwide/rustup-home:ro,Z" "-e" "SOURCE_DIR=/opt/rustwide/workdir" "-e" "CARGO_TARGET_DIR=/opt/rustwide/target" "-e" "CARGO_HOME=/opt/rustwide/cargo-home" "-e" "RUSTUP_HOME=/opt/rustwide/rustup-home" "-w" "/opt/rustwide/workdir" "-m" "1610612736" "--user" "0:0" "--network" "none" "ghcr.io/rust-lang/crates-build-env/linux@sha256:34b6a614d2c27851fe6cbf88fbd1137609cefab8b10d0615aaeb6fd47975d74e" "/opt/rustwide/cargo-home/bin/cargo" "+beta-2021-08-01" "metadata" "--no-deps" "--format-version=1", kill_on_drop: false }`
[INFO] [stdout] ce29c20ef8c1414688f048c94be242624533c07c7ff2874a4c65f767b7f28d55
[INFO] running `Command { std: "docker" "start" "-a" "ce29c20ef8c1414688f048c94be242624533c07c7ff2874a4c65f767b7f28d55", kill_on_drop: false }`
[INFO] running `Command { std: "docker" "inspect" "ce29c20ef8c1414688f048c94be242624533c07c7ff2874a4c65f767b7f28d55", kill_on_drop: false }`
[INFO] running `Command { std: "docker" "rm" "-f" "ce29c20ef8c1414688f048c94be242624533c07c7ff2874a4c65f767b7f28d55", kill_on_drop: false }`
[INFO] [stdout] ce29c20ef8c1414688f048c94be242624533c07c7ff2874a4c65f767b7f28d55
[INFO] running `Command { std: "docker" "create" "-v" "/var/lib/crater-agent-workspace/builds/worker-54/target:/opt/rustwide/target:rw,Z" "-v" "/var/lib/crater-agent-workspace/builds/worker-54/source:/opt/rustwide/workdir:ro,Z" "-v" "/var/lib/crater-agent-workspace/cargo-home:/opt/rustwide/cargo-home:ro,Z" "-v" "/var/lib/crater-agent-workspace/rustup-home:/opt/rustwide/rustup-home:ro,Z" "-e" "SOURCE_DIR=/opt/rustwide/workdir" "-e" "CARGO_TARGET_DIR=/opt/rustwide/target" "-e" "CARGO_INCREMENTAL=0" "-e" "RUST_BACKTRACE=full" "-e" "RUSTFLAGS=--cap-lints=warn" "-e" "CARGO_HOME=/opt/rustwide/cargo-home" "-e" "RUSTUP_HOME=/opt/rustwide/rustup-home" "-w" "/opt/rustwide/workdir" "-m" "1610612736" "--user" "0:0" "--network" "none" "ghcr.io/rust-lang/crates-build-env/linux@sha256:34b6a614d2c27851fe6cbf88fbd1137609cefab8b10d0615aaeb6fd47975d74e" "/opt/rustwide/cargo-home/bin/cargo" "+beta-2021-08-01" "build" "--frozen" "--message-format=json", kill_on_drop: false }`
[INFO] [stdout] 4d6d84accf8c21e9ef1ef654f02534b11aa61a22d2cf63064039eb2c232b4ea5
[INFO] running `Command { std: "docker" "start" "-a" "4d6d84accf8c21e9ef1ef654f02534b11aa61a22d2cf63064039eb2c232b4ea5", kill_on_drop: false }`
[INFO] [stderr]     Blocking waiting for file lock on package cache
[INFO] [stderr]    Compiling serde v1.0.127
[INFO] [stderr]    Compiling libc v0.2.98
[INFO] [stderr]    Compiling proc-macro2 v1.0.28
[INFO] [stderr]    Compiling unicode-xid v0.2.2
[INFO] [stderr]    Compiling memchr v2.4.0
[INFO] [stderr]    Compiling syn v1.0.74
[INFO] [stderr]    Compiling cc v1.0.69
[INFO] [stderr]    Compiling serde_json v1.0.66
[INFO] [stderr]    Compiling failure_derive v0.1.8
[INFO] [stderr]    Compiling adler v1.0.2
[INFO] [stderr]    Compiling gimli v0.25.0
[INFO] [stderr]    Compiling rustc-demangle v0.1.20
[INFO] [stderr]    Compiling regex-syntax v0.6.25
[INFO] [stderr]    Compiling unicode-segmentation v1.8.0
[INFO] [stderr]    Compiling num-traits v0.2.14
[INFO] [stderr]    Compiling miniz_oxide v0.4.4
[INFO] [stderr]    Compiling num-integer v0.1.44
[INFO] [stderr]    Compiling heck v0.3.3
[INFO] [stderr]    Compiling object v0.26.0
[INFO] [stderr]    Compiling regex v1.5.4
[INFO] [stderr]    Compiling backtrace v0.3.61
[INFO] [stderr]    Compiling quote v1.0.9
[INFO] [stderr]    Compiling time v0.1.43
[INFO] [stderr]    Compiling addr2line v0.16.0
[INFO] [stderr]    Compiling synstructure v0.12.5
[INFO] [stderr]    Compiling serde_bytes v0.11.5
[INFO] [stderr]    Compiling chrono v0.4.19
[INFO] [stderr]    Compiling uuid v0.8.2
[INFO] [stderr]    Compiling ordered-float v2.7.0
[INFO] [stderr]    Compiling conjure-object v0.7.4
[INFO] [stderr]    Compiling conjure-serde v0.7.4
[INFO] [stderr]    Compiling failure v0.1.8
[INFO] [stderr]    Compiling conjure-codegen v0.7.4 (/opt/rustwide/workdir)
[INFO] [stderr]     Finished dev [unoptimized + debuginfo] target(s) in 20.19s
[INFO] running `Command { std: "docker" "inspect" "4d6d84accf8c21e9ef1ef654f02534b11aa61a22d2cf63064039eb2c232b4ea5", kill_on_drop: false }`
[INFO] running `Command { std: "docker" "rm" "-f" "4d6d84accf8c21e9ef1ef654f02534b11aa61a22d2cf63064039eb2c232b4ea5", kill_on_drop: false }`
[INFO] [stdout] 4d6d84accf8c21e9ef1ef654f02534b11aa61a22d2cf63064039eb2c232b4ea5
[INFO] running `Command { std: "docker" "create" "-v" "/var/lib/crater-agent-workspace/builds/worker-54/target:/opt/rustwide/target:rw,Z" "-v" "/var/lib/crater-agent-workspace/builds/worker-54/source:/opt/rustwide/workdir:ro,Z" "-v" "/var/lib/crater-agent-workspace/cargo-home:/opt/rustwide/cargo-home:ro,Z" "-v" "/var/lib/crater-agent-workspace/rustup-home:/opt/rustwide/rustup-home:ro,Z" "-e" "SOURCE_DIR=/opt/rustwide/workdir" "-e" "CARGO_TARGET_DIR=/opt/rustwide/target" "-e" "CARGO_INCREMENTAL=0" "-e" "RUST_BACKTRACE=full" "-e" "RUSTFLAGS=--cap-lints=warn" "-e" "CARGO_HOME=/opt/rustwide/cargo-home" "-e" "RUSTUP_HOME=/opt/rustwide/rustup-home" "-w" "/opt/rustwide/workdir" "-m" "1610612736" "--user" "0:0" "--network" "none" "ghcr.io/rust-lang/crates-build-env/linux@sha256:34b6a614d2c27851fe6cbf88fbd1137609cefab8b10d0615aaeb6fd47975d74e" "/opt/rustwide/cargo-home/bin/cargo" "+beta-2021-08-01" "test" "--frozen" "--no-run" "--message-format=json", kill_on_drop: false }`
[INFO] [stdout] 8492d2df8229c97d27be133c492109b44cb5b8f66a7e5dede8a3b8c2b09d0ca1
[INFO] running `Command { std: "docker" "start" "-a" "8492d2df8229c97d27be133c492109b44cb5b8f66a7e5dede8a3b8c2b09d0ca1", kill_on_drop: false }`
[INFO] [stderr]    Compiling conjure-codegen v0.7.4 (/opt/rustwide/workdir)
[INFO] [stderr]     Finished test [unoptimized + debuginfo] target(s) in 4.07s
[INFO] running `Command { std: "docker" "inspect" "8492d2df8229c97d27be133c492109b44cb5b8f66a7e5dede8a3b8c2b09d0ca1", kill_on_drop: false }`
[INFO] running `Command { std: "docker" "rm" "-f" "8492d2df8229c97d27be133c492109b44cb5b8f66a7e5dede8a3b8c2b09d0ca1", kill_on_drop: false }`
[INFO] [stdout] 8492d2df8229c97d27be133c492109b44cb5b8f66a7e5dede8a3b8c2b09d0ca1
[INFO] running `Command { std: "docker" "create" "-v" "/var/lib/crater-agent-workspace/builds/worker-54/target:/opt/rustwide/target:rw,Z" "-v" "/var/lib/crater-agent-workspace/builds/worker-54/source:/opt/rustwide/workdir:ro,Z" "-v" "/var/lib/crater-agent-workspace/cargo-home:/opt/rustwide/cargo-home:ro,Z" "-v" "/var/lib/crater-agent-workspace/rustup-home:/opt/rustwide/rustup-home:ro,Z" "-e" "SOURCE_DIR=/opt/rustwide/workdir" "-e" "CARGO_TARGET_DIR=/opt/rustwide/target" "-e" "CARGO_INCREMENTAL=0" "-e" "RUST_BACKTRACE=full" "-e" "RUSTFLAGS=--cap-lints=warn" "-e" "CARGO_HOME=/opt/rustwide/cargo-home" "-e" "RUSTUP_HOME=/opt/rustwide/rustup-home" "-w" "/opt/rustwide/workdir" "-m" "1610612736" "--user" "0:0" "--network" "none" "ghcr.io/rust-lang/crates-build-env/linux@sha256:34b6a614d2c27851fe6cbf88fbd1137609cefab8b10d0615aaeb6fd47975d74e" "/opt/rustwide/cargo-home/bin/cargo" "+beta-2021-08-01" "test" "--frozen", kill_on_drop: false }`
[INFO] [stdout] e31d97a2c8df175ed2ad33cb9c9ee555579aa11ff098447e28560aca715e03cc
[INFO] running `Command { std: "docker" "start" "-a" "e31d97a2c8df175ed2ad33cb9c9ee555579aa11ff098447e28560aca715e03cc", kill_on_drop: false }`
[INFO] [stderr]     Finished test [unoptimized + debuginfo] target(s) in 0.06s
[INFO] [stderr]      Running unittests (/opt/rustwide/target/debug/deps/conjure_codegen-f5dc7580f9b5beb1)
[INFO] [stdout] 
[INFO] [stderr]    Doc-tests conjure-codegen
[INFO] [stdout] running 0 tests
[INFO] [stdout] 
[INFO] [stdout] test result: ok. 0 passed; 0 failed; 0 ignored; 0 measured; 0 filtered out; finished in 0.00s
[INFO] [stdout] 
[INFO] [stdout] 
[INFO] [stdout] running 12 tests
[INFO] [stdout] test src/lib.rs - (line 220) ... ignored
[INFO] [stdout] test src/lib.rs - (line 242) ... ignored
[INFO] [stdout] test src/lib.rs - (line 41) ... ignored
[INFO] [stdout] test src/lib.rs - (line 139) ... FAILED
[INFO] [stdout] test src/lib.rs - (line 112) ... FAILED
[INFO] [stdout] test src/lib.rs - (line 204) ... FAILED
[INFO] [stdout] test src/lib.rs - (line 22) - compile ... ok
[INFO] [stdout] test src/lib.rs - (line 156) ... FAILED
[INFO] [stdout] test src/lib.rs - (line 193) ... FAILED
[INFO] [stdout] test src/lib.rs - (line 95) ... FAILED
[INFO] [stdout] test src/lib.rs - (line 78) ... FAILED
[INFO] [stdout] test src/lib.rs - (line 172) ... FAILED
[INFO] [stdout] 
[INFO] [stdout] failures:
[INFO] [stdout] 
[INFO] [stdout] ---- src/lib.rs - (line 139) stdout ----
[INFO] [stdout] error[E0433]: failed to resolve: could not find `example_types` in `conjure_codegen`
[INFO] [stdout]  --> src/lib.rs:140:22
[INFO] [stdout]   |
[INFO] [stdout] 4 | use conjure_codegen::example_types::product::EnumExample;
[INFO] [stdout]   |                      ^^^^^^^^^^^^^ could not find `example_types` in `conjure_codegen`
[INFO] [stdout] 
[INFO] [stdout] error[E0433]: failed to resolve: use of undeclared type `EnumExample`
[INFO] [stdout]  --> src/lib.rs:141:18
[INFO] [stdout]   |
[INFO] [stdout] 5 | let enum_value = EnumExample::One;
[INFO] [stdout]   |                  ^^^^^^^^^^^ use of undeclared type `EnumExample`
[INFO] [stdout] 
[INFO] [stdout] error[E0433]: failed to resolve: use of undeclared type `EnumExample`
[INFO] [stdout]  --> src/lib.rs:143:5
[INFO] [stdout]   |
[INFO] [stdout] 7 |     EnumExample::One => println!("found one"),
[INFO] [stdout]   |     ^^^^^^^^^^^ use of undeclared type `EnumExample`
[INFO] [stdout] 
[INFO] [stdout] error[E0433]: failed to resolve: use of undeclared type `EnumExample`
[INFO] [stdout]  --> src/lib.rs:144:5
[INFO] [stdout]   |
[INFO] [stdout] 8 |     EnumExample::Two => println!("found two"),
[INFO] [stdout]   |     ^^^^^^^^^^^ use of undeclared type `EnumExample`
[INFO] [stdout] 
[INFO] [stdout] error[E0433]: failed to resolve: use of undeclared type `EnumExample`
[INFO] [stdout]  --> src/lib.rs:145:5
[INFO] [stdout]   |
[INFO] [stdout] 9 |     EnumExample::Unknown(unknown) => println!("got unknown variant: {}", unknown),
[INFO] [stdout]   |     ^^^^^^^^^^^ use of undeclared type `EnumExample`
[INFO] [stdout] 
[INFO] [stdout] error: aborting due to 5 previous errors
[INFO] [stdout] 
[INFO] [stdout] For more information about this error, try `rustc --explain E0433`.
[INFO] [stdout] Couldn't compile the test.
[INFO] [stdout] ---- src/lib.rs - (line 112) stdout ----
[INFO] [stdout] error[E0433]: failed to resolve: could not find `example_types` in `conjure_codegen`
[INFO] [stdout]  --> src/lib.rs:113:22
[INFO] [stdout]   |
[INFO] [stdout] 4 | use conjure_codegen::example_types::product::UnionTypeExample;
[INFO] [stdout]   |                      ^^^^^^^^^^^^^ could not find `example_types` in `conjure_codegen`
[INFO] [stdout] 
[INFO] [stdout] error[E0433]: failed to resolve: use of undeclared type `UnionTypeExample`
[INFO] [stdout]  --> src/lib.rs:114:19
[INFO] [stdout]   |
[INFO] [stdout] 5 | let union_value = UnionTypeExample::If(0);
[INFO] [stdout]   |                   ^^^^^^^^^^^^^^^^ use of undeclared type `UnionTypeExample`
[INFO] [stdout] 
[INFO] [stdout] error[E0433]: failed to resolve: use of undeclared type `UnionTypeExample`
[INFO] [stdout]  --> src/lib.rs:116:5
[INFO] [stdout]   |
[INFO] [stdout] 7 |     UnionTypeExample::StringExample(string) => {
[INFO] [stdout]   |     ^^^^^^^^^^^^^^^^ use of undeclared type `UnionTypeExample`
[INFO] [stdout] 
[INFO] [stdout] error[E0433]: failed to resolve: use of undeclared type `UnionTypeExample`
[INFO] [stdout]   --> src/lib.rs:119:5
[INFO] [stdout]    |
[INFO] [stdout] 10 |     UnionTypeExample::Set(set) => {
[INFO] [stdout]    |     ^^^^^^^^^^^^^^^^ use of undeclared type `UnionTypeExample`
[INFO] [stdout] 
[INFO] [stdout] error[E0433]: failed to resolve: use of undeclared type `UnionTypeExample`
[INFO] [stdout]   --> src/lib.rs:123:5
[INFO] [stdout]    |
[INFO] [stdout] 14 |     UnionTypeExample::Unknown(unknown) => {
[INFO] [stdout]    |     ^^^^^^^^^^^^^^^^ use of undeclared type `UnionTypeExample`
[INFO] [stdout] 
[INFO] [stdout] error: aborting due to 5 previous errors
[INFO] [stdout] 
[INFO] [stdout] For more information about this error, try `rustc --explain E0433`.
[INFO] [stdout] Couldn't compile the test.
[INFO] [stdout] ---- src/lib.rs - (line 204) stdout ----
[INFO] [stdout] error[E0433]: failed to resolve: could not find `example_types` in `conjure_codegen`
[INFO] [stdout]  --> src/lib.rs:205:22
[INFO] [stdout]   |
[INFO] [stdout] 4 | use conjure_codegen::example_types::another::TestServiceAsyncClient;
[INFO] [stdout]   |                      ^^^^^^^^^^^^^ could not find `example_types` in `conjure_codegen`
[INFO] [stdout] 
[INFO] [stdout] error[E0433]: failed to resolve: use of undeclared crate or module `conjure_http`
[INFO] [stdout]  --> src/lib.rs:206:17
[INFO] [stdout]   |
[INFO] [stdout] 5 | async fn foo<T: conjure_http::client::AsyncClient>(http_client: T) -> Result<(), conjure_error::Error> {
[INFO] [stdout]   |                 ^^^^^^^^^^^^ use of undeclared crate or module `conjure_http`
[INFO] [stdout] 
[INFO] [stdout] error[E0433]: failed to resolve: use of undeclared crate or module `conjure_error`
[INFO] [stdout]  --> src/lib.rs:206:82
[INFO] [stdout]   |
[INFO] [stdout] 5 | async fn foo<T: conjure_http::client::AsyncClient>(http_client: T) -> Result<(), conjure_error::Error> {
[INFO] [stdout]   |                                                                                  ^^^^^^^^^^^^^ use of undeclared crate or module `conjure_error`
[INFO] [stdout] 
[INFO] [stdout] error[E0433]: failed to resolve: use of undeclared type `TestServiceAsyncClient`
[INFO] [stdout]  --> src/lib.rs:208:14
[INFO] [stdout]   |
[INFO] [stdout] 7 | let client = TestServiceAsyncClient::new(http_client);
[INFO] [stdout]   |              ^^^^^^^^^^^^^^^^^^^^^^ use of undeclared type `TestServiceAsyncClient`
[INFO] [stdout] 
[INFO] [stdout] error: aborting due to 4 previous errors
[INFO] [stdout] 
[INFO] [stdout] For more information about this error, try `rustc --explain E0433`.
[INFO] [stdout] Couldn't compile the test.
[INFO] [stdout] ---- src/lib.rs - (line 156) stdout ----
[INFO] [stdout] error[E0433]: failed to resolve: could not find `example_types` in `conjure_codegen`
[INFO] [stdout]  --> src/lib.rs:157:22
[INFO] [stdout]   |
[INFO] [stdout] 4 | use conjure_codegen::example_types::product::StringAliasExample;
[INFO] [stdout]   |                      ^^^^^^^^^^^^^ could not find `example_types` in `conjure_codegen`
[INFO] [stdout] 
[INFO] [stdout] error[E0425]: cannot find function, tuple struct or tuple variant `StringAliasExample` in this scope
[INFO] [stdout]  --> src/lib.rs:158:19
[INFO] [stdout]   |
[INFO] [stdout] 5 | let alias_value = StringAliasExample("hello world".to_string());
[INFO] [stdout]   |                   ^^^^^^^^^^^^^^^^^^ not found in this scope
[INFO] [stdout] 
[INFO] [stdout] error: aborting due to 2 previous errors
[INFO] [stdout] 
[INFO] [stdout] Some errors have detailed explanations: E0425, E0433.
[INFO] [stdout] For more information about an error, try `rustc --explain E0425`.
[INFO] [stdout] Couldn't compile the test.
[INFO] [stdout] ---- src/lib.rs - (line 193) stdout ----
[INFO] [stdout] error[E0433]: failed to resolve: could not find `example_types` in `conjure_codegen`
[INFO] [stdout]  --> src/lib.rs:194:22
[INFO] [stdout]   |
[INFO] [stdout] 4 | use conjure_codegen::example_types::another::TestServiceClient;
[INFO] [stdout]   |                      ^^^^^^^^^^^^^ could not find `example_types` in `conjure_codegen`
[INFO] [stdout] 
[INFO] [stdout] error[E0433]: failed to resolve: use of undeclared crate or module `conjure_http`
[INFO] [stdout]  --> src/lib.rs:195:11
[INFO] [stdout]   |
[INFO] [stdout] 5 | fn foo<T: conjure_http::client::Client>(http_client: T) -> Result<(), conjure_error::Error> {
[INFO] [stdout]   |           ^^^^^^^^^^^^ use of undeclared crate or module `conjure_http`
[INFO] [stdout] 
[INFO] [stdout] error[E0433]: failed to resolve: use of undeclared crate or module `conjure_error`
[INFO] [stdout]  --> src/lib.rs:195:71
[INFO] [stdout]   |
[INFO] [stdout] 5 | fn foo<T: conjure_http::client::Client>(http_client: T) -> Result<(), conjure_error::Error> {
[INFO] [stdout]   |                                                                       ^^^^^^^^^^^^^ use of undeclared crate or module `conjure_error`
[INFO] [stdout] 
[INFO] [stdout] error[E0433]: failed to resolve: use of undeclared type `TestServiceClient`
[INFO] [stdout]  --> src/lib.rs:197:14
[INFO] [stdout]   |
[INFO] [stdout] 7 | let client = TestServiceClient::new(http_client);
[INFO] [stdout]   |              ^^^^^^^^^^^^^^^^^ use of undeclared type `TestServiceClient`
[INFO] [stdout] 
[INFO] [stdout] error: aborting due to 4 previous errors
[INFO] [stdout] 
[INFO] [stdout] For more information about this error, try `rustc --explain E0433`.
[INFO] [stdout] Couldn't compile the test.
[INFO] [stdout] ---- src/lib.rs - (line 95) stdout ----
[INFO] [stdout] error[E0433]: failed to resolve: could not find `example_types` in `conjure_codegen`
[INFO] [stdout]  --> src/lib.rs:96:22
[INFO] [stdout]   |
[INFO] [stdout] 4 | use conjure_codegen::example_types::product::BooleanExample;
[INFO] [stdout]   |                      ^^^^^^^^^^^^^ could not find `example_types` in `conjure_codegen`
[INFO] [stdout] 
[INFO] [stdout] error[E0433]: failed to resolve: use of undeclared type `BooleanExample`
[INFO] [stdout]  --> src/lib.rs:97:14
[INFO] [stdout]   |
[INFO] [stdout] 5 | let object = BooleanExample::new(true);
[INFO] [stdout]   |              ^^^^^^^^^^^^^^ use of undeclared type `BooleanExample`
[INFO] [stdout] 
[INFO] [stdout] error: aborting due to 2 previous errors
[INFO] [stdout] 
[INFO] [stdout] For more information about this error, try `rustc --explain E0433`.
[INFO] [stdout] Couldn't compile the test.
[INFO] [stdout] ---- src/lib.rs - (line 78) stdout ----
[INFO] [stdout] error[E0433]: failed to resolve: could not find `example_types` in `conjure_codegen`
[INFO] [stdout]  --> src/lib.rs:79:22
[INFO] [stdout]   |
[INFO] [stdout] 4 | use conjure_codegen::example_types::product::{ManyFieldExample, StringAliasExample};
[INFO] [stdout]   |                      ^^^^^^^^^^^^^ could not find `example_types` in `conjure_codegen`
[INFO] [stdout] 
[INFO] [stdout] error[E0433]: failed to resolve: use of undeclared type `ManyFieldExample`
[INFO] [stdout]  --> src/lib.rs:80:14
[INFO] [stdout]   |
[INFO] [stdout] 5 | let object = ManyFieldExample::builder()
[INFO] [stdout]   |              ^^^^^^^^^^^^^^^^ use of undeclared type `ManyFieldExample`
[INFO] [stdout] 
[INFO] [stdout] error[E0425]: cannot find function, tuple struct or tuple variant `StringAliasExample` in this scope
[INFO] [stdout]   --> src/lib.rs:86:12
[INFO] [stdout]    |
[INFO] [stdout] 11 |     .alias(StringAliasExample("foobar".to_string()))
[INFO] [stdout]    |            ^^^^^^^^^^^^^^^^^^ not found in this scope
[INFO] [stdout] 
[INFO] [stdout] error: aborting due to 3 previous errors
[INFO] [stdout] 
[INFO] [stdout] Some errors have detailed explanations: E0425, E0433.
[INFO] [stdout] For more information about an error, try `rustc --explain E0425`.
[INFO] [stdout] Couldn't compile the test.
[INFO] [stdout] ---- src/lib.rs - (line 172) stdout ----
[INFO] [stdout] error[E0433]: failed to resolve: could not find `example_types` in `conjure_codegen`
[INFO] [stdout]  --> src/lib.rs:173:22
[INFO] [stdout]   |
[INFO] [stdout] 4 | use conjure_codegen::example_types::product::InvalidServiceDefinition;
[INFO] [stdout]   |                      ^^^^^^^^^^^^^ could not find `example_types` in `conjure_codegen`
[INFO] [stdout] 
[INFO] [stdout] error[E0432]: unresolved import `conjure_error`
[INFO] [stdout]  --> src/lib.rs:175:5
[INFO] [stdout]   |
[INFO] [stdout] 6 | use conjure_error::{ErrorType, ErrorCode};
[INFO] [stdout]   |     ^^^^^^^^^^^^^ use of undeclared crate or module `conjure_error`
[INFO] [stdout] 
[INFO] [stdout] error[E0433]: failed to resolve: use of undeclared type `InvalidServiceDefinition`
[INFO] [stdout]  --> src/lib.rs:177:13
[INFO] [stdout]   |
[INFO] [stdout] 8 | let error = InvalidServiceDefinition::new(name, definition);
[INFO] [stdout]   |             ^^^^^^^^^^^^^^^^^^^^^^^^ use of undeclared type `InvalidServiceDefinition`
[INFO] [stdout] 
[INFO] [stdout] error: aborting due to 3 previous errors
[INFO] [stdout] 
[INFO] [stdout] Some errors have detailed explanations: E0432, E0433.
[INFO] [stdout] For more information about an error, try `rustc --explain E0432`.
[INFO] [stdout] Couldn't compile the test.
[INFO] [stdout] 
[INFO] [stdout] failures:
[INFO] [stdout]     src/lib.rs - (line 112)
[INFO] [stdout]     src/lib.rs - (line 139)
[INFO] [stdout]     src/lib.rs - (line 156)
[INFO] [stdout]     src/lib.rs - (line 172)
[INFO] [stdout]     src/lib.rs - (line 193)
[INFO] [stdout]     src/lib.rs - (line 204)
[INFO] [stdout]     src/lib.rs - (line 78)
[INFO] [stdout]     src/lib.rs - (line 95)
[INFO] [stdout] 
[INFO] [stdout] test result: FAILED. 1 passed; 8 failed; 3 ignored; 0 measured; 0 filtered out; finished in 0.13s
[INFO] [stdout] 
[INFO] [stderr] error: test failed, to rerun pass '--doc'
[INFO] running `Command { std: "docker" "inspect" "e31d97a2c8df175ed2ad33cb9c9ee555579aa11ff098447e28560aca715e03cc", kill_on_drop: false }`
[INFO] running `Command { std: "docker" "rm" "-f" "e31d97a2c8df175ed2ad33cb9c9ee555579aa11ff098447e28560aca715e03cc", kill_on_drop: false }`
[INFO] [stdout] e31d97a2c8df175ed2ad33cb9c9ee555579aa11ff098447e28560aca715e03cc
