[INFO] fetching crate configuro 0.1.0...
[INFO] testing configuro-0.1.0 against 1.54.0 for beta-1.55-1
[INFO] extracting crate configuro 0.1.0 into /workspace/builds/worker-31/source
[INFO] validating manifest of crates.io crate configuro 0.1.0 on toolchain 1.54.0
[INFO] running `Command { std: "/workspace/cargo-home/bin/cargo" "+1.54.0" "metadata" "--manifest-path" "Cargo.toml" "--no-deps", kill_on_drop: false }`
[INFO] started tweaking crates.io crate configuro 0.1.0
[INFO] finished tweaking crates.io crate configuro 0.1.0
[INFO] tweaked toml for crates.io crate configuro 0.1.0 written to /workspace/builds/worker-31/source/Cargo.toml
[INFO] running `Command { std: "/workspace/cargo-home/bin/cargo" "+1.54.0" "generate-lockfile" "--manifest-path" "Cargo.toml" "-Zno-index-update", kill_on_drop: false }`
[INFO] running `Command { std: "/workspace/cargo-home/bin/cargo" "+1.54.0" "fetch" "--manifest-path" "Cargo.toml", kill_on_drop: false }`
[INFO] running `Command { std: "docker" "create" "-v" "/var/lib/crater-agent-workspace/builds/worker-31/target:/opt/rustwide/target:rw,Z" "-v" "/var/lib/crater-agent-workspace/builds/worker-31/source:/opt/rustwide/workdir:ro,Z" "-v" "/var/lib/crater-agent-workspace/cargo-home:/opt/rustwide/cargo-home:ro,Z" "-v" "/var/lib/crater-agent-workspace/rustup-home:/opt/rustwide/rustup-home:ro,Z" "-e" "SOURCE_DIR=/opt/rustwide/workdir" "-e" "CARGO_TARGET_DIR=/opt/rustwide/target" "-e" "CARGO_HOME=/opt/rustwide/cargo-home" "-e" "RUSTUP_HOME=/opt/rustwide/rustup-home" "-w" "/opt/rustwide/workdir" "-m" "1610612736" "--user" "0:0" "--network" "none" "ghcr.io/rust-lang/crates-build-env/linux@sha256:34b6a614d2c27851fe6cbf88fbd1137609cefab8b10d0615aaeb6fd47975d74e" "/opt/rustwide/cargo-home/bin/cargo" "+1.54.0" "metadata" "--no-deps" "--format-version=1", kill_on_drop: false }`
[INFO] [stdout] 732a9bbb4c577ef602b709f3451d39e7d9a6d5f02573ad978498e7f2ad94b27a
[INFO] running `Command { std: "docker" "start" "-a" "732a9bbb4c577ef602b709f3451d39e7d9a6d5f02573ad978498e7f2ad94b27a", kill_on_drop: false }`
[INFO] running `Command { std: "docker" "inspect" "732a9bbb4c577ef602b709f3451d39e7d9a6d5f02573ad978498e7f2ad94b27a", kill_on_drop: false }`
[INFO] running `Command { std: "docker" "rm" "-f" "732a9bbb4c577ef602b709f3451d39e7d9a6d5f02573ad978498e7f2ad94b27a", kill_on_drop: false }`
[INFO] [stdout] 732a9bbb4c577ef602b709f3451d39e7d9a6d5f02573ad978498e7f2ad94b27a
[INFO] running `Command { std: "docker" "create" "-v" "/var/lib/crater-agent-workspace/builds/worker-31/target:/opt/rustwide/target:rw,Z" "-v" "/var/lib/crater-agent-workspace/builds/worker-31/source:/opt/rustwide/workdir:ro,Z" "-v" "/var/lib/crater-agent-workspace/cargo-home:/opt/rustwide/cargo-home:ro,Z" "-v" "/var/lib/crater-agent-workspace/rustup-home:/opt/rustwide/rustup-home:ro,Z" "-e" "SOURCE_DIR=/opt/rustwide/workdir" "-e" "CARGO_TARGET_DIR=/opt/rustwide/target" "-e" "CARGO_INCREMENTAL=0" "-e" "RUST_BACKTRACE=full" "-e" "RUSTFLAGS=--cap-lints=warn" "-e" "CARGO_HOME=/opt/rustwide/cargo-home" "-e" "RUSTUP_HOME=/opt/rustwide/rustup-home" "-w" "/opt/rustwide/workdir" "-m" "1610612736" "--user" "0:0" "--network" "none" "ghcr.io/rust-lang/crates-build-env/linux@sha256:34b6a614d2c27851fe6cbf88fbd1137609cefab8b10d0615aaeb6fd47975d74e" "/opt/rustwide/cargo-home/bin/cargo" "+1.54.0" "build" "--frozen" "--message-format=json", kill_on_drop: false }`
[INFO] [stdout] 6e96d83439c98b33172e035d25636a443489167542c36500c84d075d5ef4633c
[INFO] running `Command { std: "docker" "start" "-a" "6e96d83439c98b33172e035d25636a443489167542c36500c84d075d5ef4633c", kill_on_drop: false }`
[INFO] [stderr]    Compiling syn v1.0.74
[INFO] [stderr]    Compiling serde_derive v1.0.127
[INFO] [stderr]    Compiling serde v1.0.127
[INFO] [stderr]    Compiling serde_yaml v0.8.17
[INFO] [stderr]    Compiling configuro v0.1.0 (/opt/rustwide/workdir)
[INFO] [stderr]     Finished dev [unoptimized + debuginfo] target(s) in 18.99s
[INFO] running `Command { std: "docker" "inspect" "6e96d83439c98b33172e035d25636a443489167542c36500c84d075d5ef4633c", kill_on_drop: false }`
[INFO] running `Command { std: "docker" "rm" "-f" "6e96d83439c98b33172e035d25636a443489167542c36500c84d075d5ef4633c", kill_on_drop: false }`
[INFO] [stdout] 6e96d83439c98b33172e035d25636a443489167542c36500c84d075d5ef4633c
[INFO] running `Command { std: "docker" "create" "-v" "/var/lib/crater-agent-workspace/builds/worker-31/target:/opt/rustwide/target:rw,Z" "-v" "/var/lib/crater-agent-workspace/builds/worker-31/source:/opt/rustwide/workdir:ro,Z" "-v" "/var/lib/crater-agent-workspace/cargo-home:/opt/rustwide/cargo-home:ro,Z" "-v" "/var/lib/crater-agent-workspace/rustup-home:/opt/rustwide/rustup-home:ro,Z" "-e" "SOURCE_DIR=/opt/rustwide/workdir" "-e" "CARGO_TARGET_DIR=/opt/rustwide/target" "-e" "CARGO_INCREMENTAL=0" "-e" "RUST_BACKTRACE=full" "-e" "RUSTFLAGS=--cap-lints=warn" "-e" "CARGO_HOME=/opt/rustwide/cargo-home" "-e" "RUSTUP_HOME=/opt/rustwide/rustup-home" "-w" "/opt/rustwide/workdir" "-m" "1610612736" "--user" "0:0" "--network" "none" "ghcr.io/rust-lang/crates-build-env/linux@sha256:34b6a614d2c27851fe6cbf88fbd1137609cefab8b10d0615aaeb6fd47975d74e" "/opt/rustwide/cargo-home/bin/cargo" "+1.54.0" "test" "--frozen" "--no-run" "--message-format=json", kill_on_drop: false }`
[INFO] [stdout] b9e359373b97057d1de525a17b4b9dc81e3eacc331df7697ae1ef6aab03029d7
[INFO] running `Command { std: "docker" "start" "-a" "b9e359373b97057d1de525a17b4b9dc81e3eacc331df7697ae1ef6aab03029d7", kill_on_drop: false }`
[INFO] [stderr]    Compiling configuro v0.1.0 (/opt/rustwide/workdir)
[INFO] [stdout] warning: unused import: `var`
[INFO] [stdout]   --> src/profiles.rs:18:41
[INFO] [stdout]    |
[INFO] [stdout] 18 |     use std::env::{remove_var, set_var, var};
[INFO] [stdout]    |                                         ^^^
[INFO] [stdout]    |
[INFO] [stdout]    = note: `#[warn(unused_imports)]` on by default
[INFO] [stdout] 
[INFO] [stdout] 
[INFO] [stdout] warning: 1 warning emitted
[INFO] [stdout] 
[INFO] [stdout] 
[INFO] [stderr]     Finished test [unoptimized + debuginfo] target(s) in 0.77s
[INFO] running `Command { std: "docker" "inspect" "b9e359373b97057d1de525a17b4b9dc81e3eacc331df7697ae1ef6aab03029d7", kill_on_drop: false }`
[INFO] running `Command { std: "docker" "rm" "-f" "b9e359373b97057d1de525a17b4b9dc81e3eacc331df7697ae1ef6aab03029d7", kill_on_drop: false }`
[INFO] [stdout] b9e359373b97057d1de525a17b4b9dc81e3eacc331df7697ae1ef6aab03029d7
[INFO] running `Command { std: "docker" "create" "-v" "/var/lib/crater-agent-workspace/builds/worker-31/target:/opt/rustwide/target:rw,Z" "-v" "/var/lib/crater-agent-workspace/builds/worker-31/source:/opt/rustwide/workdir:ro,Z" "-v" "/var/lib/crater-agent-workspace/cargo-home:/opt/rustwide/cargo-home:ro,Z" "-v" "/var/lib/crater-agent-workspace/rustup-home:/opt/rustwide/rustup-home:ro,Z" "-e" "SOURCE_DIR=/opt/rustwide/workdir" "-e" "CARGO_TARGET_DIR=/opt/rustwide/target" "-e" "CARGO_INCREMENTAL=0" "-e" "RUST_BACKTRACE=full" "-e" "RUSTFLAGS=--cap-lints=warn" "-e" "CARGO_HOME=/opt/rustwide/cargo-home" "-e" "RUSTUP_HOME=/opt/rustwide/rustup-home" "-w" "/opt/rustwide/workdir" "-m" "1610612736" "--user" "0:0" "--network" "none" "ghcr.io/rust-lang/crates-build-env/linux@sha256:34b6a614d2c27851fe6cbf88fbd1137609cefab8b10d0615aaeb6fd47975d74e" "/opt/rustwide/cargo-home/bin/cargo" "+1.54.0" "test" "--frozen", kill_on_drop: false }`
[INFO] [stdout] 143495e79f2e36de9aa50935440579306c760dc2b86169dc3f9cc7b9c30bb710
[INFO] running `Command { std: "docker" "start" "-a" "143495e79f2e36de9aa50935440579306c760dc2b86169dc3f9cc7b9c30bb710", kill_on_drop: false }`
[INFO] [stderr] warning: unused import: `var`
[INFO] [stderr]   --> src/profiles.rs:18:41
[INFO] [stderr]    |
[INFO] [stderr] 18 |     use std::env::{remove_var, set_var, var};
[INFO] [stderr]    |                                         ^^^
[INFO] [stderr]    |
[INFO] [stderr]    = note: `#[warn(unused_imports)]` on by default
[INFO] [stderr] 
[INFO] [stderr] warning: 1 warning emitted
[INFO] [stderr] 
[INFO] [stderr]     Finished test [unoptimized + debuginfo] target(s) in 0.02s
[INFO] [stderr]      Running unittests (/opt/rustwide/target/debug/deps/configuro-152f1e06176acd34)
[INFO] [stdout] 
[INFO] [stdout] running 4 tests
[INFO] [stdout] test profiles::tests::should_discover_multiple_profiles ... ok
[INFO] [stdout] test profiles::tests::should_discover_single_profile ... ok
[INFO] [stdout] test profiles::tests::should_return_default_when_no_env_var ... ok
[INFO] [stdout] test profiles::tests::should_return_empty_when_no_env_var ... ok
[INFO] [stdout] 
[INFO] [stdout] test result: ok. 4 passed; 0 failed; 0 ignored; 0 measured; 0 filtered out; finished in 0.00s
[INFO] [stdout] 
[INFO] [stderr]    Doc-tests configuro
[INFO] [stdout] 
[INFO] [stdout] running 2 tests
[INFO] [stdout] test src/lib.rs - read_yaml_config_from_files (line 34) ... FAILED
[INFO] [stdout] test src/config_provider.rs - config_provider::ConfigProvider::create_config (line 36) ... FAILED
[INFO] [stdout] 
[INFO] [stdout] failures:
[INFO] [stdout] 
[INFO] [stdout] ---- src/lib.rs - read_yaml_config_from_files (line 34) stdout ----
[INFO] [stdout] error[E0433]: failed to resolve: use of undeclared type `ReadConfigFilesCommand`
[INFO] [stdout]  --> src/lib.rs:36:6
[INFO] [stdout]   |
[INFO] [stdout] 5 |     &ReadConfigFilesCommand::new(&["profile1"], "config")
[INFO] [stdout]   |      ^^^^^^^^^^^^^^^^^^^^^^ not found in this scope
[INFO] [stdout]   |
[INFO] [stdout] help: consider importing this struct
[INFO] [stdout]   |
[INFO] [stdout] 3 | use configuro::ReadConfigFilesCommand;
[INFO] [stdout]   |
[INFO] [stdout] 
[INFO] [stdout] error: aborting due to previous error
[INFO] [stdout] 
[INFO] [stdout] For more information about this error, try `rustc --explain E0433`.
[INFO] [stdout] Couldn't compile the test.
[INFO] [stdout] ---- src/config_provider.rs - config_provider::ConfigProvider::create_config (line 36) stdout ----
[INFO] [stdout] error: expected one of `.`, `;`, `?`, `}`, or an operator, found `{`
[INFO] [stdout]  --> src/config_provider.rs:42:8
[INFO] [stdout]   |
[INFO] [stdout] 8 | main() {
[INFO] [stdout]   |        ^ expected one of `.`, `;`, `?`, `}`, or an operator
[INFO] [stdout] 
[INFO] [stdout] error: cannot find derive macro `Deserialize` in this scope
[INFO] [stdout]  --> src/config_provider.rs:37:17
[INFO] [stdout]   |
[INFO] [stdout] 3 | #[derive(Debug, Deserialize, PartialEq, Eq)]
[INFO] [stdout]   |                 ^^^^^^^^^^^
[INFO] [stdout] 
[INFO] [stdout] error: aborting due to 2 previous errors
[INFO] [stdout] 
[INFO] [stdout] Couldn't compile the test.
[INFO] [stdout] 
[INFO] [stdout] failures:
[INFO] [stdout]     src/config_provider.rs - config_provider::ConfigProvider::create_config (line 36)
[INFO] [stdout]     src/lib.rs - read_yaml_config_from_files (line 34)
[INFO] [stdout] 
[INFO] [stdout] test result: FAILED. 0 passed; 2 failed; 0 ignored; 0 measured; 0 filtered out; finished in 0.09s
[INFO] [stdout] 
[INFO] [stderr] error: test failed, to rerun pass '--doc'
[INFO] running `Command { std: "docker" "inspect" "143495e79f2e36de9aa50935440579306c760dc2b86169dc3f9cc7b9c30bb710", kill_on_drop: false }`
[INFO] running `Command { std: "docker" "rm" "-f" "143495e79f2e36de9aa50935440579306c760dc2b86169dc3f9cc7b9c30bb710", kill_on_drop: false }`
[INFO] [stdout] 143495e79f2e36de9aa50935440579306c760dc2b86169dc3f9cc7b9c30bb710
