[INFO] fetching crate comrak 0.11.0...
[INFO] testing comrak-0.11.0 against beta-2021-08-01 for beta-1.55-1
[INFO] extracting crate comrak 0.11.0 into /workspace/builds/worker-88/source
[INFO] validating manifest of crates.io crate comrak 0.11.0 on toolchain beta-2021-08-01
[INFO] running `Command { std: "/workspace/cargo-home/bin/cargo" "+beta-2021-08-01" "metadata" "--manifest-path" "Cargo.toml" "--no-deps", kill_on_drop: false }`
[INFO] started tweaking crates.io crate comrak 0.11.0
[INFO] finished tweaking crates.io crate comrak 0.11.0
[INFO] tweaked toml for crates.io crate comrak 0.11.0 written to /workspace/builds/worker-88/source/Cargo.toml
[INFO] crate crates.io crate comrak 0.11.0 already has a lockfile, it will not be regenerated
[INFO] running `Command { std: "/workspace/cargo-home/bin/cargo" "+beta-2021-08-01" "fetch" "--manifest-path" "Cargo.toml", kill_on_drop: false }`
[INFO] [stderr]     Blocking waiting for file lock on package cache
[INFO] [stderr]  Downloading crates ...
[INFO] [stderr]   Downloaded pulse v0.5.3
[INFO] [stderr]   Downloaded propfuzz-macro v0.0.1
[INFO] [stderr]   Downloaded propfuzz v0.0.1
[INFO] [stderr]   Downloaded timebomb v0.1.2
[INFO] running `Command { std: "docker" "create" "-v" "/var/lib/crater-agent-workspace/builds/worker-88/target:/opt/rustwide/target:rw,Z" "-v" "/var/lib/crater-agent-workspace/builds/worker-88/source:/opt/rustwide/workdir:ro,Z" "-v" "/var/lib/crater-agent-workspace/cargo-home:/opt/rustwide/cargo-home:ro,Z" "-v" "/var/lib/crater-agent-workspace/rustup-home:/opt/rustwide/rustup-home:ro,Z" "-e" "SOURCE_DIR=/opt/rustwide/workdir" "-e" "CARGO_TARGET_DIR=/opt/rustwide/target" "-e" "CARGO_HOME=/opt/rustwide/cargo-home" "-e" "RUSTUP_HOME=/opt/rustwide/rustup-home" "-w" "/opt/rustwide/workdir" "-m" "1610612736" "--user" "0:0" "--network" "none" "ghcr.io/rust-lang/crates-build-env/linux@sha256:34b6a614d2c27851fe6cbf88fbd1137609cefab8b10d0615aaeb6fd47975d74e" "/opt/rustwide/cargo-home/bin/cargo" "+beta-2021-08-01" "metadata" "--no-deps" "--format-version=1", kill_on_drop: false }`
[INFO] [stdout] 352369277bb4d4b62b89a094069e3bd41c2ea1f87ab47463cd9016b70e605fcf
[INFO] running `Command { std: "docker" "start" "-a" "352369277bb4d4b62b89a094069e3bd41c2ea1f87ab47463cd9016b70e605fcf", kill_on_drop: false }`
[INFO] running `Command { std: "docker" "inspect" "352369277bb4d4b62b89a094069e3bd41c2ea1f87ab47463cd9016b70e605fcf", kill_on_drop: false }`
[INFO] running `Command { std: "docker" "rm" "-f" "352369277bb4d4b62b89a094069e3bd41c2ea1f87ab47463cd9016b70e605fcf", kill_on_drop: false }`
[INFO] [stdout] 352369277bb4d4b62b89a094069e3bd41c2ea1f87ab47463cd9016b70e605fcf
[INFO] running `Command { std: "docker" "create" "-v" "/var/lib/crater-agent-workspace/builds/worker-88/target:/opt/rustwide/target:rw,Z" "-v" "/var/lib/crater-agent-workspace/builds/worker-88/source:/opt/rustwide/workdir:ro,Z" "-v" "/var/lib/crater-agent-workspace/cargo-home:/opt/rustwide/cargo-home:ro,Z" "-v" "/var/lib/crater-agent-workspace/rustup-home:/opt/rustwide/rustup-home:ro,Z" "-e" "SOURCE_DIR=/opt/rustwide/workdir" "-e" "CARGO_TARGET_DIR=/opt/rustwide/target" "-e" "CARGO_INCREMENTAL=0" "-e" "RUST_BACKTRACE=full" "-e" "RUSTFLAGS=--cap-lints=warn" "-e" "CARGO_HOME=/opt/rustwide/cargo-home" "-e" "RUSTUP_HOME=/opt/rustwide/rustup-home" "-w" "/opt/rustwide/workdir" "-m" "1610612736" "--user" "0:0" "--network" "none" "ghcr.io/rust-lang/crates-build-env/linux@sha256:34b6a614d2c27851fe6cbf88fbd1137609cefab8b10d0615aaeb6fd47975d74e" "/opt/rustwide/cargo-home/bin/cargo" "+beta-2021-08-01" "build" "--frozen" "--message-format=json", kill_on_drop: false }`
[INFO] [stdout] 8dc6c4083619164eb881753cc199a09188bc7708a6ad9d66497ee1b7b0fef7dc
[INFO] running `Command { std: "docker" "start" "-a" "8dc6c4083619164eb881753cc199a09188bc7708a6ad9d66497ee1b7b0fef7dc", kill_on_drop: false }`
[INFO] [stderr]    Compiling libc v0.2.81
[INFO] [stderr]    Compiling ucd-trie v0.1.3
[INFO] [stderr]    Compiling syn v1.0.54
[INFO] [stderr]    Compiling maplit v1.0.2
[INFO] [stderr]    Compiling regex-syntax v0.6.21
[INFO] [stderr]    Compiling unchecked-index v0.2.2
[INFO] [stderr]    Compiling shell-words v1.0.0
[INFO] [stderr]    Compiling typed-arena v1.7.0
[INFO] [stderr]    Compiling entities v1.0.1
[INFO] [stderr]    Compiling unicode_categories v0.1.1
[INFO] [stderr]    Compiling thread_local v1.0.1
[INFO] [stderr]    Compiling quote v1.0.7
[INFO] [stderr]    Compiling twoway v0.2.1
[INFO] [stderr]    Compiling pest v2.1.3
[INFO] [stderr]    Compiling atty v0.2.14
[INFO] [stderr]    Compiling pest_meta v2.1.3
[INFO] [stderr]    Compiling clap v2.33.3
[INFO] [stderr]    Compiling regex v1.4.2
[INFO] [stderr]    Compiling pest_generator v2.1.3
[INFO] [stderr]    Compiling pest_derive v2.1.0
[INFO] [stderr]    Compiling comrak v0.11.0 (/opt/rustwide/workdir)
[INFO] [stderr]     Finished dev [unoptimized + debuginfo] target(s) in 25.96s
[INFO] running `Command { std: "docker" "inspect" "8dc6c4083619164eb881753cc199a09188bc7708a6ad9d66497ee1b7b0fef7dc", kill_on_drop: false }`
[INFO] running `Command { std: "docker" "rm" "-f" "8dc6c4083619164eb881753cc199a09188bc7708a6ad9d66497ee1b7b0fef7dc", kill_on_drop: false }`
[INFO] [stdout] 8dc6c4083619164eb881753cc199a09188bc7708a6ad9d66497ee1b7b0fef7dc
[INFO] running `Command { std: "docker" "create" "-v" "/var/lib/crater-agent-workspace/builds/worker-88/target:/opt/rustwide/target:rw,Z" "-v" "/var/lib/crater-agent-workspace/builds/worker-88/source:/opt/rustwide/workdir:ro,Z" "-v" "/var/lib/crater-agent-workspace/cargo-home:/opt/rustwide/cargo-home:ro,Z" "-v" "/var/lib/crater-agent-workspace/rustup-home:/opt/rustwide/rustup-home:ro,Z" "-e" "SOURCE_DIR=/opt/rustwide/workdir" "-e" "CARGO_TARGET_DIR=/opt/rustwide/target" "-e" "CARGO_INCREMENTAL=0" "-e" "RUST_BACKTRACE=full" "-e" "RUSTFLAGS=--cap-lints=warn" "-e" "CARGO_HOME=/opt/rustwide/cargo-home" "-e" "RUSTUP_HOME=/opt/rustwide/rustup-home" "-w" "/opt/rustwide/workdir" "-m" "1610612736" "--user" "0:0" "--network" "none" "ghcr.io/rust-lang/crates-build-env/linux@sha256:34b6a614d2c27851fe6cbf88fbd1137609cefab8b10d0615aaeb6fd47975d74e" "/opt/rustwide/cargo-home/bin/cargo" "+beta-2021-08-01" "test" "--frozen" "--no-run" "--message-format=json", kill_on_drop: false }`
[INFO] [stdout] c957983b117fd376783c6e58cc1a8ccbd4e7a87980df5e272dd94ec8db16f4e4
[INFO] running `Command { std: "docker" "start" "-a" "c957983b117fd376783c6e58cc1a8ccbd4e7a87980df5e272dd94ec8db16f4e4", kill_on_drop: false }`
[INFO] [stderr]    Compiling remove_dir_all v0.5.3
[INFO] [stderr]    Compiling const_fn v0.4.4
[INFO] [stderr]    Compiling byteorder v1.3.4
[INFO] [stderr]    Compiling atom v0.3.6
[INFO] [stderr]    Compiling getrandom v0.2.2
[INFO] [stderr]    Compiling standback v0.2.13
[INFO] [stderr]    Compiling num-traits v0.2.14
[INFO] [stderr]    Compiling time v0.2.23
[INFO] [stderr]    Compiling getrandom v0.1.16
[INFO] [stderr]    Compiling wait-timeout v0.2.0
[INFO] [stderr]    Compiling time v0.1.44
[INFO] [stderr]    Compiling propfuzz-macro v0.0.1
[INFO] [stderr]    Compiling rand_core v0.5.1
[INFO] [stderr]    Compiling rand_core v0.6.2
[INFO] [stderr]    Compiling pulse v0.5.3
[INFO] [stderr]    Compiling rand_chacha v0.3.0
[INFO] [stderr]    Compiling rand_chacha v0.2.2
[INFO] [stderr]    Compiling rand_xorshift v0.2.0
[INFO] [stderr]    Compiling time-macros-impl v0.1.1
[INFO] [stderr]    Compiling rand v0.7.3
[INFO] [stderr]    Compiling rand v0.8.3
[INFO] [stderr]    Compiling tempfile v3.2.0
[INFO] [stderr]    Compiling rusty-fork v0.3.0
[INFO] [stderr]    Compiling time-macros v0.1.1
[INFO] [stderr]    Compiling proptest v0.10.1
[INFO] [stderr]    Compiling timebomb v0.1.2
[INFO] [stderr]    Compiling propfuzz v0.0.1
[INFO] [stderr]    Compiling comrak v0.11.0 (/opt/rustwide/workdir)
[INFO] [stderr]     Finished test [unoptimized + debuginfo] target(s) in 22.01s
[INFO] running `Command { std: "docker" "inspect" "c957983b117fd376783c6e58cc1a8ccbd4e7a87980df5e272dd94ec8db16f4e4", kill_on_drop: false }`
[INFO] running `Command { std: "docker" "rm" "-f" "c957983b117fd376783c6e58cc1a8ccbd4e7a87980df5e272dd94ec8db16f4e4", kill_on_drop: false }`
[INFO] [stdout] c957983b117fd376783c6e58cc1a8ccbd4e7a87980df5e272dd94ec8db16f4e4
[INFO] running `Command { std: "docker" "create" "-v" "/var/lib/crater-agent-workspace/builds/worker-88/target:/opt/rustwide/target:rw,Z" "-v" "/var/lib/crater-agent-workspace/builds/worker-88/source:/opt/rustwide/workdir:ro,Z" "-v" "/var/lib/crater-agent-workspace/cargo-home:/opt/rustwide/cargo-home:ro,Z" "-v" "/var/lib/crater-agent-workspace/rustup-home:/opt/rustwide/rustup-home:ro,Z" "-e" "SOURCE_DIR=/opt/rustwide/workdir" "-e" "CARGO_TARGET_DIR=/opt/rustwide/target" "-e" "CARGO_INCREMENTAL=0" "-e" "RUST_BACKTRACE=full" "-e" "RUSTFLAGS=--cap-lints=warn" "-e" "CARGO_HOME=/opt/rustwide/cargo-home" "-e" "RUSTUP_HOME=/opt/rustwide/rustup-home" "-w" "/opt/rustwide/workdir" "-m" "1610612736" "--user" "0:0" "--network" "none" "ghcr.io/rust-lang/crates-build-env/linux@sha256:34b6a614d2c27851fe6cbf88fbd1137609cefab8b10d0615aaeb6fd47975d74e" "/opt/rustwide/cargo-home/bin/cargo" "+beta-2021-08-01" "test" "--frozen", kill_on_drop: false }`
[INFO] [stdout] b81399bb0ffd3c7570a5afa620824f94519c2935ba8ad375ba413fc8b1f419a0
[INFO] running `Command { std: "docker" "start" "-a" "b81399bb0ffd3c7570a5afa620824f94519c2935ba8ad375ba413fc8b1f419a0", kill_on_drop: false }`
[INFO] [stderr]     Blocking waiting for file lock on package cache
[INFO] [stderr]     Finished test [unoptimized + debuginfo] target(s) in 0.08s
[INFO] [stderr]      Running unittests (/opt/rustwide/target/debug/deps/comrak-6e7f3a83f2cd4a6d)
[INFO] [stdout] 
[INFO] [stdout] running 61 tests
[INFO] [stdout] test arena_tree::it_works ... ok
[INFO] [stdout] test tests::autolink_scheme ... ok
[INFO] [stdout] test tests::autolink_no_link_bad ... ok
[INFO] [stdout] test tests::autolink_email ... ok
[INFO] [stdout] test tests::basic ... ok
[INFO] [stdout] test tests::autolink_scheme_multiline ... ok
[INFO] [stdout] test tests::backslashes ... ok
[INFO] [stdout] test tests::backticks_num ... ok
[INFO] [stdout] test tests::autolink_www ... ok
[INFO] [stdout] test tests::backticks ... ok
[INFO] [stdout] test tests::case_insensitive_safety ... ok
[INFO] [stdout] test tests::entities ... ok
[INFO] [stdout] test tests::cm_autolink_regression ... ok
[INFO] [stdout] test tests::codefence ... ok
[INFO] [stdout] test tests::description_lists ... ok
[INFO] [stdout] test tests::html_block_1 ... ok
[INFO] [stdout] test tests::footnote_does_not_eat_exclamation ... ok
[INFO] [stdout] test tests::footnotes ... ok
[INFO] [stdout] test tests::html_block_3 ... ok
[INFO] [stdout] test tests::html_block_2 ... ok
[INFO] [stdout] test tests::footnote_in_table ... ok
[INFO] [stdout] test tests::html_block_4 ... ok
[INFO] [stdout] test tests::html_block_5 ... ok
[INFO] [stdout] test tests::html_block_6 ... ok
[INFO] [stdout] test tests::images ... ok
[INFO] [stdout] test tests::html_block_7 ... ok
[INFO] [stdout] test tests::link_backslash_requires_punct ... ok
[INFO] [stdout] test tests::link_entity_regression ... ok
[INFO] [stdout] test tests::no_panic_on_empty_bookended_atx_headers ... ok
[INFO] [stdout] test tests::lists ... ok
[INFO] [stdout] test tests::links ... ok
[INFO] [stdout] test tests::nested_tables_3 ... ok
[INFO] [stdout] test tests::nested_tables_1 ... ok
[INFO] [stdout] test tests::nested_tables_2 ... ok
[INFO] [stdout] test tests::nul_replacement_2 ... ok
[INFO] [stdout] test tests::nul_replacement_1 ... ok
[INFO] [stdout] test tests::nul_replacement_4 ... ok
[INFO] [stdout] test tests::nul_replacement_3 ... ok
[INFO] [stdout] test tests::nul_replacement_5 ... ok
[INFO] [stdout] test tests::reference_links ... ok
[INFO] [stdout] test tests::setext_heading ... ok
[INFO] [stdout] test tests::regression_back_to_back_ranges ... ok
[INFO] [stdout] test tests::table_misparse_1 ... ok
[INFO] [stdout] test tests::smart_chars ... ok
[INFO] [stdout] test tests::superscript ... ok
[INFO] [stdout] test tests::table_misparse_2 ... ok
[INFO] [stdout] test tests::strikethrough ... ok
[INFO] [stdout] test tests::pointy_brace ... ok
[INFO] [stdout] test tests::table ... ok
[INFO] [stdout] test tests::tagfilter ... ok
[INFO] [stdout] test tests::safety ... ok
[INFO] [stdout] test tests::thematic_breaks ... ok
[INFO] [stdout] test tests::table_regression ... ok
[INFO] [stdout] test tests::tasklist_32 ... ok
[INFO] [stdout] test tests::tasklist ... ok
[INFO] [stdout] test tests::exercise_full_api ... ok
[INFO] [stdout] test tests::header_ids ... ok
[INFO] [stdout] test tests::fuzz_doesnt_crash ... ok
[INFO] [stdout] test tests::no_stack_smash_html ... ok
[INFO] [stdout] test tests::no_stack_smash_cm ... ok
[INFO] [stderr]      Running unittests (/opt/rustwide/target/debug/deps/comrak-e6c70fb00c4d0efe)
[INFO] [stdout] test tests::pathological_emphases ... ok
[INFO] [stderr]    Doc-tests comrak
[INFO] [stdout] 
[INFO] [stdout] test result: ok. 61 passed; 0 failed; 0 ignored; 0 measured; 0 filtered out; finished in 2.51s
[INFO] [stdout] 
[INFO] [stdout] 
[INFO] [stdout] running 0 tests
[INFO] [stdout] 
[INFO] [stdout] test result: ok. 0 passed; 0 failed; 0 ignored; 0 measured; 0 filtered out; finished in 0.00s
[INFO] [stdout] 
[INFO] [stdout] 
[INFO] [stdout] running 24 tests
[INFO] [stdout] test src/nodes.rs - nodes::AstNode (line 394) - compile ... ok
[INFO] [stdout] test src/parser/mod.rs - parser::ComrakExtensionOptions::front_matter_delimiter (line 296) ... FAILED
[INFO] [stdout] test src/parser/mod.rs - parser::parse_document_with_broken_link_callback (line 53) ... FAILED
[INFO] [stdout] test src/parser/mod.rs - parser::ComrakRenderOptions::width (line 377) ... FAILED
[INFO] [stdout] test src/parser/mod.rs - parser::ComrakExtensionOptions::front_matter_delimiter (line 287) ... FAILED
[INFO] [stdout] test src/parser/mod.rs - parser::ComrakExtensionOptions::header_ids (line 221) ... FAILED
[INFO] [stdout] test src/parser/mod.rs - parser::ComrakExtensionOptions::superscript (line 210) ... FAILED
[INFO] [stdout] test src/parser/mod.rs - parser::ComrakExtensionOptions::autolink (line 181) ... FAILED
[INFO] [stdout] test src/parser/mod.rs - parser::ComrakExtensionOptions::description_lists (line 261) ... FAILED
[INFO] [stdout] test src/parser/mod.rs - parser::ComrakParseOptions::smart (line 316) ... FAILED
[INFO] [stdout] test src/parser/mod.rs - parser::ComrakRenderOptions::escape (line 425) ... FAILED
[INFO] [stdout] test src/parser/mod.rs - parser::ComrakExtensionOptions::strikethrough (line 142) ... FAILED
[INFO] [stdout] test src/parser/mod.rs - parser::ComrakExtensionOptions::table (line 168) ... FAILED
[INFO] [stdout] test src/parser/mod.rs - parser::ComrakExtensionOptions::tagfilter (line 155) ... FAILED
[INFO] [stdout] test src/parser/mod.rs - parser::ComrakRenderOptions::github_pre_lang (line 363) ... FAILED
[INFO] [stdout] test src/html.rs - html::Anchorizer::anchorize (line 81) ... FAILED
[INFO] [stdout] test src/parser/mod.rs - parser::ComrakParseOptions::default_info_string (line 330) ... FAILED
[INFO] [stdout] test src/lib.rs - (line 18) ... FAILED
[INFO] [stdout] test src/parser/mod.rs - parser::ComrakRenderOptions::hardbreaks (line 349) ... FAILED
[INFO] [stdout] test src/parser/mod.rs - parser::ComrakRenderOptions::unsafe_ (line 401) ... FAILED
[INFO] [stdout] test src/parser/mod.rs - parser::ComrakExtensionOptions::footnotes (line 235) ... FAILED
[INFO] [stdout] test src/html.rs - html::Anchorizer (line 57) ... FAILED
[INFO] [stdout] test src/parser/mod.rs - parser::ComrakExtensionOptions::tasklist (line 197) ... FAILED
[INFO] [stdout] test src/lib.rs - (line 9) ... FAILED
[INFO] [stdout] 
[INFO] [stdout] failures:
[INFO] [stdout] 
[INFO] [stdout] ---- src/parser/mod.rs - parser::ComrakExtensionOptions::front_matter_delimiter (line 296) stdout ----
[INFO] [stdout] Couldn't compile the test.
[INFO] [stdout] ---- src/parser/mod.rs - parser::parse_document_with_broken_link_callback (line 53) stdout ----
[INFO] [stdout] Couldn't compile the test.
[INFO] [stdout] ---- src/parser/mod.rs - parser::ComrakRenderOptions::width (line 377) stdout ----
[INFO] [stdout] Couldn't compile the test.
[INFO] [stdout] ---- src/parser/mod.rs - parser::ComrakExtensionOptions::front_matter_delimiter (line 287) stdout ----
[INFO] [stdout] Couldn't compile the test.
[INFO] [stdout] ---- src/parser/mod.rs - parser::ComrakExtensionOptions::header_ids (line 221) stdout ----
[INFO] [stdout] Couldn't compile the test.
[INFO] [stdout] ---- src/parser/mod.rs - parser::ComrakExtensionOptions::superscript (line 210) stdout ----
[INFO] [stdout] Couldn't compile the test.
[INFO] [stdout] ---- src/parser/mod.rs - parser::ComrakExtensionOptions::autolink (line 181) stdout ----
[INFO] [stdout] Couldn't compile the test.
[INFO] [stdout] ---- src/parser/mod.rs - parser::ComrakExtensionOptions::description_lists (line 261) stdout ----
[INFO] [stdout] Couldn't compile the test.
[INFO] [stdout] ---- src/parser/mod.rs - parser::ComrakParseOptions::smart (line 316) stdout ----
[INFO] [stdout] Couldn't compile the test.
[INFO] [stdout] ---- src/parser/mod.rs - parser::ComrakRenderOptions::escape (line 425) stdout ----
[INFO] [stdout] Couldn't compile the test.
[INFO] [stdout] ---- src/parser/mod.rs - parser::ComrakExtensionOptions::strikethrough (line 142) stdout ----
[INFO] [stdout] Couldn't compile the test.
[INFO] [stdout] ---- src/parser/mod.rs - parser::ComrakExtensionOptions::table (line 168) stdout ----
[INFO] [stdout] Couldn't compile the test.
[INFO] [stdout] ---- src/parser/mod.rs - parser::ComrakExtensionOptions::tagfilter (line 155) stdout ----
[INFO] [stdout] Couldn't compile the test.
[INFO] [stdout] ---- src/parser/mod.rs - parser::ComrakRenderOptions::github_pre_lang (line 363) stdout ----
[INFO] [stdout] Couldn't compile the test.
[INFO] [stdout] ---- src/html.rs - html::Anchorizer::anchorize (line 81) stdout ----
[INFO] [stdout] Couldn't compile the test.
[INFO] [stdout] ---- src/parser/mod.rs - parser::ComrakParseOptions::default_info_string (line 330) stdout ----
[INFO] [stdout] Couldn't compile the test.
[INFO] [stdout] ---- src/lib.rs - (line 18) stdout ----
[INFO] [stdout] Couldn't compile the test.
[INFO] [stdout] ---- src/parser/mod.rs - parser::ComrakRenderOptions::hardbreaks (line 349) stdout ----
[INFO] [stdout] Couldn't compile the test.
[INFO] [stdout] ---- src/parser/mod.rs - parser::ComrakRenderOptions::unsafe_ (line 401) stdout ----
[INFO] [stdout] Couldn't compile the test.
[INFO] [stdout] ---- src/parser/mod.rs - parser::ComrakExtensionOptions::footnotes (line 235) stdout ----
[INFO] [stdout] Couldn't compile the test.
[INFO] [stdout] ---- src/html.rs - html::Anchorizer (line 57) stdout ----
[INFO] [stdout] Couldn't compile the test.
[INFO] [stdout] ---- src/parser/mod.rs - parser::ComrakExtensionOptions::tasklist (line 197) stdout ----
[INFO] [stdout] Couldn't compile the test.
[INFO] [stdout] ---- src/lib.rs - (line 9) stdout ----
[INFO] [stdout] Couldn't compile the test.
[INFO] [stdout] 
[INFO] [stdout] failures:
[INFO] [stdout]     src/html.rs - html::Anchorizer (line 57)
[INFO] [stdout]     src/html.rs - html::Anchorizer::anchorize (line 81)
[INFO] [stdout]     src/lib.rs - (line 18)
[INFO] [stdout]     src/lib.rs - (line 9)
[INFO] [stdout]     src/parser/mod.rs - parser::ComrakExtensionOptions::autolink (line 181)
[INFO] [stdout]     src/parser/mod.rs - parser::ComrakExtensionOptions::description_lists (line 261)
[INFO] [stdout]     src/parser/mod.rs - parser::ComrakExtensionOptions::footnotes (line 235)
[INFO] [stdout]     src/parser/mod.rs - parser::ComrakExtensionOptions::front_matter_delimiter (line 287)
[INFO] [stdout]     src/parser/mod.rs - parser::ComrakExtensionOptions::front_matter_delimiter (line 296)
[INFO] [stdout]     src/parser/mod.rs - parser::ComrakExtensionOptions::header_ids (line 221)
[INFO] [stdout]     src/parser/mod.rs - parser::ComrakExtensionOptions::strikethrough (line 142)
[INFO] [stdout]     src/parser/mod.rs - parser::ComrakExtensionOptions::superscript (line 210)
[INFO] [stdout]     src/parser/mod.rs - parser::ComrakExtensionOptions::table (line 168)
[INFO] [stdout]     src/parser/mod.rs - parser::ComrakExtensionOptions::tagfilter (line 155)
[INFO] [stdout]     src/parser/mod.rs - parser::ComrakExtensionOptions::tasklist (line 197)
[INFO] [stdout]     src/parser/mod.rs - parser::ComrakParseOptions::default_info_string (line 330)
[INFO] [stdout]     src/parser/mod.rs - parser::ComrakParseOptions::smart (line 316)
[INFO] [stdout]     src/parser/mod.rs - parser::ComrakRenderOptions::escape (line 425)
[INFO] [stdout]     src/parser/mod.rs - parser::ComrakRenderOptions::github_pre_lang (line 363)
[INFO] [stdout]     src/parser/mod.rs - parser::ComrakRenderOptions::hardbreaks (line 349)
[INFO] [stdout]     src/parser/mod.rs - parser::ComrakRenderOptions::unsafe_ (line 401)
[INFO] [stdout]     src/parser/mod.rs - parser::ComrakRenderOptions::width (line 377)
[INFO] [stdout]     src/parser/mod.rs - parser::parse_document_with_broken_link_callback (line 53)
[INFO] [stdout] 
[INFO] [stdout] test result: FAILED. 1 passed; 23 failed; 0 ignored; 0 measured; 0 filtered out; finished in 1.32s
[INFO] [stdout] 
[INFO] [stderr] error: test failed, to rerun pass '--doc'
[INFO] running `Command { std: "docker" "inspect" "b81399bb0ffd3c7570a5afa620824f94519c2935ba8ad375ba413fc8b1f419a0", kill_on_drop: false }`
[INFO] running `Command { std: "docker" "rm" "-f" "b81399bb0ffd3c7570a5afa620824f94519c2935ba8ad375ba413fc8b1f419a0", kill_on_drop: false }`
[INFO] [stdout] b81399bb0ffd3c7570a5afa620824f94519c2935ba8ad375ba413fc8b1f419a0
