[INFO] fetching crate component_group 3.0.0...
[INFO] testing component_group-3.0.0 against 1.54.0 for beta-1.55-1
[INFO] extracting crate component_group 3.0.0 into /workspace/builds/worker-33/source
[INFO] validating manifest of crates.io crate component_group 3.0.0 on toolchain 1.54.0
[INFO] running `Command { std: "/workspace/cargo-home/bin/cargo" "+1.54.0" "metadata" "--manifest-path" "Cargo.toml" "--no-deps", kill_on_drop: false }`
[INFO] started tweaking crates.io crate component_group 3.0.0
[INFO] finished tweaking crates.io crate component_group 3.0.0
[INFO] tweaked toml for crates.io crate component_group 3.0.0 written to /workspace/builds/worker-33/source/Cargo.toml
[INFO] running `Command { std: "/workspace/cargo-home/bin/cargo" "+1.54.0" "generate-lockfile" "--manifest-path" "Cargo.toml" "-Zno-index-update", kill_on_drop: false }`
[INFO] [stderr]     Blocking waiting for file lock on package cache
[INFO] running `Command { std: "/workspace/cargo-home/bin/cargo" "+1.54.0" "fetch" "--manifest-path" "Cargo.toml", kill_on_drop: false }`
[INFO] [stderr]     Blocking waiting for file lock on package cache
[INFO] [stderr]     Blocking waiting for file lock on package cache
[INFO] running `Command { std: "docker" "create" "-v" "/var/lib/crater-agent-workspace/builds/worker-33/target:/opt/rustwide/target:rw,Z" "-v" "/var/lib/crater-agent-workspace/builds/worker-33/source:/opt/rustwide/workdir:ro,Z" "-v" "/var/lib/crater-agent-workspace/cargo-home:/opt/rustwide/cargo-home:ro,Z" "-v" "/var/lib/crater-agent-workspace/rustup-home:/opt/rustwide/rustup-home:ro,Z" "-e" "SOURCE_DIR=/opt/rustwide/workdir" "-e" "CARGO_TARGET_DIR=/opt/rustwide/target" "-e" "CARGO_HOME=/opt/rustwide/cargo-home" "-e" "RUSTUP_HOME=/opt/rustwide/rustup-home" "-w" "/opt/rustwide/workdir" "-m" "1610612736" "--user" "0:0" "--network" "none" "ghcr.io/rust-lang/crates-build-env/linux@sha256:34b6a614d2c27851fe6cbf88fbd1137609cefab8b10d0615aaeb6fd47975d74e" "/opt/rustwide/cargo-home/bin/cargo" "+1.54.0" "metadata" "--no-deps" "--format-version=1", kill_on_drop: false }`
[INFO] [stdout] d00d0f88b1375637be05c4ef7cdb350a976baf060eee004c3ba44846fd6ac525
[INFO] running `Command { std: "docker" "start" "-a" "d00d0f88b1375637be05c4ef7cdb350a976baf060eee004c3ba44846fd6ac525", kill_on_drop: false }`
[INFO] running `Command { std: "docker" "inspect" "d00d0f88b1375637be05c4ef7cdb350a976baf060eee004c3ba44846fd6ac525", kill_on_drop: false }`
[INFO] running `Command { std: "docker" "rm" "-f" "d00d0f88b1375637be05c4ef7cdb350a976baf060eee004c3ba44846fd6ac525", kill_on_drop: false }`
[INFO] [stdout] d00d0f88b1375637be05c4ef7cdb350a976baf060eee004c3ba44846fd6ac525
[INFO] running `Command { std: "docker" "create" "-v" "/var/lib/crater-agent-workspace/builds/worker-33/target:/opt/rustwide/target:rw,Z" "-v" "/var/lib/crater-agent-workspace/builds/worker-33/source:/opt/rustwide/workdir:ro,Z" "-v" "/var/lib/crater-agent-workspace/cargo-home:/opt/rustwide/cargo-home:ro,Z" "-v" "/var/lib/crater-agent-workspace/rustup-home:/opt/rustwide/rustup-home:ro,Z" "-e" "SOURCE_DIR=/opt/rustwide/workdir" "-e" "CARGO_TARGET_DIR=/opt/rustwide/target" "-e" "CARGO_INCREMENTAL=0" "-e" "RUST_BACKTRACE=full" "-e" "RUSTFLAGS=--cap-lints=warn" "-e" "CARGO_HOME=/opt/rustwide/cargo-home" "-e" "RUSTUP_HOME=/opt/rustwide/rustup-home" "-w" "/opt/rustwide/workdir" "-m" "1610612736" "--user" "0:0" "--network" "none" "ghcr.io/rust-lang/crates-build-env/linux@sha256:34b6a614d2c27851fe6cbf88fbd1137609cefab8b10d0615aaeb6fd47975d74e" "/opt/rustwide/cargo-home/bin/cargo" "+1.54.0" "build" "--frozen" "--message-format=json", kill_on_drop: false }`
[INFO] [stdout] cfbc82b93844ad9291ed70f2c9e1022e37210b221aee29bbb21e8f16d0a15e6c
[INFO] running `Command { std: "docker" "start" "-a" "cfbc82b93844ad9291ed70f2c9e1022e37210b221aee29bbb21e8f16d0a15e6c", kill_on_drop: false }`
[INFO] [stderr]    Compiling crossbeam-utils v0.8.5
[INFO] [stderr]    Compiling crossbeam-epoch v0.9.5
[INFO] [stderr]    Compiling rayon-core v1.9.1
[INFO] [stderr]    Compiling scopeguard v1.1.0
[INFO] [stderr]    Compiling memchr v2.4.0
[INFO] [stderr]    Compiling maybe-uninit v2.0.0
[INFO] [stderr]    Compiling syn v1.0.74
[INFO] [stderr]    Compiling ahash v0.3.8
[INFO] [stderr]    Compiling mopa v0.2.2
[INFO] [stderr]    Compiling arrayvec v0.5.2
[INFO] [stderr]    Compiling atom v0.3.6
[INFO] [stderr]    Compiling shrev v1.1.1
[INFO] [stderr]    Compiling tuple_utils v0.3.0
[INFO] [stderr]    Compiling memoffset v0.6.4
[INFO] [stderr]    Compiling rayon v1.5.1
[INFO] [stderr]    Compiling hashbrown v0.7.2
[INFO] [stderr]    Compiling crossbeam-utils v0.7.2
[INFO] [stderr]    Compiling nom v5.1.2
[INFO] [stderr]    Compiling crossbeam-channel v0.5.1
[INFO] [stderr]    Compiling crossbeam-deque v0.8.1
[INFO] [stderr]    Compiling crossbeam-queue v0.2.3
[INFO] [stderr]    Compiling tynm v0.1.6
[INFO] [stderr]    Compiling component_group_derive v3.0.0
[INFO] [stderr]    Compiling hibitset v0.6.3
[INFO] [stderr]    Compiling shred v0.10.2
[INFO] [stderr]    Compiling specs v0.16.1
[INFO] [stderr]    Compiling component_group v3.0.0 (/opt/rustwide/workdir)
[INFO] [stderr]     Finished dev [unoptimized + debuginfo] target(s) in 8.56s
[INFO] running `Command { std: "docker" "inspect" "cfbc82b93844ad9291ed70f2c9e1022e37210b221aee29bbb21e8f16d0a15e6c", kill_on_drop: false }`
[INFO] running `Command { std: "docker" "rm" "-f" "cfbc82b93844ad9291ed70f2c9e1022e37210b221aee29bbb21e8f16d0a15e6c", kill_on_drop: false }`
[INFO] [stdout] cfbc82b93844ad9291ed70f2c9e1022e37210b221aee29bbb21e8f16d0a15e6c
[INFO] running `Command { std: "docker" "create" "-v" "/var/lib/crater-agent-workspace/builds/worker-33/target:/opt/rustwide/target:rw,Z" "-v" "/var/lib/crater-agent-workspace/builds/worker-33/source:/opt/rustwide/workdir:ro,Z" "-v" "/var/lib/crater-agent-workspace/cargo-home:/opt/rustwide/cargo-home:ro,Z" "-v" "/var/lib/crater-agent-workspace/rustup-home:/opt/rustwide/rustup-home:ro,Z" "-e" "SOURCE_DIR=/opt/rustwide/workdir" "-e" "CARGO_TARGET_DIR=/opt/rustwide/target" "-e" "CARGO_INCREMENTAL=0" "-e" "RUST_BACKTRACE=full" "-e" "RUSTFLAGS=--cap-lints=warn" "-e" "CARGO_HOME=/opt/rustwide/cargo-home" "-e" "RUSTUP_HOME=/opt/rustwide/rustup-home" "-w" "/opt/rustwide/workdir" "-m" "1610612736" "--user" "0:0" "--network" "none" "ghcr.io/rust-lang/crates-build-env/linux@sha256:34b6a614d2c27851fe6cbf88fbd1137609cefab8b10d0615aaeb6fd47975d74e" "/opt/rustwide/cargo-home/bin/cargo" "+1.54.0" "test" "--frozen" "--no-run" "--message-format=json", kill_on_drop: false }`
[INFO] [stdout] 788cef89686a6edcba7d19559f1c196dadff0182b66fe7602af890cfb0a213cf
[INFO] running `Command { std: "docker" "start" "-a" "788cef89686a6edcba7d19559f1c196dadff0182b66fe7602af890cfb0a213cf", kill_on_drop: false }`
[INFO] [stderr]     Blocking waiting for file lock on package cache
[INFO] [stderr]     Blocking waiting for file lock on package cache
[INFO] [stderr]    Compiling serde_derive v1.0.127
[INFO] [stderr]    Compiling ryu v1.0.5
[INFO] [stderr]    Compiling serde v1.0.127
[INFO] [stderr]    Compiling serde_json v1.0.66
[INFO] [stderr]    Compiling itoa v0.4.7
[INFO] [stderr]    Compiling compiletest_rs v0.5.0
[INFO] [stderr]    Compiling regex-syntax v0.6.25
[INFO] [stderr]    Compiling diff v0.1.12
[INFO] [stderr]    Compiling dirs-sys v0.3.6
[INFO] [stderr]    Compiling filetime v0.2.14
[INFO] [stderr]    Compiling aho-corasick v0.7.18
[INFO] [stderr]    Compiling specs-derive v0.4.1
[INFO] [stderr]    Compiling dirs v2.0.2
[INFO] [stderr]    Compiling term v0.6.1
[INFO] [stderr]    Compiling tester v0.7.0
[INFO] [stderr]    Compiling regex v1.5.4
[INFO] [stderr]    Compiling rustfix v0.5.1
[INFO] [stderr]    Compiling component_group v3.0.0 (/opt/rustwide/workdir)
[INFO] [stderr]     Finished test [unoptimized + debuginfo] target(s) in 20.64s
[INFO] running `Command { std: "docker" "inspect" "788cef89686a6edcba7d19559f1c196dadff0182b66fe7602af890cfb0a213cf", kill_on_drop: false }`
[INFO] running `Command { std: "docker" "rm" "-f" "788cef89686a6edcba7d19559f1c196dadff0182b66fe7602af890cfb0a213cf", kill_on_drop: false }`
[INFO] [stdout] 788cef89686a6edcba7d19559f1c196dadff0182b66fe7602af890cfb0a213cf
[INFO] running `Command { std: "docker" "create" "-v" "/var/lib/crater-agent-workspace/builds/worker-33/target:/opt/rustwide/target:rw,Z" "-v" "/var/lib/crater-agent-workspace/builds/worker-33/source:/opt/rustwide/workdir:ro,Z" "-v" "/var/lib/crater-agent-workspace/cargo-home:/opt/rustwide/cargo-home:ro,Z" "-v" "/var/lib/crater-agent-workspace/rustup-home:/opt/rustwide/rustup-home:ro,Z" "-e" "SOURCE_DIR=/opt/rustwide/workdir" "-e" "CARGO_TARGET_DIR=/opt/rustwide/target" "-e" "CARGO_INCREMENTAL=0" "-e" "RUST_BACKTRACE=full" "-e" "RUSTFLAGS=--cap-lints=warn" "-e" "CARGO_HOME=/opt/rustwide/cargo-home" "-e" "RUSTUP_HOME=/opt/rustwide/rustup-home" "-w" "/opt/rustwide/workdir" "-m" "1610612736" "--user" "0:0" "--network" "none" "ghcr.io/rust-lang/crates-build-env/linux@sha256:34b6a614d2c27851fe6cbf88fbd1137609cefab8b10d0615aaeb6fd47975d74e" "/opt/rustwide/cargo-home/bin/cargo" "+1.54.0" "test" "--frozen", kill_on_drop: false }`
[INFO] [stdout] 426e084e1d6ecf8edc2016251d01ec5480ab3cfac7ab337b271777b643836ee1
[INFO] running `Command { std: "docker" "start" "-a" "426e084e1d6ecf8edc2016251d01ec5480ab3cfac7ab337b271777b643836ee1", kill_on_drop: false }`
[INFO] [stderr]     Finished test [unoptimized + debuginfo] target(s) in 0.10s
[INFO] [stderr]      Running unittests (/opt/rustwide/target/debug/deps/component_group-aa56c894f253b264)
[INFO] [stdout] 
[INFO] [stdout] running 0 tests
[INFO] [stdout] 
[INFO] [stdout] test result: ok. 0 passed; 0 failed; 0 ignored; 0 measured; 0 filtered out; finished in 0.00s
[INFO] [stdout] 
[INFO] [stderr]      Running tests/compile_test.rs (/opt/rustwide/target/debug/deps/compile_test-bd288683bcbe4aee)
[INFO] [stdout] 
[INFO] [stdout] running 1 test
[INFO] [stdout] 
[INFO] [stdout] running 4 tests
[INFO] [stdout] test [compile-fail] compile-fail/unsupported_types.rs ... ok
[INFO] [stdout] test [compile-fail] compile-fail/generics2.rs ... ok
[INFO] [stdout] test [compile-fail] compile-fail/generics1.rs ... FAILED
[INFO] [stdout] test [compile-fail] compile-fail/traits_not_impled.rs ... FAILED
[INFO] [stdout] 
[INFO] [stdout] failures:
[INFO] [stdout] 
[INFO] [stdout] failures:
[INFO] [stdout]     [compile-fail] compile-fail/generics1.rs
[INFO] [stdout]     [compile-fail] compile-fail/traits_not_impled.rs
[INFO] [stdout] 
[INFO] [stdout] test result: FAILED. 2 passed; 2 failed; 0 ignored; 0 measured; 0 filtered out
[INFO] [stdout] 
[INFO] [stdout] test compile_test ... FAILED
[INFO] [stdout] 
[INFO] [stdout] failures:
[INFO] [stdout] 
[INFO] [stdout] ---- compile_test stdout ----
[INFO] [stdout] 
[INFO] [stdout] error: tests/compile-fail/generics1.rs:17: unexpected error: '17:10: 17:24: the method `join` exists for tuple `(&specs::Read<'_, EntitiesRes>, &Storage<'_, Position, Fetch<'_, MaskedStorage<Position>>>, &Storage<'_, T, Fetch<'_, MaskedStorage<T>>>, &Storage<'_, U, Fetch<'_, MaskedStorage<U>>>)`, but its trait bounds were not satisfied [E0599]'
[INFO] [stdout] 
[INFO] [stdout] error: tests/compile-fail/generics1.rs:17: unexpected error: '17:10: 17:24: the method `get` exists for struct `Storage<'_, T, Fetch<'_, MaskedStorage<T>>>`, but its trait bounds were not satisfied [E0599]'
[INFO] [stdout] 
[INFO] [stdout] error: tests/compile-fail/generics1.rs:17: unexpected error: '17:10: 17:24: the method `get` exists for struct `Storage<'_, U, Fetch<'_, MaskedStorage<U>>>`, but its trait bounds were not satisfied [E0599]'
[INFO] [stdout] 
[INFO] [stdout] error: tests/compile-fail/generics1.rs:17: unexpected error: '17:10: 17:24: the method `insert` exists for struct `Storage<'_, T, FetchMut<'_, MaskedStorage<T>>>`, but its trait bounds were not satisfied [E0599]'
[INFO] [stdout] 
[INFO] [stdout] error: tests/compile-fail/generics1.rs:17: unexpected error: '17:10: 17:24: the method `insert` exists for struct `Storage<'_, U, FetchMut<'_, MaskedStorage<U>>>`, but its trait bounds were not satisfied [E0599]'
[INFO] [stdout] 
[INFO] [stdout] error: tests/compile-fail/generics1.rs:17: unexpected error: '17:10: 17:24: the method `remove` exists for struct `Storage<'_, T, FetchMut<'_, MaskedStorage<T>>>`, but its trait bounds were not satisfied [E0599]'
[INFO] [stdout] 
[INFO] [stdout] error: tests/compile-fail/generics1.rs:17: unexpected error: '17:10: 17:24: the method `remove` exists for struct `Storage<'_, U, FetchMut<'_, MaskedStorage<U>>>`, but its trait bounds were not satisfied [E0599]'
[INFO] [stdout] 
[INFO] [stdout] error: tests/compile-fail/generics1.rs:17: expected error not found: no method named `join` found for
[INFO] [stdout] 
[INFO] [stdout] error: tests/compile-fail/generics1.rs:17: expected error not found: no method named `get` found for
[INFO] [stdout] 
[INFO] [stdout] error: tests/compile-fail/generics1.rs:17: expected error not found: no method named `get` found for
[INFO] [stdout] 
[INFO] [stdout] error: tests/compile-fail/generics1.rs:17: expected error not found: no method named `insert` found for
[INFO] [stdout] 
[INFO] [stdout] error: tests/compile-fail/generics1.rs:17: expected error not found: no method named `insert` found for
[INFO] [stdout] 
[INFO] [stdout] error: tests/compile-fail/generics1.rs:17: expected error not found: no method named `remove` found for
[INFO] [stdout] 
[INFO] [stdout] error: tests/compile-fail/generics1.rs:17: expected error not found: no method named `remove` found for
[INFO] [stdout] 
[INFO] [stdout] error: 7 unexpected errors found, 7 expected errors not found
[INFO] [stdout] status: exit status: 1
[INFO] [stdout] command: "rustc" "tests/compile-fail/generics1.rs" "-L" "/tmp" "--target=x86_64-unknown-linux-gnu" "--error-format" "json" "-C" "prefer-dynamic" "-o" "/tmp/generics1.stage-id" "-A" "unused" "-L" "/opt/rustwide/target/debug/deps" "-L" "/opt/rustwide/target/debug" "-L" "/opt/rustwide/rustup-home/toolchains/1.54.0-x86_64-unknown-linux-gnu/lib/rustlib/x86_64-unknown-linux-gnu/lib" "-L" "/opt/rustwide/rustup-home/toolchains/1.54.0-x86_64-unknown-linux-gnu/lib" "-L" "/tmp/generics1.stage-id.aux"
[INFO] [stdout] unexpected errors (from JSON output): [
[INFO] [stdout]     Error {
[INFO] [stdout]         line_num: 17,
[INFO] [stdout]         kind: Some(
[INFO] [stdout]             Error,
[INFO] [stdout]         ),
[INFO] [stdout]         msg: "17:10: 17:24: the method `join` exists for tuple `(&specs::Read<'_, EntitiesRes>, &Storage<'_, Position, Fetch<'_, MaskedStorage<Position>>>, &Storage<'_, T, Fetch<'_, MaskedStorage<T>>>, &Storage<'_, U, Fetch<'_, MaskedStorage<U>>>)`, but its trait bounds were not satisfied [E0599]",
[INFO] [stdout]     },
[INFO] [stdout]     Error {
[INFO] [stdout]         line_num: 17,
[INFO] [stdout]         kind: Some(
[INFO] [stdout]             Error,
[INFO] [stdout]         ),
[INFO] [stdout]         msg: "17:10: 17:24: the method `get` exists for struct `Storage<'_, T, Fetch<'_, MaskedStorage<T>>>`, but its trait bounds were not satisfied [E0599]",
[INFO] [stdout]     },
[INFO] [stdout]     Error {
[INFO] [stdout]         line_num: 17,
[INFO] [stdout]         kind: Some(
[INFO] [stdout]             Error,
[INFO] [stdout]         ),
[INFO] [stdout]         msg: "17:10: 17:24: the method `get` exists for struct `Storage<'_, U, Fetch<'_, MaskedStorage<U>>>`, but its trait bounds were not satisfied [E0599]",
[INFO] [stdout]     },
[INFO] [stdout]     Error {
[INFO] [stdout]         line_num: 17,
[INFO] [stdout]         kind: Some(
[INFO] [stdout]             Error,
[INFO] [stdout]         ),
[INFO] [stdout]         msg: "17:10: 17:24: the method `insert` exists for struct `Storage<'_, T, FetchMut<'_, MaskedStorage<T>>>`, but its trait bounds were not satisfied [E0599]",
[INFO] [stdout]     },
[INFO] [stdout]     Error {
[INFO] [stdout]         line_num: 17,
[INFO] [stdout]         kind: Some(
[INFO] [stdout]             Error,
[INFO] [stdout]         ),
[INFO] [stdout]         msg: "17:10: 17:24: the method `insert` exists for struct `Storage<'_, U, FetchMut<'_, MaskedStorage<U>>>`, but its trait bounds were not satisfied [E0599]",
[INFO] [stdout]     },
[INFO] [stdout]     Error {
[INFO] [stdout]         line_num: 17,
[INFO] [stdout]         kind: Some(
[INFO] [stdout]             Error,
[INFO] [stdout]         ),
[INFO] [stdout]         msg: "17:10: 17:24: the method `remove` exists for struct `Storage<'_, T, FetchMut<'_, MaskedStorage<T>>>`, but its trait bounds were not satisfied [E0599]",
[INFO] [stdout]     },
[INFO] [stdout]     Error {
[INFO] [stdout]         line_num: 17,
[INFO] [stdout]         kind: Some(
[INFO] [stdout]             Error,
[INFO] [stdout]         ),
[INFO] [stdout]         msg: "17:10: 17:24: the method `remove` exists for struct `Storage<'_, U, FetchMut<'_, MaskedStorage<U>>>`, but its trait bounds were not satisfied [E0599]",
[INFO] [stdout]     },
[INFO] [stdout] ]
[INFO] [stdout] 
[INFO] [stdout] not found errors (from test file): [
[INFO] [stdout]     Error {
[INFO] [stdout]         line_num: 17,
[INFO] [stdout]         kind: Some(
[INFO] [stdout]             Error,
[INFO] [stdout]         ),
[INFO] [stdout]         msg: "no method named `join` found for",
[INFO] [stdout]     },
[INFO] [stdout]     Error {
[INFO] [stdout]         line_num: 17,
[INFO] [stdout]         kind: Some(
[INFO] [stdout]             Error,
[INFO] [stdout]         ),
[INFO] [stdout]         msg: "no method named `get` found for",
[INFO] [stdout]     },
[INFO] [stdout]     Error {
[INFO] [stdout]         line_num: 17,
[INFO] [stdout]         kind: Some(
[INFO] [stdout]             Error,
[INFO] [stdout]         ),
[INFO] [stdout]         msg: "no method named `get` found for",
[INFO] [stdout]     },
[INFO] [stdout]     Error {
[INFO] [stdout]         line_num: 17,
[INFO] [stdout]         kind: Some(
[INFO] [stdout]             Error,
[INFO] [stdout]         ),
[INFO] [stdout]         msg: "no method named `insert` found for",
[INFO] [stdout]     },
[INFO] [stdout]     Error {
[INFO] [stdout]         line_num: 17,
[INFO] [stdout]         kind: Some(
[INFO] [stdout]             Error,
[INFO] [stdout]         ),
[INFO] [stdout]         msg: "no method named `insert` found for",
[INFO] [stdout]     },
[INFO] [stdout]     Error {
[INFO] [stdout]         line_num: 17,
[INFO] [stdout]         kind: Some(
[INFO] [stdout]             Error,
[INFO] [stdout]         ),
[INFO] [stdout]         msg: "no method named `remove` found for",
[INFO] [stdout]     },
[INFO] [stdout]     Error {
[INFO] [stdout]         line_num: 17,
[INFO] [stdout]         kind: Some(
[INFO] [stdout]             Error,
[INFO] [stdout]         ),
[INFO] [stdout]         msg: "no method named `remove` found for",
[INFO] [stdout]     },
[INFO] [stdout] ]
[INFO] [stdout] 
[INFO] [stdout] thread '[compile-fail] compile-fail/generics1.rs' panicked at 'explicit panic', /opt/rustwide/cargo-home/registry/src/github.com-1ecc6299db9ec823/compiletest_rs-0.5.0/src/runtest.rs:1091:13
[INFO] [stdout] stack backtrace:
[INFO] [stdout]    0:     0x5587a6929b80 - std::backtrace_rs::backtrace::libunwind::trace::h34055254b57d8e79
[INFO] [stdout]                                at /rustc/a178d0322ce20e33eac124758e837cbd80a6f633/library/std/src/../../backtrace/src/backtrace/libunwind.rs:90:5
[INFO] [stdout]    1:     0x5587a6929b80 - std::backtrace_rs::backtrace::trace_unsynchronized::h8f1e3fbd9afff6ec
[INFO] [stdout]                                at /rustc/a178d0322ce20e33eac124758e837cbd80a6f633/library/std/src/../../backtrace/src/backtrace/mod.rs:66:5
[INFO] [stdout]    2:     0x5587a6929b80 - std::sys_common::backtrace::_print_fmt::h3a99a796b770c360
[INFO] [stdout]                                at /rustc/a178d0322ce20e33eac124758e837cbd80a6f633/library/std/src/sys_common/backtrace.rs:67:5
[INFO] [stdout]    3:     0x5587a6929b80 - <std::sys_common::backtrace::_print::DisplayBacktrace as core::fmt::Display>::fmt::h32d1f94a80615d18
[INFO] [stdout]                                at /rustc/a178d0322ce20e33eac124758e837cbd80a6f633/library/std/src/sys_common/backtrace.rs:46:22
[INFO] [stdout]    4:     0x5587a694ecec - core::fmt::write::h306731c068f7162c
[INFO] [stdout]                                at /rustc/a178d0322ce20e33eac124758e837cbd80a6f633/library/core/src/fmt/mod.rs:1110:17
[INFO] [stdout]    5:     0x5587a6925d05 - std::io::Write::write_fmt::h87f19b0a2cd190bc
[INFO] [stdout]                                at /rustc/a178d0322ce20e33eac124758e837cbd80a6f633/library/std/src/io/mod.rs:1588:15
[INFO] [stdout]    6:     0x5587a692c88b - std::sys_common::backtrace::_print::h5abaa2601a852287
[INFO] [stdout]                                at /rustc/a178d0322ce20e33eac124758e837cbd80a6f633/library/std/src/sys_common/backtrace.rs:49:5
[INFO] [stdout]    7:     0x5587a692c88b - std::sys_common::backtrace::print::h8d81445442bb638f
[INFO] [stdout]                                at /rustc/a178d0322ce20e33eac124758e837cbd80a6f633/library/std/src/sys_common/backtrace.rs:36:9
[INFO] [stdout]    8:     0x5587a692c88b - std::panicking::default_hook::{{closure}}::hcfe804496a9fa747
[INFO] [stdout]                                at /rustc/a178d0322ce20e33eac124758e837cbd80a6f633/library/std/src/panicking.rs:208:50
[INFO] [stdout]    9:     0x5587a692c39c - std::panicking::default_hook::hbea8e3ccf2ba8901
[INFO] [stdout]                                at /rustc/a178d0322ce20e33eac124758e837cbd80a6f633/library/std/src/panicking.rs:222:9
[INFO] [stdout]   10:     0x5587a692cf54 - std::panicking::rust_panic_with_hook::h7ee9e1a2d0f8975a
[INFO] [stdout]                                at /rustc/a178d0322ce20e33eac124758e837cbd80a6f633/library/std/src/panicking.rs:622:17
[INFO] [stdout]   11:     0x5587a6904433 - std::panicking::begin_panic::{{closure}}::haa2259a5d090943e
[INFO] [stdout]                                at /rustc/a178d0322ce20e33eac124758e837cbd80a6f633/library/std/src/panicking.rs:542:9
[INFO] [stdout]   12:     0x5587a69081c9 - std::sys_common::backtrace::__rust_end_short_backtrace::hab24bff5d543af40
[INFO] [stdout]                                at /rustc/a178d0322ce20e33eac124758e837cbd80a6f633/library/std/src/sys_common/backtrace.rs:141:18
[INFO] [stdout]   13:     0x5587a6904369 - std::panicking::begin_panic::hb0ad47222346dbe6
[INFO] [stdout]                                at /rustc/a178d0322ce20e33eac124758e837cbd80a6f633/library/std/src/panicking.rs:541:12
[INFO] [stdout]   14:     0x5587a65ab4a9 - compiletest_rs::runtest::TestCx::check_expected_errors::h19d845f6ca11cab5
[INFO] [stdout]                                at /opt/rustwide/cargo-home/registry/src/github.com-1ecc6299db9ec823/compiletest_rs-0.5.0/src/runtest.rs:1091:13
[INFO] [stdout]   15:     0x5587a659cfb1 - compiletest_rs::runtest::TestCx::run_cfail_test::h84433fb1a78d5700
[INFO] [stdout]                                at /opt/rustwide/cargo-home/registry/src/github.com-1ecc6299db9ec823/compiletest_rs-0.5.0/src/runtest.rs:178:13
[INFO] [stdout]   16:     0x5587a659cb2e - compiletest_rs::runtest::TestCx::run_revision::h9ccf841f81d7a876
[INFO] [stdout]                                at /opt/rustwide/cargo-home/registry/src/github.com-1ecc6299db9ec823/compiletest_rs-0.5.0/src/runtest.rs:131:26
[INFO] [stdout]   17:     0x5587a659c7b3 - compiletest_rs::runtest::run::h894522e5aff6551d
[INFO] [stdout]                                at /opt/rustwide/cargo-home/registry/src/github.com-1ecc6299db9ec823/compiletest_rs-0.5.0/src/runtest.rs:83:9
[INFO] [stdout]   18:     0x5587a6591765 - compiletest_rs::make_test_closure::{{closure}}::hc9442e98ad88c25e
[INFO] [stdout]                                at /opt/rustwide/cargo-home/registry/src/github.com-1ecc6299db9ec823/compiletest_rs-0.5.0/src/lib.rs:296:9
[INFO] [stdout]   19:     0x5587a656d2be - core::ops::function::FnOnce::call_once{{vtable.shim}}::hd63bf4cbd6b8f44a
[INFO] [stdout]                                at /rustc/a178d0322ce20e33eac124758e837cbd80a6f633/library/core/src/ops/function.rs:227:5
[INFO] [stdout]   20:     0x5587a68b3b5d - <alloc::boxed::Box<F,A> as core::ops::function::FnOnce<Args>>::call_once::h4b6e8b1ce3154aa0
[INFO] [stdout]                                at /rustc/a178d0322ce20e33eac124758e837cbd80a6f633/library/alloc/src/boxed.rs:1575:9
[INFO] [stdout]   21:     0x5587a6865ff4 - tester::__rust_begin_short_backtrace::h5a5022f7a630a747
[INFO] [stdout]                                at /opt/rustwide/cargo-home/registry/src/github.com-1ecc6299db9ec823/tester-0.7.0/src/lib.rs:543:5
[INFO] [stdout]   22:     0x5587a68657f3 - tester::run_test::{{closure}}::h12959f445839f6d3
[INFO] [stdout]                                at /opt/rustwide/cargo-home/registry/src/github.com-1ecc6299db9ec823/tester-0.7.0/src/lib.rs:527:34
[INFO] [stdout]   23:     0x5587a6884278 - core::ops::function::FnOnce::call_once{{vtable.shim}}::h975269b5c2788879
[INFO] [stdout]                                at /rustc/a178d0322ce20e33eac124758e837cbd80a6f633/library/core/src/ops/function.rs:227:5
[INFO] [stdout]   24:     0x5587a68b3b5d - <alloc::boxed::Box<F,A> as core::ops::function::FnOnce<Args>>::call_once::h4b6e8b1ce3154aa0
[INFO] [stdout]                                at /rustc/a178d0322ce20e33eac124758e837cbd80a6f633/library/alloc/src/boxed.rs:1575:9
[INFO] [stdout]   25:     0x5587a6854244 - <std::panic::AssertUnwindSafe<F> as core::ops::function::FnOnce<()>>::call_once::h50ee53c36d3e905e
[INFO] [stdout]                                at /rustc/a178d0322ce20e33eac124758e837cbd80a6f633/library/std/src/panic.rs:347:9
[INFO] [stdout]   26:     0x5587a6868e0d - std::panicking::try::do_call::hbc77d26fb810ceb1
[INFO] [stdout]                                at /rustc/a178d0322ce20e33eac124758e837cbd80a6f633/library/std/src/panicking.rs:401:40
[INFO] [stdout]   27:     0x5587a686c34d - __rust_try
[INFO] [stdout]   28:     0x5587a686888d - std::panicking::try::h3df89170b7397131
[INFO] [stdout]                                at /rustc/a178d0322ce20e33eac124758e837cbd80a6f633/library/std/src/panicking.rs:365:19
[INFO] [stdout]   29:     0x5587a6855714 - std::panic::catch_unwind::h4f370a595b05e81a
[INFO] [stdout]                                at /rustc/a178d0322ce20e33eac124758e837cbd80a6f633/library/std/src/panic.rs:434:14
[INFO] [stdout]   30:     0x5587a686624c - tester::run_test_in_process::h3539ce9d940a1f12
[INFO] [stdout]                                at /opt/rustwide/cargo-home/registry/src/github.com-1ecc6299db9ec823/tester-0.7.0/src/lib.rs:578:18
[INFO] [stdout]   31:     0x5587a6865f35 - tester::run_test::run_test_inner::{{closure}}::hb4cd11f74f8a4b89
[INFO] [stdout]                                at /opt/rustwide/cargo-home/registry/src/github.com-1ecc6299db9ec823/tester-0.7.0/src/lib.rs:474:21
[INFO] [stdout]   32:     0x5587a6880413 - std::sys_common::backtrace::__rust_begin_short_backtrace::hc3581968267483c8
[INFO] [stdout]                                at /rustc/a178d0322ce20e33eac124758e837cbd80a6f633/library/std/src/sys_common/backtrace.rs:125:18
[INFO] [stdout]   33:     0x5587a6896670 - std::thread::Builder::spawn_unchecked::{{closure}}::{{closure}}::hde570c7864d09cb1
[INFO] [stdout]                                at /rustc/a178d0322ce20e33eac124758e837cbd80a6f633/library/std/src/thread/mod.rs:481:17
[INFO] [stdout]   34:     0x5587a6854274 - <std::panic::AssertUnwindSafe<F> as core::ops::function::FnOnce<()>>::call_once::ha98d56003a0ec678
[INFO] [stdout]                                at /rustc/a178d0322ce20e33eac124758e837cbd80a6f633/library/std/src/panic.rs:347:9
[INFO] [stdout]   35:     0x5587a6868dc2 - std::panicking::try::do_call::h391d7ed668109382
[INFO] [stdout]                                at /rustc/a178d0322ce20e33eac124758e837cbd80a6f633/library/std/src/panicking.rs:401:40
[INFO] [stdout]   36:     0x5587a686c34d - __rust_try
[INFO] [stdout]   37:     0x5587a6868ae7 - std::panicking::try::hcb01b43b5e81fe56
[INFO] [stdout]                                at /rustc/a178d0322ce20e33eac124758e837cbd80a6f633/library/std/src/panicking.rs:365:19
[INFO] [stdout]   38:     0x5587a68556e4 - std::panic::catch_unwind::h1a65ab4f8a23a3f9
[INFO] [stdout]                                at /rustc/a178d0322ce20e33eac124758e837cbd80a6f633/library/std/src/panic.rs:434:14
[INFO] [stdout]   39:     0x5587a689647e - std::thread::Builder::spawn_unchecked::{{closure}}::hffb2042a8d719367
[INFO] [stdout]                                at /rustc/a178d0322ce20e33eac124758e837cbd80a6f633/library/std/src/thread/mod.rs:480:30
[INFO] [stdout]   40:     0x5587a688422f - core::ops::function::FnOnce::call_once{{vtable.shim}}::h8364d71a86491b7d
[INFO] [stdout]                                at /rustc/a178d0322ce20e33eac124758e837cbd80a6f633/library/core/src/ops/function.rs:227:5
[INFO] [stdout]   41:     0x5587a6932e37 - <alloc::boxed::Box<F,A> as core::ops::function::FnOnce<Args>>::call_once::h7ece6cfefaff1005
[INFO] [stdout]                                at /rustc/a178d0322ce20e33eac124758e837cbd80a6f633/library/alloc/src/boxed.rs:1575:9
[INFO] [stdout]   42:     0x5587a6932e37 - <alloc::boxed::Box<F,A> as core::ops::function::FnOnce<Args>>::call_once::hb8b48e55c21f193e
[INFO] [stdout]                                at /rustc/a178d0322ce20e33eac124758e837cbd80a6f633/library/alloc/src/boxed.rs:1575:9
[INFO] [stdout]   43:     0x5587a6932e37 - std::sys::unix::thread::Thread::new::thread_start::h8c7c4450dba62914
[INFO] [stdout]                                at /rustc/a178d0322ce20e33eac124758e837cbd80a6f633/library/std/src/sys/unix/thread.rs:71:17
[INFO] [stdout]   44:     0x7fac83337609 - start_thread
[INFO] [stdout]   45:     0x7fac83109293 - clone
[INFO] [stdout]   46:                0x0 - <unknown>
[INFO] [stdout] 
[INFO] [stdout] error: tests/compile-fail/traits_not_impled.rs:38: unexpected error: '38:10: 38:24: the method `join` exists for tuple `(&specs::Read<'_, EntitiesRes>, MaybeJoin<&Storage<'_, Position, Fetch<'_, MaskedStorage<Position>>>>, &Storage<'_, Velocity, Fetch<'_, MaskedStorage<Velocity>>>, &Storage<'_, NotImplComponent, Fetch<'_, MaskedStorage<NotImplComponent>>>, &Storage<'_, NotClone, Fetch<'_, MaskedStorage<NotClone>>>, &Storage<'_, Neither, Fetch<'_, MaskedStorage<Neither>>>)`, but its trait bounds were not satisfied [E0599]'
[INFO] [stdout] 
[INFO] [stdout] error: tests/compile-fail/traits_not_impled.rs:38: unexpected error: '38:10: 38:24: the method `get` exists for struct `Storage<'_, NotImplComponent, Fetch<'_, MaskedStorage<NotImplComponent>>>`, but its trait bounds were not satisfied [E0599]'
[INFO] [stdout] 
[INFO] [stdout] error: tests/compile-fail/traits_not_impled.rs:38: unexpected error: '38:10: 38:24: the method `cloned` exists for enum `Option<&NotClone>`, but its trait bounds were not satisfied [E0599]'
[INFO] [stdout] 
[INFO] [stdout] error: tests/compile-fail/traits_not_impled.rs:38: unexpected error: '38:10: 38:24: the method `get` exists for struct `Storage<'_, Neither, Fetch<'_, MaskedStorage<Neither>>>`, but its trait bounds were not satisfied [E0599]'
[INFO] [stdout] 
[INFO] [stdout] error: tests/compile-fail/traits_not_impled.rs:38: unexpected error: '38:10: 38:24: the method `insert` exists for struct `Storage<'_, NotImplComponent, FetchMut<'_, MaskedStorage<NotImplComponent>>>`, but its trait bounds were not satisfied [E0599]'
[INFO] [stdout] 
[INFO] [stdout] error: tests/compile-fail/traits_not_impled.rs:38: unexpected error: '38:10: 38:24: the method `insert` exists for struct `Storage<'_, Neither, FetchMut<'_, MaskedStorage<Neither>>>`, but its trait bounds were not satisfied [E0599]'
[INFO] [stdout] 
[INFO] [stdout] error: tests/compile-fail/traits_not_impled.rs:38: unexpected error: '38:10: 38:24: the method `remove` exists for struct `Storage<'_, NotImplComponent, FetchMut<'_, MaskedStorage<NotImplComponent>>>`, but its trait bounds were not satisfied [E0599]'
[INFO] [stdout] 
[INFO] [stdout] error: tests/compile-fail/traits_not_impled.rs:38: unexpected error: '38:10: 38:24: the method `remove` exists for struct `Storage<'_, Neither, FetchMut<'_, MaskedStorage<Neither>>>`, but its trait bounds were not satisfied [E0599]'
[INFO] [stdout] 
[INFO] [stdout] error: tests/compile-fail/traits_not_impled.rs:61: unexpected error: '61:10: 61:24: the method `maybe` exists for struct `Storage<'_, NotImplComponent, Fetch<'_, MaskedStorage<NotImplComponent>>>`, but its trait bounds were not satisfied [E0599]'
[INFO] [stdout] 
[INFO] [stdout] error: tests/compile-fail/traits_not_impled.rs:61: unexpected error: '61:10: 61:24: the method `maybe` exists for struct `Storage<'_, Neither, Fetch<'_, MaskedStorage<Neither>>>`, but its trait bounds were not satisfied [E0599]'
[INFO] [stdout] 
[INFO] [stdout] error: tests/compile-fail/traits_not_impled.rs:61: unexpected error: '61:10: 61:24: the method `get` exists for struct `Storage<'_, NotImplComponent, Fetch<'_, MaskedStorage<NotImplComponent>>>`, but its trait bounds were not satisfied [E0599]'
[INFO] [stdout] 
[INFO] [stdout] error: tests/compile-fail/traits_not_impled.rs:61: unexpected error: '61:10: 61:24: the method `cloned` exists for enum `Option<&NotClone>`, but its trait bounds were not satisfied [E0599]'
[INFO] [stdout] 
[INFO] [stdout] error: tests/compile-fail/traits_not_impled.rs:61: unexpected error: '61:10: 61:24: the method `get` exists for struct `Storage<'_, Neither, Fetch<'_, MaskedStorage<Neither>>>`, but its trait bounds were not satisfied [E0599]'
[INFO] [stdout] 
[INFO] [stdout] error: tests/compile-fail/traits_not_impled.rs:61: unexpected error: '61:10: 61:24: the method `insert` exists for struct `Storage<'_, NotImplComponent, FetchMut<'_, MaskedStorage<NotImplComponent>>>`, but its trait bounds were not satisfied [E0599]'
[INFO] [stdout] 
[INFO] [stdout] error: tests/compile-fail/traits_not_impled.rs:61: unexpected error: '61:10: 61:24: the method `remove` exists for struct `Storage<'_, NotImplComponent, FetchMut<'_, MaskedStorage<NotImplComponent>>>`, but its trait bounds were not satisfied [E0599]'
[INFO] [stdout] 
[INFO] [stdout] error: tests/compile-fail/traits_not_impled.rs:61: unexpected error: '61:10: 61:24: the method `insert` exists for struct `Storage<'_, Neither, FetchMut<'_, MaskedStorage<Neither>>>`, but its trait bounds were not satisfied [E0599]'
[INFO] [stdout] 
[INFO] [stdout] error: tests/compile-fail/traits_not_impled.rs:61: unexpected error: '61:10: 61:24: the method `remove` exists for struct `Storage<'_, Neither, FetchMut<'_, MaskedStorage<Neither>>>`, but its trait bounds were not satisfied [E0599]'
[INFO] [stdout] 
[INFO] [stdout] error: tests/compile-fail/traits_not_impled.rs:38: expected error not found: no method named `cloned` found for enum `Option<&NotClone>` in the current scope [E0599]
[INFO] [stdout] 
[INFO] [stdout] error: tests/compile-fail/traits_not_impled.rs:38: expected error not found: no method named `get` found for
[INFO] [stdout] 
[INFO] [stdout] error: tests/compile-fail/traits_not_impled.rs:38: expected error not found: no method named `get` found for
[INFO] [stdout] 
[INFO] [stdout] error: tests/compile-fail/traits_not_impled.rs:38: expected error not found: no method named `insert` found for
[INFO] [stdout] 
[INFO] [stdout] error: tests/compile-fail/traits_not_impled.rs:38: expected error not found: no method named `insert` found for
[INFO] [stdout] 
[INFO] [stdout] error: tests/compile-fail/traits_not_impled.rs:38: expected error not found: no method named `remove` found for
[INFO] [stdout] 
[INFO] [stdout] error: tests/compile-fail/traits_not_impled.rs:38: expected error not found: no method named `remove` found for
[INFO] [stdout] 
[INFO] [stdout] error: tests/compile-fail/traits_not_impled.rs:38: expected error not found: no method named `join` found for
[INFO] [stdout] 
[INFO] [stdout] error: tests/compile-fail/traits_not_impled.rs:61: expected error not found: no method named `cloned` found for enum `Option<&NotClone>` in the current scope [E0599]
[INFO] [stdout] 
[INFO] [stdout] error: tests/compile-fail/traits_not_impled.rs:61: expected error not found: no method named `maybe` found for
[INFO] [stdout] 
[INFO] [stdout] error: tests/compile-fail/traits_not_impled.rs:61: expected error not found: no method named `maybe` found for
[INFO] [stdout] 
[INFO] [stdout] error: tests/compile-fail/traits_not_impled.rs:61: expected error not found: no method named `get` found for
[INFO] [stdout] 
[INFO] [stdout] error: tests/compile-fail/traits_not_impled.rs:61: expected error not found: no method named `get` found for
[INFO] [stdout] 
[INFO] [stdout] error: tests/compile-fail/traits_not_impled.rs:61: expected error not found: no method named `insert` found for
[INFO] [stdout] 
[INFO] [stdout] error: tests/compile-fail/traits_not_impled.rs:61: expected error not found: no method named `remove` found for
[INFO] [stdout] 
[INFO] [stdout] error: tests/compile-fail/traits_not_impled.rs:61: expected error not found: no method named `insert` found for
[INFO] [stdout] 
[INFO] [stdout] error: tests/compile-fail/traits_not_impled.rs:61: expected error not found: no method named `remove` found for
[INFO] [stdout] 
[INFO] [stdout] error: 17 unexpected errors found, 17 expected errors not found
[INFO] [stdout] status: exit status: 1
[INFO] [stdout] command: "rustc" "tests/compile-fail/traits_not_impled.rs" "-L" "/tmp" "--target=x86_64-unknown-linux-gnu" "--error-format" "json" "-C" "prefer-dynamic" "-o" "/tmp/traits_not_impled.stage-id" "-A" "unused" "-L" "/opt/rustwide/target/debug/deps" "-L" "/opt/rustwide/target/debug" "-L" "/opt/rustwide/rustup-home/toolchains/1.54.0-x86_64-unknown-linux-gnu/lib/rustlib/x86_64-unknown-linux-gnu/lib" "-L" "/opt/rustwide/rustup-home/toolchains/1.54.0-x86_64-unknown-linux-gnu/lib" "-L" "/tmp/traits_not_impled.stage-id.aux"
[INFO] [stdout] unexpected errors (from JSON output): [
[INFO] [stdout]     Error {
[INFO] [stdout]         line_num: 38,
[INFO] [stdout]         kind: Some(
[INFO] [stdout]             Error,
[INFO] [stdout]         ),
[INFO] [stdout]         msg: "38:10: 38:24: the method `join` exists for tuple `(&specs::Read<'_, EntitiesRes>, MaybeJoin<&Storage<'_, Position, Fetch<'_, MaskedStorage<Position>>>>, &Storage<'_, Velocity, Fetch<'_, MaskedStorage<Velocity>>>, &Storage<'_, NotImplComponent, Fetch<'_, MaskedStorage<NotImplComponent>>>, &Storage<'_, NotClone, Fetch<'_, MaskedStorage<NotClone>>>, &Storage<'_, Neither, Fetch<'_, MaskedStorage<Neither>>>)`, but its trait bounds were not satisfied [E0599]",
[INFO] [stdout]     },
[INFO] [stdout]     Error {
[INFO] [stdout]         line_num: 38,
[INFO] [stdout]         kind: Some(
[INFO] [stdout]             Error,
[INFO] [stdout]         ),
[INFO] [stdout]         msg: "38:10: 38:24: the method `get` exists for struct `Storage<'_, NotImplComponent, Fetch<'_, MaskedStorage<NotImplComponent>>>`, but its trait bounds were not satisfied [E0599]",
[INFO] [stdout]     },
[INFO] [stdout]     Error {
[INFO] [stdout]         line_num: 38,
[INFO] [stdout]         kind: Some(
[INFO] [stdout]             Error,
[INFO] [stdout]         ),
[INFO] [stdout]         msg: "38:10: 38:24: the method `cloned` exists for enum `Option<&NotClone>`, but its trait bounds were not satisfied [E0599]",
[INFO] [stdout]     },
[INFO] [stdout]     Error {
[INFO] [stdout]         line_num: 38,
[INFO] [stdout]         kind: Some(
[INFO] [stdout]             Error,
[INFO] [stdout]         ),
[INFO] [stdout]         msg: "38:10: 38:24: the method `get` exists for struct `Storage<'_, Neither, Fetch<'_, MaskedStorage<Neither>>>`, but its trait bounds were not satisfied [E0599]",
[INFO] [stdout]     },
[INFO] [stdout]     Error {
[INFO] [stdout]         line_num: 38,
[INFO] [stdout]         kind: Some(
[INFO] [stdout]             Error,
[INFO] [stdout]         ),
[INFO] [stdout]         msg: "38:10: 38:24: the method `insert` exists for struct `Storage<'_, NotImplComponent, FetchMut<'_, MaskedStorage<NotImplComponent>>>`, but its trait bounds were not satisfied [E0599]",
[INFO] [stdout]     },
[INFO] [stdout]     Error {
[INFO] [stdout]         line_num: 38,
[INFO] [stdout]         kind: Some(
[INFO] [stdout]             Error,
[INFO] [stdout]         ),
[INFO] [stdout]         msg: "38:10: 38:24: the method `insert` exists for struct `Storage<'_, Neither, FetchMut<'_, MaskedStorage<Neither>>>`, but its trait bounds were not satisfied [E0599]",
[INFO] [stdout]     },
[INFO] [stdout]     Error {
[INFO] [stdout]         line_num: 38,
[INFO] [stdout]         kind: Some(
[INFO] [stdout]             Error,
[INFO] [stdout]         ),
[INFO] [stdout]         msg: "38:10: 38:24: the method `remove` exists for struct `Storage<'_, NotImplComponent, FetchMut<'_, MaskedStorage<NotImplComponent>>>`, but its trait bounds were not satisfied [E0599]",
[INFO] [stdout]     },
[INFO] [stdout]     Error {
[INFO] [stdout]         line_num: 38,
[INFO] [stdout]         kind: Some(
[INFO] [stdout]             Error,
[INFO] [stdout]         ),
[INFO] [stdout]         msg: "38:10: 38:24: the method `remove` exists for struct `Storage<'_, Neither, FetchMut<'_, MaskedStorage<Neither>>>`, but its trait bounds were not satisfied [E0599]",
[INFO] [stdout]     },
[INFO] [stdout]     Error {
[INFO] [stdout]         line_num: 61,
[INFO] [stdout]         kind: Some(
[INFO] [stdout]             Error,
[INFO] [stdout]         ),
[INFO] [stdout]         msg: "61:10: 61:24: the method `maybe` exists for struct `Storage<'_, NotImplComponent, Fetch<'_, MaskedStorage<NotImplComponent>>>`, but its trait bounds were not satisfied [E0599]",
[INFO] [stdout]     },
[INFO] [stdout]     Error {
[INFO] [stdout]         line_num: 61,
[INFO] [stdout]         kind: Some(
[INFO] [stdout]             Error,
[INFO] [stdout]         ),
[INFO] [stdout]         msg: "61:10: 61:24: the method `maybe` exists for struct `Storage<'_, Neither, Fetch<'_, MaskedStorage<Neither>>>`, but its trait bounds were not satisfied [E0599]",
[INFO] [stdout]     },
[INFO] [stdout]     Error {
[INFO] [stdout]         line_num: 61,
[INFO] [stdout]         kind: Some(
[INFO] [stdout]             Error,
[INFO] [stdout]         ),
[INFO] [stdout]         msg: "61:10: 61:24: the method `get` exists for struct `Storage<'_, NotImplComponent, Fetch<'_, MaskedStorage<NotImplComponent>>>`, but its trait bounds were not satisfied [E0599]",
[INFO] [stdout]     },
[INFO] [stdout]     Error {
[INFO] [stdout]         line_num: 61,
[INFO] [stdout]         kind: Some(
[INFO] [stdout]             Error,
[INFO] [stdout]         ),
[INFO] [stdout]         msg: "61:10: 61:24: the method `cloned` exists for enum `Option<&NotClone>`, but its trait bounds were not satisfied [E0599]",
[INFO] [stdout]     },
[INFO] [stdout]     Error {
[INFO] [stdout]         line_num: 61,
[INFO] [stdout]         kind: Some(
[INFO] [stdout]             Error,
[INFO] [stdout]         ),
[INFO] [stdout]         msg: "61:10: 61:24: the method `get` exists for struct `Storage<'_, Neither, Fetch<'_, MaskedStorage<Neither>>>`, but its trait bounds were not satisfied [E0599]",
[INFO] [stdout]     },
[INFO] [stdout]     Error {
[INFO] [stdout]         line_num: 61,
[INFO] [stdout]         kind: Some(
[INFO] [stdout]             Error,
[INFO] [stdout]         ),
[INFO] [stdout]         msg: "61:10: 61:24: the method `insert` exists for struct `Storage<'_, NotImplComponent, FetchMut<'_, MaskedStorage<NotImplComponent>>>`, but its trait bounds were not satisfied [E0599]",
[INFO] [stdout]     },
[INFO] [stdout]     Error {
[INFO] [stdout]         line_num: 61,
[INFO] [stdout]         kind: Some(
[INFO] [stdout]             Error,
[INFO] [stdout]         ),
[INFO] [stdout]         msg: "61:10: 61:24: the method `remove` exists for struct `Storage<'_, NotImplComponent, FetchMut<'_, MaskedStorage<NotImplComponent>>>`, but its trait bounds were not satisfied [E0599]",
[INFO] [stdout]     },
[INFO] [stdout]     Error {
[INFO] [stdout]         line_num: 61,
[INFO] [stdout]         kind: Some(
[INFO] [stdout]             Error,
[INFO] [stdout]         ),
[INFO] [stdout]         msg: "61:10: 61:24: the method `insert` exists for struct `Storage<'_, Neither, FetchMut<'_, MaskedStorage<Neither>>>`, but its trait bounds were not satisfied [E0599]",
[INFO] [stdout]     },
[INFO] [stdout]     Error {
[INFO] [stdout]         line_num: 61,
[INFO] [stdout]         kind: Some(
[INFO] [stdout]             Error,
[INFO] [stdout]         ),
[INFO] [stdout]         msg: "61:10: 61:24: the method `remove` exists for struct `Storage<'_, Neither, FetchMut<'_, MaskedStorage<Neither>>>`, but its trait bounds were not satisfied [E0599]",
[INFO] [stdout]     },
[INFO] [stdout] ]
[INFO] [stdout] 
[INFO] [stdout] not found errors (from test file): [
[INFO] [stdout]     Error {
[INFO] [stdout]         line_num: 38,
[INFO] [stdout]         kind: Some(
[INFO] [stdout]             Error,
[INFO] [stdout]         ),
[INFO] [stdout]         msg: "no method named `cloned` found for enum `Option<&NotClone>` in the current scope [E0599]",
[INFO] [stdout]     },
[INFO] [stdout]     Error {
[INFO] [stdout]         line_num: 38,
[INFO] [stdout]         kind: Some(
[INFO] [stdout]             Error,
[INFO] [stdout]         ),
[INFO] [stdout]         msg: "no method named `get` found for",
[INFO] [stdout]     },
[INFO] [stdout]     Error {
[INFO] [stdout]         line_num: 38,
[INFO] [stdout]         kind: Some(
[INFO] [stdout]             Error,
[INFO] [stdout]         ),
[INFO] [stdout]         msg: "no method named `get` found for",
[INFO] [stdout]     },
[INFO] [stdout]     Error {
[INFO] [stdout]         line_num: 38,
[INFO] [stdout]         kind: Some(
[INFO] [stdout]             Error,
[INFO] [stdout]         ),
[INFO] [stdout]         msg: "no method named `insert` found for",
[INFO] [stdout]     },
[INFO] [stdout]     Error {
[INFO] [stdout]         line_num: 38,
[INFO] [stdout]         kind: Some(
[INFO] [stdout]             Error,
[INFO] [stdout]         ),
[INFO] [stdout]         msg: "no method named `insert` found for",
[INFO] [stdout]     },
[INFO] [stdout]     Error {
[INFO] [stdout]         line_num: 38,
[INFO] [stdout]         kind: Some(
[INFO] [stdout]             Error,
[INFO] [stdout]         ),
[INFO] [stdout]         msg: "no method named `remove` found for",
[INFO] [stdout]     },
[INFO] [stdout]     Error {
[INFO] [stdout]         line_num: 38,
[INFO] [stdout]         kind: Some(
[INFO] [stdout]             Error,
[INFO] [stdout]         ),
[INFO] [stdout]         msg: "no method named `remove` found for",
[INFO] [stdout]     },
[INFO] [stdout]     Error {
[INFO] [stdout]         line_num: 38,
[INFO] [stdout]         kind: Some(
[INFO] [stdout]             Error,
[INFO] [stdout]         ),
[INFO] [stdout]         msg: "no method named `join` found for",
[INFO] [stdout]     },
[INFO] [stdout]     Error {
[INFO] [stdout]         line_num: 61,
[INFO] [stdout]         kind: Some(
[INFO] [stdout]             Error,
[INFO] [stdout]         ),
[INFO] [stdout]         msg: "no method named `cloned` found for enum `Option<&NotClone>` in the current scope [E0599]",
[INFO] [stdout]     },
[INFO] [stdout]     Error {
[INFO] [stdout]         line_num: 61,
[INFO] [stdout]         kind: Some(
[INFO] [stdout]             Error,
[INFO] [stdout]         ),
[INFO] [stdout]         msg: "no method named `maybe` found for",
[INFO] [stdout]     },
[INFO] [stdout]     Error {
[INFO] [stdout]         line_num: 61,
[INFO] [stdout]         kind: Some(
[INFO] [stdout]             Error,
[INFO] [stdout]         ),
[INFO] [stdout]         msg: "no method named `maybe` found for",
[INFO] [stdout]     },
[INFO] [stdout]     Error {
[INFO] [stdout]         line_num: 61,
[INFO] [stdout]         kind: Some(
[INFO] [stdout]             Error,
[INFO] [stdout]         ),
[INFO] [stdout]         msg: "no method named `get` found for",
[INFO] [stdout]     },
[INFO] [stdout]     Error {
[INFO] [stdout]         line_num: 61,
[INFO] [stdout]         kind: Some(
[INFO] [stdout]             Error,
[INFO] [stdout]         ),
[INFO] [stdout]         msg: "no method named `get` found for",
[INFO] [stdout]     },
[INFO] [stdout]     Error {
[INFO] [stdout]         line_num: 61,
[INFO] [stdout]         kind: Some(
[INFO] [stdout]             Error,
[INFO] [stdout]         ),
[INFO] [stdout]         msg: "no method named `insert` found for",
[INFO] [stdout]     },
[INFO] [stdout]     Error {
[INFO] [stdout]         line_num: 61,
[INFO] [stdout]         kind: Some(
[INFO] [stdout]             Error,
[INFO] [stdout]         ),
[INFO] [stdout]         msg: "no method named `remove` found for",
[INFO] [stdout]     },
[INFO] [stdout]     Error {
[INFO] [stdout]         line_num: 61,
[INFO] [stdout]         kind: Some(
[INFO] [stdout]             Error,
[INFO] [stdout]         ),
[INFO] [stdout]         msg: "no method named `insert` found for",
[INFO] [stdout]     },
[INFO] [stdout]     Error {
[INFO] [stdout]         line_num: 61,
[INFO] [stdout]         kind: Some(
[INFO] [stdout]             Error,
[INFO] [stdout]         ),
[INFO] [stdout]         msg: "no method named `remove` found for",
[INFO] [stdout]     },
[INFO] [stdout] ]
[INFO] [stdout] 
[INFO] [stdout] thread '[compile-fail] compile-fail/traits_not_impled.rs' panicked at 'explicit panic', /opt/rustwide/cargo-home/registry/src/github.com-1ecc6299db9ec823/compiletest_rs-0.5.0/src/runtest.rs:1091:13
[INFO] [stdout] stack backtrace:
[INFO] [stdout]    0:     0x5587a6929b80 - std::backtrace_rs::backtrace::libunwind::trace::h34055254b57d8e79
[INFO] [stdout]                                at /rustc/a178d0322ce20e33eac124758e837cbd80a6f633/library/std/src/../../backtrace/src/backtrace/libunwind.rs:90:5
[INFO] [stdout]    1:     0x5587a6929b80 - std::backtrace_rs::backtrace::trace_unsynchronized::h8f1e3fbd9afff6ec
[INFO] [stdout]                                at /rustc/a178d0322ce20e33eac124758e837cbd80a6f633/library/std/src/../../backtrace/src/backtrace/mod.rs:66:5
[INFO] [stdout]    2:     0x5587a6929b80 - std::sys_common::backtrace::_print_fmt::h3a99a796b770c360
[INFO] [stdout]                                at /rustc/a178d0322ce20e33eac124758e837cbd80a6f633/library/std/src/sys_common/backtrace.rs:67:5
[INFO] [stdout]    3:     0x5587a6929b80 - <std::sys_common::backtrace::_print::DisplayBacktrace as core::fmt::Display>::fmt::h32d1f94a80615d18
[INFO] [stdout]                                at /rustc/a178d0322ce20e33eac124758e837cbd80a6f633/library/std/src/sys_common/backtrace.rs:46:22
[INFO] [stdout]    4:     0x5587a694ecec - core::fmt::write::h306731c068f7162c
[INFO] [stdout]                                at /rustc/a178d0322ce20e33eac124758e837cbd80a6f633/library/core/src/fmt/mod.rs:1110:17
[INFO] [stdout]    5:     0x5587a6925d05 - std::io::Write::write_fmt::h87f19b0a2cd190bc
[INFO] [stdout]                                at /rustc/a178d0322ce20e33eac124758e837cbd80a6f633/library/std/src/io/mod.rs:1588:15
[INFO] [stdout]    6:     0x5587a692c88b - std::sys_common::backtrace::_print::h5abaa2601a852287
[INFO] [stdout]                                at /rustc/a178d0322ce20e33eac124758e837cbd80a6f633/library/std/src/sys_common/backtrace.rs:49:5
[INFO] [stdout]    7:     0x5587a692c88b - std::sys_common::backtrace::print::h8d81445442bb638f
[INFO] [stdout]                                at /rustc/a178d0322ce20e33eac124758e837cbd80a6f633/library/std/src/sys_common/backtrace.rs:36:9
[INFO] [stdout]    8:     0x5587a692c88b - std::panicking::default_hook::{{closure}}::hcfe804496a9fa747
[INFO] [stdout]                                at /rustc/a178d0322ce20e33eac124758e837cbd80a6f633/library/std/src/panicking.rs:208:50
[INFO] [stdout]    9:     0x5587a692c39c - std::panicking::default_hook::hbea8e3ccf2ba8901
[INFO] [stdout]                                at /rustc/a178d0322ce20e33eac124758e837cbd80a6f633/library/std/src/panicking.rs:222:9
[INFO] [stdout]   10:     0x5587a692cf54 - std::panicking::rust_panic_with_hook::h7ee9e1a2d0f8975a
[INFO] [stdout]                                at /rustc/a178d0322ce20e33eac124758e837cbd80a6f633/library/std/src/panicking.rs:622:17
[INFO] [stdout]   11:     0x5587a6904433 - std::panicking::begin_panic::{{closure}}::haa2259a5d090943e
[INFO] [stdout]                                at /rustc/a178d0322ce20e33eac124758e837cbd80a6f633/library/std/src/panicking.rs:542:9
[INFO] [stdout]   12:     0x5587a69081c9 - std::sys_common::backtrace::__rust_end_short_backtrace::hab24bff5d543af40
[INFO] [stdout]                                at /rustc/a178d0322ce20e33eac124758e837cbd80a6f633/library/std/src/sys_common/backtrace.rs:141:18
[INFO] [stdout]   13:     0x5587a6904369 - std::panicking::begin_panic::hb0ad47222346dbe6
[INFO] [stdout]                                at /rustc/a178d0322ce20e33eac124758e837cbd80a6f633/library/std/src/panicking.rs:541:12
[INFO] [stdout]   14:     0x5587a65ab4a9 - compiletest_rs::runtest::TestCx::check_expected_errors::h19d845f6ca11cab5
[INFO] [stdout]                                at /opt/rustwide/cargo-home/registry/src/github.com-1ecc6299db9ec823/compiletest_rs-0.5.0/src/runtest.rs:1091:13
[INFO] [stdout]   15:     0x5587a659cfb1 - compiletest_rs::runtest::TestCx::run_cfail_test::h84433fb1a78d5700
[INFO] [stdout]                                at /opt/rustwide/cargo-home/registry/src/github.com-1ecc6299db9ec823/compiletest_rs-0.5.0/src/runtest.rs:178:13
[INFO] [stdout]   16:     0x5587a659cb2e - compiletest_rs::runtest::TestCx::run_revision::h9ccf841f81d7a876
[INFO] [stdout]                                at /opt/rustwide/cargo-home/registry/src/github.com-1ecc6299db9ec823/compiletest_rs-0.5.0/src/runtest.rs:131:26
[INFO] [stdout]   17:     0x5587a659c7b3 - compiletest_rs::runtest::run::h894522e5aff6551d
[INFO] [stdout]                                at /opt/rustwide/cargo-home/registry/src/github.com-1ecc6299db9ec823/compiletest_rs-0.5.0/src/runtest.rs:83:9
[INFO] [stdout]   18:     0x5587a6591765 - compiletest_rs::make_test_closure::{{closure}}::hc9442e98ad88c25e
[INFO] [stdout]                                at /opt/rustwide/cargo-home/registry/src/github.com-1ecc6299db9ec823/compiletest_rs-0.5.0/src/lib.rs:296:9
[INFO] [stdout]   19:     0x5587a656d2be - core::ops::function::FnOnce::call_once{{vtable.shim}}::hd63bf4cbd6b8f44a
[INFO] [stdout]                                at /rustc/a178d0322ce20e33eac124758e837cbd80a6f633/library/core/src/ops/function.rs:227:5
[INFO] [stdout]   20:     0x5587a68b3b5d - <alloc::boxed::Box<F,A> as core::ops::function::FnOnce<Args>>::call_once::h4b6e8b1ce3154aa0
[INFO] [stdout]                                at /rustc/a178d0322ce20e33eac124758e837cbd80a6f633/library/alloc/src/boxed.rs:1575:9
[INFO] [stdout]   21:     0x5587a6865ff4 - tester::__rust_begin_short_backtrace::h5a5022f7a630a747
[INFO] [stdout]                                at /opt/rustwide/cargo-home/registry/src/github.com-1ecc6299db9ec823/tester-0.7.0/src/lib.rs:543:5
[INFO] [stdout]   22:     0x5587a68657f3 - tester::run_test::{{closure}}::h12959f445839f6d3
[INFO] [stdout]                                at /opt/rustwide/cargo-home/registry/src/github.com-1ecc6299db9ec823/tester-0.7.0/src/lib.rs:527:34
[INFO] [stdout]   23:     0x5587a6884278 - core::ops::function::FnOnce::call_once{{vtable.shim}}::h975269b5c2788879
[INFO] [stdout]                                at /rustc/a178d0322ce20e33eac124758e837cbd80a6f633/library/core/src/ops/function.rs:227:5
[INFO] [stdout]   24:     0x5587a68b3b5d - <alloc::boxed::Box<F,A> as core::ops::function::FnOnce<Args>>::call_once::h4b6e8b1ce3154aa0
[INFO] [stdout]                                at /rustc/a178d0322ce20e33eac124758e837cbd80a6f633/library/alloc/src/boxed.rs:1575:9
[INFO] [stdout]   25:     0x5587a6854244 - <std::panic::AssertUnwindSafe<F> as core::ops::function::FnOnce<()>>::call_once::h50ee53c36d3e905e
[INFO] [stdout]                                at /rustc/a178d0322ce20e33eac124758e837cbd80a6f633/library/std/src/panic.rs:347:9
[INFO] [stdout]   26:     0x5587a6868e0d - std::panicking::try::do_call::hbc77d26fb810ceb1
[INFO] [stdout]                                at /rustc/a178d0322ce20e33eac124758e837cbd80a6f633/library/std/src/panicking.rs:401:40
[INFO] [stdout]   27:     0x5587a686c34d - __rust_try
[INFO] [stdout]   28:     0x5587a686888d - std::panicking::try::h3df89170b7397131
[INFO] [stdout]                                at /rustc/a178d0322ce20e33eac124758e837cbd80a6f633/library/std/src/panicking.rs:365:19
[INFO] [stdout]   29:     0x5587a6855714 - std::panic::catch_unwind::h4f370a595b05e81a
[INFO] [stdout]                                at /rustc/a178d0322ce20e33eac124758e837cbd80a6f633/library/std/src/panic.rs:434:14
[INFO] [stdout]   30:     0x5587a686624c - tester::run_test_in_process::h3539ce9d940a1f12
[INFO] [stdout]                                at /opt/rustwide/cargo-home/registry/src/github.com-1ecc6299db9ec823/tester-0.7.0/src/lib.rs:578:18
[INFO] [stdout]   31:     0x5587a6865f35 - tester::run_test::run_test_inner::{{closure}}::hb4cd11f74f8a4b89
[INFO] [stdout]                                at /opt/rustwide/cargo-home/registry/src/github.com-1ecc6299db9ec823/tester-0.7.0/src/lib.rs:474:21
[INFO] [stdout]   32:     0x5587a6880413 - std::sys_common::backtrace::__rust_begin_short_backtrace::hc3581968267483c8
[INFO] [stdout]                                at /rustc/a178d0322ce20e33eac124758e837cbd80a6f633/library/std/src/sys_common/backtrace.rs:125:18
[INFO] [stdout]   33:     0x5587a6896670 - std::thread::Builder::spawn_unchecked::{{closure}}::{{closure}}::hde570c7864d09cb1
[INFO] [stdout]                                at /rustc/a178d0322ce20e33eac124758e837cbd80a6f633/library/std/src/thread/mod.rs:481:17
[INFO] [stdout]   34:     0x5587a6854274 - <std::panic::AssertUnwindSafe<F> as core::ops::function::FnOnce<()>>::call_once::ha98d56003a0ec678
[INFO] [stdout]                                at /rustc/a178d0322ce20e33eac124758e837cbd80a6f633/library/std/src/panic.rs:347:9
[INFO] [stdout]   35:     0x5587a6868dc2 - std::panicking::try::do_call::h391d7ed668109382
[INFO] [stdout]                                at /rustc/a178d0322ce20e33eac124758e837cbd80a6f633/library/std/src/panicking.rs:401:40
[INFO] [stdout]   36:     0x5587a686c34d - __rust_try
[INFO] [stdout]   37:     0x5587a6868ae7 - std::panicking::try::hcb01b43b5e81fe56
[INFO] [stdout]                                at /rustc/a178d0322ce20e33eac124758e837cbd80a6f633/library/std/src/panicking.rs:365:19
[INFO] [stdout]   38:     0x5587a68556e4 - std::panic::catch_unwind::h1a65ab4f8a23a3f9
[INFO] [stdout]                                at /rustc/a178d0322ce20e33eac124758e837cbd80a6f633/library/std/src/panic.rs:434:14
[INFO] [stdout]   39:     0x5587a689647e - std::thread::Builder::spawn_unchecked::{{closure}}::hffb2042a8d719367
[INFO] [stdout]                                at /rustc/a178d0322ce20e33eac124758e837cbd80a6f633/library/std/src/thread/mod.rs:480:30
[INFO] [stdout]   40:     0x5587a688422f - core::ops::function::FnOnce::call_once{{vtable.shim}}::h8364d71a86491b7d
[INFO] [stdout]                                at /rustc/a178d0322ce20e33eac124758e837cbd80a6f633/library/core/src/ops/function.rs:227:5
[INFO] [stdout]   41:     0x5587a6932e37 - <alloc::boxed::Box<F,A> as core::ops::function::FnOnce<Args>>::call_once::h7ece6cfefaff1005
[INFO] [stdout]                                at /rustc/a178d0322ce20e33eac124758e837cbd80a6f633/library/alloc/src/boxed.rs:1575:9
[INFO] [stdout]   42:     0x5587a6932e37 - <alloc::boxed::Box<F,A> as core::ops::function::FnOnce<Args>>::call_once::hb8b48e55c21f193e
[INFO] [stdout]                                at /rustc/a178d0322ce20e33eac124758e837cbd80a6f633/library/alloc/src/boxed.rs:1575:9
[INFO] [stdout]   43:     0x5587a6932e37 - std::sys::unix::thread::Thread::new::thread_start::h8c7c4450dba62914
[INFO] [stdout]                                at /rustc/a178d0322ce20e33eac124758e837cbd80a6f633/library/std/src/sys/unix/thread.rs:71:17
[INFO] [stdout]   44:     0x7fac83337609 - start_thread
[INFO] [stdout]   45:     0x7fac83109293 - clone
[INFO] [stdout]   46:                0x0 - <unknown>
[INFO] [stdout] thread 'compile_test' panicked at 'Some tests failed', /opt/rustwide/cargo-home/registry/src/github.com-1ecc6299db9ec823/compiletest_rs-0.5.0/src/lib.rs:105:22
[INFO] [stdout] stack backtrace:
[INFO] [stdout]    0:     0x5587a6929b80 - std::backtrace_rs::backtrace::libunwind::trace::h34055254b57d8e79
[INFO] [stdout]                                at /rustc/a178d0322ce20e33eac124758e837cbd80a6f633/library/std/src/../../backtrace/src/backtrace/libunwind.rs:90:5
[INFO] [stdout]    1:     0x5587a6929b80 - std::backtrace_rs::backtrace::trace_unsynchronized::h8f1e3fbd9afff6ec
[INFO] [stdout]                                at /rustc/a178d0322ce20e33eac124758e837cbd80a6f633/library/std/src/../../backtrace/src/backtrace/mod.rs:66:5
[INFO] [stdout]    2:     0x5587a6929b80 - std::sys_common::backtrace::_print_fmt::h3a99a796b770c360
[INFO] [stdout]                                at /rustc/a178d0322ce20e33eac124758e837cbd80a6f633/library/std/src/sys_common/backtrace.rs:67:5
[INFO] [stdout]    3:     0x5587a6929b80 - <std::sys_common::backtrace::_print::DisplayBacktrace as core::fmt::Display>::fmt::h32d1f94a80615d18
[INFO] [stdout]                                at /rustc/a178d0322ce20e33eac124758e837cbd80a6f633/library/std/src/sys_common/backtrace.rs:46:22
[INFO] [stdout]    4:     0x5587a694ecec - core::fmt::write::h306731c068f7162c
[INFO] [stdout]                                at /rustc/a178d0322ce20e33eac124758e837cbd80a6f633/library/core/src/fmt/mod.rs:1110:17
[INFO] [stdout]    5:     0x5587a6925d05 - std::io::Write::write_fmt::h87f19b0a2cd190bc
[INFO] [stdout]                                at /rustc/a178d0322ce20e33eac124758e837cbd80a6f633/library/std/src/io/mod.rs:1588:15
[INFO] [stdout]    6:     0x5587a692c88b - std::sys_common::backtrace::_print::h5abaa2601a852287
[INFO] [stdout]                                at /rustc/a178d0322ce20e33eac124758e837cbd80a6f633/library/std/src/sys_common/backtrace.rs:49:5
[INFO] [stdout]    7:     0x5587a692c88b - std::sys_common::backtrace::print::h8d81445442bb638f
[INFO] [stdout]                                at /rustc/a178d0322ce20e33eac124758e837cbd80a6f633/library/std/src/sys_common/backtrace.rs:36:9
[INFO] [stdout]    8:     0x5587a692c88b - std::panicking::default_hook::{{closure}}::hcfe804496a9fa747
[INFO] [stdout]                                at /rustc/a178d0322ce20e33eac124758e837cbd80a6f633/library/std/src/panicking.rs:208:50
[INFO] [stdout]    9:     0x5587a692c39c - std::panicking::default_hook::hbea8e3ccf2ba8901
[INFO] [stdout]                                at /rustc/a178d0322ce20e33eac124758e837cbd80a6f633/library/std/src/panicking.rs:222:9
[INFO] [stdout]   10:     0x5587a692cf54 - std::panicking::rust_panic_with_hook::h7ee9e1a2d0f8975a
[INFO] [stdout]                                at /rustc/a178d0322ce20e33eac124758e837cbd80a6f633/library/std/src/panicking.rs:622:17
[INFO] [stdout]   11:     0x5587a6904433 - std::panicking::begin_panic::{{closure}}::haa2259a5d090943e
[INFO] [stdout]                                at /rustc/a178d0322ce20e33eac124758e837cbd80a6f633/library/std/src/panicking.rs:542:9
[INFO] [stdout]   12:     0x5587a69081c9 - std::sys_common::backtrace::__rust_end_short_backtrace::hab24bff5d543af40
[INFO] [stdout]                                at /rustc/a178d0322ce20e33eac124758e837cbd80a6f633/library/std/src/sys_common/backtrace.rs:141:18
[INFO] [stdout]   13:     0x5587a6904369 - std::panicking::begin_panic::hb0ad47222346dbe6
[INFO] [stdout]                                at /rustc/a178d0322ce20e33eac124758e837cbd80a6f633/library/std/src/panicking.rs:541:12
[INFO] [stdout]   14:     0x5587a658e567 - compiletest_rs::run_tests::h830ff960ec77b9c6
[INFO] [stdout]                                at /opt/rustwide/cargo-home/registry/src/github.com-1ecc6299db9ec823/compiletest_rs-0.5.0/src/lib.rs:105:22
[INFO] [stdout]   15:     0x5587a65308c9 - compile_test::run_mode::hd9c41f3f5bfbfa9b
[INFO] [stdout]                                at /opt/rustwide/workdir/tests/compile_test.rs:13:5
[INFO] [stdout]   16:     0x5587a6530922 - compile_test::compile_test::h3e3242801a13a6fc
[INFO] [stdout]                                at /opt/rustwide/workdir/tests/compile_test.rs:18:5
[INFO] [stdout]   17:     0x5587a65308fa - compile_test::compile_test::{{closure}}::h3ad4c7d04ca7a522
[INFO] [stdout]                                at /opt/rustwide/workdir/tests/compile_test.rs:17:1
[INFO] [stdout]   18:     0x5587a6530b7e - core::ops::function::FnOnce::call_once::h952dd0bd98ac7711
[INFO] [stdout]                                at /rustc/a178d0322ce20e33eac124758e837cbd80a6f633/library/core/src/ops/function.rs:227:5
[INFO] [stdout]   19:     0x5587a6558e53 - core::ops::function::FnOnce::call_once::h152e7e439ff59e19
[INFO] [stdout]                                at /rustc/a178d0322ce20e33eac124758e837cbd80a6f633/library/core/src/ops/function.rs:227:5
[INFO] [stdout]   20:     0x5587a6558e53 - test::__rust_begin_short_backtrace::h0908f3b1fdbb72ab
[INFO] [stdout]                                at /rustc/a178d0322ce20e33eac124758e837cbd80a6f633/library/test/src/lib.rs:577:5
[INFO] [stdout]   21:     0x5587a6557910 - <alloc::boxed::Box<F,A> as core::ops::function::FnOnce<Args>>::call_once::hf6d2a51e5587546c
[INFO] [stdout]                                at /rustc/a178d0322ce20e33eac124758e837cbd80a6f633/library/alloc/src/boxed.rs:1575:9
[INFO] [stdout]   22:     0x5587a6557910 - <std::panic::AssertUnwindSafe<F> as core::ops::function::FnOnce<()>>::call_once::h8af660f3a89ef593
[INFO] [stdout]                                at /rustc/a178d0322ce20e33eac124758e837cbd80a6f633/library/std/src/panic.rs:347:9
[INFO] [stdout]   23:     0x5587a6557910 - std::panicking::try::do_call::hd36aef60f84b6d36
[INFO] [stdout]                                at /rustc/a178d0322ce20e33eac124758e837cbd80a6f633/library/std/src/panicking.rs:401:40
[INFO] [stdout]   24:     0x5587a6557910 - std::panicking::try::h9932b4480e69817c
[INFO] [stdout]                                at /rustc/a178d0322ce20e33eac124758e837cbd80a6f633/library/std/src/panicking.rs:365:19
[INFO] [stdout]   25:     0x5587a6557910 - std::panic::catch_unwind::h6aa177099cfff5f8
[INFO] [stdout]                                at /rustc/a178d0322ce20e33eac124758e837cbd80a6f633/library/std/src/panic.rs:434:14
[INFO] [stdout]   26:     0x5587a6557910 - test::run_test_in_process::h5884d6f2d99e20c3
[INFO] [stdout]                                at /rustc/a178d0322ce20e33eac124758e837cbd80a6f633/library/test/src/lib.rs:600:18
[INFO] [stdout]   27:     0x5587a6557910 - test::run_test::run_test_inner::{{closure}}::h6fdc58c6d5f5b6e3
[INFO] [stdout]                                at /rustc/a178d0322ce20e33eac124758e837cbd80a6f633/library/test/src/lib.rs:492:39
[INFO] [stdout]   28:     0x5587a6530fc2 - test::run_test::run_test_inner::{{closure}}::h408365d67a78ade8
[INFO] [stdout]                                at /rustc/a178d0322ce20e33eac124758e837cbd80a6f633/library/test/src/lib.rs:519:37
[INFO] [stdout]   29:     0x5587a6530fc2 - std::sys_common::backtrace::__rust_begin_short_backtrace::hb560b77c4f701523
[INFO] [stdout]                                at /rustc/a178d0322ce20e33eac124758e837cbd80a6f633/library/std/src/sys_common/backtrace.rs:125:18
[INFO] [stdout]   30:     0x5587a6534b78 - std::thread::Builder::spawn_unchecked::{{closure}}::{{closure}}::hf2e7831dad93c597
[INFO] [stdout]                                at /rustc/a178d0322ce20e33eac124758e837cbd80a6f633/library/std/src/thread/mod.rs:481:17
[INFO] [stdout]   31:     0x5587a6534b78 - <std::panic::AssertUnwindSafe<F> as core::ops::function::FnOnce<()>>::call_once::hd2e08783d8be4d02
[INFO] [stdout]                                at /rustc/a178d0322ce20e33eac124758e837cbd80a6f633/library/std/src/panic.rs:347:9
[INFO] [stdout]   32:     0x5587a6534b78 - std::panicking::try::do_call::h062597b7acfd6b82
[INFO] [stdout]                                at /rustc/a178d0322ce20e33eac124758e837cbd80a6f633/library/std/src/panicking.rs:401:40
[INFO] [stdout]   33:     0x5587a6534b78 - std::panicking::try::h0d7b79db04c14552
[INFO] [stdout]                                at /rustc/a178d0322ce20e33eac124758e837cbd80a6f633/library/std/src/panicking.rs:365:19
[INFO] [stdout]   34:     0x5587a6534b78 - std::panic::catch_unwind::hb01a0b5e7c8cd43b
[INFO] [stdout]                                at /rustc/a178d0322ce20e33eac124758e837cbd80a6f633/library/std/src/panic.rs:434:14
[INFO] [stdout]   35:     0x5587a6534b78 - std::thread::Builder::spawn_unchecked::{{closure}}::h5bde48cc887e0d1e
[INFO] [stdout]                                at /rustc/a178d0322ce20e33eac124758e837cbd80a6f633/library/std/src/thread/mod.rs:480:30
[INFO] [stdout]   36:     0x5587a6534b78 - core::ops::function::FnOnce::call_once{{vtable.shim}}::h745ea30807a29e55
[INFO] [stdout]                                at /rustc/a178d0322ce20e33eac124758e837cbd80a6f633/library/core/src/ops/function.rs:227:5
[INFO] [stdout]   37:     0x5587a6932e37 - <alloc::boxed::Box<F,A> as core::ops::function::FnOnce<Args>>::call_once::h7ece6cfefaff1005
[INFO] [stdout]                                at /rustc/a178d0322ce20e33eac124758e837cbd80a6f633/library/alloc/src/boxed.rs:1575:9
[INFO] [stdout]   38:     0x5587a6932e37 - <alloc::boxed::Box<F,A> as core::ops::function::FnOnce<Args>>::call_once::hb8b48e55c21f193e
[INFO] [stdout]                                at /rustc/a178d0322ce20e33eac124758e837cbd80a6f633/library/alloc/src/boxed.rs:1575:9
[INFO] [stdout]   39:     0x5587a6932e37 - std::sys::unix::thread::Thread::new::thread_start::h8c7c4450dba62914
[INFO] [stdout]                                at /rustc/a178d0322ce20e33eac124758e837cbd80a6f633/library/std/src/sys/unix/thread.rs:71:17
[INFO] [stdout]   40:     0x7fac83337609 - start_thread
[INFO] [stdout]   41:     0x7fac83109293 - clone
[INFO] [stdout]   42:                0x0 - <unknown>
[INFO] [stdout] 
[INFO] [stdout] 
[INFO] [stdout] failures:
[INFO] [stdout]     compile_test
[INFO] [stdout] 
[INFO] [stdout] test result: FAILED. 0 passed; 1 failed; 0 ignored; 0 measured; 0 filtered out; finished in 0.69s
[INFO] [stdout] 
[INFO] [stderr] error: test failed, to rerun pass '--test compile_test'
[INFO] running `Command { std: "docker" "inspect" "426e084e1d6ecf8edc2016251d01ec5480ab3cfac7ab337b271777b643836ee1", kill_on_drop: false }`
[INFO] running `Command { std: "docker" "rm" "-f" "426e084e1d6ecf8edc2016251d01ec5480ab3cfac7ab337b271777b643836ee1", kill_on_drop: false }`
[INFO] [stdout] 426e084e1d6ecf8edc2016251d01ec5480ab3cfac7ab337b271777b643836ee1
