[INFO] fetching crate compile_ops 0.1.3...
[INFO] testing compile_ops-0.1.3 against beta-2021-08-01 for beta-1.55-1
[INFO] extracting crate compile_ops 0.1.3 into /workspace/builds/worker-37/source
[INFO] validating manifest of crates.io crate compile_ops 0.1.3 on toolchain beta-2021-08-01
[INFO] running `Command { std: "/workspace/cargo-home/bin/cargo" "+beta-2021-08-01" "metadata" "--manifest-path" "Cargo.toml" "--no-deps", kill_on_drop: false }`
[INFO] started tweaking crates.io crate compile_ops 0.1.3
[INFO] finished tweaking crates.io crate compile_ops 0.1.3
[INFO] tweaked toml for crates.io crate compile_ops 0.1.3 written to /workspace/builds/worker-37/source/Cargo.toml
[INFO] running `Command { std: "/workspace/cargo-home/bin/cargo" "+beta-2021-08-01" "generate-lockfile" "--manifest-path" "Cargo.toml" "-Zno-index-update", kill_on_drop: false }`
[INFO] [stderr]     Blocking waiting for file lock on package cache
[INFO] running `Command { std: "/workspace/cargo-home/bin/cargo" "+beta-2021-08-01" "fetch" "--manifest-path" "Cargo.toml", kill_on_drop: false }`
[INFO] running `Command { std: "docker" "create" "-v" "/var/lib/crater-agent-workspace/builds/worker-37/target:/opt/rustwide/target:rw,Z" "-v" "/var/lib/crater-agent-workspace/builds/worker-37/source:/opt/rustwide/workdir:ro,Z" "-v" "/var/lib/crater-agent-workspace/cargo-home:/opt/rustwide/cargo-home:ro,Z" "-v" "/var/lib/crater-agent-workspace/rustup-home:/opt/rustwide/rustup-home:ro,Z" "-e" "SOURCE_DIR=/opt/rustwide/workdir" "-e" "CARGO_TARGET_DIR=/opt/rustwide/target" "-e" "CARGO_HOME=/opt/rustwide/cargo-home" "-e" "RUSTUP_HOME=/opt/rustwide/rustup-home" "-w" "/opt/rustwide/workdir" "-m" "1610612736" "--user" "0:0" "--network" "none" "ghcr.io/rust-lang/crates-build-env/linux@sha256:34b6a614d2c27851fe6cbf88fbd1137609cefab8b10d0615aaeb6fd47975d74e" "/opt/rustwide/cargo-home/bin/cargo" "+beta-2021-08-01" "metadata" "--no-deps" "--format-version=1", kill_on_drop: false }`
[INFO] [stdout] 16dfd3b8408989f24e1dddac4798fcb5536f881077cfe693e438908decdfdaeb
[INFO] running `Command { std: "docker" "start" "-a" "16dfd3b8408989f24e1dddac4798fcb5536f881077cfe693e438908decdfdaeb", kill_on_drop: false }`
[INFO] running `Command { std: "docker" "inspect" "16dfd3b8408989f24e1dddac4798fcb5536f881077cfe693e438908decdfdaeb", kill_on_drop: false }`
[INFO] running `Command { std: "docker" "rm" "-f" "16dfd3b8408989f24e1dddac4798fcb5536f881077cfe693e438908decdfdaeb", kill_on_drop: false }`
[INFO] [stdout] 16dfd3b8408989f24e1dddac4798fcb5536f881077cfe693e438908decdfdaeb
[INFO] running `Command { std: "docker" "create" "-v" "/var/lib/crater-agent-workspace/builds/worker-37/target:/opt/rustwide/target:rw,Z" "-v" "/var/lib/crater-agent-workspace/builds/worker-37/source:/opt/rustwide/workdir:ro,Z" "-v" "/var/lib/crater-agent-workspace/cargo-home:/opt/rustwide/cargo-home:ro,Z" "-v" "/var/lib/crater-agent-workspace/rustup-home:/opt/rustwide/rustup-home:ro,Z" "-e" "SOURCE_DIR=/opt/rustwide/workdir" "-e" "CARGO_TARGET_DIR=/opt/rustwide/target" "-e" "CARGO_INCREMENTAL=0" "-e" "RUST_BACKTRACE=full" "-e" "RUSTFLAGS=--cap-lints=warn" "-e" "CARGO_HOME=/opt/rustwide/cargo-home" "-e" "RUSTUP_HOME=/opt/rustwide/rustup-home" "-w" "/opt/rustwide/workdir" "-m" "1610612736" "--user" "0:0" "--network" "none" "ghcr.io/rust-lang/crates-build-env/linux@sha256:34b6a614d2c27851fe6cbf88fbd1137609cefab8b10d0615aaeb6fd47975d74e" "/opt/rustwide/cargo-home/bin/cargo" "+beta-2021-08-01" "build" "--frozen" "--message-format=json", kill_on_drop: false }`
[INFO] [stdout] d5441c2e68b96cda544754561a6ba61c1c8225acaee34b1513b6fbd1a9032ac8
[INFO] running `Command { std: "docker" "start" "-a" "d5441c2e68b96cda544754561a6ba61c1c8225acaee34b1513b6fbd1a9032ac8", kill_on_drop: false }`
[INFO] [stderr]    Compiling compile_ops v0.1.3 (/opt/rustwide/workdir)
[INFO] [stderr]     Finished dev [unoptimized + debuginfo] target(s) in 1.36s
[INFO] running `Command { std: "docker" "inspect" "d5441c2e68b96cda544754561a6ba61c1c8225acaee34b1513b6fbd1a9032ac8", kill_on_drop: false }`
[INFO] running `Command { std: "docker" "rm" "-f" "d5441c2e68b96cda544754561a6ba61c1c8225acaee34b1513b6fbd1a9032ac8", kill_on_drop: false }`
[INFO] [stdout] d5441c2e68b96cda544754561a6ba61c1c8225acaee34b1513b6fbd1a9032ac8
[INFO] running `Command { std: "docker" "create" "-v" "/var/lib/crater-agent-workspace/builds/worker-37/target:/opt/rustwide/target:rw,Z" "-v" "/var/lib/crater-agent-workspace/builds/worker-37/source:/opt/rustwide/workdir:ro,Z" "-v" "/var/lib/crater-agent-workspace/cargo-home:/opt/rustwide/cargo-home:ro,Z" "-v" "/var/lib/crater-agent-workspace/rustup-home:/opt/rustwide/rustup-home:ro,Z" "-e" "SOURCE_DIR=/opt/rustwide/workdir" "-e" "CARGO_TARGET_DIR=/opt/rustwide/target" "-e" "CARGO_INCREMENTAL=0" "-e" "RUST_BACKTRACE=full" "-e" "RUSTFLAGS=--cap-lints=warn" "-e" "CARGO_HOME=/opt/rustwide/cargo-home" "-e" "RUSTUP_HOME=/opt/rustwide/rustup-home" "-w" "/opt/rustwide/workdir" "-m" "1610612736" "--user" "0:0" "--network" "none" "ghcr.io/rust-lang/crates-build-env/linux@sha256:34b6a614d2c27851fe6cbf88fbd1137609cefab8b10d0615aaeb6fd47975d74e" "/opt/rustwide/cargo-home/bin/cargo" "+beta-2021-08-01" "test" "--frozen" "--no-run" "--message-format=json", kill_on_drop: false }`
[INFO] [stdout] bed9f5d580b31d824d423a2a0a0c399fa01d0a14d5b41f7f266dc747649b7da6
[INFO] running `Command { std: "docker" "start" "-a" "bed9f5d580b31d824d423a2a0a0c399fa01d0a14d5b41f7f266dc747649b7da6", kill_on_drop: false }`
[INFO] [stderr]    Compiling compile_ops v0.1.3 (/opt/rustwide/workdir)
[INFO] [stderr]     Finished test [unoptimized + debuginfo] target(s) in 0.51s
[INFO] running `Command { std: "docker" "inspect" "bed9f5d580b31d824d423a2a0a0c399fa01d0a14d5b41f7f266dc747649b7da6", kill_on_drop: false }`
[INFO] running `Command { std: "docker" "rm" "-f" "bed9f5d580b31d824d423a2a0a0c399fa01d0a14d5b41f7f266dc747649b7da6", kill_on_drop: false }`
[INFO] [stdout] bed9f5d580b31d824d423a2a0a0c399fa01d0a14d5b41f7f266dc747649b7da6
[INFO] running `Command { std: "docker" "create" "-v" "/var/lib/crater-agent-workspace/builds/worker-37/target:/opt/rustwide/target:rw,Z" "-v" "/var/lib/crater-agent-workspace/builds/worker-37/source:/opt/rustwide/workdir:ro,Z" "-v" "/var/lib/crater-agent-workspace/cargo-home:/opt/rustwide/cargo-home:ro,Z" "-v" "/var/lib/crater-agent-workspace/rustup-home:/opt/rustwide/rustup-home:ro,Z" "-e" "SOURCE_DIR=/opt/rustwide/workdir" "-e" "CARGO_TARGET_DIR=/opt/rustwide/target" "-e" "CARGO_INCREMENTAL=0" "-e" "RUST_BACKTRACE=full" "-e" "RUSTFLAGS=--cap-lints=warn" "-e" "CARGO_HOME=/opt/rustwide/cargo-home" "-e" "RUSTUP_HOME=/opt/rustwide/rustup-home" "-w" "/opt/rustwide/workdir" "-m" "1610612736" "--user" "0:0" "--network" "none" "ghcr.io/rust-lang/crates-build-env/linux@sha256:34b6a614d2c27851fe6cbf88fbd1137609cefab8b10d0615aaeb6fd47975d74e" "/opt/rustwide/cargo-home/bin/cargo" "+beta-2021-08-01" "test" "--frozen", kill_on_drop: false }`
[INFO] [stdout] 645c5b3f8ebb4aafff76339fc035c66a167645c942426295c385f052a4999c86
[INFO] running `Command { std: "docker" "start" "-a" "645c5b3f8ebb4aafff76339fc035c66a167645c942426295c385f052a4999c86", kill_on_drop: false }`
[INFO] [stderr]     Finished test [unoptimized + debuginfo] target(s) in 0.03s
[INFO] [stderr]      Running unittests (/opt/rustwide/target/debug/deps/compile_ops-10647e67be9a7302)
[INFO] [stdout] 
[INFO] [stderr]    Doc-tests compile_ops
[INFO] [stdout] running 0 tests
[INFO] [stdout] 
[INFO] [stdout] test result: ok. 0 passed; 0 failed; 0 ignored; 0 measured; 0 filtered out; finished in 0.00s
[INFO] [stdout] 
[INFO] [stdout] 
[INFO] [stdout] running 2 tests
[INFO] [stdout] test src/lib.rs - ternary (line 438) ... FAILED
[INFO] [stdout] test src/lib.rs - (line 13) ... FAILED
[INFO] [stdout] 
[INFO] [stdout] failures:
[INFO] [stdout] 
[INFO] [stdout] ---- src/lib.rs - ternary (line 438) stdout ----
[INFO] [stdout] error[E0554]: `#![feature]` may not be used on the beta release channel
[INFO] [stdout]  --> src/lib.rs:437:1
[INFO] [stdout]   |
[INFO] [stdout] 2 | #![feature(proc_macro_hygiene)] // needed here due to the use in let
[INFO] [stdout]   | ^^^^^^^^^^^^^^^^^^^^^^^^^^^^^^^
[INFO] [stdout] 
[INFO] [stdout] error: aborting due to previous error
[INFO] [stdout] 
[INFO] [stdout] For more information about this error, try `rustc --explain E0554`.
[INFO] [stdout] Couldn't compile the test.
[INFO] [stdout] ---- src/lib.rs - (line 13) stdout ----
[INFO] [stdout] error[E0554]: `#![feature]` may not be used on the beta release channel
[INFO] [stdout]  --> src/lib.rs:12:1
[INFO] [stdout]   |
[INFO] [stdout] 2 | #![feature(proc_macro_hygiene)]
[INFO] [stdout]   | ^^^^^^^^^^^^^^^^^^^^^^^^^^^^^^^
[INFO] [stdout] 
[INFO] [stdout] error: aborting due to previous error
[INFO] [stdout] 
[INFO] [stdout] For more information about this error, try `rustc --explain E0554`.
[INFO] [stdout] Couldn't compile the test.
[INFO] [stdout] 
[INFO] [stdout] failures:
[INFO] [stdout]     src/lib.rs - (line 13)
[INFO] [stdout]     src/lib.rs - ternary (line 438)
[INFO] [stdout] 
[INFO] [stdout] test result: FAILED. 0 passed; 2 failed; 0 ignored; 0 measured; 0 filtered out; finished in 0.11s
[INFO] [stdout] 
[INFO] [stderr] error: test failed, to rerun pass '--doc'
[INFO] running `Command { std: "docker" "inspect" "645c5b3f8ebb4aafff76339fc035c66a167645c942426295c385f052a4999c86", kill_on_drop: false }`
[INFO] running `Command { std: "docker" "rm" "-f" "645c5b3f8ebb4aafff76339fc035c66a167645c942426295c385f052a4999c86", kill_on_drop: false }`
[INFO] [stdout] 645c5b3f8ebb4aafff76339fc035c66a167645c942426295c385f052a4999c86
