[INFO] fetching crate comms 0.1.4...
[INFO] testing comms-0.1.4 against 1.54.0 for beta-1.55-1
[INFO] extracting crate comms 0.1.4 into /workspace/builds/worker-92/source
[INFO] validating manifest of crates.io crate comms 0.1.4 on toolchain 1.54.0
[INFO] running `Command { std: "/workspace/cargo-home/bin/cargo" "+1.54.0" "metadata" "--manifest-path" "Cargo.toml" "--no-deps", kill_on_drop: false }`
[INFO] started tweaking crates.io crate comms 0.1.4
[INFO] finished tweaking crates.io crate comms 0.1.4
[INFO] tweaked toml for crates.io crate comms 0.1.4 written to /workspace/builds/worker-92/source/Cargo.toml
[INFO] running `Command { std: "/workspace/cargo-home/bin/cargo" "+1.54.0" "generate-lockfile" "--manifest-path" "Cargo.toml" "-Zno-index-update", kill_on_drop: false }`
[INFO] running `Command { std: "/workspace/cargo-home/bin/cargo" "+1.54.0" "fetch" "--manifest-path" "Cargo.toml", kill_on_drop: false }`
[INFO] [stderr]     Blocking waiting for file lock on package cache
[INFO] running `Command { std: "docker" "create" "-v" "/var/lib/crater-agent-workspace/builds/worker-92/target:/opt/rustwide/target:rw,Z" "-v" "/var/lib/crater-agent-workspace/builds/worker-92/source:/opt/rustwide/workdir:ro,Z" "-v" "/var/lib/crater-agent-workspace/cargo-home:/opt/rustwide/cargo-home:ro,Z" "-v" "/var/lib/crater-agent-workspace/rustup-home:/opt/rustwide/rustup-home:ro,Z" "-e" "SOURCE_DIR=/opt/rustwide/workdir" "-e" "CARGO_TARGET_DIR=/opt/rustwide/target" "-e" "CARGO_HOME=/opt/rustwide/cargo-home" "-e" "RUSTUP_HOME=/opt/rustwide/rustup-home" "-w" "/opt/rustwide/workdir" "-m" "1610612736" "--user" "0:0" "--network" "none" "ghcr.io/rust-lang/crates-build-env/linux@sha256:34b6a614d2c27851fe6cbf88fbd1137609cefab8b10d0615aaeb6fd47975d74e" "/opt/rustwide/cargo-home/bin/cargo" "+1.54.0" "metadata" "--no-deps" "--format-version=1", kill_on_drop: false }`
[INFO] [stdout] c23caa947727b5a0adae1a083de3b3f7557513a00d23ddce2347ea95d5785be9
[INFO] running `Command { std: "docker" "start" "-a" "c23caa947727b5a0adae1a083de3b3f7557513a00d23ddce2347ea95d5785be9", kill_on_drop: false }`
[INFO] running `Command { std: "docker" "inspect" "c23caa947727b5a0adae1a083de3b3f7557513a00d23ddce2347ea95d5785be9", kill_on_drop: false }`
[INFO] running `Command { std: "docker" "rm" "-f" "c23caa947727b5a0adae1a083de3b3f7557513a00d23ddce2347ea95d5785be9", kill_on_drop: false }`
[INFO] [stdout] c23caa947727b5a0adae1a083de3b3f7557513a00d23ddce2347ea95d5785be9
[INFO] running `Command { std: "docker" "create" "-v" "/var/lib/crater-agent-workspace/builds/worker-92/target:/opt/rustwide/target:rw,Z" "-v" "/var/lib/crater-agent-workspace/builds/worker-92/source:/opt/rustwide/workdir:ro,Z" "-v" "/var/lib/crater-agent-workspace/cargo-home:/opt/rustwide/cargo-home:ro,Z" "-v" "/var/lib/crater-agent-workspace/rustup-home:/opt/rustwide/rustup-home:ro,Z" "-e" "SOURCE_DIR=/opt/rustwide/workdir" "-e" "CARGO_TARGET_DIR=/opt/rustwide/target" "-e" "CARGO_INCREMENTAL=0" "-e" "RUST_BACKTRACE=full" "-e" "RUSTFLAGS=--cap-lints=warn" "-e" "CARGO_HOME=/opt/rustwide/cargo-home" "-e" "RUSTUP_HOME=/opt/rustwide/rustup-home" "-w" "/opt/rustwide/workdir" "-m" "1610612736" "--user" "0:0" "--network" "none" "ghcr.io/rust-lang/crates-build-env/linux@sha256:34b6a614d2c27851fe6cbf88fbd1137609cefab8b10d0615aaeb6fd47975d74e" "/opt/rustwide/cargo-home/bin/cargo" "+1.54.0" "build" "--frozen" "--message-format=json", kill_on_drop: false }`
[INFO] [stdout] e7dc75366f197fd91ef830d097f46e1343fc7f7ec7b6d2b4fbe058ebe04bfd4e
[INFO] running `Command { std: "docker" "start" "-a" "e7dc75366f197fd91ef830d097f46e1343fc7f7ec7b6d2b4fbe058ebe04bfd4e", kill_on_drop: false }`
[INFO] [stderr]    Compiling slab v0.3.0
[INFO] [stderr]    Compiling futures v0.1.31
[INFO] [stderr]    Compiling tokio-timer v0.1.2
[INFO] [stderr]    Compiling comms v0.1.4 (/opt/rustwide/workdir)
[INFO] [stdout] warning: trait objects without an explicit `dyn` are deprecated
[INFO] [stdout]    --> src/client/mod.rs:126:39
[INFO] [stdout]     |
[INFO] [stdout] 126 |     pub fn update_status(self) -> Box<Future<Item = (Option<C::Item>, Self), Error = Self>> {
[INFO] [stdout]     |                                       ^^^^^^^^^^^^^^^^^^^^^^^^^^^^^^^^^^^^^^^^^^^^^^^^^^^^ help: use `dyn`: `dyn Future<Item = (Option<C::Item>, Self), Error = Self>`
[INFO] [stdout]     |
[INFO] [stdout]     = note: `#[warn(bare_trait_objects)]` on by default
[INFO] [stdout]     = warning: this was previously accepted by the compiler but is being phased out; it will become a hard error in the 2021 edition!
[INFO] [stdout]     = note: for more information, see issue #80165 <https://github.com/rust-lang/rust/issues/80165>
[INFO] [stdout] 
[INFO] [stdout] 
[INFO] [stdout] warning: 1 warning emitted
[INFO] [stdout] 
[INFO] [stdout] 
[INFO] [stderr]     Finished dev [unoptimized + debuginfo] target(s) in 3.29s
[INFO] running `Command { std: "docker" "inspect" "e7dc75366f197fd91ef830d097f46e1343fc7f7ec7b6d2b4fbe058ebe04bfd4e", kill_on_drop: false }`
[INFO] running `Command { std: "docker" "rm" "-f" "e7dc75366f197fd91ef830d097f46e1343fc7f7ec7b6d2b4fbe058ebe04bfd4e", kill_on_drop: false }`
[INFO] [stdout] e7dc75366f197fd91ef830d097f46e1343fc7f7ec7b6d2b4fbe058ebe04bfd4e
[INFO] running `Command { std: "docker" "create" "-v" "/var/lib/crater-agent-workspace/builds/worker-92/target:/opt/rustwide/target:rw,Z" "-v" "/var/lib/crater-agent-workspace/builds/worker-92/source:/opt/rustwide/workdir:ro,Z" "-v" "/var/lib/crater-agent-workspace/cargo-home:/opt/rustwide/cargo-home:ro,Z" "-v" "/var/lib/crater-agent-workspace/rustup-home:/opt/rustwide/rustup-home:ro,Z" "-e" "SOURCE_DIR=/opt/rustwide/workdir" "-e" "CARGO_TARGET_DIR=/opt/rustwide/target" "-e" "CARGO_INCREMENTAL=0" "-e" "RUST_BACKTRACE=full" "-e" "RUSTFLAGS=--cap-lints=warn" "-e" "CARGO_HOME=/opt/rustwide/cargo-home" "-e" "RUSTUP_HOME=/opt/rustwide/rustup-home" "-w" "/opt/rustwide/workdir" "-m" "1610612736" "--user" "0:0" "--network" "none" "ghcr.io/rust-lang/crates-build-env/linux@sha256:34b6a614d2c27851fe6cbf88fbd1137609cefab8b10d0615aaeb6fd47975d74e" "/opt/rustwide/cargo-home/bin/cargo" "+1.54.0" "test" "--frozen" "--no-run" "--message-format=json", kill_on_drop: false }`
[INFO] [stdout] 5d32b839e8db5e1e28d6d57c5a47d9723380b24f448ff7c0ed35bac2023af11d
[INFO] running `Command { std: "docker" "start" "-a" "5d32b839e8db5e1e28d6d57c5a47d9723380b24f448ff7c0ed35bac2023af11d", kill_on_drop: false }`
[INFO] [stderr]    Compiling winapi-build v0.1.1
[INFO] [stderr]    Compiling winapi v0.2.8
[INFO] [stderr]    Compiling utf8-ranges v0.1.3
[INFO] [stderr]    Compiling regex-syntax v0.3.9
[INFO] [stderr]    Compiling memchr v0.1.11
[INFO] [stderr]    Compiling log v0.3.9
[INFO] [stderr]    Compiling rand v0.3.23
[INFO] [stdout] warning: trait objects without an explicit `dyn` are deprecated
[INFO] [stdout]    --> src/client/mod.rs:126:39
[INFO] [stdout]     |
[INFO] [stdout] 126 |     pub fn update_status(self) -> Box<Future<Item = (Option<C::Item>, Self), Error = Self>> {
[INFO] [stdout]     |                                       ^^^^^^^^^^^^^^^^^^^^^^^^^^^^^^^^^^^^^^^^^^^^^^^^^^^^ help: use `dyn`: `dyn Future<Item = (Option<C::Item>, Self), Error = Self>`
[INFO] [stdout]     |
[INFO] [stdout]     = note: `#[warn(bare_trait_objects)]` on by default
[INFO] [stdout]     = warning: this was previously accepted by the compiler but is being phased out; it will become a hard error in the 2021 edition!
[INFO] [stdout]     = note: for more information, see issue #80165 <https://github.com/rust-lang/rust/issues/80165>
[INFO] [stdout] 
[INFO] [stdout] 
[INFO] [stdout] warning: 1 warning emitted
[INFO] [stdout] 
[INFO] [stdout] 
[INFO] [stderr]    Compiling aho-corasick v0.5.3
[INFO] [stderr]    Compiling kernel32-sys v0.2.2
[INFO] [stderr]    Compiling thread-id v2.0.0
[INFO] [stderr]    Compiling thread_local v0.2.7
[INFO] [stderr]    Compiling regex v0.1.80
[INFO] [stderr]    Compiling env_logger v0.3.5
[INFO] [stderr]    Compiling quickcheck v0.2.27
[INFO] [stderr]    Compiling comms v0.1.4 (/opt/rustwide/workdir)
[INFO] [stdout] warning: trait objects without an explicit `dyn` are deprecated
[INFO] [stdout]    --> src/client/mod.rs:126:39
[INFO] [stdout]     |
[INFO] [stdout] 126 |     pub fn update_status(self) -> Box<Future<Item = (Option<C::Item>, Self), Error = Self>> {
[INFO] [stdout]     |                                       ^^^^^^^^^^^^^^^^^^^^^^^^^^^^^^^^^^^^^^^^^^^^^^^^^^^^ help: use `dyn`: `dyn Future<Item = (Option<C::Item>, Self), Error = Self>`
[INFO] [stdout]     |
[INFO] [stdout]     = note: `#[warn(bare_trait_objects)]` on by default
[INFO] [stdout]     = warning: this was previously accepted by the compiler but is being phased out; it will become a hard error in the 2021 edition!
[INFO] [stdout]     = note: for more information, see issue #80165 <https://github.com/rust-lang/rust/issues/80165>
[INFO] [stdout] 
[INFO] [stdout] 
[INFO] [stdout] warning: trait objects without an explicit `dyn` are deprecated
[INFO] [stdout]   --> src/lib.rs:56:33
[INFO] [stdout]    |
[INFO] [stdout] 56 |     pub fn unpark_noop() -> Arc<executor::Unpark> {
[INFO] [stdout]    |                                 ^^^^^^^^^^^^^^^^ help: use `dyn`: `dyn executor::Unpark`
[INFO] [stdout]    |
[INFO] [stdout]    = warning: this was previously accepted by the compiler but is being phased out; it will become a hard error in the 2021 edition!
[INFO] [stdout]    = note: for more information, see issue #80165 <https://github.com/rust-lang/rust/issues/80165>
[INFO] [stdout] 
[INFO] [stdout] 
[INFO] [stdout] warning: use of deprecated trait `futures::task::Unpark`: recommended to use `Notify` instead
[INFO] [stdout]   --> src/lib.rs:56:33
[INFO] [stdout]    |
[INFO] [stdout] 56 |     pub fn unpark_noop() -> Arc<executor::Unpark> {
[INFO] [stdout]    |                                 ^^^^^^^^^^^^^^^^
[INFO] [stdout]    |
[INFO] [stdout]    = note: `#[warn(deprecated)]` on by default
[INFO] [stdout] 
[INFO] [stdout] 
[INFO] [stdout] warning: use of deprecated trait `futures::task::Unpark`: recommended to use `Notify` instead
[INFO] [stdout]   --> src/lib.rs:59:14
[INFO] [stdout]    |
[INFO] [stdout] 59 |         impl executor::Unpark for Foo {
[INFO] [stdout]    |              ^^^^^^^^^^^^^^^^
[INFO] [stdout] 
[INFO] [stdout] 
[INFO] [stdout] warning: use of deprecated associated function `futures::task_impl::std::<impl futures::task::Spawn<F>>::poll_future`: recommended to use `poll_future_notify` instead
[INFO] [stdout]    --> src/client/mod.rs:391:49
[INFO] [stdout]     |
[INFO] [stdout] 391 |             if let Ok(Async::NotReady) = future.poll_future(unpark_noop()) {
[INFO] [stdout]     |                                                 ^^^^^^^^^^^
[INFO] [stdout] 
[INFO] [stdout] 
[INFO] [stdout] warning: use of deprecated associated function `futures::task_impl::std::<impl futures::task::Spawn<F>>::poll_future`: recommended to use `poll_future_notify` instead
[INFO] [stdout]    --> src/room/mod.rs:294:24
[INFO] [stdout]     |
[INFO] [stdout] 294 |         assert!(future.poll_future(unpark_noop()).unwrap().is_not_ready());
[INFO] [stdout]     |                        ^^^^^^^^^^^
[INFO] [stdout] 
[INFO] [stdout] 
[INFO] [stdout] warning: 6 warnings emitted
[INFO] [stdout] 
[INFO] [stdout] 
[INFO] [stderr]     Finished test [unoptimized + debuginfo] target(s) in 10.72s
[INFO] running `Command { std: "docker" "inspect" "5d32b839e8db5e1e28d6d57c5a47d9723380b24f448ff7c0ed35bac2023af11d", kill_on_drop: false }`
[INFO] running `Command { std: "docker" "rm" "-f" "5d32b839e8db5e1e28d6d57c5a47d9723380b24f448ff7c0ed35bac2023af11d", kill_on_drop: false }`
[INFO] [stdout] 5d32b839e8db5e1e28d6d57c5a47d9723380b24f448ff7c0ed35bac2023af11d
[INFO] running `Command { std: "docker" "create" "-v" "/var/lib/crater-agent-workspace/builds/worker-92/target:/opt/rustwide/target:rw,Z" "-v" "/var/lib/crater-agent-workspace/builds/worker-92/source:/opt/rustwide/workdir:ro,Z" "-v" "/var/lib/crater-agent-workspace/cargo-home:/opt/rustwide/cargo-home:ro,Z" "-v" "/var/lib/crater-agent-workspace/rustup-home:/opt/rustwide/rustup-home:ro,Z" "-e" "SOURCE_DIR=/opt/rustwide/workdir" "-e" "CARGO_TARGET_DIR=/opt/rustwide/target" "-e" "CARGO_INCREMENTAL=0" "-e" "RUST_BACKTRACE=full" "-e" "RUSTFLAGS=--cap-lints=warn" "-e" "CARGO_HOME=/opt/rustwide/cargo-home" "-e" "RUSTUP_HOME=/opt/rustwide/rustup-home" "-w" "/opt/rustwide/workdir" "-m" "1610612736" "--user" "0:0" "--network" "none" "ghcr.io/rust-lang/crates-build-env/linux@sha256:34b6a614d2c27851fe6cbf88fbd1137609cefab8b10d0615aaeb6fd47975d74e" "/opt/rustwide/cargo-home/bin/cargo" "+1.54.0" "test" "--frozen", kill_on_drop: false }`
[INFO] [stdout] 80906988ae02123acd5808c2222165a4b984fa25c9413e4277b1fc9431f9cfba
[INFO] running `Command { std: "docker" "start" "-a" "80906988ae02123acd5808c2222165a4b984fa25c9413e4277b1fc9431f9cfba", kill_on_drop: false }`
[INFO] [stderr] warning: trait objects without an explicit `dyn` are deprecated
[INFO] [stdout] 
[INFO] [stderr]    --> src/client/mod.rs:126:39
[INFO] [stdout] running 22 tests
[INFO] [stderr]     |
[INFO] [stderr] 126 |     pub fn update_status(self) -> Box<Future<Item = (Option<C::Item>, Self), Error = Self>> {
[INFO] [stderr]     |                                       ^^^^^^^^^^^^^^^^^^^^^^^^^^^^^^^^^^^^^^^^^^^^^^^^^^^^ help: use `dyn`: `dyn Future<Item = (Option<C::Item>, Self), Error = Self>`
[INFO] [stderr]     |
[INFO] [stderr]     = note: `#[warn(bare_trait_objects)]` on by default
[INFO] [stderr]     = warning: this was previously accepted by the compiler but is being phased out; it will become a hard error in the 2021 edition!
[INFO] [stderr]     = note: for more information, see issue #80165 <https://github.com/rust-lang/rust/issues/80165>
[INFO] [stderr] 
[INFO] [stderr] warning: 1 warning emitted
[INFO] [stderr] 
[INFO] [stderr] warning: trait objects without an explicit `dyn` are deprecated
[INFO] [stderr]    --> src/client/mod.rs:126:39
[INFO] [stderr]     |
[INFO] [stderr] 126 |     pub fn update_status(self) -> Box<Future<Item = (Option<C::Item>, Self), Error = Self>> {
[INFO] [stderr]     |                                       ^^^^^^^^^^^^^^^^^^^^^^^^^^^^^^^^^^^^^^^^^^^^^^^^^^^^ help: use `dyn`: `dyn Future<Item = (Option<C::Item>, Self), Error = Self>`
[INFO] [stderr]     |
[INFO] [stderr]     = note: `#[warn(bare_trait_objects)]` on by default
[INFO] [stderr]     = warning: this was previously accepted by the compiler but is being phased out; it will become a hard error in the 2021 edition!
[INFO] [stderr]     = note: for more information, see issue #80165 <https://github.com/rust-lang/rust/issues/80165>
[INFO] [stderr] 
[INFO] [stderr] warning: trait objects without an explicit `dyn` are deprecated
[INFO] [stderr]   --> src/lib.rs:56:33
[INFO] [stderr]    |
[INFO] [stderr] 56 |     pub fn unpark_noop() -> Arc<executor::Unpark> {
[INFO] [stderr]    |                                 ^^^^^^^^^^^^^^^^ help: use `dyn`: `dyn executor::Unpark`
[INFO] [stderr]    |
[INFO] [stderr]    = warning: this was previously accepted by the compiler but is being phased out; it will become a hard error in the 2021 edition!
[INFO] [stderr]    = note: for more information, see issue #80165 <https://github.com/rust-lang/rust/issues/80165>
[INFO] [stderr] 
[INFO] [stderr] warning: use of deprecated trait `futures::task::Unpark`: recommended to use `Notify` instead
[INFO] [stderr]   --> src/lib.rs:56:33
[INFO] [stderr]    |
[INFO] [stderr] 56 |     pub fn unpark_noop() -> Arc<executor::Unpark> {
[INFO] [stderr]    |                                 ^^^^^^^^^^^^^^^^
[INFO] [stderr]    |
[INFO] [stderr]    = note: `#[warn(deprecated)]` on by default
[INFO] [stderr] 
[INFO] [stderr] warning: use of deprecated trait `futures::task::Unpark`: recommended to use `Notify` instead
[INFO] [stderr]   --> src/lib.rs:59:14
[INFO] [stderr]    |
[INFO] [stderr] 59 |         impl executor::Unpark for Foo {
[INFO] [stderr]    |              ^^^^^^^^^^^^^^^^
[INFO] [stderr] 
[INFO] [stderr] warning: use of deprecated associated function `futures::task_impl::std::<impl futures::task::Spawn<F>>::poll_future`: recommended to use `poll_future_notify` instead
[INFO] [stderr]    --> src/client/mod.rs:391:49
[INFO] [stderr]     |
[INFO] [stderr] 391 |             if let Ok(Async::NotReady) = future.poll_future(unpark_noop()) {
[INFO] [stderr]     |                                                 ^^^^^^^^^^^
[INFO] [stderr] 
[INFO] [stderr] warning: use of deprecated associated function `futures::task_impl::std::<impl futures::task::Spawn<F>>::poll_future`: recommended to use `poll_future_notify` instead
[INFO] [stderr]    --> src/room/mod.rs:294:24
[INFO] [stderr]     |
[INFO] [stderr] 294 |         assert!(future.poll_future(unpark_noop()).unwrap().is_not_ready());
[INFO] [stderr]     |                        ^^^^^^^^^^^
[INFO] [stderr] 
[INFO] [stderr] warning: 6 warnings emitted
[INFO] [stderr] 
[INFO] [stderr]     Finished test [unoptimized + debuginfo] target(s) in 0.14s
[INFO] [stderr]      Running unittests (/opt/rustwide/target/debug/deps/comms-4357e5895de13a26)
[INFO] [stdout] test client::receive::tests::can_receive ... ok
[INFO] [stdout] test client::tests::can_close ... ok
[INFO] [stdout] test client::tests::can_transmit ... ok
[INFO] [stdout] test room::tests::can_receive_all ... ok
[INFO] [stdout] test room::tests::can_statuses ... ok
[INFO] [stdout] test room::tests::can_transmit ... ok
[INFO] [stdout] test client::receive::tests::can_hard_receive_an_error ... ok
[INFO] [stdout] test client::receive::tests::can_receive_well_behaved ... ok
[INFO] [stdout] test client::receive::tests::can_soft_receive_an_error ... ok
[INFO] [stdout] test client::tests::can_join_room ... ok
[INFO] [stdout] test client::tests::can_receive ... ok
[INFO] [stdout] test client::receive::tests::can_hard_receive_in_time ... ok
[INFO] [stdout] test room::tests::can_broadcast_all ... ok
[INFO] [stdout] test client::tests::can_status ... ok
[INFO] [stdout] test client::receive::tests::can_receive_an_error ... ok
[INFO] [stdout] test client::receive::tests::can_soft_receive_in_time ... ok
[INFO] [stdout] test client::tests::stream_and_sink_separate ... FAILED
[INFO] [stdout] test client::receive::tests::can_receive_for_3_seconds ... ok
[INFO] [stdout] test client::receive::tests::can_hard_receive_a_timeout ... ok
[INFO] [stdout] test client::receive::tests::can_soft_receive_a_timeout ... ok
[INFO] [stdout] test client::receive::tests::can_receive_with_hard_timeout_well_behaved ... ok
[INFO] [stdout] test client::receive::tests::can_receive_with_soft_timeout_well_behaved ... ok
[INFO] [stdout] 
[INFO] [stdout] failures:
[INFO] [stdout] 
[INFO] [stdout] ---- client::tests::stream_and_sink_separate stdout ----
[INFO] [stdout] thread 'client::tests::stream_and_sink_separate' panicked at 'assertion failed: `(left == right)`
[INFO] [stdout]   left: `Ok(NotReady)`,
[INFO] [stdout]  right: `Ok(Ready(()))`', src/client/mod.rs:442:17
[INFO] [stdout] stack backtrace:
[INFO] [stdout]    0:     0x561ca0762a70 - std::backtrace_rs::backtrace::libunwind::trace::h34055254b57d8e79
[INFO] [stdout]                                at /rustc/a178d0322ce20e33eac124758e837cbd80a6f633/library/std/src/../../backtrace/src/backtrace/libunwind.rs:90:5
[INFO] [stdout]    1:     0x561ca0762a70 - std::backtrace_rs::backtrace::trace_unsynchronized::h8f1e3fbd9afff6ec
[INFO] [stdout]                                at /rustc/a178d0322ce20e33eac124758e837cbd80a6f633/library/std/src/../../backtrace/src/backtrace/mod.rs:66:5
[INFO] [stdout]    2:     0x561ca0762a70 - std::sys_common::backtrace::_print_fmt::h3a99a796b770c360
[INFO] [stdout]                                at /rustc/a178d0322ce20e33eac124758e837cbd80a6f633/library/std/src/sys_common/backtrace.rs:67:5
[INFO] [stdout]    3:     0x561ca0762a70 - <std::sys_common::backtrace::_print::DisplayBacktrace as core::fmt::Display>::fmt::h32d1f94a80615d18
[INFO] [stdout]                                at /rustc/a178d0322ce20e33eac124758e837cbd80a6f633/library/std/src/sys_common/backtrace.rs:46:22
[INFO] [stdout]    4:     0x561ca07855dc - core::fmt::write::h306731c068f7162c
[INFO] [stdout]                                at /rustc/a178d0322ce20e33eac124758e837cbd80a6f633/library/core/src/fmt/mod.rs:1110:17
[INFO] [stdout]    5:     0x561ca075f7b5 - std::io::Write::write_fmt::h87f19b0a2cd190bc
[INFO] [stdout]                                at /rustc/a178d0322ce20e33eac124758e837cbd80a6f633/library/std/src/io/mod.rs:1588:15
[INFO] [stdout]    6:     0x561ca0764c2b - std::sys_common::backtrace::_print::h5abaa2601a852287
[INFO] [stdout]                                at /rustc/a178d0322ce20e33eac124758e837cbd80a6f633/library/std/src/sys_common/backtrace.rs:49:5
[INFO] [stdout]    7:     0x561ca0764c2b - std::sys_common::backtrace::print::h8d81445442bb638f
[INFO] [stdout]                                at /rustc/a178d0322ce20e33eac124758e837cbd80a6f633/library/std/src/sys_common/backtrace.rs:36:9
[INFO] [stdout]    8:     0x561ca0764c2b - std::panicking::default_hook::{{closure}}::hcfe804496a9fa747
[INFO] [stdout]                                at /rustc/a178d0322ce20e33eac124758e837cbd80a6f633/library/std/src/panicking.rs:208:50
[INFO] [stdout]    9:     0x561ca076473c - std::panicking::default_hook::hbea8e3ccf2ba8901
[INFO] [stdout]                                at /rustc/a178d0322ce20e33eac124758e837cbd80a6f633/library/std/src/panicking.rs:222:9
[INFO] [stdout]   10:     0x561ca07652f4 - std::panicking::rust_panic_with_hook::h7ee9e1a2d0f8975a
[INFO] [stdout]                                at /rustc/a178d0322ce20e33eac124758e837cbd80a6f633/library/std/src/panicking.rs:622:17
[INFO] [stdout]   11:     0x561ca0764dd7 - std::panicking::begin_panic_handler::{{closure}}::h8ab3b4491718b2c7
[INFO] [stdout]                                at /rustc/a178d0322ce20e33eac124758e837cbd80a6f633/library/std/src/panicking.rs:519:13
[INFO] [stdout]   12:     0x561ca0762f6c - std::sys_common::backtrace::__rust_end_short_backtrace::hd489062ffa586a9f
[INFO] [stdout]                                at /rustc/a178d0322ce20e33eac124758e837cbd80a6f633/library/std/src/sys_common/backtrace.rs:141:18
[INFO] [stdout]   13:     0x561ca0764d39 - rust_begin_unwind
[INFO] [stdout]                                at /rustc/a178d0322ce20e33eac124758e837cbd80a6f633/library/std/src/panicking.rs:515:5
[INFO] [stdout]   14:     0x561ca0667651 - core::panicking::panic_fmt::hca6330e3e14086b4
[INFO] [stdout]                                at /rustc/a178d0322ce20e33eac124758e837cbd80a6f633/library/core/src/panicking.rs:92:14
[INFO] [stdout]   15:     0x561ca0783c18 - core::panicking::assert_failed_inner::h33b45280069a80ed
[INFO] [stdout]   16:     0x561ca06ab76a - core::panicking::assert_failed::h7caec0e7bb740819
[INFO] [stdout]                                at /rustc/a178d0322ce20e33eac124758e837cbd80a6f633/library/core/src/panicking.rs:117:5
[INFO] [stdout]   17:     0x561ca06a88d5 - comms::client::tests::stream_and_sink_separate::{{closure}}::h61c26cec9489d6d4
[INFO] [stdout]                                at /opt/rustwide/workdir/src/client/mod.rs:442:17
[INFO] [stdout]   18:     0x561ca06c19cd - futures::future::lazy::Lazy<F,R>::get::h5a8886051b227608
[INFO] [stdout]                                at /opt/rustwide/cargo-home/registry/src/github.com-1ecc6299db9ec823/futures-0.1.31/src/future/lazy.rs:64:59
[INFO] [stdout]   19:     0x561ca06c2e6e - <futures::future::lazy::Lazy<F,R> as futures::future::Future>::poll::hd47eb932fd5ad1bb
[INFO] [stdout]                                at /opt/rustwide/cargo-home/registry/src/github.com-1ecc6299db9ec823/futures-0.1.31/src/future/lazy.rs:82:9
[INFO] [stdout]   20:     0x561ca06924fe - futures::task_impl::Spawn<T>::poll_future_notify::{{closure}}::h9979973ddace9402
[INFO] [stdout]                                at /opt/rustwide/cargo-home/registry/src/github.com-1ecc6299db9ec823/futures-0.1.31/src/task_impl/mod.rs:329:45
[INFO] [stdout]   21:     0x561ca069400b - futures::task_impl::Spawn<T>::enter::{{closure}}::h46465e7708b4e761
[INFO] [stdout]                                at /opt/rustwide/cargo-home/registry/src/github.com-1ecc6299db9ec823/futures-0.1.31/src/task_impl/mod.rs:399:27
[INFO] [stdout]   22:     0x561ca069a74e - futures::task_impl::std::set::h69e3d7ae4866564b
[INFO] [stdout]                                at /opt/rustwide/cargo-home/registry/src/github.com-1ecc6299db9ec823/futures-0.1.31/src/task_impl/std/mod.rs:86:13
[INFO] [stdout]   23:     0x561ca0693023 - futures::task_impl::Spawn<T>::enter::h5b0dda4e848d07d1
[INFO] [stdout]                                at /opt/rustwide/cargo-home/registry/src/github.com-1ecc6299db9ec823/futures-0.1.31/src/task_impl/mod.rs:399:9
[INFO] [stdout]   24:     0x561ca069174b - futures::task_impl::Spawn<T>::poll_fn_notify::haf3329792db951c0
[INFO] [stdout]                                at /opt/rustwide/cargo-home/registry/src/github.com-1ecc6299db9ec823/futures-0.1.31/src/task_impl/mod.rs:291:9
[INFO] [stdout]   25:     0x561ca0692268 - futures::task_impl::Spawn<T>::poll_future_notify::hc28e2c7d00cf30ea
[INFO] [stdout]                                at /opt/rustwide/cargo-home/registry/src/github.com-1ecc6299db9ec823/futures-0.1.31/src/task_impl/mod.rs:329:9
[INFO] [stdout]   26:     0x561ca069c31e - futures::task_impl::std::<impl futures::task_impl::Spawn<F>>::wait_future::{{closure}}::h7b3c9e0b83ce4405
[INFO] [stdout]                                at /opt/rustwide/cargo-home/registry/src/github.com-1ecc6299db9ec823/futures-0.1.31/src/task_impl/std/mod.rs:239:23
[INFO] [stdout]   27:     0x561ca06996fd - futures::task_impl::std::ThreadNotify::with_current::{{closure}}::h10317d9b77103a8e
[INFO] [stdout]                                at /opt/rustwide/cargo-home/registry/src/github.com-1ecc6299db9ec823/futures-0.1.31/src/task_impl/std/mod.rs:486:45
[INFO] [stdout]   28:     0x561ca0682a62 - std::thread::local::LocalKey<T>::try_with::h71991038756cb13b
[INFO] [stdout]                                at /rustc/a178d0322ce20e33eac124758e837cbd80a6f633/library/std/src/thread/local.rs:400:16
[INFO] [stdout]   29:     0x561ca06819d3 - std::thread::local::LocalKey<T>::with::h8844df18ddcf374e
[INFO] [stdout]                                at /rustc/a178d0322ce20e33eac124758e837cbd80a6f633/library/std/src/thread/local.rs:376:9
[INFO] [stdout]   30:     0x561ca06993ef - futures::task_impl::std::ThreadNotify::with_current::h36c90c34392389f2
[INFO] [stdout]                                at /opt/rustwide/cargo-home/registry/src/github.com-1ecc6299db9ec823/futures-0.1.31/src/task_impl/std/mod.rs:486:9
[INFO] [stdout]   31:     0x561ca069469d - futures::task_impl::std::<impl futures::task_impl::Spawn<F>>::wait_future::hea7200c2442d4f39
[INFO] [stdout]                                at /opt/rustwide/cargo-home/registry/src/github.com-1ecc6299db9ec823/futures-0.1.31/src/task_impl/std/mod.rs:236:9
[INFO] [stdout]   32:     0x561ca06c2c48 - futures::future::Future::wait::hc66d84f2bbb85fe9
[INFO] [stdout]                                at /opt/rustwide/cargo-home/registry/src/github.com-1ecc6299db9ec823/futures-0.1.31/src/future/mod.rs:300:9
[INFO] [stdout]   33:     0x561ca06a7ad7 - comms::client::tests::stream_and_sink_separate::hbe13f0a67f2a2e12
[INFO] [stdout]                                at /opt/rustwide/workdir/src/client/mod.rs:416:9
[INFO] [stdout]   34:     0x561ca06a791a - comms::client::tests::stream_and_sink_separate::{{closure}}::h106498dd4b24b635
[INFO] [stdout]                                at /opt/rustwide/workdir/src/client/mod.rs:412:5
[INFO] [stdout]   35:     0x561ca06bc0ce - core::ops::function::FnOnce::call_once::hef3379d30c573de9
[INFO] [stdout]                                at /rustc/a178d0322ce20e33eac124758e837cbd80a6f633/library/core/src/ops/function.rs:227:5
[INFO] [stdout]   36:     0x561ca0702153 - core::ops::function::FnOnce::call_once::h152e7e439ff59e19
[INFO] [stdout]                                at /rustc/a178d0322ce20e33eac124758e837cbd80a6f633/library/core/src/ops/function.rs:227:5
[INFO] [stdout]   37:     0x561ca0702153 - test::__rust_begin_short_backtrace::h0908f3b1fdbb72ab
[INFO] [stdout]                                at /rustc/a178d0322ce20e33eac124758e837cbd80a6f633/library/test/src/lib.rs:577:5
[INFO] [stdout]   38:     0x561ca0700c10 - <alloc::boxed::Box<F,A> as core::ops::function::FnOnce<Args>>::call_once::hf6d2a51e5587546c
[INFO] [stdout]                                at /rustc/a178d0322ce20e33eac124758e837cbd80a6f633/library/alloc/src/boxed.rs:1575:9
[INFO] [stdout]   39:     0x561ca0700c10 - <std::panic::AssertUnwindSafe<F> as core::ops::function::FnOnce<()>>::call_once::h8af660f3a89ef593
[INFO] [stdout]                                at /rustc/a178d0322ce20e33eac124758e837cbd80a6f633/library/std/src/panic.rs:347:9
[INFO] [stdout]   40:     0x561ca0700c10 - std::panicking::try::do_call::hd36aef60f84b6d36
[INFO] [stdout]                                at /rustc/a178d0322ce20e33eac124758e837cbd80a6f633/library/std/src/panicking.rs:401:40
[INFO] [stdout]   41:     0x561ca0700c10 - std::panicking::try::h9932b4480e69817c
[INFO] [stdout]                                at /rustc/a178d0322ce20e33eac124758e837cbd80a6f633/library/std/src/panicking.rs:365:19
[INFO] [stdout]   42:     0x561ca0700c10 - std::panic::catch_unwind::h6aa177099cfff5f8
[INFO] [stdout]                                at /rustc/a178d0322ce20e33eac124758e837cbd80a6f633/library/std/src/panic.rs:434:14
[INFO] [stdout]   43:     0x561ca0700c10 - test::run_test_in_process::h5884d6f2d99e20c3
[INFO] [stdout]                                at /rustc/a178d0322ce20e33eac124758e837cbd80a6f633/library/test/src/lib.rs:600:18
[INFO] [stdout]   44:     0x561ca0700c10 - test::run_test::run_test_inner::{{closure}}::h6fdc58c6d5f5b6e3
[INFO] [stdout]                                at /rustc/a178d0322ce20e33eac124758e837cbd80a6f633/library/test/src/lib.rs:492:39
[INFO] [stdout]   45:     0x561ca06da2c2 - test::run_test::run_test_inner::{{closure}}::h408365d67a78ade8
[INFO] [stdout]                                at /rustc/a178d0322ce20e33eac124758e837cbd80a6f633/library/test/src/lib.rs:519:37
[INFO] [stdout]   46:     0x561ca06da2c2 - std::sys_common::backtrace::__rust_begin_short_backtrace::hb560b77c4f701523
[INFO] [stdout]                                at /rustc/a178d0322ce20e33eac124758e837cbd80a6f633/library/std/src/sys_common/backtrace.rs:125:18
[INFO] [stdout]   47:     0x561ca06dde78 - std::thread::Builder::spawn_unchecked::{{closure}}::{{closure}}::hf2e7831dad93c597
[INFO] [stdout]                                at /rustc/a178d0322ce20e33eac124758e837cbd80a6f633/library/std/src/thread/mod.rs:481:17
[INFO] [stdout]   48:     0x561ca06dde78 - <std::panic::AssertUnwindSafe<F> as core::ops::function::FnOnce<()>>::call_once::hd2e08783d8be4d02
[INFO] [stdout]                                at /rustc/a178d0322ce20e33eac124758e837cbd80a6f633/library/std/src/panic.rs:347:9
[INFO] [stdout]   49:     0x561ca06dde78 - std::panicking::try::do_call::h062597b7acfd6b82
[INFO] [stdout]                                at /rustc/a178d0322ce20e33eac124758e837cbd80a6f633/library/std/src/panicking.rs:401:40
[INFO] [stdout]   50:     0x561ca06dde78 - std::panicking::try::h0d7b79db04c14552
[INFO] [stdout]                                at /rustc/a178d0322ce20e33eac124758e837cbd80a6f633/library/std/src/panicking.rs:365:19
[INFO] [stdout]   51:     0x561ca06dde78 - std::panic::catch_unwind::hb01a0b5e7c8cd43b
[INFO] [stdout]                                at /rustc/a178d0322ce20e33eac124758e837cbd80a6f633/library/std/src/panic.rs:434:14
[INFO] [stdout]   52:     0x561ca06dde78 - std::thread::Builder::spawn_unchecked::{{closure}}::h5bde48cc887e0d1e
[INFO] [stdout]                                at /rustc/a178d0322ce20e33eac124758e837cbd80a6f633/library/std/src/thread/mod.rs:480:30
[INFO] [stderr] error: test failed, to rerun pass '--lib'
[INFO] [stdout]   53:     0x561ca06dde78 - core::ops::function::FnOnce::call_once{{vtable.shim}}::h745ea30807a29e55
[INFO] [stdout]                                at /rustc/a178d0322ce20e33eac124758e837cbd80a6f633/library/core/src/ops/function.rs:227:5
[INFO] [stdout]   54:     0x561ca0769dd7 - <alloc::boxed::Box<F,A> as core::ops::function::FnOnce<Args>>::call_once::h7ece6cfefaff1005
[INFO] [stdout]                                at /rustc/a178d0322ce20e33eac124758e837cbd80a6f633/library/alloc/src/boxed.rs:1575:9
[INFO] [stdout]   55:     0x561ca0769dd7 - <alloc::boxed::Box<F,A> as core::ops::function::FnOnce<Args>>::call_once::hb8b48e55c21f193e
[INFO] [stdout]                                at /rustc/a178d0322ce20e33eac124758e837cbd80a6f633/library/alloc/src/boxed.rs:1575:9
[INFO] [stdout]   56:     0x561ca0769dd7 - std::sys::unix::thread::Thread::new::thread_start::h8c7c4450dba62914
[INFO] [stdout]                                at /rustc/a178d0322ce20e33eac124758e837cbd80a6f633/library/std/src/sys/unix/thread.rs:71:17
[INFO] [stdout]   57:     0x7fbdd66af609 - start_thread
[INFO] [stdout]   58:     0x7fbdd6481293 - clone
[INFO] [stdout]   59:                0x0 - <unknown>
[INFO] [stdout] 
[INFO] [stdout] 
[INFO] [stdout] failures:
[INFO] [stdout]     client::tests::stream_and_sink_separate
[INFO] [stdout] 
[INFO] [stdout] test result: FAILED. 21 passed; 1 failed; 0 ignored; 0 measured; 0 filtered out; finished in 11.52s
[INFO] [stdout] 
[INFO] running `Command { std: "docker" "inspect" "80906988ae02123acd5808c2222165a4b984fa25c9413e4277b1fc9431f9cfba", kill_on_drop: false }`
[INFO] running `Command { std: "docker" "rm" "-f" "80906988ae02123acd5808c2222165a4b984fa25c9413e4277b1fc9431f9cfba", kill_on_drop: false }`
[INFO] [stdout] 80906988ae02123acd5808c2222165a4b984fa25c9413e4277b1fc9431f9cfba
