[INFO] fetching crate coloriz 0.2.0...
[INFO] testing coloriz-0.2.0 against 1.54.0 for beta-1.55-1
[INFO] extracting crate coloriz 0.2.0 into /workspace/builds/worker-4/source
[INFO] validating manifest of crates.io crate coloriz 0.2.0 on toolchain 1.54.0
[INFO] running `Command { std: "/workspace/cargo-home/bin/cargo" "+1.54.0" "metadata" "--manifest-path" "Cargo.toml" "--no-deps", kill_on_drop: false }`
[INFO] started tweaking crates.io crate coloriz 0.2.0
[INFO] finished tweaking crates.io crate coloriz 0.2.0
[INFO] tweaked toml for crates.io crate coloriz 0.2.0 written to /workspace/builds/worker-4/source/Cargo.toml
[INFO] crate crates.io crate coloriz 0.2.0 already has a lockfile, it will not be regenerated
[INFO] running `Command { std: "/workspace/cargo-home/bin/cargo" "+1.54.0" "fetch" "--manifest-path" "Cargo.toml", kill_on_drop: false }`
[INFO] running `Command { std: "docker" "create" "-v" "/var/lib/crater-agent-workspace/builds/worker-4/target:/opt/rustwide/target:rw,Z" "-v" "/var/lib/crater-agent-workspace/builds/worker-4/source:/opt/rustwide/workdir:ro,Z" "-v" "/var/lib/crater-agent-workspace/cargo-home:/opt/rustwide/cargo-home:ro,Z" "-v" "/var/lib/crater-agent-workspace/rustup-home:/opt/rustwide/rustup-home:ro,Z" "-e" "SOURCE_DIR=/opt/rustwide/workdir" "-e" "CARGO_TARGET_DIR=/opt/rustwide/target" "-e" "CARGO_HOME=/opt/rustwide/cargo-home" "-e" "RUSTUP_HOME=/opt/rustwide/rustup-home" "-w" "/opt/rustwide/workdir" "-m" "1610612736" "--user" "0:0" "--network" "none" "ghcr.io/rust-lang/crates-build-env/linux@sha256:34b6a614d2c27851fe6cbf88fbd1137609cefab8b10d0615aaeb6fd47975d74e" "/opt/rustwide/cargo-home/bin/cargo" "+1.54.0" "metadata" "--no-deps" "--format-version=1", kill_on_drop: false }`
[INFO] [stderr] WARNING: Your kernel does not support swap limit capabilities or the cgroup is not mounted. Memory limited without swap.
[INFO] [stdout] 63ff9a70a94305533906e60803129b8709eaeb35a702bf7b4a03101adfaf0187
[INFO] running `Command { std: "docker" "start" "-a" "63ff9a70a94305533906e60803129b8709eaeb35a702bf7b4a03101adfaf0187", kill_on_drop: false }`
[INFO] running `Command { std: "docker" "inspect" "63ff9a70a94305533906e60803129b8709eaeb35a702bf7b4a03101adfaf0187", kill_on_drop: false }`
[INFO] running `Command { std: "docker" "rm" "-f" "63ff9a70a94305533906e60803129b8709eaeb35a702bf7b4a03101adfaf0187", kill_on_drop: false }`
[INFO] [stdout] 63ff9a70a94305533906e60803129b8709eaeb35a702bf7b4a03101adfaf0187
[INFO] running `Command { std: "docker" "create" "-v" "/var/lib/crater-agent-workspace/builds/worker-4/target:/opt/rustwide/target:rw,Z" "-v" "/var/lib/crater-agent-workspace/builds/worker-4/source:/opt/rustwide/workdir:ro,Z" "-v" "/var/lib/crater-agent-workspace/cargo-home:/opt/rustwide/cargo-home:ro,Z" "-v" "/var/lib/crater-agent-workspace/rustup-home:/opt/rustwide/rustup-home:ro,Z" "-e" "SOURCE_DIR=/opt/rustwide/workdir" "-e" "CARGO_TARGET_DIR=/opt/rustwide/target" "-e" "CARGO_INCREMENTAL=0" "-e" "RUST_BACKTRACE=full" "-e" "RUSTFLAGS=--cap-lints=warn" "-e" "CARGO_HOME=/opt/rustwide/cargo-home" "-e" "RUSTUP_HOME=/opt/rustwide/rustup-home" "-w" "/opt/rustwide/workdir" "-m" "1610612736" "--user" "0:0" "--network" "none" "ghcr.io/rust-lang/crates-build-env/linux@sha256:34b6a614d2c27851fe6cbf88fbd1137609cefab8b10d0615aaeb6fd47975d74e" "/opt/rustwide/cargo-home/bin/cargo" "+1.54.0" "build" "--frozen" "--message-format=json", kill_on_drop: false }`
[INFO] [stdout] a64b1f8137176f4eeef0b6ba093524daf738c1e69278013ff71b48bc2661d215
[INFO] [stderr] WARNING: Your kernel does not support swap limit capabilities or the cgroup is not mounted. Memory limited without swap.
[INFO] running `Command { std: "docker" "start" "-a" "a64b1f8137176f4eeef0b6ba093524daf738c1e69278013ff71b48bc2661d215", kill_on_drop: false }`
[INFO] [stderr]    Compiling overload v0.1.1
[INFO] [stderr]    Compiling coloriz v0.2.0 (/opt/rustwide/workdir)
[INFO] [stderr]     Finished dev [unoptimized + debuginfo] target(s) in 0.75s
[INFO] running `Command { std: "docker" "inspect" "a64b1f8137176f4eeef0b6ba093524daf738c1e69278013ff71b48bc2661d215", kill_on_drop: false }`
[INFO] running `Command { std: "docker" "rm" "-f" "a64b1f8137176f4eeef0b6ba093524daf738c1e69278013ff71b48bc2661d215", kill_on_drop: false }`
[INFO] [stdout] a64b1f8137176f4eeef0b6ba093524daf738c1e69278013ff71b48bc2661d215
[INFO] running `Command { std: "docker" "create" "-v" "/var/lib/crater-agent-workspace/builds/worker-4/target:/opt/rustwide/target:rw,Z" "-v" "/var/lib/crater-agent-workspace/builds/worker-4/source:/opt/rustwide/workdir:ro,Z" "-v" "/var/lib/crater-agent-workspace/cargo-home:/opt/rustwide/cargo-home:ro,Z" "-v" "/var/lib/crater-agent-workspace/rustup-home:/opt/rustwide/rustup-home:ro,Z" "-e" "SOURCE_DIR=/opt/rustwide/workdir" "-e" "CARGO_TARGET_DIR=/opt/rustwide/target" "-e" "CARGO_INCREMENTAL=0" "-e" "RUST_BACKTRACE=full" "-e" "RUSTFLAGS=--cap-lints=warn" "-e" "CARGO_HOME=/opt/rustwide/cargo-home" "-e" "RUSTUP_HOME=/opt/rustwide/rustup-home" "-w" "/opt/rustwide/workdir" "-m" "1610612736" "--user" "0:0" "--network" "none" "ghcr.io/rust-lang/crates-build-env/linux@sha256:34b6a614d2c27851fe6cbf88fbd1137609cefab8b10d0615aaeb6fd47975d74e" "/opt/rustwide/cargo-home/bin/cargo" "+1.54.0" "test" "--frozen" "--no-run" "--message-format=json", kill_on_drop: false }`
[INFO] [stdout] 75751e94a26fe3437734ed70ad55505e18ad421ae1c782c0f4866e8d5bb4543c
[INFO] [stderr] WARNING: Your kernel does not support swap limit capabilities or the cgroup is not mounted. Memory limited without swap.
[INFO] running `Command { std: "docker" "start" "-a" "75751e94a26fe3437734ed70ad55505e18ad421ae1c782c0f4866e8d5bb4543c", kill_on_drop: false }`
[INFO] [stderr]    Compiling coloriz v0.2.0 (/opt/rustwide/workdir)
[INFO] [stderr]     Finished test [unoptimized + debuginfo] target(s) in 1.11s
[INFO] running `Command { std: "docker" "inspect" "75751e94a26fe3437734ed70ad55505e18ad421ae1c782c0f4866e8d5bb4543c", kill_on_drop: false }`
[INFO] running `Command { std: "docker" "rm" "-f" "75751e94a26fe3437734ed70ad55505e18ad421ae1c782c0f4866e8d5bb4543c", kill_on_drop: false }`
[INFO] [stdout] 75751e94a26fe3437734ed70ad55505e18ad421ae1c782c0f4866e8d5bb4543c
[INFO] running `Command { std: "docker" "create" "-v" "/var/lib/crater-agent-workspace/builds/worker-4/target:/opt/rustwide/target:rw,Z" "-v" "/var/lib/crater-agent-workspace/builds/worker-4/source:/opt/rustwide/workdir:ro,Z" "-v" "/var/lib/crater-agent-workspace/cargo-home:/opt/rustwide/cargo-home:ro,Z" "-v" "/var/lib/crater-agent-workspace/rustup-home:/opt/rustwide/rustup-home:ro,Z" "-e" "SOURCE_DIR=/opt/rustwide/workdir" "-e" "CARGO_TARGET_DIR=/opt/rustwide/target" "-e" "CARGO_INCREMENTAL=0" "-e" "RUST_BACKTRACE=full" "-e" "RUSTFLAGS=--cap-lints=warn" "-e" "CARGO_HOME=/opt/rustwide/cargo-home" "-e" "RUSTUP_HOME=/opt/rustwide/rustup-home" "-w" "/opt/rustwide/workdir" "-m" "1610612736" "--user" "0:0" "--network" "none" "ghcr.io/rust-lang/crates-build-env/linux@sha256:34b6a614d2c27851fe6cbf88fbd1137609cefab8b10d0615aaeb6fd47975d74e" "/opt/rustwide/cargo-home/bin/cargo" "+1.54.0" "test" "--frozen", kill_on_drop: false }`
[INFO] [stdout] f26f7c8389545124743358fb2e03704bc475869986fc49c9bdcc63fe5b4a4ba6
[INFO] [stderr] WARNING: Your kernel does not support swap limit capabilities or the cgroup is not mounted. Memory limited without swap.
[INFO] running `Command { std: "docker" "start" "-a" "f26f7c8389545124743358fb2e03704bc475869986fc49c9bdcc63fe5b4a4ba6", kill_on_drop: false }`
[INFO] [stderr]     Finished test [unoptimized + debuginfo] target(s) in 0.01s
[INFO] [stderr]      Running unittests (/opt/rustwide/target/debug/deps/coloriz-9150dc481a4fb817)
[INFO] [stdout] 
[INFO] [stdout] running 0 tests
[INFO] [stdout] 
[INFO] [stdout] test result: ok. 0 passed; 0 failed; 0 ignored; 0 measured; 0 filtered out; finished in 0.00s
[INFO] [stdout] 
[INFO] [stderr]    Doc-tests coloriz
[INFO] [stdout] 
[INFO] [stdout] running 2 tests
[INFO] [stdout] test src/lib.rs - ColorApply::to (line 182) ... FAILED
[INFO] [stdout] test src/lib.rs - ColorApply::under (line 196) ... FAILED
[INFO] [stdout] 
[INFO] [stdout] failures:
[INFO] [stdout] 
[INFO] [stdout] ---- src/lib.rs - ColorApply::to (line 182) stdout ----
[INFO] [stdout] error[E0433]: failed to resolve: use of undeclared type `Color`
[INFO] [stdout]  --> src/lib.rs:183:11
[INFO] [stdout]   |
[INFO] [stdout] 3 | let red = Color::Red.to("lorem ipsum");
[INFO] [stdout]   |           ^^^^^ use of undeclared type `Color`
[INFO] [stdout] 
[INFO] [stdout] error[E0433]: failed to resolve: use of undeclared type `Color`
[INFO] [stdout]  --> src/lib.rs:184:34
[INFO] [stdout]   |
[INFO] [stdout] 4 | assert_eq!(red, "lorem ipsum".fg(Color::Red));
[INFO] [stdout]   |                                  ^^^^^ use of undeclared type `Color`
[INFO] [stdout] 
[INFO] [stdout] error[E0599]: no method named `fg` found for reference `&'static str` in the current scope
[INFO] [stdout]  --> src/lib.rs:184:31
[INFO] [stdout]   |
[INFO] [stdout] 4 | assert_eq!(red, "lorem ipsum".fg(Color::Red));
[INFO] [stdout]   |                               ^^ method not found in `&'static str`
[INFO] [stdout] 
[INFO] [stdout] error: aborting due to 3 previous errors
[INFO] [stdout] 
[INFO] [stdout] Some errors have detailed explanations: E0433, E0599.
[INFO] [stdout] For more information about an error, try `rustc --explain E0433`.
[INFO] [stdout] Couldn't compile the test.
[INFO] [stdout] ---- src/lib.rs - ColorApply::under (line 196) stdout ----
[INFO] [stdout] error[E0433]: failed to resolve: use of undeclared type `Color`
[INFO] [stdout]  --> src/lib.rs:197:13
[INFO] [stdout]   |
[INFO] [stdout] 3 | let green = Color::Green.under("lorem ipsum");
[INFO] [stdout]   |             ^^^^^ use of undeclared type `Color`
[INFO] [stdout] 
[INFO] [stdout] error[E0433]: failed to resolve: use of undeclared type `Color`
[INFO] [stdout]  --> src/lib.rs:198:36
[INFO] [stdout]   |
[INFO] [stdout] 4 | assert_eq!(green, "lorem ipsum".bg(Color::Green));
[INFO] [stdout]   |                                    ^^^^^ use of undeclared type `Color`
[INFO] [stdout] 
[INFO] [stdout] error[E0599]: no method named `bg` found for reference `&'static str` in the current scope
[INFO] [stdout]  --> src/lib.rs:198:33
[INFO] [stdout]   |
[INFO] [stdout] 4 | assert_eq!(green, "lorem ipsum".bg(Color::Green));
[INFO] [stdout]   |                                 ^^ method not found in `&'static str`
[INFO] [stdout] 
[INFO] [stdout] error: aborting due to 3 previous errors
[INFO] [stdout] 
[INFO] [stdout] Some errors have detailed explanations: E0433, E0599.
[INFO] [stdout] For more information about an error, try `rustc --explain E0433`.
[INFO] [stdout] Couldn't compile the test.
[INFO] [stdout] 
[INFO] [stdout] failures:
[INFO] [stdout]     src/lib.rs - ColorApply::to (line 182)
[INFO] [stdout]     src/lib.rs - ColorApply::under (line 196)
[INFO] [stdout] 
[INFO] [stdout] test result: FAILED. 0 passed; 2 failed; 0 ignored; 0 measured; 0 filtered out; finished in 0.19s
[INFO] [stdout] 
[INFO] [stderr] error: test failed, to rerun pass '--doc'
[INFO] running `Command { std: "docker" "inspect" "f26f7c8389545124743358fb2e03704bc475869986fc49c9bdcc63fe5b4a4ba6", kill_on_drop: false }`
[INFO] running `Command { std: "docker" "rm" "-f" "f26f7c8389545124743358fb2e03704bc475869986fc49c9bdcc63fe5b4a4ba6", kill_on_drop: false }`
[INFO] [stdout] f26f7c8389545124743358fb2e03704bc475869986fc49c9bdcc63fe5b4a4ba6
