[INFO] fetching crate color-code 0.1.0...
[INFO] testing color-code-0.1.0 against 1.54.0 for beta-1.55-1
[INFO] extracting crate color-code 0.1.0 into /workspace/builds/worker-1/source
[INFO] validating manifest of crates.io crate color-code 0.1.0 on toolchain 1.54.0
[INFO] running `Command { std: "/workspace/cargo-home/bin/cargo" "+1.54.0" "metadata" "--manifest-path" "Cargo.toml" "--no-deps", kill_on_drop: false }`
[INFO] started tweaking crates.io crate color-code 0.1.0
[INFO] finished tweaking crates.io crate color-code 0.1.0
[INFO] tweaked toml for crates.io crate color-code 0.1.0 written to /workspace/builds/worker-1/source/Cargo.toml
[INFO] running `Command { std: "/workspace/cargo-home/bin/cargo" "+1.54.0" "generate-lockfile" "--manifest-path" "Cargo.toml" "-Zno-index-update", kill_on_drop: false }`
[INFO] running `Command { std: "/workspace/cargo-home/bin/cargo" "+1.54.0" "fetch" "--manifest-path" "Cargo.toml", kill_on_drop: false }`
[INFO] running `Command { std: "docker" "create" "-v" "/var/lib/crater-agent-workspace/builds/worker-1/target:/opt/rustwide/target:rw,Z" "-v" "/var/lib/crater-agent-workspace/builds/worker-1/source:/opt/rustwide/workdir:ro,Z" "-v" "/var/lib/crater-agent-workspace/cargo-home:/opt/rustwide/cargo-home:ro,Z" "-v" "/var/lib/crater-agent-workspace/rustup-home:/opt/rustwide/rustup-home:ro,Z" "-e" "SOURCE_DIR=/opt/rustwide/workdir" "-e" "CARGO_TARGET_DIR=/opt/rustwide/target" "-e" "CARGO_HOME=/opt/rustwide/cargo-home" "-e" "RUSTUP_HOME=/opt/rustwide/rustup-home" "-w" "/opt/rustwide/workdir" "-m" "1610612736" "--user" "0:0" "--network" "none" "ghcr.io/rust-lang/crates-build-env/linux@sha256:34b6a614d2c27851fe6cbf88fbd1137609cefab8b10d0615aaeb6fd47975d74e" "/opt/rustwide/cargo-home/bin/cargo" "+1.54.0" "metadata" "--no-deps" "--format-version=1", kill_on_drop: false }`
[INFO] [stderr] WARNING: Your kernel does not support swap limit capabilities or the cgroup is not mounted. Memory limited without swap.
[INFO] [stdout] a32ad6dc9a898cb091020419940869d27f4f25d51190360fb8f1781db8adde14
[INFO] running `Command { std: "docker" "start" "-a" "a32ad6dc9a898cb091020419940869d27f4f25d51190360fb8f1781db8adde14", kill_on_drop: false }`
[INFO] running `Command { std: "docker" "inspect" "a32ad6dc9a898cb091020419940869d27f4f25d51190360fb8f1781db8adde14", kill_on_drop: false }`
[INFO] running `Command { std: "docker" "rm" "-f" "a32ad6dc9a898cb091020419940869d27f4f25d51190360fb8f1781db8adde14", kill_on_drop: false }`
[INFO] [stdout] a32ad6dc9a898cb091020419940869d27f4f25d51190360fb8f1781db8adde14
[INFO] running `Command { std: "docker" "create" "-v" "/var/lib/crater-agent-workspace/builds/worker-1/target:/opt/rustwide/target:rw,Z" "-v" "/var/lib/crater-agent-workspace/builds/worker-1/source:/opt/rustwide/workdir:ro,Z" "-v" "/var/lib/crater-agent-workspace/cargo-home:/opt/rustwide/cargo-home:ro,Z" "-v" "/var/lib/crater-agent-workspace/rustup-home:/opt/rustwide/rustup-home:ro,Z" "-e" "SOURCE_DIR=/opt/rustwide/workdir" "-e" "CARGO_TARGET_DIR=/opt/rustwide/target" "-e" "CARGO_INCREMENTAL=0" "-e" "RUST_BACKTRACE=full" "-e" "RUSTFLAGS=--cap-lints=warn" "-e" "CARGO_HOME=/opt/rustwide/cargo-home" "-e" "RUSTUP_HOME=/opt/rustwide/rustup-home" "-w" "/opt/rustwide/workdir" "-m" "1610612736" "--user" "0:0" "--network" "none" "ghcr.io/rust-lang/crates-build-env/linux@sha256:34b6a614d2c27851fe6cbf88fbd1137609cefab8b10d0615aaeb6fd47975d74e" "/opt/rustwide/cargo-home/bin/cargo" "+1.54.0" "build" "--frozen" "--message-format=json", kill_on_drop: false }`
[INFO] [stdout] 4a7dfbc6c882d124051e1b9e3bd41d0494bdf3f4ee95c6ddfe58996a3e5b7fd8
[INFO] [stderr] WARNING: Your kernel does not support swap limit capabilities or the cgroup is not mounted. Memory limited without swap.
[INFO] running `Command { std: "docker" "start" "-a" "4a7dfbc6c882d124051e1b9e3bd41d0494bdf3f4ee95c6ddfe58996a3e5b7fd8", kill_on_drop: false }`
[INFO] [stderr]    Compiling color-code v0.1.0 (/opt/rustwide/workdir)
[INFO] [stderr]     Finished dev [unoptimized + debuginfo] target(s) in 0.98s
[INFO] running `Command { std: "docker" "inspect" "4a7dfbc6c882d124051e1b9e3bd41d0494bdf3f4ee95c6ddfe58996a3e5b7fd8", kill_on_drop: false }`
[INFO] running `Command { std: "docker" "rm" "-f" "4a7dfbc6c882d124051e1b9e3bd41d0494bdf3f4ee95c6ddfe58996a3e5b7fd8", kill_on_drop: false }`
[INFO] [stdout] 4a7dfbc6c882d124051e1b9e3bd41d0494bdf3f4ee95c6ddfe58996a3e5b7fd8
[INFO] running `Command { std: "docker" "create" "-v" "/var/lib/crater-agent-workspace/builds/worker-1/target:/opt/rustwide/target:rw,Z" "-v" "/var/lib/crater-agent-workspace/builds/worker-1/source:/opt/rustwide/workdir:ro,Z" "-v" "/var/lib/crater-agent-workspace/cargo-home:/opt/rustwide/cargo-home:ro,Z" "-v" "/var/lib/crater-agent-workspace/rustup-home:/opt/rustwide/rustup-home:ro,Z" "-e" "SOURCE_DIR=/opt/rustwide/workdir" "-e" "CARGO_TARGET_DIR=/opt/rustwide/target" "-e" "CARGO_INCREMENTAL=0" "-e" "RUST_BACKTRACE=full" "-e" "RUSTFLAGS=--cap-lints=warn" "-e" "CARGO_HOME=/opt/rustwide/cargo-home" "-e" "RUSTUP_HOME=/opt/rustwide/rustup-home" "-w" "/opt/rustwide/workdir" "-m" "1610612736" "--user" "0:0" "--network" "none" "ghcr.io/rust-lang/crates-build-env/linux@sha256:34b6a614d2c27851fe6cbf88fbd1137609cefab8b10d0615aaeb6fd47975d74e" "/opt/rustwide/cargo-home/bin/cargo" "+1.54.0" "test" "--frozen" "--no-run" "--message-format=json", kill_on_drop: false }`
[INFO] [stdout] c10bc5d8008c67dd562024d79dfcb7fe00b9e763aa06ee01d0a3e3793c9f0478
[INFO] [stderr] WARNING: Your kernel does not support swap limit capabilities or the cgroup is not mounted. Memory limited without swap.
[INFO] running `Command { std: "docker" "start" "-a" "c10bc5d8008c67dd562024d79dfcb7fe00b9e763aa06ee01d0a3e3793c9f0478", kill_on_drop: false }`
[INFO] [stderr]    Compiling color-code v0.1.0 (/opt/rustwide/workdir)
[INFO] [stderr]     Finished test [unoptimized + debuginfo] target(s) in 0.69s
[INFO] running `Command { std: "docker" "inspect" "c10bc5d8008c67dd562024d79dfcb7fe00b9e763aa06ee01d0a3e3793c9f0478", kill_on_drop: false }`
[INFO] running `Command { std: "docker" "rm" "-f" "c10bc5d8008c67dd562024d79dfcb7fe00b9e763aa06ee01d0a3e3793c9f0478", kill_on_drop: false }`
[INFO] [stdout] c10bc5d8008c67dd562024d79dfcb7fe00b9e763aa06ee01d0a3e3793c9f0478
[INFO] running `Command { std: "docker" "create" "-v" "/var/lib/crater-agent-workspace/builds/worker-1/target:/opt/rustwide/target:rw,Z" "-v" "/var/lib/crater-agent-workspace/builds/worker-1/source:/opt/rustwide/workdir:ro,Z" "-v" "/var/lib/crater-agent-workspace/cargo-home:/opt/rustwide/cargo-home:ro,Z" "-v" "/var/lib/crater-agent-workspace/rustup-home:/opt/rustwide/rustup-home:ro,Z" "-e" "SOURCE_DIR=/opt/rustwide/workdir" "-e" "CARGO_TARGET_DIR=/opt/rustwide/target" "-e" "CARGO_INCREMENTAL=0" "-e" "RUST_BACKTRACE=full" "-e" "RUSTFLAGS=--cap-lints=warn" "-e" "CARGO_HOME=/opt/rustwide/cargo-home" "-e" "RUSTUP_HOME=/opt/rustwide/rustup-home" "-w" "/opt/rustwide/workdir" "-m" "1610612736" "--user" "0:0" "--network" "none" "ghcr.io/rust-lang/crates-build-env/linux@sha256:34b6a614d2c27851fe6cbf88fbd1137609cefab8b10d0615aaeb6fd47975d74e" "/opt/rustwide/cargo-home/bin/cargo" "+1.54.0" "test" "--frozen", kill_on_drop: false }`
[INFO] [stderr] WARNING: Your kernel does not support swap limit capabilities or the cgroup is not mounted. Memory limited without swap.
[INFO] [stdout] 3d1c91b04dafb64c34f42a226a4c1cd7c81b0cf6f172e41480aeb50f8b3e752d
[INFO] running `Command { std: "docker" "start" "-a" "3d1c91b04dafb64c34f42a226a4c1cd7c81b0cf6f172e41480aeb50f8b3e752d", kill_on_drop: false }`
[INFO] [stderr]     Finished test [unoptimized + debuginfo] target(s) in 0.01s
[INFO] [stderr]      Running unittests (/opt/rustwide/target/debug/deps/Color-8152cf695f0f76ce)
[INFO] [stdout] 
[INFO] [stderr]    Doc-tests Color
[INFO] [stdout] running 0 tests
[INFO] [stdout] 
[INFO] [stdout] test result: ok. 0 passed; 0 failed; 0 ignored; 0 measured; 0 filtered out; finished in 0.00s
[INFO] [stdout] 
[INFO] [stdout] 
[INFO] [stdout] running 2 tests
[INFO] [stdout] test src/lib.rs - RGB::from_hex (line 51) ... FAILED
[INFO] [stdout] test src/lib.rs - luminance (line 5) ... ok
[INFO] [stdout] 
[INFO] [stdout] failures:
[INFO] [stdout] 
[INFO] [stdout] ---- src/lib.rs - RGB::from_hex (line 51) stdout ----
[INFO] [stdout] error[E0433]: failed to resolve: use of undeclared type `RGB`
[INFO] [stdout]  --> src/lib.rs:52:1
[INFO] [stdout]   |
[INFO] [stdout] 3 | RGB::from_hex("#00ff00").unwrap();
[INFO] [stdout]   | ^^^ not found in this scope
[INFO] [stdout]   |
[INFO] [stdout] help: consider importing this struct
[INFO] [stdout]   |
[INFO] [stdout] 2 | use Color::RGB;
[INFO] [stdout]   |
[INFO] [stdout] 
[INFO] [stdout] error: aborting due to previous error
[INFO] [stdout] 
[INFO] [stdout] For more information about this error, try `rustc --explain E0433`.
[INFO] [stdout] Couldn't compile the test.
[INFO] [stdout] 
[INFO] [stdout] failures:
[INFO] [stdout]     src/lib.rs - RGB::from_hex (line 51)
[INFO] [stdout] 
[INFO] [stdout] test result: FAILED. 1 passed; 1 failed; 0 ignored; 0 measured; 0 filtered out; finished in 0.56s
[INFO] [stdout] 
[INFO] [stderr] error: test failed, to rerun pass '--doc'
[INFO] running `Command { std: "docker" "inspect" "3d1c91b04dafb64c34f42a226a4c1cd7c81b0cf6f172e41480aeb50f8b3e752d", kill_on_drop: false }`
[INFO] running `Command { std: "docker" "rm" "-f" "3d1c91b04dafb64c34f42a226a4c1cd7c81b0cf6f172e41480aeb50f8b3e752d", kill_on_drop: false }`
[INFO] [stdout] 3d1c91b04dafb64c34f42a226a4c1cd7c81b0cf6f172e41480aeb50f8b3e752d
