[INFO] fetching crate collections-fromstr 0.1.1...
[INFO] testing collections-fromstr-0.1.1 against 1.54.0 for beta-1.55-1
[INFO] extracting crate collections-fromstr 0.1.1 into /workspace/builds/worker-2/source
[INFO] validating manifest of crates.io crate collections-fromstr 0.1.1 on toolchain 1.54.0
[INFO] running `Command { std: "/workspace/cargo-home/bin/cargo" "+1.54.0" "metadata" "--manifest-path" "Cargo.toml" "--no-deps", kill_on_drop: false }`
[INFO] started tweaking crates.io crate collections-fromstr 0.1.1
[INFO] finished tweaking crates.io crate collections-fromstr 0.1.1
[INFO] tweaked toml for crates.io crate collections-fromstr 0.1.1 written to /workspace/builds/worker-2/source/Cargo.toml
[INFO] running `Command { std: "/workspace/cargo-home/bin/cargo" "+1.54.0" "generate-lockfile" "--manifest-path" "Cargo.toml" "-Zno-index-update", kill_on_drop: false }`
[INFO] running `Command { std: "/workspace/cargo-home/bin/cargo" "+1.54.0" "fetch" "--manifest-path" "Cargo.toml", kill_on_drop: false }`
[INFO] [stderr]     Blocking waiting for file lock on package cache
[INFO] running `Command { std: "docker" "create" "-v" "/var/lib/crater-agent-workspace/builds/worker-2/target:/opt/rustwide/target:rw,Z" "-v" "/var/lib/crater-agent-workspace/builds/worker-2/source:/opt/rustwide/workdir:ro,Z" "-v" "/var/lib/crater-agent-workspace/cargo-home:/opt/rustwide/cargo-home:ro,Z" "-v" "/var/lib/crater-agent-workspace/rustup-home:/opt/rustwide/rustup-home:ro,Z" "-e" "SOURCE_DIR=/opt/rustwide/workdir" "-e" "CARGO_TARGET_DIR=/opt/rustwide/target" "-e" "CARGO_HOME=/opt/rustwide/cargo-home" "-e" "RUSTUP_HOME=/opt/rustwide/rustup-home" "-w" "/opt/rustwide/workdir" "-m" "1610612736" "--user" "0:0" "--network" "none" "ghcr.io/rust-lang/crates-build-env/linux@sha256:34b6a614d2c27851fe6cbf88fbd1137609cefab8b10d0615aaeb6fd47975d74e" "/opt/rustwide/cargo-home/bin/cargo" "+1.54.0" "metadata" "--no-deps" "--format-version=1", kill_on_drop: false }`
[INFO] [stdout] 93bd7bbff80c38c530f8cf2ad4606aaedd2f01e9ea06f24d4dd362721ebcfedf
[INFO] [stderr] WARNING: Your kernel does not support swap limit capabilities or the cgroup is not mounted. Memory limited without swap.
[INFO] running `Command { std: "docker" "start" "-a" "93bd7bbff80c38c530f8cf2ad4606aaedd2f01e9ea06f24d4dd362721ebcfedf", kill_on_drop: false }`
[INFO] running `Command { std: "docker" "inspect" "93bd7bbff80c38c530f8cf2ad4606aaedd2f01e9ea06f24d4dd362721ebcfedf", kill_on_drop: false }`
[INFO] running `Command { std: "docker" "rm" "-f" "93bd7bbff80c38c530f8cf2ad4606aaedd2f01e9ea06f24d4dd362721ebcfedf", kill_on_drop: false }`
[INFO] [stdout] 93bd7bbff80c38c530f8cf2ad4606aaedd2f01e9ea06f24d4dd362721ebcfedf
[INFO] running `Command { std: "docker" "create" "-v" "/var/lib/crater-agent-workspace/builds/worker-2/target:/opt/rustwide/target:rw,Z" "-v" "/var/lib/crater-agent-workspace/builds/worker-2/source:/opt/rustwide/workdir:ro,Z" "-v" "/var/lib/crater-agent-workspace/cargo-home:/opt/rustwide/cargo-home:ro,Z" "-v" "/var/lib/crater-agent-workspace/rustup-home:/opt/rustwide/rustup-home:ro,Z" "-e" "SOURCE_DIR=/opt/rustwide/workdir" "-e" "CARGO_TARGET_DIR=/opt/rustwide/target" "-e" "CARGO_INCREMENTAL=0" "-e" "RUST_BACKTRACE=full" "-e" "RUSTFLAGS=--cap-lints=warn" "-e" "CARGO_HOME=/opt/rustwide/cargo-home" "-e" "RUSTUP_HOME=/opt/rustwide/rustup-home" "-w" "/opt/rustwide/workdir" "-m" "1610612736" "--user" "0:0" "--network" "none" "ghcr.io/rust-lang/crates-build-env/linux@sha256:34b6a614d2c27851fe6cbf88fbd1137609cefab8b10d0615aaeb6fd47975d74e" "/opt/rustwide/cargo-home/bin/cargo" "+1.54.0" "build" "--frozen" "--message-format=json", kill_on_drop: false }`
[INFO] [stdout] 0cb7b1765037fc0c5743e0413b27ea3395058288235fed6a7010139ba746fe3a
[INFO] [stderr] WARNING: Your kernel does not support swap limit capabilities or the cgroup is not mounted. Memory limited without swap.
[INFO] running `Command { std: "docker" "start" "-a" "0cb7b1765037fc0c5743e0413b27ea3395058288235fed6a7010139ba746fe3a", kill_on_drop: false }`
[INFO] [stderr]    Compiling syn v1.0.74
[INFO] [stderr]    Compiling if_chain v1.0.1
[INFO] [stderr]    Compiling collections-fromstr v0.1.1 (/opt/rustwide/workdir)
[INFO] [stderr]     Finished dev [unoptimized + debuginfo] target(s) in 10.59s
[INFO] running `Command { std: "docker" "inspect" "0cb7b1765037fc0c5743e0413b27ea3395058288235fed6a7010139ba746fe3a", kill_on_drop: false }`
[INFO] running `Command { std: "docker" "rm" "-f" "0cb7b1765037fc0c5743e0413b27ea3395058288235fed6a7010139ba746fe3a", kill_on_drop: false }`
[INFO] [stdout] 0cb7b1765037fc0c5743e0413b27ea3395058288235fed6a7010139ba746fe3a
[INFO] running `Command { std: "docker" "create" "-v" "/var/lib/crater-agent-workspace/builds/worker-2/target:/opt/rustwide/target:rw,Z" "-v" "/var/lib/crater-agent-workspace/builds/worker-2/source:/opt/rustwide/workdir:ro,Z" "-v" "/var/lib/crater-agent-workspace/cargo-home:/opt/rustwide/cargo-home:ro,Z" "-v" "/var/lib/crater-agent-workspace/rustup-home:/opt/rustwide/rustup-home:ro,Z" "-e" "SOURCE_DIR=/opt/rustwide/workdir" "-e" "CARGO_TARGET_DIR=/opt/rustwide/target" "-e" "CARGO_INCREMENTAL=0" "-e" "RUST_BACKTRACE=full" "-e" "RUSTFLAGS=--cap-lints=warn" "-e" "CARGO_HOME=/opt/rustwide/cargo-home" "-e" "RUSTUP_HOME=/opt/rustwide/rustup-home" "-w" "/opt/rustwide/workdir" "-m" "1610612736" "--user" "0:0" "--network" "none" "ghcr.io/rust-lang/crates-build-env/linux@sha256:34b6a614d2c27851fe6cbf88fbd1137609cefab8b10d0615aaeb6fd47975d74e" "/opt/rustwide/cargo-home/bin/cargo" "+1.54.0" "test" "--frozen" "--no-run" "--message-format=json", kill_on_drop: false }`
[INFO] [stdout] a4dc240d9ad330356976dba58747d10267c589638444ba9fd60f9a7ee199879a
[INFO] [stderr] WARNING: Your kernel does not support swap limit capabilities or the cgroup is not mounted. Memory limited without swap.
[INFO] running `Command { std: "docker" "start" "-a" "a4dc240d9ad330356976dba58747d10267c589638444ba9fd60f9a7ee199879a", kill_on_drop: false }`
[INFO] [stderr]    Compiling yansi v0.5.0
[INFO] [stderr]    Compiling assert2-macros v0.3.6
[INFO] [stderr]    Compiling serde_derive v1.0.127
[INFO] [stderr]    Compiling parse-display-derive v0.4.1
[INFO] [stderr]    Compiling derive_more v0.99.16
[INFO] [stderr]    Compiling assert2 v0.3.6
[INFO] [stderr]    Compiling parse-display v0.4.1
[INFO] [stderr]    Compiling serde v1.0.127
[INFO] [stderr]    Compiling toml v0.5.8
[INFO] [stderr]    Compiling serde_json v1.0.66
[INFO] [stderr]    Compiling trybuild v1.0.43
[INFO] [stderr]    Compiling collections-fromstr v0.1.1 (/opt/rustwide/workdir)
[INFO] [stderr]     Finished test [unoptimized + debuginfo] target(s) in 24.89s
[INFO] running `Command { std: "docker" "inspect" "a4dc240d9ad330356976dba58747d10267c589638444ba9fd60f9a7ee199879a", kill_on_drop: false }`
[INFO] running `Command { std: "docker" "rm" "-f" "a4dc240d9ad330356976dba58747d10267c589638444ba9fd60f9a7ee199879a", kill_on_drop: false }`
[INFO] [stdout] a4dc240d9ad330356976dba58747d10267c589638444ba9fd60f9a7ee199879a
[INFO] running `Command { std: "docker" "create" "-v" "/var/lib/crater-agent-workspace/builds/worker-2/target:/opt/rustwide/target:rw,Z" "-v" "/var/lib/crater-agent-workspace/builds/worker-2/source:/opt/rustwide/workdir:ro,Z" "-v" "/var/lib/crater-agent-workspace/cargo-home:/opt/rustwide/cargo-home:ro,Z" "-v" "/var/lib/crater-agent-workspace/rustup-home:/opt/rustwide/rustup-home:ro,Z" "-e" "SOURCE_DIR=/opt/rustwide/workdir" "-e" "CARGO_TARGET_DIR=/opt/rustwide/target" "-e" "CARGO_INCREMENTAL=0" "-e" "RUST_BACKTRACE=full" "-e" "RUSTFLAGS=--cap-lints=warn" "-e" "CARGO_HOME=/opt/rustwide/cargo-home" "-e" "RUSTUP_HOME=/opt/rustwide/rustup-home" "-w" "/opt/rustwide/workdir" "-m" "1610612736" "--user" "0:0" "--network" "none" "ghcr.io/rust-lang/crates-build-env/linux@sha256:34b6a614d2c27851fe6cbf88fbd1137609cefab8b10d0615aaeb6fd47975d74e" "/opt/rustwide/cargo-home/bin/cargo" "+1.54.0" "test" "--frozen", kill_on_drop: false }`
[INFO] [stdout] 0663c75edd2959e3455cba9c8bd2363f9ab140f4340cefca677c5c4a33e9d6b0
[INFO] [stderr] WARNING: Your kernel does not support swap limit capabilities or the cgroup is not mounted. Memory limited without swap.
[INFO] running `Command { std: "docker" "start" "-a" "0663c75edd2959e3455cba9c8bd2363f9ab140f4340cefca677c5c4a33e9d6b0", kill_on_drop: false }`
[INFO] [stderr]     Finished test [unoptimized + debuginfo] target(s) in 0.04s
[INFO] [stderr]      Running unittests (/opt/rustwide/target/debug/deps/collections_fromstr-fb6552ac2e0a142b)
[INFO] [stdout] 
[INFO] [stdout] running 1 test
[INFO] [stderr]    Compiling proc-macro2 v1.0.28
[INFO] [stderr]    Compiling memchr v2.4.0
[INFO] [stderr]    Compiling syn v1.0.74
[INFO] [stderr]    Compiling unicode-xid v0.2.2
[INFO] [stderr]    Compiling semver v1.0.4
[INFO] [stderr]    Compiling libc v0.2.98
[INFO] [stderr]    Compiling regex-syntax v0.6.25
[INFO] [stderr]    Compiling once_cell v1.8.0
[INFO] [stderr]    Compiling convert_case v0.4.0
[INFO] [stderr]    Compiling if_chain v1.0.1
[INFO] [stderr]    Compiling yansi v0.5.0
[INFO] [stderr]    Compiling maplit v1.0.2
[INFO] [stderr]    Compiling aho-corasick v0.7.18
[INFO] [stderr]    Compiling rustc_version v0.4.0
[INFO] [stderr]    Compiling quote v1.0.9
[INFO] [stderr]    Compiling atty v0.2.14
[INFO] [stderr]    Compiling assert2-macros v0.3.6
[INFO] [stderr]    Compiling regex v1.5.4
[INFO] [stderr]    Compiling parse-display-derive v0.4.1
[INFO] [stderr]    Compiling derive_more v0.99.16
[INFO] [stderr]    Compiling collections-fromstr v0.1.1 (/opt/rustwide/workdir)
[INFO] [stderr]    Compiling assert2 v0.3.6
[INFO] [stderr]    Compiling parse-display v0.4.1
[INFO] [stderr]    Compiling collections-fromstr-tests v0.0.0 (/opt/rustwide/target/tests/collections-fromstr)
[INFO] [stderr]     Finished dev [unoptimized + debuginfo] target(s) in 31.53s
[INFO] [stderr] 
[INFO] [stderr] 
[INFO] [stderr] test 01-newtype-vec.rs [should pass] ... ok
[INFO] [stderr] test 02-from-trait-missing.rs [should fail to compile] ... mismatch
[INFO] [stderr] 
[INFO] [stderr] EXPECTED:
[INFO] [stderr] ┈┈┈┈┈┈┈┈┈┈┈┈┈┈┈┈┈┈┈┈┈┈┈┈┈┈┈┈┈┈┈┈┈┈┈┈┈┈┈┈┈┈┈┈┈┈┈┈┈┈┈┈┈┈┈┈┈┈┈┈
[INFO] [stderr] error[E0277]: the trait bound `NewVec: From<Vec<i32>>` is not satisfied
[INFO] [stderr]  --> $DIR/02-from-trait-missing.rs:3:10
[INFO] [stderr]   |
[INFO] [stderr] 3 | #[derive(FromStr)]
[INFO] [stderr]   |          ^^^^^^^ the trait `From<Vec<i32>>` is not implemented for `NewVec`
[INFO] [stderr]   |
[INFO] [stderr]   = note: required by `from`
[INFO] [stderr]   = note: this error originates in a derive macro (in Nightly builds, run with -Z macro-backtrace for more info)
[INFO] [stderr] ┈┈┈┈┈┈┈┈┈┈┈┈┈┈┈┈┈┈┈┈┈┈┈┈┈┈┈┈┈┈┈┈┈┈┈┈┈┈┈┈┈┈┈┈┈┈┈┈┈┈┈┈┈┈┈┈┈┈┈┈
[INFO] [stderr] 
[INFO] [stderr] ACTUAL OUTPUT:
[INFO] [stderr] ┈┈┈┈┈┈┈┈┈┈┈┈┈┈┈┈┈┈┈┈┈┈┈┈┈┈┈┈┈┈┈┈┈┈┈┈┈┈┈┈┈┈┈┈┈┈┈┈┈┈┈┈┈┈┈┈┈┈┈┈
[INFO] [stderr] error[E0277]: the trait bound `NewVec: From<Vec<i32>>` is not satisfied
[INFO] [stderr]  --> $DIR/02-from-trait-missing.rs:3:10
[INFO] [stderr]   |
[INFO] [stderr] 3 | #[derive(FromStr)]
[INFO] [stderr]   |          ^^^^^^^ the trait `From<Vec<i32>>` is not implemented for `NewVec`
[INFO] [stderr]   |
[INFO] [stderr]   = note: required by `from`
[INFO] [stderr]   = note: this error originates in the derive macro `FromStr` (in Nightly builds, run with -Z macro-backtrace for more info)
[INFO] [stderr] ┈┈┈┈┈┈┈┈┈┈┈┈┈┈┈┈┈┈┈┈┈┈┈┈┈┈┈┈┈┈┈┈┈┈┈┈┈┈┈┈┈┈┈┈┈┈┈┈┈┈┈┈┈┈┈┈┈┈┈┈
[INFO] [stderr] note: If the actual output is the correct output you can bless it by rerunning
[INFO] [stderr]       your test with the environment variable TRYBUILD=overwrite
[INFO] [stderr] 
[INFO] [stderr] test 03-derive-more.rs [should pass] ... ok
[INFO] [stderr] test 04-named-newtype.rs [should pass] ... ok
[INFO] [stderr] test 05-full-paths.rs [should pass] ... ok
[INFO] [stderr] test 06-hashset.rs [should pass] ... ok
[INFO] [stderr] test 07-hashmap.rs [should fail to compile] ... mismatch
[INFO] [stderr] 
[INFO] [stderr] EXPECTED:
[INFO] [stderr] ┈┈┈┈┈┈┈┈┈┈┈┈┈┈┈┈┈┈┈┈┈┈┈┈┈┈┈┈┈┈┈┈┈┈┈┈┈┈┈┈┈┈┈┈┈┈┈┈┈┈┈┈┈┈┈┈┈┈┈┈
[INFO] [stderr] error[E0277]: a value of type `HashMap<i32, String>` cannot be built from an iterator over elements of type `i32`
[INFO] [stderr]  --> $DIR/07-hashmap.rs:5:16
[INFO] [stderr]   |
[INFO] [stderr] 5 | #[derive(From, FromStr)]
[INFO] [stderr]   |                ^^^^^^^ value of type `HashMap<i32, String>` cannot be built from `std::iter::Iterator<Item=i32>`
[INFO] [stderr]   |
[INFO] [stderr]   = help: the trait `FromIterator<i32>` is not implemented for `HashMap<i32, String>`
[INFO] [stderr]   = note: required because of the requirements on the impl of `FromIterator<Result<i32, ParseIntError>>` for `Result<HashMap<i32, String>, ParseIntError>`
[INFO] [stderr]   = note: this error originates in a derive macro (in Nightly builds, run with -Z macro-backtrace for more info)
[INFO] [stderr] ┈┈┈┈┈┈┈┈┈┈┈┈┈┈┈┈┈┈┈┈┈┈┈┈┈┈┈┈┈┈┈┈┈┈┈┈┈┈┈┈┈┈┈┈┈┈┈┈┈┈┈┈┈┈┈┈┈┈┈┈
[INFO] [stderr] 
[INFO] [stderr] ACTUAL OUTPUT:
[INFO] [stderr] ┈┈┈┈┈┈┈┈┈┈┈┈┈┈┈┈┈┈┈┈┈┈┈┈┈┈┈┈┈┈┈┈┈┈┈┈┈┈┈┈┈┈┈┈┈┈┈┈┈┈┈┈┈┈┈┈┈┈┈┈
[INFO] [stderr] error[E0277]: a value of type `HashMap<i32, String>` cannot be built from an iterator over elements of type `i32`
[INFO] [stderr]  --> $DIR/07-hashmap.rs:5:16
[INFO] [stderr]   |
[INFO] [stderr] 5 | #[derive(From, FromStr)]
[INFO] [stderr]   |                ^^^^^^^ value of type `HashMap<i32, String>` cannot be built from `std::iter::Iterator<Item=i32>`
[INFO] [stderr]   |
[INFO] [stderr]   = help: the trait `FromIterator<i32>` is not implemented for `HashMap<i32, String>`
[INFO] [stderr]   = note: required because of the requirements on the impl of `FromIterator<Result<i32, ParseIntError>>` for `Result<HashMap<i32, String>, ParseIntError>`
[INFO] [stderr]   = note: this error originates in the derive macro `FromStr` (in Nightly builds, run with -Z macro-backtrace for more info)
[INFO] [stderr] ┈┈┈┈┈┈┈┈┈┈┈┈┈┈┈┈┈┈┈┈┈┈┈┈┈┈┈┈┈┈┈┈┈┈┈┈┈┈┈┈┈┈┈┈┈┈┈┈┈┈┈┈┈┈┈┈┈┈┈┈
[INFO] [stderr] note: If the actual output is the correct output you can bless it by rerunning
[INFO] [stderr]       your test with the environment variable TRYBUILD=overwrite
[INFO] [stderr] 
[INFO] [stderr] test 08-missing-separator.rs [should fail to compile] ... ok
[INFO] [stderr] test 09-empty-separator.rs [should fail to compile] ... ok
[INFO] [stderr] test 10-parse-vec-i32.rs [should pass] ... ok
[INFO] [stderr] test 11-multibyte-separator.rs [should pass] ... ok
[INFO] [stderr] test 12-string-separator.rs [should pass] ... ok
[INFO] [stderr] test 13-parse-vec-string.rs [should pass] ... ok
[INFO] [stderr] test 14-parse-hashset.rs [should pass] ... ok
[INFO] [stderr] test 15-parse-single-value.rs [should pass] ... ok
[INFO] [stderr] test 16-parse-empty.rs [should pass] ... ok
[INFO] [stderr] 
[INFO] [stderr] 
[INFO] [stdout] test tests::compile_tests ... FAILED
[INFO] [stdout] 
[INFO] [stdout] failures:
[INFO] [stdout] 
[INFO] [stdout] ---- tests::compile_tests stdout ----
[INFO] [stdout] thread 'tests::compile_tests' panicked at '2 of 16 tests failed', /opt/rustwide/cargo-home/registry/src/github.com-1ecc6299db9ec823/trybuild-1.0.43/src/run.rs:73:13
[INFO] [stdout] stack backtrace:
[INFO] [stdout]    0:     0x7f86f3316f70 - std::backtrace_rs::backtrace::libunwind::trace::h34055254b57d8e79
[INFO] [stdout]                                at /rustc/a178d0322ce20e33eac124758e837cbd80a6f633/library/std/src/../../backtrace/src/backtrace/libunwind.rs:90:5
[INFO] [stdout]    1:     0x7f86f3316f70 - std::backtrace_rs::backtrace::trace_unsynchronized::h8f1e3fbd9afff6ec
[INFO] [stdout]                                at /rustc/a178d0322ce20e33eac124758e837cbd80a6f633/library/std/src/../../backtrace/src/backtrace/mod.rs:66:5
[INFO] [stdout]    2:     0x7f86f3316f70 - std::sys_common::backtrace::_print_fmt::h3a99a796b770c360
[INFO] [stdout]                                at /rustc/a178d0322ce20e33eac124758e837cbd80a6f633/library/std/src/sys_common/backtrace.rs:67:5
[INFO] [stdout]    3:     0x7f86f3316f70 - <std::sys_common::backtrace::_print::DisplayBacktrace as core::fmt::Display>::fmt::h32d1f94a80615d18
[INFO] [stdout]                                at /rustc/a178d0322ce20e33eac124758e837cbd80a6f633/library/std/src/sys_common/backtrace.rs:46:22
[INFO] [stdout]    4:     0x7f86f338497c - core::fmt::write::h306731c068f7162c
[INFO] [stdout]                                at /rustc/a178d0322ce20e33eac124758e837cbd80a6f633/library/core/src/fmt/mod.rs:1110:17
[INFO] [stdout]    5:     0x7f86f33087e5 - std::io::Write::write_fmt::h87f19b0a2cd190bc
[INFO] [stdout]                                at /rustc/a178d0322ce20e33eac124758e837cbd80a6f633/library/std/src/io/mod.rs:1588:15
[INFO] [stdout]    6:     0x7f86f331adfb - std::sys_common::backtrace::_print::h5abaa2601a852287
[INFO] [stdout]                                at /rustc/a178d0322ce20e33eac124758e837cbd80a6f633/library/std/src/sys_common/backtrace.rs:49:5
[INFO] [stdout]    7:     0x7f86f331adfb - std::sys_common::backtrace::print::h8d81445442bb638f
[INFO] [stdout]                                at /rustc/a178d0322ce20e33eac124758e837cbd80a6f633/library/std/src/sys_common/backtrace.rs:36:9
[INFO] [stdout]    8:     0x7f86f331adfb - std::panicking::default_hook::{{closure}}::hcfe804496a9fa747
[INFO] [stdout]                                at /rustc/a178d0322ce20e33eac124758e837cbd80a6f633/library/std/src/panicking.rs:208:50
[INFO] [stdout]    9:     0x7f86f331a90c - std::panicking::default_hook::hbea8e3ccf2ba8901
[INFO] [stdout]                                at /rustc/a178d0322ce20e33eac124758e837cbd80a6f633/library/std/src/panicking.rs:222:9
[INFO] [stdout]   10:     0x7f86f331b604 - std::panicking::rust_panic_with_hook::h7ee9e1a2d0f8975a
[INFO] [stdout]                                at /rustc/a178d0322ce20e33eac124758e837cbd80a6f633/library/std/src/panicking.rs:622:17
[INFO] [stdout]   11:     0x7f86f331b0e7 - std::panicking::begin_panic_handler::{{closure}}::h8ab3b4491718b2c7
[INFO] [stdout]                                at /rustc/a178d0322ce20e33eac124758e837cbd80a6f633/library/std/src/panicking.rs:519:13
[INFO] [stdout]   12:     0x7f86f331746c - std::sys_common::backtrace::__rust_end_short_backtrace::hd489062ffa586a9f
[INFO] [stdout]                                at /rustc/a178d0322ce20e33eac124758e837cbd80a6f633/library/std/src/sys_common/backtrace.rs:141:18
[INFO] [stdout]   13:     0x7f86f331b049 - rust_begin_unwind
[INFO] [stdout]                                at /rustc/a178d0322ce20e33eac124758e837cbd80a6f633/library/std/src/panicking.rs:515:5
[INFO] [stdout]   14:     0x7f86f32e3ecb - std::panicking::begin_panic_fmt::h5479575e112541f8
[INFO] [stdout]                                at /rustc/a178d0322ce20e33eac124758e837cbd80a6f633/library/std/src/panicking.rs:457:5
[INFO] [stdout]   15:     0x556630e40cf2 - trybuild::run::<impl trybuild::Runner>::run::h592f6375455e658a
[INFO] [stdout]                                at /opt/rustwide/cargo-home/registry/src/github.com-1ecc6299db9ec823/trybuild-1.0.43/src/run.rs:73:13
[INFO] [stdout]   16:     0x556630e45962 - <trybuild::TestCases as core::ops::drop::Drop>::drop::h7cde7a53e2e08da8
[INFO] [stdout]                                at /opt/rustwide/cargo-home/registry/src/github.com-1ecc6299db9ec823/trybuild-1.0.43/src/lib.rs:306:13
[INFO] [stdout]   17:     0x556630e0ce47 - core::ptr::drop_in_place<trybuild::TestCases>::h2f4b54444cdc9507
[INFO] [stdout]                                at /rustc/a178d0322ce20e33eac124758e837cbd80a6f633/library/core/src/ptr/mod.rs:192:1
[INFO] [stdout]   18:     0x556630e0d6d8 - collections_fromstr::tests::compile_tests::hb2181ed5b1c2a890
[INFO] [stdout]                                at /opt/rustwide/workdir/src/lib.rs:142:5
[INFO] [stdout]   19:     0x556630e0d50a - collections_fromstr::tests::compile_tests::{{closure}}::h568ae7222c06f7f9
[INFO] [stdout]                                at /opt/rustwide/workdir/src/lib.rs:120:5
[INFO] [stdout]   20:     0x556630e0cdee - core::ops::function::FnOnce::call_once::he6bf2e6dc8470eb2
[INFO] [stdout]                                at /rustc/a178d0322ce20e33eac124758e837cbd80a6f633/library/core/src/ops/function.rs:227:5
[INFO] [stdout]   21:     0x7f86f363edb3 - core::ops::function::FnOnce::call_once::h152e7e439ff59e19
[INFO] [stdout]                                at /rustc/a178d0322ce20e33eac124758e837cbd80a6f633/library/core/src/ops/function.rs:227:5
[INFO] [stdout]   22:     0x7f86f363edb3 - test::__rust_begin_short_backtrace::h0908f3b1fdbb72ab
[INFO] [stdout]                                at /rustc/a178d0322ce20e33eac124758e837cbd80a6f633/library/test/src/lib.rs:577:5
[INFO] [stdout]   23:     0x7f86f363d870 - <alloc::boxed::Box<F,A> as core::ops::function::FnOnce<Args>>::call_once::hf6d2a51e5587546c
[INFO] [stdout]                                at /rustc/a178d0322ce20e33eac124758e837cbd80a6f633/library/alloc/src/boxed.rs:1575:9
[INFO] [stdout]   24:     0x7f86f363d870 - <std::panic::AssertUnwindSafe<F> as core::ops::function::FnOnce<()>>::call_once::h8af660f3a89ef593
[INFO] [stdout]                                at /rustc/a178d0322ce20e33eac124758e837cbd80a6f633/library/std/src/panic.rs:347:9
[INFO] [stdout]   25:     0x7f86f363d870 - std::panicking::try::do_call::hd36aef60f84b6d36
[INFO] [stdout]                                at /rustc/a178d0322ce20e33eac124758e837cbd80a6f633/library/std/src/panicking.rs:401:40
[INFO] [stdout]   26:     0x7f86f363d870 - std::panicking::try::h9932b4480e69817c
[INFO] [stdout]                                at /rustc/a178d0322ce20e33eac124758e837cbd80a6f633/library/std/src/panicking.rs:365:19
[INFO] [stdout]   27:     0x7f86f363d870 - std::panic::catch_unwind::h6aa177099cfff5f8
[INFO] [stdout]                                at /rustc/a178d0322ce20e33eac124758e837cbd80a6f633/library/std/src/panic.rs:434:14
[INFO] [stdout]   28:     0x7f86f363d870 - test::run_test_in_process::h5884d6f2d99e20c3
[INFO] [stdout]                                at /rustc/a178d0322ce20e33eac124758e837cbd80a6f633/library/test/src/lib.rs:600:18
[INFO] [stdout]   29:     0x7f86f363d870 - test::run_test::run_test_inner::{{closure}}::h6fdc58c6d5f5b6e3
[INFO] [stdout]                                at /rustc/a178d0322ce20e33eac124758e837cbd80a6f633/library/test/src/lib.rs:492:39
[INFO] [stdout]   30:     0x7f86f3614042 - test::run_test::run_test_inner::{{closure}}::h408365d67a78ade8
[INFO] [stdout]                                at /rustc/a178d0322ce20e33eac124758e837cbd80a6f633/library/test/src/lib.rs:519:37
[INFO] [stdout]   31:     0x7f86f3614042 - std::sys_common::backtrace::__rust_begin_short_backtrace::hb560b77c4f701523
[INFO] [stdout]                                at /rustc/a178d0322ce20e33eac124758e837cbd80a6f633/library/std/src/sys_common/backtrace.rs:125:18
[INFO] [stdout]   32:     0x7f86f3618828 - std::thread::Builder::spawn_unchecked::{{closure}}::{{closure}}::hf2e7831dad93c597
[INFO] [stdout]                                at /rustc/a178d0322ce20e33eac124758e837cbd80a6f633/library/std/src/thread/mod.rs:481:17
[INFO] [stdout]   33:     0x7f86f3618828 - <std::panic::AssertUnwindSafe<F> as core::ops::function::FnOnce<()>>::call_once::hd2e08783d8be4d02
[INFO] [stdout]                                at /rustc/a178d0322ce20e33eac124758e837cbd80a6f633/library/std/src/panic.rs:347:9
[INFO] [stdout]   34:     0x7f86f3618828 - std::panicking::try::do_call::h062597b7acfd6b82
[INFO] [stdout]                                at /rustc/a178d0322ce20e33eac124758e837cbd80a6f633/library/std/src/panicking.rs:401:40
[INFO] [stdout]   35:     0x7f86f3618828 - std::panicking::try::h0d7b79db04c14552
[INFO] [stdout]                                at /rustc/a178d0322ce20e33eac124758e837cbd80a6f633/library/std/src/panicking.rs:365:19
[INFO] [stdout]   36:     0x7f86f3618828 - std::panic::catch_unwind::hb01a0b5e7c8cd43b
[INFO] [stdout]                                at /rustc/a178d0322ce20e33eac124758e837cbd80a6f633/library/std/src/panic.rs:434:14
[INFO] [stdout]   37:     0x7f86f3618828 - std::thread::Builder::spawn_unchecked::{{closure}}::h5bde48cc887e0d1e
[INFO] [stdout]                                at /rustc/a178d0322ce20e33eac124758e837cbd80a6f633/library/std/src/thread/mod.rs:480:30
[INFO] [stdout]   38:     0x7f86f3618828 - core::ops::function::FnOnce::call_once{{vtable.shim}}::h745ea30807a29e55
[INFO] [stdout]                                at /rustc/a178d0322ce20e33eac124758e837cbd80a6f633/library/core/src/ops/function.rs:227:5
[INFO] [stdout]   39:     0x7f86f3327b07 - <alloc::boxed::Box<F,A> as core::ops::function::FnOnce<Args>>::call_once::h7ece6cfefaff1005
[INFO] [stdout]                                at /rustc/a178d0322ce20e33eac124758e837cbd80a6f633/library/alloc/src/boxed.rs:1575:9
[INFO] [stdout]   40:     0x7f86f3327b07 - <alloc::boxed::Box<F,A> as core::ops::function::FnOnce<Args>>::call_once::hb8b48e55c21f193e
[INFO] [stdout]                                at /rustc/a178d0322ce20e33eac124758e837cbd80a6f633/library/alloc/src/boxed.rs:1575:9
[INFO] [stdout]   41:     0x7f86f3327b07 - std::sys::unix::thread::Thread::new::thread_start::h8c7c4450dba62914
[INFO] [stdout]                                at /rustc/a178d0322ce20e33eac124758e837cbd80a6f633/library/std/src/sys/unix/thread.rs:71:17
[INFO] [stdout]   42:     0x7f86f2ee6609 - start_thread
[INFO] [stdout]   43:     0x7f86f318e293 - clone
[INFO] [stdout]   44:                0x0 - <unknown>
[INFO] [stdout] 
[INFO] [stdout] 
[INFO] [stdout] failures:
[INFO] [stdout]     tests::compile_tests
[INFO] [stdout] 
[INFO] [stdout] test result: FAILED. 0 passed; 1 failed; 0 ignored; 0 measured; 0 filtered out; finished in 41.29s
[INFO] [stdout] 
[INFO] [stderr] error: test failed, to rerun pass '--lib'
[INFO] running `Command { std: "docker" "inspect" "0663c75edd2959e3455cba9c8bd2363f9ab140f4340cefca677c5c4a33e9d6b0", kill_on_drop: false }`
[INFO] running `Command { std: "docker" "rm" "-f" "0663c75edd2959e3455cba9c8bd2363f9ab140f4340cefca677c5c4a33e9d6b0", kill_on_drop: false }`
[INFO] [stdout] 0663c75edd2959e3455cba9c8bd2363f9ab140f4340cefca677c5c4a33e9d6b0
