[INFO] fetching crate coi-derive 0.10.0...
[INFO] testing coi-derive-0.10.0 against 1.54.0 for beta-1.55-1
[INFO] extracting crate coi-derive 0.10.0 into /workspace/builds/worker-4/source
[INFO] validating manifest of crates.io crate coi-derive 0.10.0 on toolchain 1.54.0
[INFO] running `Command { std: "/workspace/cargo-home/bin/cargo" "+1.54.0" "metadata" "--manifest-path" "Cargo.toml" "--no-deps", kill_on_drop: false }`
[INFO] started tweaking crates.io crate coi-derive 0.10.0
[INFO] finished tweaking crates.io crate coi-derive 0.10.0
[INFO] tweaked toml for crates.io crate coi-derive 0.10.0 written to /workspace/builds/worker-4/source/Cargo.toml
[INFO] running `Command { std: "/workspace/cargo-home/bin/cargo" "+1.54.0" "generate-lockfile" "--manifest-path" "Cargo.toml" "-Zno-index-update", kill_on_drop: false }`
[INFO] running `Command { std: "/workspace/cargo-home/bin/cargo" "+1.54.0" "fetch" "--manifest-path" "Cargo.toml", kill_on_drop: false }`
[INFO] running `Command { std: "docker" "create" "-v" "/var/lib/crater-agent-workspace/builds/worker-4/target:/opt/rustwide/target:rw,Z" "-v" "/var/lib/crater-agent-workspace/builds/worker-4/source:/opt/rustwide/workdir:ro,Z" "-v" "/var/lib/crater-agent-workspace/cargo-home:/opt/rustwide/cargo-home:ro,Z" "-v" "/var/lib/crater-agent-workspace/rustup-home:/opt/rustwide/rustup-home:ro,Z" "-e" "SOURCE_DIR=/opt/rustwide/workdir" "-e" "CARGO_TARGET_DIR=/opt/rustwide/target" "-e" "CARGO_HOME=/opt/rustwide/cargo-home" "-e" "RUSTUP_HOME=/opt/rustwide/rustup-home" "-w" "/opt/rustwide/workdir" "-m" "1610612736" "--user" "0:0" "--network" "none" "ghcr.io/rust-lang/crates-build-env/linux@sha256:34b6a614d2c27851fe6cbf88fbd1137609cefab8b10d0615aaeb6fd47975d74e" "/opt/rustwide/cargo-home/bin/cargo" "+1.54.0" "metadata" "--no-deps" "--format-version=1", kill_on_drop: false }`
[INFO] [stderr] WARNING: Your kernel does not support swap limit capabilities or the cgroup is not mounted. Memory limited without swap.
[INFO] [stdout] 6e1099eaf471f61241786f6dbf7a8862dfcdfade299894864b83ec5bab7f7bf6
[INFO] running `Command { std: "docker" "start" "-a" "6e1099eaf471f61241786f6dbf7a8862dfcdfade299894864b83ec5bab7f7bf6", kill_on_drop: false }`
[INFO] running `Command { std: "docker" "inspect" "6e1099eaf471f61241786f6dbf7a8862dfcdfade299894864b83ec5bab7f7bf6", kill_on_drop: false }`
[INFO] running `Command { std: "docker" "rm" "-f" "6e1099eaf471f61241786f6dbf7a8862dfcdfade299894864b83ec5bab7f7bf6", kill_on_drop: false }`
[INFO] [stdout] 6e1099eaf471f61241786f6dbf7a8862dfcdfade299894864b83ec5bab7f7bf6
[INFO] running `Command { std: "docker" "create" "-v" "/var/lib/crater-agent-workspace/builds/worker-4/target:/opt/rustwide/target:rw,Z" "-v" "/var/lib/crater-agent-workspace/builds/worker-4/source:/opt/rustwide/workdir:ro,Z" "-v" "/var/lib/crater-agent-workspace/cargo-home:/opt/rustwide/cargo-home:ro,Z" "-v" "/var/lib/crater-agent-workspace/rustup-home:/opt/rustwide/rustup-home:ro,Z" "-e" "SOURCE_DIR=/opt/rustwide/workdir" "-e" "CARGO_TARGET_DIR=/opt/rustwide/target" "-e" "CARGO_INCREMENTAL=0" "-e" "RUST_BACKTRACE=full" "-e" "RUSTFLAGS=--cap-lints=warn" "-e" "CARGO_HOME=/opt/rustwide/cargo-home" "-e" "RUSTUP_HOME=/opt/rustwide/rustup-home" "-w" "/opt/rustwide/workdir" "-m" "1610612736" "--user" "0:0" "--network" "none" "ghcr.io/rust-lang/crates-build-env/linux@sha256:34b6a614d2c27851fe6cbf88fbd1137609cefab8b10d0615aaeb6fd47975d74e" "/opt/rustwide/cargo-home/bin/cargo" "+1.54.0" "build" "--frozen" "--message-format=json", kill_on_drop: false }`
[INFO] [stderr] WARNING: Your kernel does not support swap limit capabilities or the cgroup is not mounted. Memory limited without swap.
[INFO] [stdout] dacbefb9ed3040fe0c107b7b135cf44d1040ae9bb4da7bc275a47965aba25f55
[INFO] running `Command { std: "docker" "start" "-a" "dacbefb9ed3040fe0c107b7b135cf44d1040ae9bb4da7bc275a47965aba25f55", kill_on_drop: false }`
[INFO] [stderr]    Compiling coi-derive v0.10.0 (/opt/rustwide/workdir)
[INFO] [stderr]     Finished dev [unoptimized + debuginfo] target(s) in 2.23s
[INFO] running `Command { std: "docker" "inspect" "dacbefb9ed3040fe0c107b7b135cf44d1040ae9bb4da7bc275a47965aba25f55", kill_on_drop: false }`
[INFO] running `Command { std: "docker" "rm" "-f" "dacbefb9ed3040fe0c107b7b135cf44d1040ae9bb4da7bc275a47965aba25f55", kill_on_drop: false }`
[INFO] [stdout] dacbefb9ed3040fe0c107b7b135cf44d1040ae9bb4da7bc275a47965aba25f55
[INFO] running `Command { std: "docker" "create" "-v" "/var/lib/crater-agent-workspace/builds/worker-4/target:/opt/rustwide/target:rw,Z" "-v" "/var/lib/crater-agent-workspace/builds/worker-4/source:/opt/rustwide/workdir:ro,Z" "-v" "/var/lib/crater-agent-workspace/cargo-home:/opt/rustwide/cargo-home:ro,Z" "-v" "/var/lib/crater-agent-workspace/rustup-home:/opt/rustwide/rustup-home:ro,Z" "-e" "SOURCE_DIR=/opt/rustwide/workdir" "-e" "CARGO_TARGET_DIR=/opt/rustwide/target" "-e" "CARGO_INCREMENTAL=0" "-e" "RUST_BACKTRACE=full" "-e" "RUSTFLAGS=--cap-lints=warn" "-e" "CARGO_HOME=/opt/rustwide/cargo-home" "-e" "RUSTUP_HOME=/opt/rustwide/rustup-home" "-w" "/opt/rustwide/workdir" "-m" "1610612736" "--user" "0:0" "--network" "none" "ghcr.io/rust-lang/crates-build-env/linux@sha256:34b6a614d2c27851fe6cbf88fbd1137609cefab8b10d0615aaeb6fd47975d74e" "/opt/rustwide/cargo-home/bin/cargo" "+1.54.0" "test" "--frozen" "--no-run" "--message-format=json", kill_on_drop: false }`
[INFO] [stderr] WARNING: Your kernel does not support swap limit capabilities or the cgroup is not mounted. Memory limited without swap.
[INFO] [stdout] 2922745bd7cb02b5fba6d24f438556f337a01080b64e9d468585a1362f091183
[INFO] running `Command { std: "docker" "start" "-a" "2922745bd7cb02b5fba6d24f438556f337a01080b64e9d468585a1362f091183", kill_on_drop: false }`
[INFO] [stderr]     Blocking waiting for file lock on package cache
[INFO] [stderr]    Compiling coi-derive v0.10.0 (/opt/rustwide/workdir)
[INFO] [stderr]     Finished test [unoptimized + debuginfo] target(s) in 0.85s
[INFO] running `Command { std: "docker" "inspect" "2922745bd7cb02b5fba6d24f438556f337a01080b64e9d468585a1362f091183", kill_on_drop: false }`
[INFO] running `Command { std: "docker" "rm" "-f" "2922745bd7cb02b5fba6d24f438556f337a01080b64e9d468585a1362f091183", kill_on_drop: false }`
[INFO] [stdout] 2922745bd7cb02b5fba6d24f438556f337a01080b64e9d468585a1362f091183
[INFO] running `Command { std: "docker" "create" "-v" "/var/lib/crater-agent-workspace/builds/worker-4/target:/opt/rustwide/target:rw,Z" "-v" "/var/lib/crater-agent-workspace/builds/worker-4/source:/opt/rustwide/workdir:ro,Z" "-v" "/var/lib/crater-agent-workspace/cargo-home:/opt/rustwide/cargo-home:ro,Z" "-v" "/var/lib/crater-agent-workspace/rustup-home:/opt/rustwide/rustup-home:ro,Z" "-e" "SOURCE_DIR=/opt/rustwide/workdir" "-e" "CARGO_TARGET_DIR=/opt/rustwide/target" "-e" "CARGO_INCREMENTAL=0" "-e" "RUST_BACKTRACE=full" "-e" "RUSTFLAGS=--cap-lints=warn" "-e" "CARGO_HOME=/opt/rustwide/cargo-home" "-e" "RUSTUP_HOME=/opt/rustwide/rustup-home" "-w" "/opt/rustwide/workdir" "-m" "1610612736" "--user" "0:0" "--network" "none" "ghcr.io/rust-lang/crates-build-env/linux@sha256:34b6a614d2c27851fe6cbf88fbd1137609cefab8b10d0615aaeb6fd47975d74e" "/opt/rustwide/cargo-home/bin/cargo" "+1.54.0" "test" "--frozen", kill_on_drop: false }`
[INFO] [stderr] WARNING: Your kernel does not support swap limit capabilities or the cgroup is not mounted. Memory limited without swap.
[INFO] [stdout] 27e043d9136ec315b75b5f0ec6da33da010bd55e2bac25fc02fb5b801bacaa93
[INFO] running `Command { std: "docker" "start" "-a" "27e043d9136ec315b75b5f0ec6da33da010bd55e2bac25fc02fb5b801bacaa93", kill_on_drop: false }`
[INFO] [stderr]     Finished test [unoptimized + debuginfo] target(s) in 0.01s
[INFO] [stderr]      Running unittests (/opt/rustwide/target/debug/deps/coi_derive-f09c6b4288a9a8c6)
[INFO] [stdout] 
[INFO] [stdout] running 0 tests
[INFO] [stdout] 
[INFO] [stdout] test result: ok. 0 passed; 0 failed; 0 ignored; 0 measured; 0 filtered out; finished in 0.00s
[INFO] [stdout] 
[INFO] [stderr]    Doc-tests coi-derive
[INFO] [stdout] 
[INFO] [stdout] running 10 tests
[INFO] [stdout] test src/lib.rs - inject_derive (line 24) ... ignored
[INFO] [stdout] test src/lib.rs - inject_derive (line 28) ... ignored
[INFO] [stdout] test src/lib.rs - inject_derive (line 46) ... ignored
[INFO] [stdout] test src/lib.rs - provide_derive (line 315) ... ignored
[INFO] [stdout] test src/lib.rs - inject_derive (line 107) ... FAILED
[INFO] [stdout] test src/lib.rs - inject_derive (line 55) ... FAILED
[INFO] [stdout] test src/lib.rs - provide_derive (line 332) ... FAILED
[INFO] [stdout] test src/lib.rs - inject_derive (line 69) ... FAILED
[INFO] [stdout] test src/lib.rs - inject_derive (line 122) ... FAILED
[INFO] [stdout] test src/lib.rs - inject_derive (line 96) ... FAILED
[INFO] [stdout] 
[INFO] [stdout] failures:
[INFO] [stdout] 
[INFO] [stdout] ---- src/lib.rs - inject_derive (line 107) stdout ----
[INFO] [stdout] error[E0432]: unresolved import `coi`
[INFO] [stdout]  --> src/lib.rs:108:5
[INFO] [stdout]   |
[INFO] [stdout] 4 | use coi::Inject;
[INFO] [stdout]   |     ^^^ use of undeclared crate or module `coi`
[INFO] [stdout] 
[INFO] [stdout] error[E0433]: failed to resolve: use of undeclared crate or module `coi`
[INFO] [stdout]  --> src/lib.rs:112:10
[INFO] [stdout]   |
[INFO] [stdout] 8 | #[derive(Inject)]
[INFO] [stdout]   |          ^^^^^^ use of undeclared crate or module `coi`
[INFO] [stdout]   |
[INFO] [stdout]   = note: this error originates in the derive macro `Inject` (in Nightly builds, run with -Z macro-backtrace for more info)
[INFO] [stdout] 
[INFO] [stdout] error[E0433]: failed to resolve: use of undeclared crate or module `coi`
[INFO] [stdout]   --> src/lib.rs:116:10
[INFO] [stdout]    |
[INFO] [stdout] 12 | #[derive(Inject)]
[INFO] [stdout]    |          ^^^^^^ use of undeclared crate or module `coi`
[INFO] [stdout]    |
[INFO] [stdout]    = note: this error originates in the derive macro `Inject` (in Nightly builds, run with -Z macro-backtrace for more info)
[INFO] [stdout] 
[INFO] [stdout] error: aborting due to 3 previous errors
[INFO] [stdout] 
[INFO] [stdout] Some errors have detailed explanations: E0432, E0433.
[INFO] [stdout] For more information about an error, try `rustc --explain E0432`.
[INFO] [stdout] Couldn't compile the test.
[INFO] [stdout] ---- src/lib.rs - inject_derive (line 55) stdout ----
[INFO] [stdout] error[E0432]: unresolved import `coi`
[INFO] [stdout]  --> src/lib.rs:56:5
[INFO] [stdout]   |
[INFO] [stdout] 4 | use coi::Inject;
[INFO] [stdout]   |     ^^^ use of undeclared crate or module `coi`
[INFO] [stdout] 
[INFO] [stdout] error[E0433]: failed to resolve: use of undeclared crate or module `coi`
[INFO] [stdout]  --> src/lib.rs:60:10
[INFO] [stdout]   |
[INFO] [stdout] 8 | #[derive(Inject)]
[INFO] [stdout]   |          ^^^^^^ use of undeclared crate or module `coi`
[INFO] [stdout]   |
[INFO] [stdout]   = note: this error originates in the derive macro `Inject` (in Nightly builds, run with -Z macro-backtrace for more info)
[INFO] [stdout] 
[INFO] [stdout] error: aborting due to 2 previous errors
[INFO] [stdout] 
[INFO] [stdout] Some errors have detailed explanations: E0432, E0433.
[INFO] [stdout] For more information about an error, try `rustc --explain E0432`.
[INFO] [stdout] Couldn't compile the test.
[INFO] [stdout] ---- src/lib.rs - provide_derive (line 332) stdout ----
[INFO] [stdout] error[E0432]: unresolved import `coi`
[INFO] [stdout]  --> src/lib.rs:333:5
[INFO] [stdout]   |
[INFO] [stdout] 4 | use coi::{Inject, Provide};
[INFO] [stdout]   |     ^^^ use of undeclared crate or module `coi`
[INFO] [stdout] 
[INFO] [stdout] error[E0433]: failed to resolve: use of undeclared crate or module `coi`
[INFO] [stdout]  --> src/lib.rs:337:10
[INFO] [stdout]   |
[INFO] [stdout] 8 | #[derive(Inject)]
[INFO] [stdout]   |          ^^^^^^ use of undeclared crate or module `coi`
[INFO] [stdout]   |
[INFO] [stdout]   = note: this error originates in the derive macro `Inject` (in Nightly builds, run with -Z macro-backtrace for more info)
[INFO] [stdout] 
[INFO] [stdout] error[E0433]: failed to resolve: use of undeclared crate or module `coi`
[INFO] [stdout]   --> src/lib.rs:351:10
[INFO] [stdout]    |
[INFO] [stdout] 22 | #[derive(Provide)]
[INFO] [stdout]    |          ^^^^^^^ use of undeclared crate or module `coi`
[INFO] [stdout]    |
[INFO] [stdout]    = note: this error originates in the derive macro `Provide` (in Nightly builds, run with -Z macro-backtrace for more info)
[INFO] [stdout] 
[INFO] [stdout] error: aborting due to 3 previous errors
[INFO] [stdout] 
[INFO] [stdout] Some errors have detailed explanations: E0432, E0433.
[INFO] [stdout] For more information about an error, try `rustc --explain E0432`.
[INFO] [stdout] Couldn't compile the test.
[INFO] [stdout] ---- src/lib.rs - inject_derive (line 69) stdout ----
[INFO] [stdout] error[E0432]: unresolved import `coi`
[INFO] [stdout]  --> src/lib.rs:70:5
[INFO] [stdout]   |
[INFO] [stdout] 4 | use coi::Inject;
[INFO] [stdout]   |     ^^^ use of undeclared crate or module `coi`
[INFO] [stdout] 
[INFO] [stdout] error[E0433]: failed to resolve: use of undeclared crate or module `coi`
[INFO] [stdout]   --> src/lib.rs:76:10
[INFO] [stdout]    |
[INFO] [stdout] 10 | #[derive(Inject)]
[INFO] [stdout]    |          ^^^^^^ use of undeclared crate or module `coi`
[INFO] [stdout]    |
[INFO] [stdout]    = note: this error originates in the derive macro `Inject` (in Nightly builds, run with -Z macro-backtrace for more info)
[INFO] [stdout] 
[INFO] [stdout] error: aborting due to 2 previous errors
[INFO] [stdout] 
[INFO] [stdout] Some errors have detailed explanations: E0432, E0433.
[INFO] [stdout] For more information about an error, try `rustc --explain E0432`.
[INFO] [stdout] Couldn't compile the test.
[INFO] [stdout] ---- src/lib.rs - inject_derive (line 122) stdout ----
[INFO] [stdout] error[E0432]: unresolved import `coi`
[INFO] [stdout]  --> src/lib.rs:123:5
[INFO] [stdout]   |
[INFO] [stdout] 4 | use coi::{container, Inject};
[INFO] [stdout]   |     ^^^ use of undeclared crate or module `coi`
[INFO] [stdout] 
[INFO] [stdout] error: cannot determine resolution for the macro `container`
[INFO] [stdout]   --> src/lib.rs:145:19
[INFO] [stdout]    |
[INFO] [stdout] 26 |   let container = container! {
[INFO] [stdout]    |                   ^^^^^^^^^
[INFO] [stdout]    |
[INFO] [stdout]    = note: import resolution is stuck, try simplifying macro imports
[INFO] [stdout] 
[INFO] [stdout] error[E0433]: failed to resolve: use of undeclared crate or module `coi`
[INFO] [stdout]  --> src/lib.rs:126:10
[INFO] [stdout]   |
[INFO] [stdout] 7 | #[derive(Inject)]
[INFO] [stdout]   |          ^^^^^^ use of undeclared crate or module `coi`
[INFO] [stdout]   |
[INFO] [stdout]   = note: this error originates in the derive macro `Inject` (in Nightly builds, run with -Z macro-backtrace for more info)
[INFO] [stdout] 
[INFO] [stdout] error: aborting due to 3 previous errors
[INFO] [stdout] 
[INFO] [stdout] Some errors have detailed explanations: E0432, E0433.
[INFO] [stdout] For more information about an error, try `rustc --explain E0432`.
[INFO] [stdout] Couldn't compile the test.
[INFO] [stdout] ---- src/lib.rs - inject_derive (line 96) stdout ----
[INFO] [stdout] error[E0432]: unresolved import `coi`
[INFO] [stdout]  --> src/lib.rs:97:5
[INFO] [stdout]   |
[INFO] [stdout] 4 | use coi::Inject;
[INFO] [stdout]   |     ^^^ use of undeclared crate or module `coi`
[INFO] [stdout] 
[INFO] [stdout] error[E0433]: failed to resolve: use of undeclared crate or module `coi`
[INFO] [stdout]  --> src/lib.rs:100:10
[INFO] [stdout]   |
[INFO] [stdout] 7 | #[derive(Inject)]
[INFO] [stdout]   |          ^^^^^^ use of undeclared crate or module `coi`
[INFO] [stdout]   |
[INFO] [stdout]   = note: this error originates in the derive macro `Inject` (in Nightly builds, run with -Z macro-backtrace for more info)
[INFO] [stdout] 
[INFO] [stdout] error: aborting due to 2 previous errors
[INFO] [stdout] 
[INFO] [stdout] Some errors have detailed explanations: E0432, E0433.
[INFO] [stdout] For more information about an error, try `rustc --explain E0432`.
[INFO] [stdout] Couldn't compile the test.
[INFO] [stdout] 
[INFO] [stdout] failures:
[INFO] [stdout]     src/lib.rs - inject_derive (line 107)
[INFO] [stdout]     src/lib.rs - inject_derive (line 122)
[INFO] [stdout]     src/lib.rs - inject_derive (line 55)
[INFO] [stdout]     src/lib.rs - inject_derive (line 69)
[INFO] [stdout]     src/lib.rs - inject_derive (line 96)
[INFO] [stdout]     src/lib.rs - provide_derive (line 332)
[INFO] [stdout] 
[INFO] [stdout] test result: FAILED. 0 passed; 6 failed; 4 ignored; 0 measured; 0 filtered out; finished in 0.10s
[INFO] [stdout] 
[INFO] [stderr] error: test failed, to rerun pass '--doc'
[INFO] running `Command { std: "docker" "inspect" "27e043d9136ec315b75b5f0ec6da33da010bd55e2bac25fc02fb5b801bacaa93", kill_on_drop: false }`
[INFO] running `Command { std: "docker" "rm" "-f" "27e043d9136ec315b75b5f0ec6da33da010bd55e2bac25fc02fb5b801bacaa93", kill_on_drop: false }`
[INFO] [stdout] 27e043d9136ec315b75b5f0ec6da33da010bd55e2bac25fc02fb5b801bacaa93
