[INFO] fetching crate coi-actix-web-derive 0.2.1...
[INFO] testing coi-actix-web-derive-0.2.1 against 1.54.0 for beta-1.55-1
[INFO] extracting crate coi-actix-web-derive 0.2.1 into /workspace/builds/worker-6/source
[INFO] validating manifest of crates.io crate coi-actix-web-derive 0.2.1 on toolchain 1.54.0
[INFO] running `Command { std: "/workspace/cargo-home/bin/cargo" "+1.54.0" "metadata" "--manifest-path" "Cargo.toml" "--no-deps", kill_on_drop: false }`
[INFO] started tweaking crates.io crate coi-actix-web-derive 0.2.1
[INFO] finished tweaking crates.io crate coi-actix-web-derive 0.2.1
[INFO] tweaked toml for crates.io crate coi-actix-web-derive 0.2.1 written to /workspace/builds/worker-6/source/Cargo.toml
[INFO] running `Command { std: "/workspace/cargo-home/bin/cargo" "+1.54.0" "generate-lockfile" "--manifest-path" "Cargo.toml" "-Zno-index-update", kill_on_drop: false }`
[INFO] running `Command { std: "/workspace/cargo-home/bin/cargo" "+1.54.0" "fetch" "--manifest-path" "Cargo.toml", kill_on_drop: false }`
[INFO] [stderr]     Blocking waiting for file lock on package cache
[INFO] running `Command { std: "docker" "create" "-v" "/var/lib/crater-agent-workspace/builds/worker-6/target:/opt/rustwide/target:rw,Z" "-v" "/var/lib/crater-agent-workspace/builds/worker-6/source:/opt/rustwide/workdir:ro,Z" "-v" "/var/lib/crater-agent-workspace/cargo-home:/opt/rustwide/cargo-home:ro,Z" "-v" "/var/lib/crater-agent-workspace/rustup-home:/opt/rustwide/rustup-home:ro,Z" "-e" "SOURCE_DIR=/opt/rustwide/workdir" "-e" "CARGO_TARGET_DIR=/opt/rustwide/target" "-e" "CARGO_HOME=/opt/rustwide/cargo-home" "-e" "RUSTUP_HOME=/opt/rustwide/rustup-home" "-w" "/opt/rustwide/workdir" "-m" "1610612736" "--user" "0:0" "--network" "none" "ghcr.io/rust-lang/crates-build-env/linux@sha256:34b6a614d2c27851fe6cbf88fbd1137609cefab8b10d0615aaeb6fd47975d74e" "/opt/rustwide/cargo-home/bin/cargo" "+1.54.0" "metadata" "--no-deps" "--format-version=1", kill_on_drop: false }`
[INFO] [stdout] 0dae6a49aba9176db167d502955765f0e0b7aafe028792fbe158fd745b76bc8b
[INFO] [stderr] WARNING: Your kernel does not support swap limit capabilities or the cgroup is not mounted. Memory limited without swap.
[INFO] running `Command { std: "docker" "start" "-a" "0dae6a49aba9176db167d502955765f0e0b7aafe028792fbe158fd745b76bc8b", kill_on_drop: false }`
[INFO] running `Command { std: "docker" "inspect" "0dae6a49aba9176db167d502955765f0e0b7aafe028792fbe158fd745b76bc8b", kill_on_drop: false }`
[INFO] running `Command { std: "docker" "rm" "-f" "0dae6a49aba9176db167d502955765f0e0b7aafe028792fbe158fd745b76bc8b", kill_on_drop: false }`
[INFO] [stdout] 0dae6a49aba9176db167d502955765f0e0b7aafe028792fbe158fd745b76bc8b
[INFO] running `Command { std: "docker" "create" "-v" "/var/lib/crater-agent-workspace/builds/worker-6/target:/opt/rustwide/target:rw,Z" "-v" "/var/lib/crater-agent-workspace/builds/worker-6/source:/opt/rustwide/workdir:ro,Z" "-v" "/var/lib/crater-agent-workspace/cargo-home:/opt/rustwide/cargo-home:ro,Z" "-v" "/var/lib/crater-agent-workspace/rustup-home:/opt/rustwide/rustup-home:ro,Z" "-e" "SOURCE_DIR=/opt/rustwide/workdir" "-e" "CARGO_TARGET_DIR=/opt/rustwide/target" "-e" "CARGO_INCREMENTAL=0" "-e" "RUST_BACKTRACE=full" "-e" "RUSTFLAGS=--cap-lints=warn" "-e" "CARGO_HOME=/opt/rustwide/cargo-home" "-e" "RUSTUP_HOME=/opt/rustwide/rustup-home" "-w" "/opt/rustwide/workdir" "-m" "1610612736" "--user" "0:0" "--network" "none" "ghcr.io/rust-lang/crates-build-env/linux@sha256:34b6a614d2c27851fe6cbf88fbd1137609cefab8b10d0615aaeb6fd47975d74e" "/opt/rustwide/cargo-home/bin/cargo" "+1.54.0" "build" "--frozen" "--message-format=json", kill_on_drop: false }`
[INFO] [stdout] 4a674e8a287286a8a3a2db3e6ecf4d59e31dc3afac217a8c6443fa71ac111971
[INFO] [stderr] WARNING: Your kernel does not support swap limit capabilities or the cgroup is not mounted. Memory limited without swap.
[INFO] running `Command { std: "docker" "start" "-a" "4a674e8a287286a8a3a2db3e6ecf4d59e31dc3afac217a8c6443fa71ac111971", kill_on_drop: false }`
[INFO] [stderr]    Compiling syn v1.0.74
[INFO] [stderr]    Compiling coi-actix-web-derive v0.2.1 (/opt/rustwide/workdir)
[INFO] [stderr]     Finished dev [unoptimized + debuginfo] target(s) in 14.28s
[INFO] running `Command { std: "docker" "inspect" "4a674e8a287286a8a3a2db3e6ecf4d59e31dc3afac217a8c6443fa71ac111971", kill_on_drop: false }`
[INFO] running `Command { std: "docker" "rm" "-f" "4a674e8a287286a8a3a2db3e6ecf4d59e31dc3afac217a8c6443fa71ac111971", kill_on_drop: false }`
[INFO] [stdout] 4a674e8a287286a8a3a2db3e6ecf4d59e31dc3afac217a8c6443fa71ac111971
[INFO] running `Command { std: "docker" "create" "-v" "/var/lib/crater-agent-workspace/builds/worker-6/target:/opt/rustwide/target:rw,Z" "-v" "/var/lib/crater-agent-workspace/builds/worker-6/source:/opt/rustwide/workdir:ro,Z" "-v" "/var/lib/crater-agent-workspace/cargo-home:/opt/rustwide/cargo-home:ro,Z" "-v" "/var/lib/crater-agent-workspace/rustup-home:/opt/rustwide/rustup-home:ro,Z" "-e" "SOURCE_DIR=/opt/rustwide/workdir" "-e" "CARGO_TARGET_DIR=/opt/rustwide/target" "-e" "CARGO_INCREMENTAL=0" "-e" "RUST_BACKTRACE=full" "-e" "RUSTFLAGS=--cap-lints=warn" "-e" "CARGO_HOME=/opt/rustwide/cargo-home" "-e" "RUSTUP_HOME=/opt/rustwide/rustup-home" "-w" "/opt/rustwide/workdir" "-m" "1610612736" "--user" "0:0" "--network" "none" "ghcr.io/rust-lang/crates-build-env/linux@sha256:34b6a614d2c27851fe6cbf88fbd1137609cefab8b10d0615aaeb6fd47975d74e" "/opt/rustwide/cargo-home/bin/cargo" "+1.54.0" "test" "--frozen" "--no-run" "--message-format=json", kill_on_drop: false }`
[INFO] [stdout] 45d1b3c1bbad78d5f38be5dfbabe599358c27b51a40c59b4120a05fb5879e4a3
[INFO] [stderr] WARNING: Your kernel does not support swap limit capabilities or the cgroup is not mounted. Memory limited without swap.
[INFO] running `Command { std: "docker" "start" "-a" "45d1b3c1bbad78d5f38be5dfbabe599358c27b51a40c59b4120a05fb5879e4a3", kill_on_drop: false }`
[INFO] [stderr]    Compiling convert_case v0.4.0
[INFO] [stderr]    Compiling sha1 v0.6.0
[INFO] [stderr]    Compiling base64 v0.11.0
[INFO] [stderr]    Compiling futures-util v0.3.16
[INFO] [stderr]    Compiling bytestring v1.0.0
[INFO] [stderr]    Compiling fxhash v0.2.1
[INFO] [stderr]    Compiling iovec v0.1.4
[INFO] [stderr]    Compiling net2 v0.2.37
[INFO] [stderr]    Compiling parking_lot_core v0.8.3
[INFO] [stderr]    Compiling num_cpus v1.13.0
[INFO] [stderr]    Compiling getrandom v0.1.16
[INFO] [stderr]    Compiling object v0.26.0
[INFO] [stderr]    Compiling socket2 v0.3.19
[INFO] [stderr]    Compiling hostname v0.3.1
[INFO] [stderr]    Compiling tracing v0.1.26
[INFO] [stderr]    Compiling time v0.1.44
[INFO] [stderr]    Compiling brotli-sys v0.3.2
[INFO] [stderr]    Compiling resolv-conf v0.6.3
[INFO] [stderr]    Compiling flate2 v1.0.20
[INFO] [stderr]    Compiling futures-macro v0.3.16
[INFO] [stderr]    Compiling pin-project-internal v0.4.28
[INFO] [stderr]    Compiling actix-macros v0.1.3
[INFO] [stderr]    Compiling synstructure v0.12.5
[INFO] [stderr]    Compiling serde_derive v1.0.127
[INFO] [stderr]    Compiling async-trait v0.1.51
[INFO] [stderr]    Compiling enum-as-inner v0.3.3
[INFO] [stderr]    Compiling pin-project-internal v1.0.8
[INFO] [stderr]    Compiling thiserror-impl v1.0.26
[INFO] [stderr]    Compiling coi-derive v0.10.0
[INFO] [stderr]    Compiling actix-web-codegen v0.2.2
[INFO] [stderr]    Compiling rand_core v0.5.1
[INFO] [stderr]    Compiling threadpool v1.8.1
[INFO] [stderr]    Compiling chrono v0.4.19
[INFO] [stderr]    Compiling brotli2 v0.3.2
[INFO] [stderr]    Compiling parking_lot v0.11.1
[INFO] [stderr]    Compiling mio v0.6.23
[INFO] [stderr]    Compiling derive_more v0.99.16
[INFO] [stderr]    Compiling rand_chacha v0.2.2
[INFO] [stderr]    Compiling mio-uds v0.6.8
[INFO] [stderr]    Compiling rand v0.7.3
[INFO] [stderr]    Compiling failure_derive v0.1.8
[INFO] [stderr]    Compiling tokio v0.2.25
[INFO] [stderr]    Compiling backtrace v0.3.61
[INFO] [stderr]    Compiling thiserror v1.0.26
[INFO] [stderr]    Compiling pin-project v1.0.8
[INFO] [stderr]    Compiling coi v0.10.0
[INFO] [stderr]    Compiling tracing-futures v0.2.5
[INFO] [stderr]    Compiling pin-project v0.4.28
[INFO] [stderr]    Compiling failure v0.1.8
[INFO] [stderr]    Compiling futures-executor v0.3.16
[INFO] [stderr]    Compiling actix-service v1.0.6
[INFO] [stderr]    Compiling futures v0.3.16
[INFO] [stderr]    Compiling serde v1.0.127
[INFO] [stderr]    Compiling tokio-util v0.3.1
[INFO] [stderr]    Compiling tokio-util v0.2.0
[INFO] [stderr]    Compiling trust-dns-proto v0.18.0-alpha.2
[INFO] [stderr]    Compiling actix-codec v0.2.0
[INFO] [stderr]    Compiling actix-codec v0.3.0
[INFO] [stderr]    Compiling h2 v0.2.7
[INFO] [stderr]    Compiling actix-threadpool v0.3.3
[INFO] [stderr]    Compiling actix-rt v1.1.1
[INFO] [stderr]    Compiling actix-utils v1.0.6
[INFO] [stderr]    Compiling actix-utils v2.0.0
[INFO] [stderr]    Compiling actix-server v1.0.4
[INFO] [stderr]    Compiling actix-tls v1.0.0
[INFO] [stderr]    Compiling trust-dns-resolver v0.18.0-alpha.2
[INFO] [stderr]    Compiling actix-testing v1.0.1
[INFO] [stderr]    Compiling serde_json v1.0.66
[INFO] [stderr]    Compiling serde_urlencoded v0.6.1
[INFO] [stderr]    Compiling actix-router v0.2.7
[INFO] [stderr]    Compiling actix-connect v1.0.2
[INFO] [stderr]    Compiling actix-http v1.0.1
[INFO] [stderr]    Compiling awc v1.0.1
[INFO] [stderr]    Compiling actix-web v2.0.0
[INFO] [stderr]    Compiling coi-actix-web-derive v0.2.1 (/opt/rustwide/workdir)
[INFO] [stderr]     Finished test [unoptimized + debuginfo] target(s) in 1m 05s
[INFO] running `Command { std: "docker" "inspect" "45d1b3c1bbad78d5f38be5dfbabe599358c27b51a40c59b4120a05fb5879e4a3", kill_on_drop: false }`
[INFO] running `Command { std: "docker" "rm" "-f" "45d1b3c1bbad78d5f38be5dfbabe599358c27b51a40c59b4120a05fb5879e4a3", kill_on_drop: false }`
[INFO] [stdout] 45d1b3c1bbad78d5f38be5dfbabe599358c27b51a40c59b4120a05fb5879e4a3
[INFO] running `Command { std: "docker" "create" "-v" "/var/lib/crater-agent-workspace/builds/worker-6/target:/opt/rustwide/target:rw,Z" "-v" "/var/lib/crater-agent-workspace/builds/worker-6/source:/opt/rustwide/workdir:ro,Z" "-v" "/var/lib/crater-agent-workspace/cargo-home:/opt/rustwide/cargo-home:ro,Z" "-v" "/var/lib/crater-agent-workspace/rustup-home:/opt/rustwide/rustup-home:ro,Z" "-e" "SOURCE_DIR=/opt/rustwide/workdir" "-e" "CARGO_TARGET_DIR=/opt/rustwide/target" "-e" "CARGO_INCREMENTAL=0" "-e" "RUST_BACKTRACE=full" "-e" "RUSTFLAGS=--cap-lints=warn" "-e" "CARGO_HOME=/opt/rustwide/cargo-home" "-e" "RUSTUP_HOME=/opt/rustwide/rustup-home" "-w" "/opt/rustwide/workdir" "-m" "1610612736" "--user" "0:0" "--network" "none" "ghcr.io/rust-lang/crates-build-env/linux@sha256:34b6a614d2c27851fe6cbf88fbd1137609cefab8b10d0615aaeb6fd47975d74e" "/opt/rustwide/cargo-home/bin/cargo" "+1.54.0" "test" "--frozen", kill_on_drop: false }`
[INFO] [stdout] f16cdba18e00e9d2a0db68d0dbac6bc53a26c33447e34dbe3076c92bdeb5a47d
[INFO] [stderr] WARNING: Your kernel does not support swap limit capabilities or the cgroup is not mounted. Memory limited without swap.
[INFO] running `Command { std: "docker" "start" "-a" "f16cdba18e00e9d2a0db68d0dbac6bc53a26c33447e34dbe3076c92bdeb5a47d", kill_on_drop: false }`
[INFO] [stderr]     Finished test [unoptimized + debuginfo] target(s) in 0.16s
[INFO] [stderr]      Running unittests (/opt/rustwide/target/debug/deps/coi_actix_web_derive-7d41dcd7216d74be)
[INFO] [stdout] 
[INFO] [stdout] running 0 tests
[INFO] [stdout] 
[INFO] [stdout] test result: ok. 0 passed; 0 failed; 0 ignored; 0 measured; 0 filtered out; finished in 0.00s
[INFO] [stdout] 
[INFO] [stderr]    Doc-tests coi-actix-web-derive
[INFO] [stdout] 
[INFO] [stdout] running 1 test
[INFO] [stdout] test src/lib.rs - inject (line 48) - compile ... FAILED
[INFO] [stdout] 
[INFO] [stdout] failures:
[INFO] [stdout] 
[INFO] [stdout] ---- src/lib.rs - inject (line 48) stdout ----
[INFO] [stdout] error[E0432]: unresolved import `coi_actix_web`
[INFO] [stdout]  --> src/lib.rs:51:5
[INFO] [stdout]   |
[INFO] [stdout] 5 | use coi_actix_web::inject;
[INFO] [stdout]   |     ^^^^^^^^^^^^^ use of undeclared crate or module `coi_actix_web`
[INFO] [stdout] 
[INFO] [stdout] error: cannot determine resolution for the attribute macro `inject`
[INFO] [stdout]  --> src/lib.rs:55:3
[INFO] [stdout]   |
[INFO] [stdout] 9 | #[inject]
[INFO] [stdout]   |   ^^^^^^
[INFO] [stdout]   |
[INFO] [stdout]   = note: import resolution is stuck, try simplifying macro imports
[INFO] [stdout] 
[INFO] [stdout] error: cannot determine resolution for the attribute macro `inject`
[INFO] [stdout]   --> src/lib.rs:56:20
[INFO] [stdout]    |
[INFO] [stdout] 10 | async fn get_all(#[inject] service: Arc<dyn IService>) -> Result<impl Responder, ()> {
[INFO] [stdout]    |                    ^^^^^^
[INFO] [stdout]    |
[INFO] [stdout]    = note: import resolution is stuck, try simplifying macro imports
[INFO] [stdout] 
[INFO] [stdout] error[E0412]: cannot find type `Arc` in this scope
[INFO] [stdout]   --> src/lib.rs:56:37
[INFO] [stdout]    |
[INFO] [stdout] 10 | async fn get_all(#[inject] service: Arc<dyn IService>) -> Result<impl Responder, ()> {
[INFO] [stdout]    |                                     ^^^ not found in this scope
[INFO] [stdout]    |
[INFO] [stdout] help: consider importing this struct
[INFO] [stdout]    |
[INFO] [stdout] 2  | use std::sync::Arc;
[INFO] [stdout]    |
[INFO] [stdout] 
[INFO] [stdout] error: aborting due to 4 previous errors
[INFO] [stdout] 
[INFO] [stdout] Some errors have detailed explanations: E0412, E0432.
[INFO] [stdout] For more information about an error, try `rustc --explain E0412`.
[INFO] [stdout] Couldn't compile the test.
[INFO] [stdout] 
[INFO] [stdout] failures:
[INFO] [stdout]     src/lib.rs - inject (line 48)
[INFO] [stdout] 
[INFO] [stdout] test result: FAILED. 0 passed; 1 failed; 0 ignored; 0 measured; 0 filtered out; finished in 0.33s
[INFO] [stdout] 
[INFO] [stderr] error: test failed, to rerun pass '--doc'
[INFO] running `Command { std: "docker" "inspect" "f16cdba18e00e9d2a0db68d0dbac6bc53a26c33447e34dbe3076c92bdeb5a47d", kill_on_drop: false }`
[INFO] running `Command { std: "docker" "rm" "-f" "f16cdba18e00e9d2a0db68d0dbac6bc53a26c33447e34dbe3076c92bdeb5a47d", kill_on_drop: false }`
[INFO] [stdout] f16cdba18e00e9d2a0db68d0dbac6bc53a26c33447e34dbe3076c92bdeb5a47d
