[INFO] fetching crate code-tokenizer 0.1.0...
[INFO] testing code-tokenizer-0.1.0 against beta-2021-08-01 for beta-1.55-1
[INFO] extracting crate code-tokenizer 0.1.0 into /workspace/builds/worker-4/source
[INFO] validating manifest of crates.io crate code-tokenizer 0.1.0 on toolchain beta-2021-08-01
[INFO] running `Command { std: "/workspace/cargo-home/bin/cargo" "+beta-2021-08-01" "metadata" "--manifest-path" "Cargo.toml" "--no-deps", kill_on_drop: false }`
[INFO] started tweaking crates.io crate code-tokenizer 0.1.0
[INFO] finished tweaking crates.io crate code-tokenizer 0.1.0
[INFO] tweaked toml for crates.io crate code-tokenizer 0.1.0 written to /workspace/builds/worker-4/source/Cargo.toml
[INFO] running `Command { std: "/workspace/cargo-home/bin/cargo" "+beta-2021-08-01" "generate-lockfile" "--manifest-path" "Cargo.toml" "-Zno-index-update", kill_on_drop: false }`
[INFO] running `Command { std: "/workspace/cargo-home/bin/cargo" "+beta-2021-08-01" "fetch" "--manifest-path" "Cargo.toml", kill_on_drop: false }`
[INFO] running `Command { std: "docker" "create" "-v" "/var/lib/crater-agent-workspace/builds/worker-4/target:/opt/rustwide/target:rw,Z" "-v" "/var/lib/crater-agent-workspace/builds/worker-4/source:/opt/rustwide/workdir:ro,Z" "-v" "/var/lib/crater-agent-workspace/cargo-home:/opt/rustwide/cargo-home:ro,Z" "-v" "/var/lib/crater-agent-workspace/rustup-home:/opt/rustwide/rustup-home:ro,Z" "-e" "SOURCE_DIR=/opt/rustwide/workdir" "-e" "CARGO_TARGET_DIR=/opt/rustwide/target" "-e" "CARGO_HOME=/opt/rustwide/cargo-home" "-e" "RUSTUP_HOME=/opt/rustwide/rustup-home" "-w" "/opt/rustwide/workdir" "-m" "1610612736" "--user" "0:0" "--network" "none" "ghcr.io/rust-lang/crates-build-env/linux@sha256:34b6a614d2c27851fe6cbf88fbd1137609cefab8b10d0615aaeb6fd47975d74e" "/opt/rustwide/cargo-home/bin/cargo" "+beta-2021-08-01" "metadata" "--no-deps" "--format-version=1", kill_on_drop: false }`
[INFO] [stdout] ff246d6916c9d554890e9a03257af05903fabb3468d0ddf1213c25911afb2133
[INFO] [stderr] WARNING: Your kernel does not support swap limit capabilities or the cgroup is not mounted. Memory limited without swap.
[INFO] running `Command { std: "docker" "start" "-a" "ff246d6916c9d554890e9a03257af05903fabb3468d0ddf1213c25911afb2133", kill_on_drop: false }`
[INFO] running `Command { std: "docker" "inspect" "ff246d6916c9d554890e9a03257af05903fabb3468d0ddf1213c25911afb2133", kill_on_drop: false }`
[INFO] running `Command { std: "docker" "rm" "-f" "ff246d6916c9d554890e9a03257af05903fabb3468d0ddf1213c25911afb2133", kill_on_drop: false }`
[INFO] [stdout] ff246d6916c9d554890e9a03257af05903fabb3468d0ddf1213c25911afb2133
[INFO] running `Command { std: "docker" "create" "-v" "/var/lib/crater-agent-workspace/builds/worker-4/target:/opt/rustwide/target:rw,Z" "-v" "/var/lib/crater-agent-workspace/builds/worker-4/source:/opt/rustwide/workdir:ro,Z" "-v" "/var/lib/crater-agent-workspace/cargo-home:/opt/rustwide/cargo-home:ro,Z" "-v" "/var/lib/crater-agent-workspace/rustup-home:/opt/rustwide/rustup-home:ro,Z" "-e" "SOURCE_DIR=/opt/rustwide/workdir" "-e" "CARGO_TARGET_DIR=/opt/rustwide/target" "-e" "CARGO_INCREMENTAL=0" "-e" "RUST_BACKTRACE=full" "-e" "RUSTFLAGS=--cap-lints=warn" "-e" "CARGO_HOME=/opt/rustwide/cargo-home" "-e" "RUSTUP_HOME=/opt/rustwide/rustup-home" "-w" "/opt/rustwide/workdir" "-m" "1610612736" "--user" "0:0" "--network" "none" "ghcr.io/rust-lang/crates-build-env/linux@sha256:34b6a614d2c27851fe6cbf88fbd1137609cefab8b10d0615aaeb6fd47975d74e" "/opt/rustwide/cargo-home/bin/cargo" "+beta-2021-08-01" "build" "--frozen" "--message-format=json", kill_on_drop: false }`
[INFO] [stdout] 1eb97d870eb076fbde9a9195a8481c785353f7e30df652737b8841d1b77f0c24
[INFO] [stderr] WARNING: Your kernel does not support swap limit capabilities or the cgroup is not mounted. Memory limited without swap.
[INFO] running `Command { std: "docker" "start" "-a" "1eb97d870eb076fbde9a9195a8481c785353f7e30df652737b8841d1b77f0c24", kill_on_drop: false }`
[INFO] [stderr]    Compiling code-tokenizer v0.1.0 (/opt/rustwide/workdir)
[INFO] [stderr]     Finished dev [unoptimized + debuginfo] target(s) in 0.88s
[INFO] running `Command { std: "docker" "inspect" "1eb97d870eb076fbde9a9195a8481c785353f7e30df652737b8841d1b77f0c24", kill_on_drop: false }`
[INFO] running `Command { std: "docker" "rm" "-f" "1eb97d870eb076fbde9a9195a8481c785353f7e30df652737b8841d1b77f0c24", kill_on_drop: false }`
[INFO] [stdout] 1eb97d870eb076fbde9a9195a8481c785353f7e30df652737b8841d1b77f0c24
[INFO] running `Command { std: "docker" "create" "-v" "/var/lib/crater-agent-workspace/builds/worker-4/target:/opt/rustwide/target:rw,Z" "-v" "/var/lib/crater-agent-workspace/builds/worker-4/source:/opt/rustwide/workdir:ro,Z" "-v" "/var/lib/crater-agent-workspace/cargo-home:/opt/rustwide/cargo-home:ro,Z" "-v" "/var/lib/crater-agent-workspace/rustup-home:/opt/rustwide/rustup-home:ro,Z" "-e" "SOURCE_DIR=/opt/rustwide/workdir" "-e" "CARGO_TARGET_DIR=/opt/rustwide/target" "-e" "CARGO_INCREMENTAL=0" "-e" "RUST_BACKTRACE=full" "-e" "RUSTFLAGS=--cap-lints=warn" "-e" "CARGO_HOME=/opt/rustwide/cargo-home" "-e" "RUSTUP_HOME=/opt/rustwide/rustup-home" "-w" "/opt/rustwide/workdir" "-m" "1610612736" "--user" "0:0" "--network" "none" "ghcr.io/rust-lang/crates-build-env/linux@sha256:34b6a614d2c27851fe6cbf88fbd1137609cefab8b10d0615aaeb6fd47975d74e" "/opt/rustwide/cargo-home/bin/cargo" "+beta-2021-08-01" "test" "--frozen" "--no-run" "--message-format=json", kill_on_drop: false }`
[INFO] [stderr] WARNING: Your kernel does not support swap limit capabilities or the cgroup is not mounted. Memory limited without swap.
[INFO] [stdout] a4263f6959ca2649e2a60e4450d36300fb97c9642132b2450b8e5ad2dd23ceba
[INFO] running `Command { std: "docker" "start" "-a" "a4263f6959ca2649e2a60e4450d36300fb97c9642132b2450b8e5ad2dd23ceba", kill_on_drop: false }`
[INFO] [stderr]    Compiling code-tokenizer v0.1.0 (/opt/rustwide/workdir)
[INFO] [stderr]     Finished test [unoptimized + debuginfo] target(s) in 0.54s
[INFO] running `Command { std: "docker" "inspect" "a4263f6959ca2649e2a60e4450d36300fb97c9642132b2450b8e5ad2dd23ceba", kill_on_drop: false }`
[INFO] running `Command { std: "docker" "rm" "-f" "a4263f6959ca2649e2a60e4450d36300fb97c9642132b2450b8e5ad2dd23ceba", kill_on_drop: false }`
[INFO] [stdout] a4263f6959ca2649e2a60e4450d36300fb97c9642132b2450b8e5ad2dd23ceba
[INFO] running `Command { std: "docker" "create" "-v" "/var/lib/crater-agent-workspace/builds/worker-4/target:/opt/rustwide/target:rw,Z" "-v" "/var/lib/crater-agent-workspace/builds/worker-4/source:/opt/rustwide/workdir:ro,Z" "-v" "/var/lib/crater-agent-workspace/cargo-home:/opt/rustwide/cargo-home:ro,Z" "-v" "/var/lib/crater-agent-workspace/rustup-home:/opt/rustwide/rustup-home:ro,Z" "-e" "SOURCE_DIR=/opt/rustwide/workdir" "-e" "CARGO_TARGET_DIR=/opt/rustwide/target" "-e" "CARGO_INCREMENTAL=0" "-e" "RUST_BACKTRACE=full" "-e" "RUSTFLAGS=--cap-lints=warn" "-e" "CARGO_HOME=/opt/rustwide/cargo-home" "-e" "RUSTUP_HOME=/opt/rustwide/rustup-home" "-w" "/opt/rustwide/workdir" "-m" "1610612736" "--user" "0:0" "--network" "none" "ghcr.io/rust-lang/crates-build-env/linux@sha256:34b6a614d2c27851fe6cbf88fbd1137609cefab8b10d0615aaeb6fd47975d74e" "/opt/rustwide/cargo-home/bin/cargo" "+beta-2021-08-01" "test" "--frozen", kill_on_drop: false }`
[INFO] [stderr] WARNING: Your kernel does not support swap limit capabilities or the cgroup is not mounted. Memory limited without swap.
[INFO] [stdout] c28a2595aa0c64229ea257d0fbc872f7811823aa46a4e40ea7550b3e719831da
[INFO] running `Command { std: "docker" "start" "-a" "c28a2595aa0c64229ea257d0fbc872f7811823aa46a4e40ea7550b3e719831da", kill_on_drop: false }`
[INFO] [stderr]     Finished test [unoptimized + debuginfo] target(s) in 0.01s
[INFO] [stderr]      Running unittests (/opt/rustwide/target/debug/deps/code_tokenizer-69c5fae3ec6488a1)
[INFO] [stdout] 
[INFO] [stdout] running 0 tests
[INFO] [stdout] 
[INFO] [stdout] test result: ok. 0 passed; 0 failed; 0 ignored; 0 measured; 0 filtered out; finished in 0.00s
[INFO] [stdout] 
[INFO] [stderr]    Doc-tests code-tokenizer
[INFO] [stdout] 
[INFO] [stdout] running 4 tests
[INFO] [stdout] test src/lib.rs - get_tokens (line 37) ... FAILED
[INFO] [stdout] test src/lib.rs - get_tokens (line 17) ... FAILED
[INFO] [stdout] test src/lib.rs - get_tokens (line 9) ... FAILED
[INFO] [stdout] test src/lib.rs - get_tokens (line 29) ... FAILED
[INFO] [stdout] 
[INFO] [stdout] failures:
[INFO] [stdout] 
[INFO] [stdout] ---- src/lib.rs - get_tokens (line 37) stdout ----
[INFO] [stdout] error: expected one of `!`, `.`, `::`, `;`, `?`, `{`, `}`, or an operator, found `b`
[INFO] [stdout]  --> src/lib.rs:39:1
[INFO] [stdout]   |
[INFO] [stdout] 3 | a
[INFO] [stdout]   |  - expected one of 8 possible tokens
[INFO] [stdout] 4 | b
[INFO] [stdout]   | ^ unexpected token
[INFO] [stdout] 
[INFO] [stdout] error: aborting due to previous error
[INFO] [stdout] 
[INFO] [stdout] Couldn't compile the test.
[INFO] [stdout] ---- src/lib.rs - get_tokens (line 17) stdout ----
[INFO] [stdout] error: expected expression, found `+`
[INFO] [stdout]  --> src/lib.rs:20:1
[INFO] [stdout]   |
[INFO] [stdout] 5 | +
[INFO] [stdout]   | ^ expected expression
[INFO] [stdout] 
[INFO] [stdout] error: aborting due to previous error
[INFO] [stdout] 
[INFO] [stdout] Couldn't compile the test.
[INFO] [stdout] ---- src/lib.rs - get_tokens (line 9) stdout ----
[INFO] [stdout] error[E0425]: cannot find function `get_tokens` in this scope
[INFO] [stdout]  --> src/lib.rs:11:14
[INFO] [stdout]   |
[INFO] [stdout] 4 | let tokens = get_tokens(String::from("0 +1+= 2\n6=== 7 \n"), operators.clone());
[INFO] [stdout]   |              ^^^^^^^^^^ not found in this scope
[INFO] [stdout]   |
[INFO] [stdout] help: consider importing this function
[INFO] [stdout]   |
[INFO] [stdout] 2 | use code_tokenizer::get_tokens;
[INFO] [stdout]   |
[INFO] [stdout] 
[INFO] [stdout] error: aborting due to previous error
[INFO] [stdout] 
[INFO] [stdout] For more information about this error, try `rustc --explain E0425`.
[INFO] [stdout] Couldn't compile the test.
[INFO] [stdout] ---- src/lib.rs - get_tokens (line 29) stdout ----
[INFO] [stdout] error[E0425]: cannot find function `get_tokens` in this scope
[INFO] [stdout]  --> src/lib.rs:31:14
[INFO] [stdout]   |
[INFO] [stdout] 4 | let tokens = get_tokens(String::from("a b \"c d e\" f g"), operators.clone());
[INFO] [stdout]   |              ^^^^^^^^^^ not found in this scope
[INFO] [stdout]   |
[INFO] [stdout] help: consider importing this function
[INFO] [stdout]   |
[INFO] [stdout] 2 | use code_tokenizer::get_tokens;
[INFO] [stdout]   |
[INFO] [stdout] 
[INFO] [stdout] error: aborting due to previous error
[INFO] [stdout] 
[INFO] [stdout] For more information about this error, try `rustc --explain E0425`.
[INFO] [stdout] Couldn't compile the test.
[INFO] [stdout] 
[INFO] [stdout] failures:
[INFO] [stdout]     src/lib.rs - get_tokens (line 17)
[INFO] [stdout]     src/lib.rs - get_tokens (line 29)
[INFO] [stdout]     src/lib.rs - get_tokens (line 37)
[INFO] [stdout]     src/lib.rs - get_tokens (line 9)
[INFO] [stdout] 
[INFO] [stdout] test result: FAILED. 0 passed; 4 failed; 0 ignored; 0 measured; 0 filtered out; finished in 0.25s
[INFO] [stdout] 
[INFO] [stderr] error: test failed, to rerun pass '--doc'
[INFO] running `Command { std: "docker" "inspect" "c28a2595aa0c64229ea257d0fbc872f7811823aa46a4e40ea7550b3e719831da", kill_on_drop: false }`
[INFO] running `Command { std: "docker" "rm" "-f" "c28a2595aa0c64229ea257d0fbc872f7811823aa46a4e40ea7550b3e719831da", kill_on_drop: false }`
[INFO] [stdout] c28a2595aa0c64229ea257d0fbc872f7811823aa46a4e40ea7550b3e719831da
