[INFO] fetching crate cmlterm 0.6.3...
[INFO] testing cmlterm-0.6.3 against 1.54.0 for beta-1.55-1
[INFO] extracting crate cmlterm 0.6.3 into /workspace/builds/worker-6/source
[INFO] validating manifest of crates.io crate cmlterm 0.6.3 on toolchain 1.54.0
[INFO] running `Command { std: "/workspace/cargo-home/bin/cargo" "+1.54.0" "metadata" "--manifest-path" "Cargo.toml" "--no-deps", kill_on_drop: false }`
[INFO] started tweaking crates.io crate cmlterm 0.6.3
[INFO] finished tweaking crates.io crate cmlterm 0.6.3
[INFO] tweaked toml for crates.io crate cmlterm 0.6.3 written to /workspace/builds/worker-6/source/Cargo.toml
[INFO] crate crates.io crate cmlterm 0.6.3 already has a lockfile, it will not be regenerated
[INFO] running `Command { std: "/workspace/cargo-home/bin/cargo" "+1.54.0" "fetch" "--manifest-path" "Cargo.toml", kill_on_drop: false }`
[INFO] [stderr]     Blocking waiting for file lock on package cache
[INFO] [stderr]     Blocking waiting for file lock on package cache
[INFO] running `Command { std: "docker" "create" "-v" "/var/lib/crater-agent-workspace/builds/worker-6/target:/opt/rustwide/target:rw,Z" "-v" "/var/lib/crater-agent-workspace/builds/worker-6/source:/opt/rustwide/workdir:ro,Z" "-v" "/var/lib/crater-agent-workspace/cargo-home:/opt/rustwide/cargo-home:ro,Z" "-v" "/var/lib/crater-agent-workspace/rustup-home:/opt/rustwide/rustup-home:ro,Z" "-e" "SOURCE_DIR=/opt/rustwide/workdir" "-e" "CARGO_TARGET_DIR=/opt/rustwide/target" "-e" "CARGO_HOME=/opt/rustwide/cargo-home" "-e" "RUSTUP_HOME=/opt/rustwide/rustup-home" "-w" "/opt/rustwide/workdir" "-m" "1610612736" "--user" "0:0" "--network" "none" "ghcr.io/rust-lang/crates-build-env/linux@sha256:34b6a614d2c27851fe6cbf88fbd1137609cefab8b10d0615aaeb6fd47975d74e" "/opt/rustwide/cargo-home/bin/cargo" "+1.54.0" "metadata" "--no-deps" "--format-version=1", kill_on_drop: false }`
[INFO] [stderr] WARNING: Your kernel does not support swap limit capabilities or the cgroup is not mounted. Memory limited without swap.
[INFO] [stdout] 7d401f02240994c46b0974b447c48ed495fcf0642e72709b33d6a8dacd440072
[INFO] running `Command { std: "docker" "start" "-a" "7d401f02240994c46b0974b447c48ed495fcf0642e72709b33d6a8dacd440072", kill_on_drop: false }`
[INFO] running `Command { std: "docker" "inspect" "7d401f02240994c46b0974b447c48ed495fcf0642e72709b33d6a8dacd440072", kill_on_drop: false }`
[INFO] running `Command { std: "docker" "rm" "-f" "7d401f02240994c46b0974b447c48ed495fcf0642e72709b33d6a8dacd440072", kill_on_drop: false }`
[INFO] [stdout] 7d401f02240994c46b0974b447c48ed495fcf0642e72709b33d6a8dacd440072
[INFO] running `Command { std: "docker" "create" "-v" "/var/lib/crater-agent-workspace/builds/worker-6/target:/opt/rustwide/target:rw,Z" "-v" "/var/lib/crater-agent-workspace/builds/worker-6/source:/opt/rustwide/workdir:ro,Z" "-v" "/var/lib/crater-agent-workspace/cargo-home:/opt/rustwide/cargo-home:ro,Z" "-v" "/var/lib/crater-agent-workspace/rustup-home:/opt/rustwide/rustup-home:ro,Z" "-e" "SOURCE_DIR=/opt/rustwide/workdir" "-e" "CARGO_TARGET_DIR=/opt/rustwide/target" "-e" "CARGO_INCREMENTAL=0" "-e" "RUST_BACKTRACE=full" "-e" "RUSTFLAGS=--cap-lints=warn" "-e" "CARGO_HOME=/opt/rustwide/cargo-home" "-e" "RUSTUP_HOME=/opt/rustwide/rustup-home" "-w" "/opt/rustwide/workdir" "-m" "1610612736" "--user" "0:0" "--network" "none" "ghcr.io/rust-lang/crates-build-env/linux@sha256:34b6a614d2c27851fe6cbf88fbd1137609cefab8b10d0615aaeb6fd47975d74e" "/opt/rustwide/cargo-home/bin/cargo" "+1.54.0" "build" "--frozen" "--message-format=json", kill_on_drop: false }`
[INFO] [stdout] 82ed0567e5e500a98d3d726f8c3171db32b496a1d367cc33f954bb9b7b8a4fd2
[INFO] [stderr] WARNING: Your kernel does not support swap limit capabilities or the cgroup is not mounted. Memory limited without swap.
[INFO] running `Command { std: "docker" "start" "-a" "82ed0567e5e500a98d3d726f8c3171db32b496a1d367cc33f954bb9b7b8a4fd2", kill_on_drop: false }`
[INFO] [stderr]    Compiling syn v1.0.72
[INFO] [stderr]    Compiling rustversion v1.0.5
[INFO] [stderr]    Compiling ascii v1.0.0
[INFO] [stderr]    Compiling smol_str v0.1.17
[INFO] [stderr]    Compiling indexmap v1.6.2
[INFO] [stderr]    Compiling libz-sys v1.1.3
[INFO] [stderr]    Compiling libssh2-sys v0.2.21
[INFO] [stderr]    Compiling merge-io v0.3.0
[INFO] [stderr]    Compiling parking_lot_core v0.7.2
[INFO] [stderr]    Compiling polling v2.0.3
[INFO] [stderr]    Compiling proc-macro-error-attr v1.0.4
[INFO] [stderr]    Compiling colored v2.0.0
[INFO] [stderr]    Compiling signal-hook v0.1.17
[INFO] [stderr]    Compiling env_logger v0.8.3
[INFO] [stderr]    Compiling tungstenite v0.12.0
[INFO] [stderr]    Compiling crossterm v0.19.0
[INFO] [stderr]    Compiling parking_lot v0.10.2
[INFO] [stderr]    Compiling async-io v1.4.1
[INFO] [stderr]    Compiling ssh2 v0.9.1
[INFO] [stderr]    Compiling darling_core v0.12.4
[INFO] [stderr]    Compiling proc-macro-error v1.0.4
[INFO] [stderr]    Compiling futures-macro v0.3.15
[INFO] [stderr]    Compiling tokio-macros v1.2.0
[INFO] [stderr]    Compiling serde_derive v1.0.126
[INFO] [stderr]    Compiling pin-project-internal v1.0.7
[INFO] [stderr]    Compiling thiserror-impl v1.0.25
[INFO] [stderr]    Compiling clap_derive v3.0.0-beta.2
[INFO] [stderr]    Compiling darling_macro v0.12.4
[INFO] [stderr]    Compiling tokio v1.6.1
[INFO] [stderr]    Compiling futures-util v0.3.15
[INFO] [stderr]    Compiling thiserror v1.0.25
[INFO] [stderr]    Compiling darling v0.12.4
[INFO] [stderr]    Compiling serde_with_macros v1.4.1
[INFO] [stderr]    Compiling clap v3.0.0-beta.2
[INFO] [stderr]    Compiling pin-project v1.0.7
[INFO] [stderr]    Compiling futures-executor v0.3.15
[INFO] [stderr]    Compiling async-ssh2-lite v0.2.1
[INFO] [stderr]    Compiling futures v0.3.15
[INFO] [stderr]    Compiling serde v1.0.126
[INFO] [stderr]    Compiling tokio-util v0.6.7
[INFO] [stderr]    Compiling tokio-native-tls v0.3.0
[INFO] [stderr]    Compiling tokio-tungstenite v0.13.0
[INFO] [stderr]    Compiling h2 v0.3.3
[INFO] [stderr]    Compiling serde_urlencoded v0.7.0
[INFO] [stderr]    Compiling serde_json v1.0.64
[INFO] [stderr]    Compiling serde_with v1.9.1
[INFO] [stderr]    Compiling hyper v0.14.8
[INFO] [stderr]    Compiling hyper-tls v0.5.0
[INFO] [stderr]    Compiling reqwest v0.11.3
[INFO] [stderr]    Compiling cml v0.1.6
[INFO] [stderr]    Compiling cmlterm v0.6.3 (/opt/rustwide/workdir)
[INFO] [stdout] warning: struct is never constructed: `ListingEntryVNCNode`
[INFO] [stdout]   --> src/listing.rs:68:8
[INFO] [stdout]    |
[INFO] [stdout] 68 | struct ListingEntryVNCNode {
[INFO] [stdout]    |        ^^^^^^^^^^^^^^^^^^^
[INFO] [stdout]    |
[INFO] [stdout]    = note: `#[warn(dead_code)]` on by default
[INFO] [stdout] 
[INFO] [stdout] 
[INFO] [stdout] warning: struct is never constructed: `LoginPair`
[INFO] [stdout]    --> src/api.rs:105:8
[INFO] [stdout]     |
[INFO] [stdout] 105 | struct LoginPair {
[INFO] [stdout]     |        ^^^^^^^^^
[INFO] [stdout] 
[INFO] [stdout] 
[INFO] [stdout] warning: enum is never used: `CtrlMessage`
[INFO] [stdout]    --> src/api.rs:111:6
[INFO] [stdout]     |
[INFO] [stdout] 111 | enum CtrlMessage {
[INFO] [stdout]     |      ^^^^^^^^^^^
[INFO] [stdout] 
[INFO] [stdout] 
[INFO] [stdout] warning: 3 warnings emitted
[INFO] [stdout] 
[INFO] [stdout] 
[INFO] [stderr]     Finished dev [unoptimized + debuginfo] target(s) in 1m 17s
[INFO] running `Command { std: "docker" "inspect" "82ed0567e5e500a98d3d726f8c3171db32b496a1d367cc33f954bb9b7b8a4fd2", kill_on_drop: false }`
[INFO] running `Command { std: "docker" "rm" "-f" "82ed0567e5e500a98d3d726f8c3171db32b496a1d367cc33f954bb9b7b8a4fd2", kill_on_drop: false }`
[INFO] [stdout] 82ed0567e5e500a98d3d726f8c3171db32b496a1d367cc33f954bb9b7b8a4fd2
[INFO] running `Command { std: "docker" "create" "-v" "/var/lib/crater-agent-workspace/builds/worker-6/target:/opt/rustwide/target:rw,Z" "-v" "/var/lib/crater-agent-workspace/builds/worker-6/source:/opt/rustwide/workdir:ro,Z" "-v" "/var/lib/crater-agent-workspace/cargo-home:/opt/rustwide/cargo-home:ro,Z" "-v" "/var/lib/crater-agent-workspace/rustup-home:/opt/rustwide/rustup-home:ro,Z" "-e" "SOURCE_DIR=/opt/rustwide/workdir" "-e" "CARGO_TARGET_DIR=/opt/rustwide/target" "-e" "CARGO_INCREMENTAL=0" "-e" "RUST_BACKTRACE=full" "-e" "RUSTFLAGS=--cap-lints=warn" "-e" "CARGO_HOME=/opt/rustwide/cargo-home" "-e" "RUSTUP_HOME=/opt/rustwide/rustup-home" "-w" "/opt/rustwide/workdir" "-m" "1610612736" "--user" "0:0" "--network" "none" "ghcr.io/rust-lang/crates-build-env/linux@sha256:34b6a614d2c27851fe6cbf88fbd1137609cefab8b10d0615aaeb6fd47975d74e" "/opt/rustwide/cargo-home/bin/cargo" "+1.54.0" "test" "--frozen" "--no-run" "--message-format=json", kill_on_drop: false }`
[INFO] [stdout] d95882b3d058d5cc0c3678a50236487e0f771c5bc3b21a6ccdbcd6115b681a19
[INFO] [stderr] WARNING: Your kernel does not support swap limit capabilities or the cgroup is not mounted. Memory limited without swap.
[INFO] running `Command { std: "docker" "start" "-a" "d95882b3d058d5cc0c3678a50236487e0f771c5bc3b21a6ccdbcd6115b681a19", kill_on_drop: false }`
[INFO] [stderr]    Compiling cmlterm v0.6.3 (/opt/rustwide/workdir)
[INFO] [stdout] warning: struct is never constructed: `ListingEntryVNCNode`
[INFO] [stdout]   --> src/listing.rs:68:8
[INFO] [stdout]    |
[INFO] [stdout] 68 | struct ListingEntryVNCNode {
[INFO] [stdout]    |        ^^^^^^^^^^^^^^^^^^^
[INFO] [stdout]    |
[INFO] [stdout]    = note: `#[warn(dead_code)]` on by default
[INFO] [stdout] 
[INFO] [stdout] 
[INFO] [stdout] warning: struct is never constructed: `LoginPair`
[INFO] [stdout]    --> src/api.rs:105:8
[INFO] [stdout]     |
[INFO] [stdout] 105 | struct LoginPair {
[INFO] [stdout]     |        ^^^^^^^^^
[INFO] [stdout] 
[INFO] [stdout] 
[INFO] [stdout] warning: enum is never used: `CtrlMessage`
[INFO] [stdout]    --> src/api.rs:111:6
[INFO] [stdout]     |
[INFO] [stdout] 111 | enum CtrlMessage {
[INFO] [stdout]     |      ^^^^^^^^^^^
[INFO] [stdout] 
[INFO] [stdout] 
[INFO] [stdout] warning: 3 warnings emitted
[INFO] [stdout] 
[INFO] [stdout] 
[INFO] [stdout] warning: struct is never constructed: `ListingEntryVNCNode`
[INFO] [stdout]   --> src/listing.rs:68:8
[INFO] [stdout]    |
[INFO] [stdout] 68 | struct ListingEntryVNCNode {
[INFO] [stdout]    |        ^^^^^^^^^^^^^^^^^^^
[INFO] [stdout]    |
[INFO] [stdout]    = note: `#[warn(dead_code)]` on by default
[INFO] [stdout] 
[INFO] [stdout] 
[INFO] [stdout] warning: struct is never constructed: `LoginPair`
[INFO] [stdout]    --> src/api.rs:105:8
[INFO] [stdout]     |
[INFO] [stdout] 105 | struct LoginPair {
[INFO] [stdout]     |        ^^^^^^^^^
[INFO] [stdout] 
[INFO] [stdout] 
[INFO] [stdout] warning: enum is never used: `CtrlMessage`
[INFO] [stdout]    --> src/api.rs:111:6
[INFO] [stdout]     |
[INFO] [stdout] 111 | enum CtrlMessage {
[INFO] [stdout]     |      ^^^^^^^^^^^
[INFO] [stdout] 
[INFO] [stdout] 
[INFO] [stdout] warning: 3 warnings emitted
[INFO] [stdout] 
[INFO] [stdout] 
[INFO] [stderr]     Finished test [unoptimized + debuginfo] target(s) in 2.93s
[INFO] running `Command { std: "docker" "inspect" "d95882b3d058d5cc0c3678a50236487e0f771c5bc3b21a6ccdbcd6115b681a19", kill_on_drop: false }`
[INFO] running `Command { std: "docker" "rm" "-f" "d95882b3d058d5cc0c3678a50236487e0f771c5bc3b21a6ccdbcd6115b681a19", kill_on_drop: false }`
[INFO] [stdout] d95882b3d058d5cc0c3678a50236487e0f771c5bc3b21a6ccdbcd6115b681a19
[INFO] running `Command { std: "docker" "create" "-v" "/var/lib/crater-agent-workspace/builds/worker-6/target:/opt/rustwide/target:rw,Z" "-v" "/var/lib/crater-agent-workspace/builds/worker-6/source:/opt/rustwide/workdir:ro,Z" "-v" "/var/lib/crater-agent-workspace/cargo-home:/opt/rustwide/cargo-home:ro,Z" "-v" "/var/lib/crater-agent-workspace/rustup-home:/opt/rustwide/rustup-home:ro,Z" "-e" "SOURCE_DIR=/opt/rustwide/workdir" "-e" "CARGO_TARGET_DIR=/opt/rustwide/target" "-e" "CARGO_INCREMENTAL=0" "-e" "RUST_BACKTRACE=full" "-e" "RUSTFLAGS=--cap-lints=warn" "-e" "CARGO_HOME=/opt/rustwide/cargo-home" "-e" "RUSTUP_HOME=/opt/rustwide/rustup-home" "-w" "/opt/rustwide/workdir" "-m" "1610612736" "--user" "0:0" "--network" "none" "ghcr.io/rust-lang/crates-build-env/linux@sha256:34b6a614d2c27851fe6cbf88fbd1137609cefab8b10d0615aaeb6fd47975d74e" "/opt/rustwide/cargo-home/bin/cargo" "+1.54.0" "test" "--frozen", kill_on_drop: false }`
[INFO] [stdout] 4f479e47d19092330aca80233ed4513dc9a8a5bb5187ccf878a036a0e6d3d270
[INFO] [stderr] WARNING: Your kernel does not support swap limit capabilities or the cgroup is not mounted. Memory limited without swap.
[INFO] running `Command { std: "docker" "start" "-a" "4f479e47d19092330aca80233ed4513dc9a8a5bb5187ccf878a036a0e6d3d270", kill_on_drop: false }`
[INFO] [stderr] warning: struct is never constructed: `ListingEntryVNCNode`
[INFO] [stderr]   --> src/listing.rs:68:8
[INFO] [stderr]    |
[INFO] [stderr] 68 | struct ListingEntryVNCNode {
[INFO] [stderr]    |        ^^^^^^^^^^^^^^^^^^^
[INFO] [stderr]    |
[INFO] [stderr]    = note: `#[warn(dead_code)]` on by default
[INFO] [stderr] 
[INFO] [stderr] warning: struct is never constructed: `LoginPair`
[INFO] [stderr]    --> src/api.rs:105:8
[INFO] [stderr]     |
[INFO] [stderr] 105 | struct LoginPair {
[INFO] [stderr]     |        ^^^^^^^^^
[INFO] [stderr] 
[INFO] [stderr] warning: enum is never used: `CtrlMessage`
[INFO] [stderr]    --> src/api.rs:111:6
[INFO] [stderr]     |
[INFO] [stderr] 111 | enum CtrlMessage {
[INFO] [stderr]     |      ^^^^^^^^^^^
[INFO] [stderr] 
[INFO] [stderr] warning: 3 warnings emitted
[INFO] [stderr] 
[INFO] [stderr] warning: struct is never constructed: `ListingEntryVNCNode`
[INFO] [stderr]   --> src/listing.rs:68:8
[INFO] [stderr]    |
[INFO] [stderr] 68 | struct ListingEntryVNCNode {
[INFO] [stderr]    |        ^^^^^^^^^^^^^^^^^^^
[INFO] [stderr]    |
[INFO] [stderr]    = note: `#[warn(dead_code)]` on by default
[INFO] [stderr] 
[INFO] [stderr] warning: struct is never constructed: `LoginPair`
[INFO] [stderr]    --> src/api.rs:105:8
[INFO] [stderr]     |
[INFO] [stderr] 105 | struct LoginPair {
[INFO] [stderr]     |        ^^^^^^^^^
[INFO] [stderr] 
[INFO] [stderr] warning: enum is never used: `CtrlMessage`
[INFO] [stderr]    --> src/api.rs:111:6
[INFO] [stderr]     |
[INFO] [stderr] 111 | enum CtrlMessage {
[INFO] [stderr]     |      ^^^^^^^^^^^
[INFO] [stderr] 
[INFO] [stderr] warning: 3 warnings emitted
[INFO] [stderr] 
[INFO] [stderr]     Finished test [unoptimized + debuginfo] target(s) in 0.09s
[INFO] [stderr]      Running unittests (/opt/rustwide/target/debug/deps/cmlterm-5013419c6e7cece6)
[INFO] [stdout] 
[INFO] [stderr]      Running unittests (/opt/rustwide/target/debug/deps/__cmlterm_shell_completion-28ef4700684aa842)
[INFO] [stdout] running 0 tests
[INFO] [stdout] 
[INFO] [stdout] test result: ok. 0 passed; 0 failed; 0 ignored; 0 measured; 0 filtered out; finished in 0.00s
[INFO] [stdout] 
[INFO] [stdout] 
[INFO] [stdout] running 6 tests
[INFO] [stdout] test shell_quote::tests::bash_doubly_quoted_substrings ... ok
[INFO] [stdout] test shell_quote::tests::bash_quote_backslash ... ok
[INFO] [stdout] test shell_quote::tests::bash_quote_single ... ok
[INFO] [stdout] test shell_quote::tests::bash_quote_double ... ok
[INFO] [stdout] test shell_quote::tests::bash_separate_plain_fields ... ok
[INFO] [stdout] test shell_quote::tests::parse_plain_consecutive_strings_all_types ... FAILED
[INFO] [stdout] 
[INFO] [stdout] failures:
[INFO] [stdout] 
[INFO] [stdout] ---- shell_quote::tests::parse_plain_consecutive_strings_all_types stdout ----
[INFO] [stdout] thread 'shell_quote::tests::parse_plain_consecutive_strings_all_types' panicked at 'not yet implemented: Unescaping strings with AnsiC style quotes are not currently supported.', src/bin/__cmlterm_shell_completion/shell_quote.rs:737:34
[INFO] [stdout] stack backtrace:
[INFO] [stdout]    0:     0x560223c7b4b0 - std::backtrace_rs::backtrace::libunwind::trace::h34055254b57d8e79
[INFO] [stdout]                                at /rustc/a178d0322ce20e33eac124758e837cbd80a6f633/library/std/src/../../backtrace/src/backtrace/libunwind.rs:90:5
[INFO] [stdout]    1:     0x560223c7b4b0 - std::backtrace_rs::backtrace::trace_unsynchronized::h8f1e3fbd9afff6ec
[INFO] [stdout]                                at /rustc/a178d0322ce20e33eac124758e837cbd80a6f633/library/std/src/../../backtrace/src/backtrace/mod.rs:66:5
[INFO] [stdout]    2:     0x560223c7b4b0 - std::sys_common::backtrace::_print_fmt::h3a99a796b770c360
[INFO] [stdout]                                at /rustc/a178d0322ce20e33eac124758e837cbd80a6f633/library/std/src/sys_common/backtrace.rs:67:5
[INFO] [stdout]    3:     0x560223c7b4b0 - <std::sys_common::backtrace::_print::DisplayBacktrace as core::fmt::Display>::fmt::h32d1f94a80615d18
[INFO] [stdout]                                at /rustc/a178d0322ce20e33eac124758e837cbd80a6f633/library/std/src/sys_common/backtrace.rs:46:22
[INFO] [stdout]    4:     0x560223c9dcac - core::fmt::write::h306731c068f7162c
[INFO] [stdout]                                at /rustc/a178d0322ce20e33eac124758e837cbd80a6f633/library/core/src/fmt/mod.rs:1110:17
[INFO] [stdout]    5:     0x560223c783d5 - std::io::Write::write_fmt::h87f19b0a2cd190bc
[INFO] [stdout]                                at /rustc/a178d0322ce20e33eac124758e837cbd80a6f633/library/std/src/io/mod.rs:1588:15
[INFO] [stdout]    6:     0x560223c7d61b - std::sys_common::backtrace::_print::h5abaa2601a852287
[INFO] [stdout]                                at /rustc/a178d0322ce20e33eac124758e837cbd80a6f633/library/std/src/sys_common/backtrace.rs:49:5
[INFO] [stdout]    7:     0x560223c7d61b - std::sys_common::backtrace::print::h8d81445442bb638f
[INFO] [stdout]                                at /rustc/a178d0322ce20e33eac124758e837cbd80a6f633/library/std/src/sys_common/backtrace.rs:36:9
[INFO] [stdout]    8:     0x560223c7d61b - std::panicking::default_hook::{{closure}}::hcfe804496a9fa747
[INFO] [stdout]                                at /rustc/a178d0322ce20e33eac124758e837cbd80a6f633/library/std/src/panicking.rs:208:50
[INFO] [stdout]    9:     0x560223c7d12c - std::panicking::default_hook::hbea8e3ccf2ba8901
[INFO] [stdout]                                at /rustc/a178d0322ce20e33eac124758e837cbd80a6f633/library/std/src/panicking.rs:222:9
[INFO] [stdout]   10:     0x560223c7dce4 - std::panicking::rust_panic_with_hook::h7ee9e1a2d0f8975a
[INFO] [stdout]                                at /rustc/a178d0322ce20e33eac124758e837cbd80a6f633/library/std/src/panicking.rs:622:17
[INFO] [stdout]   11:     0x560223c7d7c7 - std::panicking::begin_panic_handler::{{closure}}::h8ab3b4491718b2c7
[INFO] [stdout]                                at /rustc/a178d0322ce20e33eac124758e837cbd80a6f633/library/std/src/panicking.rs:519:13
[INFO] [stdout]   12:     0x560223c7b9ac - std::sys_common::backtrace::__rust_end_short_backtrace::hd489062ffa586a9f
[INFO] [stdout]                                at /rustc/a178d0322ce20e33eac124758e837cbd80a6f633/library/std/src/sys_common/backtrace.rs:141:18
[INFO] [stdout]   13:     0x560223c7d729 - rust_begin_unwind
[INFO] [stdout]                                at /rustc/a178d0322ce20e33eac124758e837cbd80a6f633/library/std/src/panicking.rs:515:5
[INFO] [stdout]   14:     0x560223c0d6d1 - core::panicking::panic_fmt::hca6330e3e14086b4
[INFO] [stdout]                                at /rustc/a178d0322ce20e33eac124758e837cbd80a6f633/library/core/src/panicking.rs:92:14
[INFO] [stdout]   15:     0x560223c1463d - __cmlterm_shell_completion::shell_quote::QuoteStyle::bash_unescape_as::h6c4babe9fb60ecce
[INFO] [stdout]                                at /opt/rustwide/workdir/src/bin/__cmlterm_shell_completion/shell_quote.rs:737:25
[INFO] [stdout]   16:     0x560223c146d4 - __cmlterm_shell_completion::shell_quote::QuoteStyle::bash_unescape::h300275b56a17f1a5
[INFO] [stdout]                                at /opt/rustwide/workdir/src/bin/__cmlterm_shell_completion/shell_quote.rs:744:3
[INFO] [stdout]   17:     0x560223c12d35 - <__cmlterm_shell_completion::shell_quote::Substrings as core::iter::traits::iterator::Iterator>::next::h906a5e2ab18cb770
[INFO] [stdout]                                at /opt/rustwide/workdir/src/bin/__cmlterm_shell_completion/shell_quote.rs:374:16
[INFO] [stdout]   18:     0x560223c19ca2 - __cmlterm_shell_completion::shell_quote::tests::run_compact_cases::h7d46f97aefb8aa6c
[INFO] [stdout]                                at /opt/rustwide/workdir/src/bin/__cmlterm_shell_completion/shell_quote.rs:761:14
[INFO] [stdout]   19:     0x560223c1c897 - __cmlterm_shell_completion::shell_quote::tests::parse_plain_consecutive_strings_all_types::h1b39e879d07fad2a
[INFO] [stdout]                                at /opt/rustwide/workdir/src/bin/__cmlterm_shell_completion/shell_quote.rs:879:3
[INFO] [stdout]   20:     0x560223c1bfaa - __cmlterm_shell_completion::shell_quote::tests::parse_plain_consecutive_strings_all_types::{{closure}}::h22a10a1d4c34d5c5
[INFO] [stdout]                                at /opt/rustwide/workdir/src/bin/__cmlterm_shell_completion/shell_quote.rs:865:2
[INFO] [stdout]   21:     0x560223c1696e - core::ops::function::FnOnce::call_once::h2b28fe7db8b64ce1
[INFO] [stdout]                                at /rustc/a178d0322ce20e33eac124758e837cbd80a6f633/library/core/src/ops/function.rs:227:5
[INFO] [stdout]   22:     0x560223c498e3 - core::ops::function::FnOnce::call_once::h152e7e439ff59e19
[INFO] [stdout]                                at /rustc/a178d0322ce20e33eac124758e837cbd80a6f633/library/core/src/ops/function.rs:227:5
[INFO] [stdout]   23:     0x560223c498e3 - test::__rust_begin_short_backtrace::h0908f3b1fdbb72ab
[INFO] [stdout]                                at /rustc/a178d0322ce20e33eac124758e837cbd80a6f633/library/test/src/lib.rs:577:5
[INFO] [stdout]   24:     0x560223c483a0 - <alloc::boxed::Box<F,A> as core::ops::function::FnOnce<Args>>::call_once::hf6d2a51e5587546c
[INFO] [stdout]                                at /rustc/a178d0322ce20e33eac124758e837cbd80a6f633/library/alloc/src/boxed.rs:1575:9
[INFO] [stdout]   25:     0x560223c483a0 - <std::panic::AssertUnwindSafe<F> as core::ops::function::FnOnce<()>>::call_once::h8af660f3a89ef593
[INFO] [stdout]                                at /rustc/a178d0322ce20e33eac124758e837cbd80a6f633/library/std/src/panic.rs:347:9
[INFO] [stdout]   26:     0x560223c483a0 - std::panicking::try::do_call::hd36aef60f84b6d36
[INFO] [stdout]                                at /rustc/a178d0322ce20e33eac124758e837cbd80a6f633/library/std/src/panicking.rs:401:40
[INFO] [stdout]   27:     0x560223c483a0 - std::panicking::try::h9932b4480e69817c
[INFO] [stdout]                                at /rustc/a178d0322ce20e33eac124758e837cbd80a6f633/library/std/src/panicking.rs:365:19
[INFO] [stdout]   28:     0x560223c483a0 - std::panic::catch_unwind::h6aa177099cfff5f8
[INFO] [stdout]                                at /rustc/a178d0322ce20e33eac124758e837cbd80a6f633/library/std/src/panic.rs:434:14
[INFO] [stdout]   29:     0x560223c483a0 - test::run_test_in_process::h5884d6f2d99e20c3
[INFO] [stdout]                                at /rustc/a178d0322ce20e33eac124758e837cbd80a6f633/library/test/src/lib.rs:600:18
[INFO] [stdout]   30:     0x560223c483a0 - test::run_test::run_test_inner::{{closure}}::h6fdc58c6d5f5b6e3
[INFO] [stdout]                                at /rustc/a178d0322ce20e33eac124758e837cbd80a6f633/library/test/src/lib.rs:492:39
[INFO] [stdout]   31:     0x560223c21a52 - test::run_test::run_test_inner::{{closure}}::h408365d67a78ade8
[INFO] [stdout]                                at /rustc/a178d0322ce20e33eac124758e837cbd80a6f633/library/test/src/lib.rs:519:37
[INFO] [stdout]   32:     0x560223c21a52 - std::sys_common::backtrace::__rust_begin_short_backtrace::hb560b77c4f701523
[INFO] [stdout]                                at /rustc/a178d0322ce20e33eac124758e837cbd80a6f633/library/std/src/sys_common/backtrace.rs:125:18
[INFO] [stdout]   33:     0x560223c25608 - std::thread::Builder::spawn_unchecked::{{closure}}::{{closure}}::hf2e7831dad93c597
[INFO] [stdout]                                at /rustc/a178d0322ce20e33eac124758e837cbd80a6f633/library/std/src/thread/mod.rs:481:17
[INFO] [stdout]   34:     0x560223c25608 - <std::panic::AssertUnwindSafe<F> as core::ops::function::FnOnce<()>>::call_once::hd2e08783d8be4d02
[INFO] [stdout]                                at /rustc/a178d0322ce20e33eac124758e837cbd80a6f633/library/std/src/panic.rs:347:9
[INFO] [stdout]   35:     0x560223c25608 - std::panicking::try::do_call::h062597b7acfd6b82
[INFO] [stdout]                                at /rustc/a178d0322ce20e33eac124758e837cbd80a6f633/library/std/src/panicking.rs:401:40
[INFO] [stdout]   36:     0x560223c25608 - std::panicking::try::h0d7b79db04c14552
[INFO] [stdout]                                at /rustc/a178d0322ce20e33eac124758e837cbd80a6f633/library/std/src/panicking.rs:365:19
[INFO] [stdout]   37:     0x560223c25608 - std::panic::catch_unwind::hb01a0b5e7c8cd43b
[INFO] [stdout]                                at /rustc/a178d0322ce20e33eac124758e837cbd80a6f633/library/std/src/panic.rs:434:14
[INFO] [stdout]   38:     0x560223c25608 - std::thread::Builder::spawn_unchecked::{{closure}}::h5bde48cc887e0d1e
[INFO] [stdout]                                at /rustc/a178d0322ce20e33eac124758e837cbd80a6f633/library/std/src/thread/mod.rs:480:30
[INFO] [stdout]   39:     0x560223c25608 - core::ops::function::FnOnce::call_once{{vtable.shim}}::h745ea30807a29e55
[INFO] [stdout]                                at /rustc/a178d0322ce20e33eac124758e837cbd80a6f633/library/core/src/ops/function.rs:227:5
[INFO] [stdout]   40:     0x560223c827a7 - <alloc::boxed::Box<F,A> as core::ops::function::FnOnce<Args>>::call_once::h7ece6cfefaff1005
[INFO] [stdout]                                at /rustc/a178d0322ce20e33eac124758e837cbd80a6f633/library/alloc/src/boxed.rs:1575:9
[INFO] [stdout]   41:     0x560223c827a7 - <alloc::boxed::Box<F,A> as core::ops::function::FnOnce<Args>>::call_once::hb8b48e55c21f193e
[INFO] [stdout]                                at /rustc/a178d0322ce20e33eac124758e837cbd80a6f633/library/alloc/src/boxed.rs:1575:9
[INFO] [stdout]   42:     0x560223c827a7 - std::sys::unix::thread::Thread::new::thread_start::h8c7c4450dba62914
[INFO] [stdout]                                at /rustc/a178d0322ce20e33eac124758e837cbd80a6f633/library/std/src/sys/unix/thread.rs:71:17
[INFO] [stdout]   43:     0x7f7acfd61609 - start_thread
[INFO] [stdout]   44:     0x7f7acfb31293 - clone
[INFO] [stdout]   45:                0x0 - <unknown>
[INFO] [stdout] 
[INFO] [stdout] 
[INFO] [stdout] failures:
[INFO] [stdout]     shell_quote::tests::parse_plain_consecutive_strings_all_types
[INFO] [stdout] 
[INFO] [stdout] test result: FAILED. 5 passed; 1 failed; 0 ignored; 0 measured; 0 filtered out; finished in 0.02s
[INFO] [stdout] 
[INFO] [stderr] error: test failed, to rerun pass '--bin __cmlterm_shell_completion'
[INFO] running `Command { std: "docker" "inspect" "4f479e47d19092330aca80233ed4513dc9a8a5bb5187ccf878a036a0e6d3d270", kill_on_drop: false }`
[INFO] running `Command { std: "docker" "rm" "-f" "4f479e47d19092330aca80233ed4513dc9a8a5bb5187ccf878a036a0e6d3d270", kill_on_drop: false }`
[INFO] [stdout] 4f479e47d19092330aca80233ed4513dc9a8a5bb5187ccf878a036a0e6d3d270
