[INFO] fetching crate cloudfront-policy-signer 0.1.3...
[INFO] testing cloudfront-policy-signer-0.1.3 against beta-2021-08-01 for beta-1.55-1
[INFO] extracting crate cloudfront-policy-signer 0.1.3 into /workspace/builds/worker-6/source
[INFO] validating manifest of crates.io crate cloudfront-policy-signer 0.1.3 on toolchain beta-2021-08-01
[INFO] running `Command { std: "/workspace/cargo-home/bin/cargo" "+beta-2021-08-01" "metadata" "--manifest-path" "Cargo.toml" "--no-deps", kill_on_drop: false }`
[INFO] started tweaking crates.io crate cloudfront-policy-signer 0.1.3
[INFO] finished tweaking crates.io crate cloudfront-policy-signer 0.1.3
[INFO] tweaked toml for crates.io crate cloudfront-policy-signer 0.1.3 written to /workspace/builds/worker-6/source/Cargo.toml
[INFO] crate crates.io crate cloudfront-policy-signer 0.1.3 already has a lockfile, it will not be regenerated
[INFO] running `Command { std: "/workspace/cargo-home/bin/cargo" "+beta-2021-08-01" "fetch" "--manifest-path" "Cargo.toml", kill_on_drop: false }`
[INFO] running `Command { std: "docker" "create" "-v" "/var/lib/crater-agent-workspace/builds/worker-6/target:/opt/rustwide/target:rw,Z" "-v" "/var/lib/crater-agent-workspace/builds/worker-6/source:/opt/rustwide/workdir:ro,Z" "-v" "/var/lib/crater-agent-workspace/cargo-home:/opt/rustwide/cargo-home:ro,Z" "-v" "/var/lib/crater-agent-workspace/rustup-home:/opt/rustwide/rustup-home:ro,Z" "-e" "SOURCE_DIR=/opt/rustwide/workdir" "-e" "CARGO_TARGET_DIR=/opt/rustwide/target" "-e" "CARGO_HOME=/opt/rustwide/cargo-home" "-e" "RUSTUP_HOME=/opt/rustwide/rustup-home" "-w" "/opt/rustwide/workdir" "-m" "1610612736" "--user" "0:0" "--network" "none" "ghcr.io/rust-lang/crates-build-env/linux@sha256:34b6a614d2c27851fe6cbf88fbd1137609cefab8b10d0615aaeb6fd47975d74e" "/opt/rustwide/cargo-home/bin/cargo" "+beta-2021-08-01" "metadata" "--no-deps" "--format-version=1", kill_on_drop: false }`
[INFO] [stdout] e5bbe2239b7e0b35976a955a26aaee7d54b429bc5422af1b3744671c659b6d84
[INFO] [stderr] WARNING: Your kernel does not support swap limit capabilities or the cgroup is not mounted. Memory limited without swap.
[INFO] running `Command { std: "docker" "start" "-a" "e5bbe2239b7e0b35976a955a26aaee7d54b429bc5422af1b3744671c659b6d84", kill_on_drop: false }`
[INFO] running `Command { std: "docker" "inspect" "e5bbe2239b7e0b35976a955a26aaee7d54b429bc5422af1b3744671c659b6d84", kill_on_drop: false }`
[INFO] running `Command { std: "docker" "rm" "-f" "e5bbe2239b7e0b35976a955a26aaee7d54b429bc5422af1b3744671c659b6d84", kill_on_drop: false }`
[INFO] [stdout] e5bbe2239b7e0b35976a955a26aaee7d54b429bc5422af1b3744671c659b6d84
[INFO] running `Command { std: "docker" "create" "-v" "/var/lib/crater-agent-workspace/builds/worker-6/target:/opt/rustwide/target:rw,Z" "-v" "/var/lib/crater-agent-workspace/builds/worker-6/source:/opt/rustwide/workdir:ro,Z" "-v" "/var/lib/crater-agent-workspace/cargo-home:/opt/rustwide/cargo-home:ro,Z" "-v" "/var/lib/crater-agent-workspace/rustup-home:/opt/rustwide/rustup-home:ro,Z" "-e" "SOURCE_DIR=/opt/rustwide/workdir" "-e" "CARGO_TARGET_DIR=/opt/rustwide/target" "-e" "CARGO_INCREMENTAL=0" "-e" "RUST_BACKTRACE=full" "-e" "RUSTFLAGS=--cap-lints=warn" "-e" "CARGO_HOME=/opt/rustwide/cargo-home" "-e" "RUSTUP_HOME=/opt/rustwide/rustup-home" "-w" "/opt/rustwide/workdir" "-m" "1610612736" "--user" "0:0" "--network" "none" "ghcr.io/rust-lang/crates-build-env/linux@sha256:34b6a614d2c27851fe6cbf88fbd1137609cefab8b10d0615aaeb6fd47975d74e" "/opt/rustwide/cargo-home/bin/cargo" "+beta-2021-08-01" "build" "--frozen" "--message-format=json", kill_on_drop: false }`
[INFO] [stdout] 893ac7bab5fad57ca0f4641af7d4c764b0c203216bf9a2fe18dd3d44b477b40d
[INFO] [stderr] WARNING: Your kernel does not support swap limit capabilities or the cgroup is not mounted. Memory limited without swap.
[INFO] running `Command { std: "docker" "start" "-a" "893ac7bab5fad57ca0f4641af7d4c764b0c203216bf9a2fe18dd3d44b477b40d", kill_on_drop: false }`
[INFO] [stderr]    Compiling cloudfront-policy-signer v0.1.3 (/opt/rustwide/workdir)
[INFO] [stderr]     Finished dev [unoptimized + debuginfo] target(s) in 1.35s
[INFO] running `Command { std: "docker" "inspect" "893ac7bab5fad57ca0f4641af7d4c764b0c203216bf9a2fe18dd3d44b477b40d", kill_on_drop: false }`
[INFO] running `Command { std: "docker" "rm" "-f" "893ac7bab5fad57ca0f4641af7d4c764b0c203216bf9a2fe18dd3d44b477b40d", kill_on_drop: false }`
[INFO] [stdout] 893ac7bab5fad57ca0f4641af7d4c764b0c203216bf9a2fe18dd3d44b477b40d
[INFO] running `Command { std: "docker" "create" "-v" "/var/lib/crater-agent-workspace/builds/worker-6/target:/opt/rustwide/target:rw,Z" "-v" "/var/lib/crater-agent-workspace/builds/worker-6/source:/opt/rustwide/workdir:ro,Z" "-v" "/var/lib/crater-agent-workspace/cargo-home:/opt/rustwide/cargo-home:ro,Z" "-v" "/var/lib/crater-agent-workspace/rustup-home:/opt/rustwide/rustup-home:ro,Z" "-e" "SOURCE_DIR=/opt/rustwide/workdir" "-e" "CARGO_TARGET_DIR=/opt/rustwide/target" "-e" "CARGO_INCREMENTAL=0" "-e" "RUST_BACKTRACE=full" "-e" "RUSTFLAGS=--cap-lints=warn" "-e" "CARGO_HOME=/opt/rustwide/cargo-home" "-e" "RUSTUP_HOME=/opt/rustwide/rustup-home" "-w" "/opt/rustwide/workdir" "-m" "1610612736" "--user" "0:0" "--network" "none" "ghcr.io/rust-lang/crates-build-env/linux@sha256:34b6a614d2c27851fe6cbf88fbd1137609cefab8b10d0615aaeb6fd47975d74e" "/opt/rustwide/cargo-home/bin/cargo" "+beta-2021-08-01" "test" "--frozen" "--no-run" "--message-format=json", kill_on_drop: false }`
[INFO] [stdout] 0ed15359212a90f01b4abbf2d466835acaed87b0b7e390b0f355828e8213cdd8
[INFO] [stderr] WARNING: Your kernel does not support swap limit capabilities or the cgroup is not mounted. Memory limited without swap.
[INFO] running `Command { std: "docker" "start" "-a" "0ed15359212a90f01b4abbf2d466835acaed87b0b7e390b0f355828e8213cdd8", kill_on_drop: false }`
[INFO] [stderr]     Blocking waiting for file lock on package cache
[INFO] [stderr]    Compiling cloudfront-policy-signer v0.1.3 (/opt/rustwide/workdir)
[INFO] [stderr]     Finished test [unoptimized + debuginfo] target(s) in 1.48s
[INFO] running `Command { std: "docker" "inspect" "0ed15359212a90f01b4abbf2d466835acaed87b0b7e390b0f355828e8213cdd8", kill_on_drop: false }`
[INFO] running `Command { std: "docker" "rm" "-f" "0ed15359212a90f01b4abbf2d466835acaed87b0b7e390b0f355828e8213cdd8", kill_on_drop: false }`
[INFO] [stdout] 0ed15359212a90f01b4abbf2d466835acaed87b0b7e390b0f355828e8213cdd8
[INFO] running `Command { std: "docker" "create" "-v" "/var/lib/crater-agent-workspace/builds/worker-6/target:/opt/rustwide/target:rw,Z" "-v" "/var/lib/crater-agent-workspace/builds/worker-6/source:/opt/rustwide/workdir:ro,Z" "-v" "/var/lib/crater-agent-workspace/cargo-home:/opt/rustwide/cargo-home:ro,Z" "-v" "/var/lib/crater-agent-workspace/rustup-home:/opt/rustwide/rustup-home:ro,Z" "-e" "SOURCE_DIR=/opt/rustwide/workdir" "-e" "CARGO_TARGET_DIR=/opt/rustwide/target" "-e" "CARGO_INCREMENTAL=0" "-e" "RUST_BACKTRACE=full" "-e" "RUSTFLAGS=--cap-lints=warn" "-e" "CARGO_HOME=/opt/rustwide/cargo-home" "-e" "RUSTUP_HOME=/opt/rustwide/rustup-home" "-w" "/opt/rustwide/workdir" "-m" "1610612736" "--user" "0:0" "--network" "none" "ghcr.io/rust-lang/crates-build-env/linux@sha256:34b6a614d2c27851fe6cbf88fbd1137609cefab8b10d0615aaeb6fd47975d74e" "/opt/rustwide/cargo-home/bin/cargo" "+beta-2021-08-01" "test" "--frozen", kill_on_drop: false }`
[INFO] [stdout] 2d357f29c9de1fb3f812bc42e31f7dc2a0c40abe86b0bc1ba30c03ba3b257207
[INFO] [stderr] WARNING: Your kernel does not support swap limit capabilities or the cgroup is not mounted. Memory limited without swap.
[INFO] running `Command { std: "docker" "start" "-a" "2d357f29c9de1fb3f812bc42e31f7dc2a0c40abe86b0bc1ba30c03ba3b257207", kill_on_drop: false }`
[INFO] [stderr]     Finished test [unoptimized + debuginfo] target(s) in 0.03s
[INFO] [stdout] 
[INFO] [stderr]      Running unittests (/opt/rustwide/target/debug/deps/cloudfront_policy_signer-c3a71429b0430d73)
[INFO] [stdout] running 0 tests
[INFO] [stderr]    Doc-tests cloudfront-policy-signer
[INFO] [stdout] 
[INFO] [stdout] test result: ok. 0 passed; 0 failed; 0 ignored; 0 measured; 0 filtered out; finished in 0.00s
[INFO] [stdout] 
[INFO] [stdout] 
[INFO] [stdout] running 1 test
[INFO] [stderr] error: test failed, to rerun pass '--doc'
[INFO] [stdout] test src/lib.rs - create_canned_policy_signature (line 173) ... FAILED
[INFO] [stdout] 
[INFO] [stdout] failures:
[INFO] [stdout] 
[INFO] [stdout] ---- src/lib.rs - create_canned_policy_signature (line 173) stdout ----
[INFO] [stdout] error[E0432]: unresolved import `cloudfront_url_signer`
[INFO] [stdout]  --> src/lib.rs:174:5
[INFO] [stdout]   |
[INFO] [stdout] 3 | use cloudfront_url_signer;
[INFO] [stdout]   |     ^^^^^^^^^^^^^^^^^^^^^ no external crate `cloudfront_url_signer`
[INFO] [stdout] 
[INFO] [stdout] error: aborting due to previous error
[INFO] [stdout] 
[INFO] [stdout] For more information about this error, try `rustc --explain E0432`.
[INFO] [stdout] Couldn't compile the test.
[INFO] [stdout] 
[INFO] [stdout] failures:
[INFO] [stdout]     src/lib.rs - create_canned_policy_signature (line 173)
[INFO] [stdout] 
[INFO] [stdout] test result: FAILED. 0 passed; 1 failed; 0 ignored; 0 measured; 0 filtered out; finished in 0.12s
[INFO] [stdout] 
[INFO] running `Command { std: "docker" "inspect" "2d357f29c9de1fb3f812bc42e31f7dc2a0c40abe86b0bc1ba30c03ba3b257207", kill_on_drop: false }`
[INFO] running `Command { std: "docker" "rm" "-f" "2d357f29c9de1fb3f812bc42e31f7dc2a0c40abe86b0bc1ba30c03ba3b257207", kill_on_drop: false }`
[INFO] [stdout] 2d357f29c9de1fb3f812bc42e31f7dc2a0c40abe86b0bc1ba30c03ba3b257207
