[INFO] fetching crate cloud-storage 0.10.2...
[INFO] testing cloud-storage-0.10.2 against 1.54.0 for beta-1.55-1
[INFO] extracting crate cloud-storage 0.10.2 into /workspace/builds/worker-3/source
[INFO] validating manifest of crates.io crate cloud-storage 0.10.2 on toolchain 1.54.0
[INFO] running `Command { std: "/workspace/cargo-home/bin/cargo" "+1.54.0" "metadata" "--manifest-path" "Cargo.toml" "--no-deps", kill_on_drop: false }`
[INFO] started tweaking crates.io crate cloud-storage 0.10.2
[INFO] finished tweaking crates.io crate cloud-storage 0.10.2
[INFO] tweaked toml for crates.io crate cloud-storage 0.10.2 written to /workspace/builds/worker-3/source/Cargo.toml
[INFO] running `Command { std: "/workspace/cargo-home/bin/cargo" "+1.54.0" "generate-lockfile" "--manifest-path" "Cargo.toml" "-Zno-index-update", kill_on_drop: false }`
[INFO] running `Command { std: "/workspace/cargo-home/bin/cargo" "+1.54.0" "fetch" "--manifest-path" "Cargo.toml", kill_on_drop: false }`
[INFO] [stderr]     Blocking waiting for file lock on package cache
[INFO] running `Command { std: "docker" "create" "-v" "/var/lib/crater-agent-workspace/builds/worker-3/target:/opt/rustwide/target:rw,Z" "-v" "/var/lib/crater-agent-workspace/builds/worker-3/source:/opt/rustwide/workdir:ro,Z" "-v" "/var/lib/crater-agent-workspace/cargo-home:/opt/rustwide/cargo-home:ro,Z" "-v" "/var/lib/crater-agent-workspace/rustup-home:/opt/rustwide/rustup-home:ro,Z" "-e" "SOURCE_DIR=/opt/rustwide/workdir" "-e" "CARGO_TARGET_DIR=/opt/rustwide/target" "-e" "CARGO_HOME=/opt/rustwide/cargo-home" "-e" "RUSTUP_HOME=/opt/rustwide/rustup-home" "-w" "/opt/rustwide/workdir" "-m" "1610612736" "--user" "0:0" "--network" "none" "ghcr.io/rust-lang/crates-build-env/linux@sha256:34b6a614d2c27851fe6cbf88fbd1137609cefab8b10d0615aaeb6fd47975d74e" "/opt/rustwide/cargo-home/bin/cargo" "+1.54.0" "metadata" "--no-deps" "--format-version=1", kill_on_drop: false }`
[INFO] [stdout] 3edd9ac770affc56ff10e2bda64c4ba627485a29b4c128ab0cccc40f46d75e4f
[INFO] [stderr] WARNING: Your kernel does not support swap limit capabilities or the cgroup is not mounted. Memory limited without swap.
[INFO] running `Command { std: "docker" "start" "-a" "3edd9ac770affc56ff10e2bda64c4ba627485a29b4c128ab0cccc40f46d75e4f", kill_on_drop: false }`
[INFO] running `Command { std: "docker" "inspect" "3edd9ac770affc56ff10e2bda64c4ba627485a29b4c128ab0cccc40f46d75e4f", kill_on_drop: false }`
[INFO] running `Command { std: "docker" "rm" "-f" "3edd9ac770affc56ff10e2bda64c4ba627485a29b4c128ab0cccc40f46d75e4f", kill_on_drop: false }`
[INFO] [stdout] 3edd9ac770affc56ff10e2bda64c4ba627485a29b4c128ab0cccc40f46d75e4f
[INFO] running `Command { std: "docker" "create" "-v" "/var/lib/crater-agent-workspace/builds/worker-3/target:/opt/rustwide/target:rw,Z" "-v" "/var/lib/crater-agent-workspace/builds/worker-3/source:/opt/rustwide/workdir:ro,Z" "-v" "/var/lib/crater-agent-workspace/cargo-home:/opt/rustwide/cargo-home:ro,Z" "-v" "/var/lib/crater-agent-workspace/rustup-home:/opt/rustwide/rustup-home:ro,Z" "-e" "SOURCE_DIR=/opt/rustwide/workdir" "-e" "CARGO_TARGET_DIR=/opt/rustwide/target" "-e" "CARGO_INCREMENTAL=0" "-e" "RUST_BACKTRACE=full" "-e" "RUSTFLAGS=--cap-lints=warn" "-e" "CARGO_HOME=/opt/rustwide/cargo-home" "-e" "RUSTUP_HOME=/opt/rustwide/rustup-home" "-w" "/opt/rustwide/workdir" "-m" "1610612736" "--user" "0:0" "--network" "none" "ghcr.io/rust-lang/crates-build-env/linux@sha256:34b6a614d2c27851fe6cbf88fbd1137609cefab8b10d0615aaeb6fd47975d74e" "/opt/rustwide/cargo-home/bin/cargo" "+1.54.0" "build" "--frozen" "--message-format=json", kill_on_drop: false }`
[INFO] [stderr] WARNING: Your kernel does not support swap limit capabilities or the cgroup is not mounted. Memory limited without swap.
[INFO] [stdout] 0bd32625bf1c81b249079d3cb261be8c13d6b6e64b1a8f84f8abdfafc3ad00ce
[INFO] running `Command { std: "docker" "start" "-a" "0bd32625bf1c81b249079d3cb261be8c13d6b6e64b1a8f84f8abdfafc3ad00ce", kill_on_drop: false }`
[INFO] [stderr]    Compiling futures-io v0.3.16
[INFO] [stderr]    Compiling hex v0.4.3
[INFO] [stderr]    Compiling dotenv v0.15.0
[INFO] [stderr]    Compiling tokio v1.9.0
[INFO] [stderr]    Compiling futures-util v0.3.16
[INFO] [stderr]    Compiling num-integer v0.1.44
[INFO] [stderr]    Compiling num-bigint v0.2.6
[INFO] [stderr]    Compiling ring v0.16.20
[INFO] [stderr]    Compiling pem v0.8.3
[INFO] [stderr]    Compiling tokio-macros v1.3.0
[INFO] [stderr]    Compiling serde v1.0.127
[INFO] [stderr]    Compiling futures v0.3.16
[INFO] [stderr]    Compiling serde_json v1.0.66
[INFO] [stderr]    Compiling chrono v0.4.19
[INFO] [stderr]    Compiling serde_urlencoded v0.7.0
[INFO] [stderr]    Compiling tokio-util v0.6.7
[INFO] [stderr]    Compiling tokio-native-tls v0.3.0
[INFO] [stderr]    Compiling simple_asn1 v0.4.1
[INFO] [stderr]    Compiling jsonwebtoken v7.2.0
[INFO] [stderr]    Compiling h2 v0.3.3
[INFO] [stderr]    Compiling hyper v0.14.11
[INFO] [stderr]    Compiling hyper-tls v0.5.0
[INFO] [stderr]    Compiling reqwest v0.11.4
[INFO] [stderr]    Compiling cloud-storage v0.10.2 (/opt/rustwide/workdir)
[INFO] [stderr]     Finished dev [unoptimized + debuginfo] target(s) in 36.49s
[INFO] running `Command { std: "docker" "inspect" "0bd32625bf1c81b249079d3cb261be8c13d6b6e64b1a8f84f8abdfafc3ad00ce", kill_on_drop: false }`
[INFO] running `Command { std: "docker" "rm" "-f" "0bd32625bf1c81b249079d3cb261be8c13d6b6e64b1a8f84f8abdfafc3ad00ce", kill_on_drop: false }`
[INFO] [stdout] 0bd32625bf1c81b249079d3cb261be8c13d6b6e64b1a8f84f8abdfafc3ad00ce
[INFO] running `Command { std: "docker" "create" "-v" "/var/lib/crater-agent-workspace/builds/worker-3/target:/opt/rustwide/target:rw,Z" "-v" "/var/lib/crater-agent-workspace/builds/worker-3/source:/opt/rustwide/workdir:ro,Z" "-v" "/var/lib/crater-agent-workspace/cargo-home:/opt/rustwide/cargo-home:ro,Z" "-v" "/var/lib/crater-agent-workspace/rustup-home:/opt/rustwide/rustup-home:ro,Z" "-e" "SOURCE_DIR=/opt/rustwide/workdir" "-e" "CARGO_TARGET_DIR=/opt/rustwide/target" "-e" "CARGO_INCREMENTAL=0" "-e" "RUST_BACKTRACE=full" "-e" "RUSTFLAGS=--cap-lints=warn" "-e" "CARGO_HOME=/opt/rustwide/cargo-home" "-e" "RUSTUP_HOME=/opt/rustwide/rustup-home" "-w" "/opt/rustwide/workdir" "-m" "1610612736" "--user" "0:0" "--network" "none" "ghcr.io/rust-lang/crates-build-env/linux@sha256:34b6a614d2c27851fe6cbf88fbd1137609cefab8b10d0615aaeb6fd47975d74e" "/opt/rustwide/cargo-home/bin/cargo" "+1.54.0" "test" "--frozen" "--no-run" "--message-format=json", kill_on_drop: false }`
[INFO] [stdout] 5ea7a1e99a52116dad373851ae5a298d98505ac3d4d5b45973c7f09bc21db37d
[INFO] [stderr] WARNING: Your kernel does not support swap limit capabilities or the cgroup is not mounted. Memory limited without swap.
[INFO] running `Command { std: "docker" "start" "-a" "5ea7a1e99a52116dad373851ae5a298d98505ac3d4d5b45973c7f09bc21db37d", kill_on_drop: false }`
[INFO] [stderr]    Compiling cloud-storage v0.10.2 (/opt/rustwide/workdir)
[INFO] [stderr]     Finished test [unoptimized + debuginfo] target(s) in 7.08s
[INFO] running `Command { std: "docker" "inspect" "5ea7a1e99a52116dad373851ae5a298d98505ac3d4d5b45973c7f09bc21db37d", kill_on_drop: false }`
[INFO] running `Command { std: "docker" "rm" "-f" "5ea7a1e99a52116dad373851ae5a298d98505ac3d4d5b45973c7f09bc21db37d", kill_on_drop: false }`
[INFO] [stdout] 5ea7a1e99a52116dad373851ae5a298d98505ac3d4d5b45973c7f09bc21db37d
[INFO] running `Command { std: "docker" "create" "-v" "/var/lib/crater-agent-workspace/builds/worker-3/target:/opt/rustwide/target:rw,Z" "-v" "/var/lib/crater-agent-workspace/builds/worker-3/source:/opt/rustwide/workdir:ro,Z" "-v" "/var/lib/crater-agent-workspace/cargo-home:/opt/rustwide/cargo-home:ro,Z" "-v" "/var/lib/crater-agent-workspace/rustup-home:/opt/rustwide/rustup-home:ro,Z" "-e" "SOURCE_DIR=/opt/rustwide/workdir" "-e" "CARGO_TARGET_DIR=/opt/rustwide/target" "-e" "CARGO_INCREMENTAL=0" "-e" "RUST_BACKTRACE=full" "-e" "RUSTFLAGS=--cap-lints=warn" "-e" "CARGO_HOME=/opt/rustwide/cargo-home" "-e" "RUSTUP_HOME=/opt/rustwide/rustup-home" "-w" "/opt/rustwide/workdir" "-m" "1610612736" "--user" "0:0" "--network" "none" "ghcr.io/rust-lang/crates-build-env/linux@sha256:34b6a614d2c27851fe6cbf88fbd1137609cefab8b10d0615aaeb6fd47975d74e" "/opt/rustwide/cargo-home/bin/cargo" "+1.54.0" "test" "--frozen", kill_on_drop: false }`
[INFO] [stdout] 3ab6e4b135e99fd051a107e1b065193e1696640788eb6648a988469aed7441f1
[INFO] [stderr] WARNING: Your kernel does not support swap limit capabilities or the cgroup is not mounted. Memory limited without swap.
[INFO] running `Command { std: "docker" "start" "-a" "3ab6e4b135e99fd051a107e1b065193e1696640788eb6648a988469aed7441f1", kill_on_drop: false }`
[INFO] [stderr]     Finished test [unoptimized + debuginfo] target(s) in 0.16s
[INFO] [stderr]      Running unittests (/opt/rustwide/target/debug/deps/cloud_storage-f548d3af207f144f)
[INFO] [stdout] 
[INFO] [stdout] running 2 tests
[INFO] [stdout] test resources::common::tests::deserialize ... ok
[INFO] [stdout] test resources::common::tests::serialize ... ok
[INFO] [stdout] 
[INFO] [stdout] test result: ok. 2 passed; 0 failed; 0 ignored; 0 measured; 0 filtered out; finished in 0.01s
[INFO] [stdout] 
[INFO] [stderr]    Doc-tests cloud-storage
[INFO] [stdout] 
[INFO] [stdout] running 45 tests
[INFO] [stdout] test src/client/bucket.rs - client::bucket::BucketClient::update (line 140) ... FAILED
[INFO] [stdout] test src/client/bucket_access_control.rs - client::bucket_access_control::BucketAccessControlClient::list (line 70) - compile ... FAILED
[INFO] [stdout] test src/client/bucket.rs - client::bucket::BucketClient::set_iam_policy (line 267) ... FAILED
[INFO] [stdout] test src/client/bucket_access_control.rs - client::bucket_access_control::BucketAccessControlClient::read (line 105) - compile ... FAILED
[INFO] [stdout] test src/client/bucket.rs - client::bucket::BucketClient::test_iam_permission (line 323) - compile ... FAILED
[INFO] [stdout] test src/client/bucket_access_control.rs - client::bucket_access_control::BucketAccessControlClient::update (line 140) - compile ... FAILED
[INFO] [stdout] test src/client/default_object_access_control.rs - client::default_object_access_control::DefaultObjectAccessControlClient::list (line 69) - compile ... FAILED
[INFO] [stdout] test src/client/bucket_access_control.rs - client::bucket_access_control::BucketAccessControlClient::delete (line 186) - compile ... FAILED
[INFO] [stdout] test src/client/bucket.rs - client::bucket::BucketClient::create (line 19) ... FAILED
[INFO] [stdout] test src/client/default_object_access_control.rs - client::default_object_access_control::DefaultObjectAccessControlClient::delete (line 208) - compile ... FAILED
[INFO] [stdout] test src/client/bucket.rs - client::bucket::BucketClient::delete (line 191) - compile ... FAILED
[INFO] [stdout] test src/client/default_object_access_control.rs - client::default_object_access_control::DefaultObjectAccessControlClient::create (line 20) - compile ... FAILED
[INFO] [stdout] test src/client/bucket.rs - client::bucket::BucketClient::get_iam_policy (line 228) ... FAILED
[INFO] [stdout] test src/client/bucket.rs - client::bucket::BucketClient::list (line 64) ... FAILED
[INFO] [stdout] test src/client/hmac_key.rs - client::hmac_key::HmacKeyClient::read (line 121) - compile ... FAILED
[INFO] [stdout] test src/client/bucket.rs - client::bucket::BucketClient::read (line 97) ... FAILED
[INFO] [stdout] test src/client/object.rs - client::object::ObjectClient::delete (line 388) - compile ... FAILED
[INFO] [stdout] test src/client/bucket_access_control.rs - client::bucket_access_control::BucketAccessControlClient::create (line 21) - compile ... FAILED
[INFO] [stdout] test src/client/hmac_key.rs - client::hmac_key::HmacKeyClient::create (line 19) ... FAILED
[INFO] [stdout] test src/client/object.rs - client::object::ObjectClient::create_streamed (line 71) - compile ... FAILED
[INFO] [stdout] test src/client/object.rs - client::object::ObjectClient::compose (line 422) - compile ... FAILED
[INFO] [stdout] test src/client/default_object_access_control.rs - client::default_object_access_control::DefaultObjectAccessControlClient::update (line 160) - compile ... FAILED
[INFO] [stdout] test src/client/hmac_key.rs - client::hmac_key::HmacKeyClient::list (line 70) ... FAILED
[INFO] [stdout] test src/client/hmac_key.rs - client::hmac_key::HmacKeyClient::delete (line 205) - compile ... FAILED
[INFO] [stdout] test src/client/object.rs - client::object::ObjectClient::create (line 22) - compile ... FAILED
[INFO] [stdout] test src/client/hmac_key.rs - client::hmac_key::HmacKeyClient::update (line 163) - compile ... FAILED
[INFO] [stdout] test src/client/default_object_access_control.rs - client::default_object_access_control::DefaultObjectAccessControlClient::read (line 114) - compile ... FAILED
[INFO] [stdout] test src/client/object.rs - client::object::ObjectClient::copy (line 482) - compile ... FAILED
[INFO] [stdout] test src/client/object.rs - client::object::ObjectClient::download (line 267) - compile ... FAILED
[INFO] [stdout] test src/lib.rs - (line 52) - compile ... FAILED
[INFO] [stdout] test src/client/object.rs - client::object::ObjectClient::read (line 232) - compile ... FAILED
[INFO] [stdout] test src/client/object.rs - client::object::ObjectClient::download_streamed (line 302) - compile ... FAILED
[INFO] [stdout] test src/client/object.rs - client::object::ObjectClient::rewrite (line 537) - compile ... FAILED
[INFO] [stdout] test src/lib.rs - (line 68) - compile ... FAILED
[INFO] [stdout] test src/client/object.rs - client::object::ObjectClient::list (line 132) - compile ... FAILED
[INFO] [stdout] test src/resources/object.rs - resources::object::Object::download_url (line 639) - compile ... FAILED
[INFO] [stdout] test src/client/object.rs - client::object::ObjectClient::update (line 350) - compile ... FAILED
[INFO] [stdout] test src/resources/object.rs - resources::object::Object::download_url_with (line 660) - compile ... FAILED
[INFO] [stdout] test src/lib.rs - (line 42) - compile ... FAILED
[INFO] [stdout] test src/lib.rs - (line 80) - compile ... FAILED
[INFO] [stdout] test src/lib.rs - (line 28) ... FAILED
[INFO] [stdout] test src/resources/object.rs - resources::object::Object::upload_url (line 691) - compile ... FAILED
[INFO] [stdout] test src/resources/object.rs - resources::object::Object::upload_url_with (line 712) - compile ... FAILED
[INFO] [stdout] test src/download_options.rs - download_options::DownloadOptions::content_disposition (line 23) ... ok
[INFO] [stdout] test src/download_options.rs - download_options::DownloadOptions::new (line 11) ... ok
[INFO] [stdout] 
[INFO] [stdout] failures:
[INFO] [stdout] 
[INFO] [stdout] ---- src/client/bucket.rs - client::bucket::BucketClient::update (line 140) stdout ----
[INFO] [stdout] error: The default runtime flavor is `multi_thread`, but the `rt-multi-thread` feature is disabled.
[INFO] [stdout]  --> src/client/bucket.rs:141:1
[INFO] [stdout]   |
[INFO] [stdout] 3 | #[tokio::main]
[INFO] [stdout]   | ^^^^^^^^^^^^^^
[INFO] [stdout]   |
[INFO] [stdout]   = note: this error originates in the attribute macro `tokio::main` (in Nightly builds, run with -Z macro-backtrace for more info)
[INFO] [stdout] 
[INFO] [stdout] error[E0601]: `main` function not found in crate `rust_out`
[INFO] [stdout]   --> src/client/bucket.rs:139:1
[INFO] [stdout]    |
[INFO] [stdout] 1  | / #![allow(unused)]
[INFO] [stdout] 2  | | extern crate r#cloud_storage;
[INFO] [stdout] 3  | | #[tokio::main]
[INFO] [stdout] 4  | | async fn main() -> Result<(), Box<dyn std::error::Error>> {
[INFO] [stdout] ...  |
[INFO] [stdout] 24 | | Ok(())
[INFO] [stdout] 25 | | }
[INFO] [stdout]    | |_^ consider adding a `main` function at the crate level
[INFO] [stdout] 
[INFO] [stdout] error: aborting due to 2 previous errors
[INFO] [stdout] 
[INFO] [stdout] For more information about this error, try `rustc --explain E0601`.
[INFO] [stdout] Couldn't compile the test.
[INFO] [stdout] ---- src/client/bucket_access_control.rs - client::bucket_access_control::BucketAccessControlClient::list (line 70) stdout ----
[INFO] [stdout] error: The default runtime flavor is `multi_thread`, but the `rt-multi-thread` feature is disabled.
[INFO] [stdout]  --> src/client/bucket_access_control.rs:71:1
[INFO] [stdout]   |
[INFO] [stdout] 3 | #[tokio::main]
[INFO] [stdout]   | ^^^^^^^^^^^^^^
[INFO] [stdout]   |
[INFO] [stdout]   = note: this error originates in the attribute macro `tokio::main` (in Nightly builds, run with -Z macro-backtrace for more info)
[INFO] [stdout] 
[INFO] [stdout] error[E0601]: `main` function not found in crate `rust_out`
[INFO] [stdout]   --> src/client/bucket_access_control.rs:69:1
[INFO] [stdout]    |
[INFO] [stdout] 1  | / #![allow(unused)]
[INFO] [stdout] 2  | | extern crate r#cloud_storage;
[INFO] [stdout] 3  | | #[tokio::main]
[INFO] [stdout] 4  | | async fn main() -> Result<(), Box<dyn std::error::Error>> {
[INFO] [stdout] ...  |
[INFO] [stdout] 10 | | Ok(())
[INFO] [stdout] 11 | | }
[INFO] [stdout]    | |_^ consider adding a `main` function at the crate level
[INFO] [stdout] 
[INFO] [stdout] error: aborting due to 2 previous errors
[INFO] [stdout] 
[INFO] [stdout] For more information about this error, try `rustc --explain E0601`.
[INFO] [stdout] Couldn't compile the test.
[INFO] [stdout] ---- src/client/bucket.rs - client::bucket::BucketClient::set_iam_policy (line 267) stdout ----
[INFO] [stdout] error: The default runtime flavor is `multi_thread`, but the `rt-multi-thread` feature is disabled.
[INFO] [stdout]  --> src/client/bucket.rs:268:1
[INFO] [stdout]   |
[INFO] [stdout] 3 | #[tokio::main]
[INFO] [stdout]   | ^^^^^^^^^^^^^^
[INFO] [stdout]   |
[INFO] [stdout]   = note: this error originates in the attribute macro `tokio::main` (in Nightly builds, run with -Z macro-backtrace for more info)
[INFO] [stdout] 
[INFO] [stdout] error[E0601]: `main` function not found in crate `rust_out`
[INFO] [stdout]   --> src/client/bucket.rs:266:1
[INFO] [stdout]    |
[INFO] [stdout] 1  | / #![allow(unused)]
[INFO] [stdout] 2  | | extern crate r#cloud_storage;
[INFO] [stdout] 3  | | #[tokio::main]
[INFO] [stdout] 4  | | async fn main() -> Result<(), Box<dyn std::error::Error>> {
[INFO] [stdout] ...  |
[INFO] [stdout] 31 | | Ok(())
[INFO] [stdout] 32 | | }
[INFO] [stdout]    | |_^ consider adding a `main` function at the crate level
[INFO] [stdout] 
[INFO] [stdout] error: aborting due to 2 previous errors
[INFO] [stdout] 
[INFO] [stdout] For more information about this error, try `rustc --explain E0601`.
[INFO] [stdout] Couldn't compile the test.
[INFO] [stdout] ---- src/client/bucket_access_control.rs - client::bucket_access_control::BucketAccessControlClient::read (line 105) stdout ----
[INFO] [stdout] error: The default runtime flavor is `multi_thread`, but the `rt-multi-thread` feature is disabled.
[INFO] [stdout]  --> src/client/bucket_access_control.rs:106:1
[INFO] [stdout]   |
[INFO] [stdout] 3 | #[tokio::main]
[INFO] [stdout]   | ^^^^^^^^^^^^^^
[INFO] [stdout]   |
[INFO] [stdout]   = note: this error originates in the attribute macro `tokio::main` (in Nightly builds, run with -Z macro-backtrace for more info)
[INFO] [stdout] 
[INFO] [stdout] error[E0601]: `main` function not found in crate `rust_out`
[INFO] [stdout]   --> src/client/bucket_access_control.rs:104:1
[INFO] [stdout]    |
[INFO] [stdout] 1  | / #![allow(unused)]
[INFO] [stdout] 2  | | extern crate r#cloud_storage;
[INFO] [stdout] 3  | | #[tokio::main]
[INFO] [stdout] 4  | | async fn main() -> Result<(), Box<dyn std::error::Error>> {
[INFO] [stdout] ...  |
[INFO] [stdout] 10 | | Ok(())
[INFO] [stdout] 11 | | }
[INFO] [stdout]    | |_^ consider adding a `main` function at the crate level
[INFO] [stdout] 
[INFO] [stdout] error: aborting due to 2 previous errors
[INFO] [stdout] 
[INFO] [stdout] For more information about this error, try `rustc --explain E0601`.
[INFO] [stdout] Couldn't compile the test.
[INFO] [stdout] ---- src/client/bucket.rs - client::bucket::BucketClient::test_iam_permission (line 323) stdout ----
[INFO] [stdout] error: The default runtime flavor is `multi_thread`, but the `rt-multi-thread` feature is disabled.
[INFO] [stdout]  --> src/client/bucket.rs:324:1
[INFO] [stdout]   |
[INFO] [stdout] 3 | #[tokio::main]
[INFO] [stdout]   | ^^^^^^^^^^^^^^
[INFO] [stdout]   |
[INFO] [stdout]   = note: this error originates in the attribute macro `tokio::main` (in Nightly builds, run with -Z macro-backtrace for more info)
[INFO] [stdout] 
[INFO] [stdout] error[E0601]: `main` function not found in crate `rust_out`
[INFO] [stdout]   --> src/client/bucket.rs:322:1
[INFO] [stdout]    |
[INFO] [stdout] 1  | / #![allow(unused)]
[INFO] [stdout] 2  | | extern crate r#cloud_storage;
[INFO] [stdout] 3  | | #[tokio::main]
[INFO] [stdout] 4  | | async fn main() -> Result<(), Box<dyn std::error::Error>> {
[INFO] [stdout] ...  |
[INFO] [stdout] 11 | | Ok(())
[INFO] [stdout] 12 | | }
[INFO] [stdout]    | |_^ consider adding a `main` function at the crate level
[INFO] [stdout] 
[INFO] [stdout] error: aborting due to 2 previous errors
[INFO] [stdout] 
[INFO] [stdout] For more information about this error, try `rustc --explain E0601`.
[INFO] [stdout] Couldn't compile the test.
[INFO] [stdout] ---- src/client/bucket_access_control.rs - client::bucket_access_control::BucketAccessControlClient::update (line 140) stdout ----
[INFO] [stdout] error: The default runtime flavor is `multi_thread`, but the `rt-multi-thread` feature is disabled.
[INFO] [stdout]  --> src/client/bucket_access_control.rs:141:1
[INFO] [stdout]   |
[INFO] [stdout] 3 | #[tokio::main]
[INFO] [stdout]   | ^^^^^^^^^^^^^^
[INFO] [stdout]   |
[INFO] [stdout]   = note: this error originates in the attribute macro `tokio::main` (in Nightly builds, run with -Z macro-backtrace for more info)
[INFO] [stdout] 
[INFO] [stdout] error[E0601]: `main` function not found in crate `rust_out`
[INFO] [stdout]   --> src/client/bucket_access_control.rs:139:1
[INFO] [stdout]    |
[INFO] [stdout] 1  | / #![allow(unused)]
[INFO] [stdout] 2  | | extern crate r#cloud_storage;
[INFO] [stdout] 3  | | #[tokio::main]
[INFO] [stdout] 4  | | async fn main() -> Result<(), Box<dyn std::error::Error>> {
[INFO] [stdout] ...  |
[INFO] [stdout] 12 | | Ok(())
[INFO] [stdout] 13 | | }
[INFO] [stdout]    | |_^ consider adding a `main` function at the crate level
[INFO] [stdout] 
[INFO] [stdout] error: aborting due to 2 previous errors
[INFO] [stdout] 
[INFO] [stdout] For more information about this error, try `rustc --explain E0601`.
[INFO] [stdout] Couldn't compile the test.
[INFO] [stdout] ---- src/client/default_object_access_control.rs - client::default_object_access_control::DefaultObjectAccessControlClient::list (line 69) stdout ----
[INFO] [stdout] error: The default runtime flavor is `multi_thread`, but the `rt-multi-thread` feature is disabled.
[INFO] [stdout]  --> src/client/default_object_access_control.rs:70:1
[INFO] [stdout]   |
[INFO] [stdout] 3 | #[tokio::main]
[INFO] [stdout]   | ^^^^^^^^^^^^^^
[INFO] [stdout]   |
[INFO] [stdout]   = note: this error originates in the attribute macro `tokio::main` (in Nightly builds, run with -Z macro-backtrace for more info)
[INFO] [stdout] 
[INFO] [stdout] error[E0601]: `main` function not found in crate `rust_out`
[INFO] [stdout]   --> src/client/default_object_access_control.rs:68:1
[INFO] [stdout]    |
[INFO] [stdout] 1  | / #![allow(unused)]
[INFO] [stdout] 2  | | extern crate r#cloud_storage;
[INFO] [stdout] 3  | | #[tokio::main]
[INFO] [stdout] 4  | | async fn main() -> Result<(), Box<dyn std::error::Error>> {
[INFO] [stdout] ...  |
[INFO] [stdout] 10 | | Ok(())
[INFO] [stdout] 11 | | }
[INFO] [stdout]    | |_^ consider adding a `main` function at the crate level
[INFO] [stdout] 
[INFO] [stdout] error: aborting due to 2 previous errors
[INFO] [stdout] 
[INFO] [stdout] For more information about this error, try `rustc --explain E0601`.
[INFO] [stdout] Couldn't compile the test.
[INFO] [stdout] ---- src/client/bucket_access_control.rs - client::bucket_access_control::BucketAccessControlClient::delete (line 186) stdout ----
[INFO] [stdout] error: The default runtime flavor is `multi_thread`, but the `rt-multi-thread` feature is disabled.
[INFO] [stdout]  --> src/client/bucket_access_control.rs:187:1
[INFO] [stdout]   |
[INFO] [stdout] 3 | #[tokio::main]
[INFO] [stdout]   | ^^^^^^^^^^^^^^
[INFO] [stdout]   |
[INFO] [stdout]   = note: this error originates in the attribute macro `tokio::main` (in Nightly builds, run with -Z macro-backtrace for more info)
[INFO] [stdout] 
[INFO] [stdout] error[E0601]: `main` function not found in crate `rust_out`
[INFO] [stdout]   --> src/client/bucket_access_control.rs:185:1
[INFO] [stdout]    |
[INFO] [stdout] 1  | / #![allow(unused)]
[INFO] [stdout] 2  | | extern crate r#cloud_storage;
[INFO] [stdout] 3  | | #[tokio::main]
[INFO] [stdout] 4  | | async fn main() -> Result<(), Box<dyn std::error::Error>> {
[INFO] [stdout] ...  |
[INFO] [stdout] 11 | | Ok(())
[INFO] [stdout] 12 | | }
[INFO] [stdout]    | |_^ consider adding a `main` function at the crate level
[INFO] [stdout] 
[INFO] [stdout] error: aborting due to 2 previous errors
[INFO] [stdout] 
[INFO] [stdout] For more information about this error, try `rustc --explain E0601`.
[INFO] [stdout] Couldn't compile the test.
[INFO] [stdout] ---- src/client/bucket.rs - client::bucket::BucketClient::create (line 19) stdout ----
[INFO] [stdout] error: The default runtime flavor is `multi_thread`, but the `rt-multi-thread` feature is disabled.
[INFO] [stdout]  --> src/client/bucket.rs:20:1
[INFO] [stdout]   |
[INFO] [stdout] 3 | #[tokio::main]
[INFO] [stdout]   | ^^^^^^^^^^^^^^
[INFO] [stdout]   |
[INFO] [stdout]   = note: this error originates in the attribute macro `tokio::main` (in Nightly builds, run with -Z macro-backtrace for more info)
[INFO] [stdout] 
[INFO] [stdout] error[E0601]: `main` function not found in crate `rust_out`
[INFO] [stdout]   --> src/client/bucket.rs:18:1
[INFO] [stdout]    |
[INFO] [stdout] 1  | / #![allow(unused)]
[INFO] [stdout] 2  | | extern crate r#cloud_storage;
[INFO] [stdout] 3  | | #[tokio::main]
[INFO] [stdout] 4  | | async fn main() -> Result<(), Box<dyn std::error::Error>> {
[INFO] [stdout] ...  |
[INFO] [stdout] 17 | | Ok(())
[INFO] [stdout] 18 | | }
[INFO] [stdout]    | |_^ consider adding a `main` function at the crate level
[INFO] [stdout] 
[INFO] [stdout] error: aborting due to 2 previous errors
[INFO] [stdout] 
[INFO] [stdout] For more information about this error, try `rustc --explain E0601`.
[INFO] [stdout] Couldn't compile the test.
[INFO] [stdout] ---- src/client/default_object_access_control.rs - client::default_object_access_control::DefaultObjectAccessControlClient::delete (line 208) stdout ----
[INFO] [stdout] error: The default runtime flavor is `multi_thread`, but the `rt-multi-thread` feature is disabled.
[INFO] [stdout]  --> src/client/default_object_access_control.rs:209:1
[INFO] [stdout]   |
[INFO] [stdout] 3 | #[tokio::main]
[INFO] [stdout]   | ^^^^^^^^^^^^^^
[INFO] [stdout]   |
[INFO] [stdout]   = note: this error originates in the attribute macro `tokio::main` (in Nightly builds, run with -Z macro-backtrace for more info)
[INFO] [stdout] 
[INFO] [stdout] error[E0601]: `main` function not found in crate `rust_out`
[INFO] [stdout]   --> src/client/default_object_access_control.rs:207:1
[INFO] [stdout]    |
[INFO] [stdout] 1  | / #![allow(unused)]
[INFO] [stdout] 2  | | extern crate r#cloud_storage;
[INFO] [stdout] 3  | | #[tokio::main]
[INFO] [stdout] 4  | | async fn main() -> Result<(), Box<dyn std::error::Error>> {
[INFO] [stdout] ...  |
[INFO] [stdout] 11 | | Ok(())
[INFO] [stdout] 12 | | }
[INFO] [stdout]    | |_^ consider adding a `main` function at the crate level
[INFO] [stdout] 
[INFO] [stdout] error: aborting due to 2 previous errors
[INFO] [stdout] 
[INFO] [stdout] For more information about this error, try `rustc --explain E0601`.
[INFO] [stdout] Couldn't compile the test.
[INFO] [stdout] ---- src/client/bucket.rs - client::bucket::BucketClient::delete (line 191) stdout ----
[INFO] [stdout] error: The default runtime flavor is `multi_thread`, but the `rt-multi-thread` feature is disabled.
[INFO] [stdout]  --> src/client/bucket.rs:192:1
[INFO] [stdout]   |
[INFO] [stdout] 3 | #[tokio::main]
[INFO] [stdout]   | ^^^^^^^^^^^^^^
[INFO] [stdout]   |
[INFO] [stdout]   = note: this error originates in the attribute macro `tokio::main` (in Nightly builds, run with -Z macro-backtrace for more info)
[INFO] [stdout] 
[INFO] [stdout] error[E0601]: `main` function not found in crate `rust_out`
[INFO] [stdout]   --> src/client/bucket.rs:190:1
[INFO] [stdout]    |
[INFO] [stdout] 1  | / #![allow(unused)]
[INFO] [stdout] 2  | | extern crate r#cloud_storage;
[INFO] [stdout] 3  | | #[tokio::main]
[INFO] [stdout] 4  | | async fn main() -> Result<(), Box<dyn std::error::Error>> {
[INFO] [stdout] ...  |
[INFO] [stdout] 18 | | Ok(())
[INFO] [stdout] 19 | | }
[INFO] [stdout]    | |_^ consider adding a `main` function at the crate level
[INFO] [stdout] 
[INFO] [stdout] error: aborting due to 2 previous errors
[INFO] [stdout] 
[INFO] [stdout] For more information about this error, try `rustc --explain E0601`.
[INFO] [stdout] Couldn't compile the test.
[INFO] [stdout] ---- src/client/default_object_access_control.rs - client::default_object_access_control::DefaultObjectAccessControlClient::create (line 20) stdout ----
[INFO] [stdout] error: The default runtime flavor is `multi_thread`, but the `rt-multi-thread` feature is disabled.
[INFO] [stdout]  --> src/client/default_object_access_control.rs:21:1
[INFO] [stdout]   |
[INFO] [stdout] 3 | #[tokio::main]
[INFO] [stdout]   | ^^^^^^^^^^^^^^
[INFO] [stdout]   |
[INFO] [stdout]   = note: this error originates in the attribute macro `tokio::main` (in Nightly builds, run with -Z macro-backtrace for more info)
[INFO] [stdout] 
[INFO] [stdout] error[E0601]: `main` function not found in crate `rust_out`
[INFO] [stdout]   --> src/client/default_object_access_control.rs:19:1
[INFO] [stdout]    |
[INFO] [stdout] 1  | / #![allow(unused)]
[INFO] [stdout] 2  | | extern crate r#cloud_storage;
[INFO] [stdout] 3  | | #[tokio::main]
[INFO] [stdout] 4  | | async fn main() -> Result<(), Box<dyn std::error::Error>> {
[INFO] [stdout] ...  |
[INFO] [stdout] 17 | | Ok(())
[INFO] [stdout] 18 | | }
[INFO] [stdout]    | |_^ consider adding a `main` function at the crate level
[INFO] [stdout] 
[INFO] [stdout] error: aborting due to 2 previous errors
[INFO] [stdout] 
[INFO] [stdout] For more information about this error, try `rustc --explain E0601`.
[INFO] [stdout] Couldn't compile the test.
[INFO] [stdout] ---- src/client/bucket.rs - client::bucket::BucketClient::get_iam_policy (line 228) stdout ----
[INFO] [stdout] error: The default runtime flavor is `multi_thread`, but the `rt-multi-thread` feature is disabled.
[INFO] [stdout]  --> src/client/bucket.rs:229:1
[INFO] [stdout]   |
[INFO] [stdout] 3 | #[tokio::main]
[INFO] [stdout]   | ^^^^^^^^^^^^^^
[INFO] [stdout]   |
[INFO] [stdout]   = note: this error originates in the attribute macro `tokio::main` (in Nightly builds, run with -Z macro-backtrace for more info)
[INFO] [stdout] 
[INFO] [stdout] error[E0601]: `main` function not found in crate `rust_out`
[INFO] [stdout]   --> src/client/bucket.rs:227:1
[INFO] [stdout]    |
[INFO] [stdout] 1  | / #![allow(unused)]
[INFO] [stdout] 2  | | extern crate r#cloud_storage;
[INFO] [stdout] 3  | | #[tokio::main]
[INFO] [stdout] 4  | | async fn main() -> Result<(), Box<dyn std::error::Error>> {
[INFO] [stdout] ...  |
[INFO] [stdout] 19 | | Ok(())
[INFO] [stdout] 20 | | }
[INFO] [stdout]    | |_^ consider adding a `main` function at the crate level
[INFO] [stdout] 
[INFO] [stdout] error: aborting due to 2 previous errors
[INFO] [stdout] 
[INFO] [stdout] For more information about this error, try `rustc --explain E0601`.
[INFO] [stdout] Couldn't compile the test.
[INFO] [stdout] ---- src/client/bucket.rs - client::bucket::BucketClient::list (line 64) stdout ----
[INFO] [stdout] error: The default runtime flavor is `multi_thread`, but the `rt-multi-thread` feature is disabled.
[INFO] [stdout]  --> src/client/bucket.rs:65:1
[INFO] [stdout]   |
[INFO] [stdout] 3 | #[tokio::main]
[INFO] [stdout]   | ^^^^^^^^^^^^^^
[INFO] [stdout]   |
[INFO] [stdout]   = note: this error originates in the attribute macro `tokio::main` (in Nightly builds, run with -Z macro-backtrace for more info)
[INFO] [stdout] 
[INFO] [stdout] error[E0601]: `main` function not found in crate `rust_out`
[INFO] [stdout]   --> src/client/bucket.rs:63:1
[INFO] [stdout]    |
[INFO] [stdout] 1  | / #![allow(unused)]
[INFO] [stdout] 2  | | extern crate r#cloud_storage;
[INFO] [stdout] 3  | | #[tokio::main]
[INFO] [stdout] 4  | | async fn main() -> Result<(), Box<dyn std::error::Error>> {
[INFO] [stdout] ...  |
[INFO] [stdout] 10 | | Ok(())
[INFO] [stdout] 11 | | }
[INFO] [stdout]    | |_^ consider adding a `main` function at the crate level
[INFO] [stdout] 
[INFO] [stdout] error: aborting due to 2 previous errors
[INFO] [stdout] 
[INFO] [stdout] For more information about this error, try `rustc --explain E0601`.
[INFO] [stdout] Couldn't compile the test.
[INFO] [stdout] ---- src/client/hmac_key.rs - client::hmac_key::HmacKeyClient::read (line 121) stdout ----
[INFO] [stdout] error: The default runtime flavor is `multi_thread`, but the `rt-multi-thread` feature is disabled.
[INFO] [stdout]  --> src/client/hmac_key.rs:122:1
[INFO] [stdout]   |
[INFO] [stdout] 3 | #[tokio::main]
[INFO] [stdout]   | ^^^^^^^^^^^^^^
[INFO] [stdout]   |
[INFO] [stdout]   = note: this error originates in the attribute macro `tokio::main` (in Nightly builds, run with -Z macro-backtrace for more info)
[INFO] [stdout] 
[INFO] [stdout] error[E0601]: `main` function not found in crate `rust_out`
[INFO] [stdout]   --> src/client/hmac_key.rs:120:1
[INFO] [stdout]    |
[INFO] [stdout] 1  | / #![allow(unused)]
[INFO] [stdout] 2  | | extern crate r#cloud_storage;
[INFO] [stdout] 3  | | #[tokio::main]
[INFO] [stdout] 4  | | async fn main() -> Result<(), Box<dyn std::error::Error>> {
[INFO] [stdout] ...  |
[INFO] [stdout] 10 | | Ok(())
[INFO] [stdout] 11 | | }
[INFO] [stdout]    | |_^ consider adding a `main` function at the crate level
[INFO] [stdout] 
[INFO] [stdout] error: aborting due to 2 previous errors
[INFO] [stdout] 
[INFO] [stdout] For more information about this error, try `rustc --explain E0601`.
[INFO] [stdout] Couldn't compile the test.
[INFO] [stdout] ---- src/client/bucket.rs - client::bucket::BucketClient::read (line 97) stdout ----
[INFO] [stdout] error: The default runtime flavor is `multi_thread`, but the `rt-multi-thread` feature is disabled.
[INFO] [stdout]  --> src/client/bucket.rs:98:1
[INFO] [stdout]   |
[INFO] [stdout] 3 | #[tokio::main]
[INFO] [stdout]   | ^^^^^^^^^^^^^^
[INFO] [stdout]   |
[INFO] [stdout]   = note: this error originates in the attribute macro `tokio::main` (in Nightly builds, run with -Z macro-backtrace for more info)
[INFO] [stdout] 
[INFO] [stdout] error[E0601]: `main` function not found in crate `rust_out`
[INFO] [stdout]   --> src/client/bucket.rs:96:1
[INFO] [stdout]    |
[INFO] [stdout] 1  | / #![allow(unused)]
[INFO] [stdout] 2  | | extern crate r#cloud_storage;
[INFO] [stdout] 3  | | #[tokio::main]
[INFO] [stdout] 4  | | async fn main() -> Result<(), Box<dyn std::error::Error>> {
[INFO] [stdout] ...  |
[INFO] [stdout] 18 | | Ok(())
[INFO] [stdout] 19 | | }
[INFO] [stdout]    | |_^ consider adding a `main` function at the crate level
[INFO] [stdout] 
[INFO] [stdout] error: aborting due to 2 previous errors
[INFO] [stdout] 
[INFO] [stdout] For more information about this error, try `rustc --explain E0601`.
[INFO] [stdout] Couldn't compile the test.
[INFO] [stdout] ---- src/client/object.rs - client::object::ObjectClient::delete (line 388) stdout ----
[INFO] [stdout] error: The default runtime flavor is `multi_thread`, but the `rt-multi-thread` feature is disabled.
[INFO] [stdout]  --> src/client/object.rs:389:1
[INFO] [stdout]   |
[INFO] [stdout] 3 | #[tokio::main]
[INFO] [stdout]   | ^^^^^^^^^^^^^^
[INFO] [stdout]   |
[INFO] [stdout]   = note: this error originates in the attribute macro `tokio::main` (in Nightly builds, run with -Z macro-backtrace for more info)
[INFO] [stdout] 
[INFO] [stdout] error[E0601]: `main` function not found in crate `rust_out`
[INFO] [stdout]   --> src/client/object.rs:387:1
[INFO] [stdout]    |
[INFO] [stdout] 1  | / #![allow(unused)]
[INFO] [stdout] 2  | | extern crate r#cloud_storage;
[INFO] [stdout] 3  | | #[tokio::main]
[INFO] [stdout] 4  | | async fn main() -> Result<(), Box<dyn std::error::Error>> {
[INFO] [stdout] ...  |
[INFO] [stdout] 10 | | Ok(())
[INFO] [stdout] 11 | | }
[INFO] [stdout]    | |_^ consider adding a `main` function at the crate level
[INFO] [stdout] 
[INFO] [stdout] error: aborting due to 2 previous errors
[INFO] [stdout] 
[INFO] [stdout] For more information about this error, try `rustc --explain E0601`.
[INFO] [stdout] Couldn't compile the test.
[INFO] [stdout] ---- src/client/bucket_access_control.rs - client::bucket_access_control::BucketAccessControlClient::create (line 21) stdout ----
[INFO] [stdout] error: The default runtime flavor is `multi_thread`, but the `rt-multi-thread` feature is disabled.
[INFO] [stdout]  --> src/client/bucket_access_control.rs:22:1
[INFO] [stdout]   |
[INFO] [stdout] 3 | #[tokio::main]
[INFO] [stdout]   | ^^^^^^^^^^^^^^
[INFO] [stdout]   |
[INFO] [stdout]   = note: this error originates in the attribute macro `tokio::main` (in Nightly builds, run with -Z macro-backtrace for more info)
[INFO] [stdout] 
[INFO] [stdout] error[E0601]: `main` function not found in crate `rust_out`
[INFO] [stdout]   --> src/client/bucket_access_control.rs:20:1
[INFO] [stdout]    |
[INFO] [stdout] 1  | / #![allow(unused)]
[INFO] [stdout] 2  | | extern crate r#cloud_storage;
[INFO] [stdout] 3  | | #[tokio::main]
[INFO] [stdout] 4  | | async fn main() -> Result<(), Box<dyn std::error::Error>> {
[INFO] [stdout] ...  |
[INFO] [stdout] 15 | | Ok(())
[INFO] [stdout] 16 | | }
[INFO] [stdout]    | |_^ consider adding a `main` function at the crate level
[INFO] [stdout] 
[INFO] [stdout] error: aborting due to 2 previous errors
[INFO] [stdout] 
[INFO] [stdout] For more information about this error, try `rustc --explain E0601`.
[INFO] [stdout] Couldn't compile the test.
[INFO] [stdout] ---- src/client/hmac_key.rs - client::hmac_key::HmacKeyClient::create (line 19) stdout ----
[INFO] [stdout] error: The default runtime flavor is `multi_thread`, but the `rt-multi-thread` feature is disabled.
[INFO] [stdout]  --> src/client/hmac_key.rs:20:1
[INFO] [stdout]   |
[INFO] [stdout] 3 | #[tokio::main]
[INFO] [stdout]   | ^^^^^^^^^^^^^^
[INFO] [stdout]   |
[INFO] [stdout]   = note: this error originates in the attribute macro `tokio::main` (in Nightly builds, run with -Z macro-backtrace for more info)
[INFO] [stdout] 
[INFO] [stdout] error[E0601]: `main` function not found in crate `rust_out`
[INFO] [stdout]   --> src/client/hmac_key.rs:18:1
[INFO] [stdout]    |
[INFO] [stdout] 1  | / #![allow(unused)]
[INFO] [stdout] 2  | | extern crate r#cloud_storage;
[INFO] [stdout] 3  | | #[tokio::main]
[INFO] [stdout] 4  | | async fn main() -> Result<(), Box<dyn std::error::Error>> {
[INFO] [stdout] ...  |
[INFO] [stdout] 13 | | Ok(())
[INFO] [stdout] 14 | | }
[INFO] [stdout]    | |_^ consider adding a `main` function at the crate level
[INFO] [stdout] 
[INFO] [stdout] error: aborting due to 2 previous errors
[INFO] [stdout] 
[INFO] [stdout] For more information about this error, try `rustc --explain E0601`.
[INFO] [stdout] Couldn't compile the test.
[INFO] [stdout] ---- src/client/object.rs - client::object::ObjectClient::create_streamed (line 71) stdout ----
[INFO] [stdout] error: The default runtime flavor is `multi_thread`, but the `rt-multi-thread` feature is disabled.
[INFO] [stdout]  --> src/client/object.rs:72:1
[INFO] [stdout]   |
[INFO] [stdout] 3 | #[tokio::main]
[INFO] [stdout]   | ^^^^^^^^^^^^^^
[INFO] [stdout]   |
[INFO] [stdout]   = note: this error originates in the attribute macro `tokio::main` (in Nightly builds, run with -Z macro-backtrace for more info)
[INFO] [stdout] 
[INFO] [stdout] error[E0601]: `main` function not found in crate `rust_out`
[INFO] [stdout]   --> src/client/object.rs:70:1
[INFO] [stdout]    |
[INFO] [stdout] 1  | / #![allow(unused)]
[INFO] [stdout] 2  | | extern crate r#cloud_storage;
[INFO] [stdout] 3  | | #[tokio::main]
[INFO] [stdout] 4  | | async fn main() -> Result<(), Box<dyn std::error::Error>> {
[INFO] [stdout] ...  |
[INFO] [stdout] 15 | | Ok(())
[INFO] [stdout] 16 | | }
[INFO] [stdout]    | |_^ consider adding a `main` function at the crate level
[INFO] [stdout] 
[INFO] [stdout] error: aborting due to 2 previous errors
[INFO] [stdout] 
[INFO] [stdout] For more information about this error, try `rustc --explain E0601`.
[INFO] [stdout] Couldn't compile the test.
[INFO] [stdout] ---- src/client/object.rs - client::object::ObjectClient::compose (line 422) stdout ----
[INFO] [stdout] error: The default runtime flavor is `multi_thread`, but the `rt-multi-thread` feature is disabled.
[INFO] [stdout]  --> src/client/object.rs:423:1
[INFO] [stdout]   |
[INFO] [stdout] 3 | #[tokio::main]
[INFO] [stdout]   | ^^^^^^^^^^^^^^
[INFO] [stdout]   |
[INFO] [stdout]   = note: this error originates in the attribute macro `tokio::main` (in Nightly builds, run with -Z macro-backtrace for more info)
[INFO] [stdout] 
[INFO] [stdout] error[E0601]: `main` function not found in crate `rust_out`
[INFO] [stdout]   --> src/client/object.rs:421:1
[INFO] [stdout]    |
[INFO] [stdout] 1  | / #![allow(unused)]
[INFO] [stdout] 2  | | extern crate r#cloud_storage;
[INFO] [stdout] 3  | | #[tokio::main]
[INFO] [stdout] 4  | | async fn main() -> Result<(), Box<dyn std::error::Error>> {
[INFO] [stdout] ...  |
[INFO] [stdout] 29 | | Ok(())
[INFO] [stdout] 30 | | }
[INFO] [stdout]    | |_^ consider adding a `main` function at the crate level
[INFO] [stdout] 
[INFO] [stdout] error: aborting due to 2 previous errors
[INFO] [stdout] 
[INFO] [stdout] For more information about this error, try `rustc --explain E0601`.
[INFO] [stdout] Couldn't compile the test.
[INFO] [stdout] ---- src/client/default_object_access_control.rs - client::default_object_access_control::DefaultObjectAccessControlClient::update (line 160) stdout ----
[INFO] [stdout] error: The default runtime flavor is `multi_thread`, but the `rt-multi-thread` feature is disabled.
[INFO] [stdout]  --> src/client/default_object_access_control.rs:161:1
[INFO] [stdout]   |
[INFO] [stdout] 3 | #[tokio::main]
[INFO] [stdout]   | ^^^^^^^^^^^^^^
[INFO] [stdout]   |
[INFO] [stdout]   = note: this error originates in the attribute macro `tokio::main` (in Nightly builds, run with -Z macro-backtrace for more info)
[INFO] [stdout] 
[INFO] [stdout] error[E0601]: `main` function not found in crate `rust_out`
[INFO] [stdout]   --> src/client/default_object_access_control.rs:159:1
[INFO] [stdout]    |
[INFO] [stdout] 1  | / #![allow(unused)]
[INFO] [stdout] 2  | | extern crate r#cloud_storage;
[INFO] [stdout] 3  | | #[tokio::main]
[INFO] [stdout] 4  | | async fn main() -> Result<(), Box<dyn std::error::Error>> {
[INFO] [stdout] ...  |
[INFO] [stdout] 12 | | Ok(())
[INFO] [stdout] 13 | | }
[INFO] [stdout]    | |_^ consider adding a `main` function at the crate level
[INFO] [stdout] 
[INFO] [stdout] error: aborting due to 2 previous errors
[INFO] [stdout] 
[INFO] [stdout] For more information about this error, try `rustc --explain E0601`.
[INFO] [stdout] Couldn't compile the test.
[INFO] [stdout] ---- src/client/hmac_key.rs - client::hmac_key::HmacKeyClient::list (line 70) stdout ----
[INFO] [stdout] error: The default runtime flavor is `multi_thread`, but the `rt-multi-thread` feature is disabled.
[INFO] [stdout]  --> src/client/hmac_key.rs:71:1
[INFO] [stdout]   |
[INFO] [stdout] 3 | #[tokio::main]
[INFO] [stdout]   | ^^^^^^^^^^^^^^
[INFO] [stdout]   |
[INFO] [stdout]   = note: this error originates in the attribute macro `tokio::main` (in Nightly builds, run with -Z macro-backtrace for more info)
[INFO] [stdout] 
[INFO] [stdout] error[E0601]: `main` function not found in crate `rust_out`
[INFO] [stdout]   --> src/client/hmac_key.rs:69:1
[INFO] [stdout]    |
[INFO] [stdout] 1  | / #![allow(unused)]
[INFO] [stdout] 2  | | extern crate r#cloud_storage;
[INFO] [stdout] 3  | | #[tokio::main]
[INFO] [stdout] 4  | | async fn main() -> Result<(), Box<dyn std::error::Error>> {
[INFO] [stdout] ...  |
[INFO] [stdout] 10 | | Ok(())
[INFO] [stdout] 11 | | }
[INFO] [stdout]    | |_^ consider adding a `main` function at the crate level
[INFO] [stdout] 
[INFO] [stdout] error: aborting due to 2 previous errors
[INFO] [stdout] 
[INFO] [stdout] For more information about this error, try `rustc --explain E0601`.
[INFO] [stdout] Couldn't compile the test.
[INFO] [stdout] ---- src/client/hmac_key.rs - client::hmac_key::HmacKeyClient::delete (line 205) stdout ----
[INFO] [stdout] error: The default runtime flavor is `multi_thread`, but the `rt-multi-thread` feature is disabled.
[INFO] [stdout]  --> src/client/hmac_key.rs:206:1
[INFO] [stdout]   |
[INFO] [stdout] 3 | #[tokio::main]
[INFO] [stdout]   | ^^^^^^^^^^^^^^
[INFO] [stdout]   |
[INFO] [stdout]   = note: this error originates in the attribute macro `tokio::main` (in Nightly builds, run with -Z macro-backtrace for more info)
[INFO] [stdout] 
[INFO] [stdout] error[E0601]: `main` function not found in crate `rust_out`
[INFO] [stdout]   --> src/client/hmac_key.rs:204:1
[INFO] [stdout]    |
[INFO] [stdout] 1  | / #![allow(unused)]
[INFO] [stdout] 2  | | extern crate r#cloud_storage;
[INFO] [stdout] 3  | | #[tokio::main]
[INFO] [stdout] 4  | | async fn main() -> Result<(), Box<dyn std::error::Error>> {
[INFO] [stdout] ...  |
[INFO] [stdout] 11 | | Ok(())
[INFO] [stdout] 12 | | }
[INFO] [stdout]    | |_^ consider adding a `main` function at the crate level
[INFO] [stdout] 
[INFO] [stdout] error: aborting due to 2 previous errors
[INFO] [stdout] 
[INFO] [stdout] For more information about this error, try `rustc --explain E0601`.
[INFO] [stdout] Couldn't compile the test.
[INFO] [stdout] ---- src/client/object.rs - client::object::ObjectClient::create (line 22) stdout ----
[INFO] [stdout] error: The default runtime flavor is `multi_thread`, but the `rt-multi-thread` feature is disabled.
[INFO] [stdout]  --> src/client/object.rs:23:1
[INFO] [stdout]   |
[INFO] [stdout] 3 | #[tokio::main]
[INFO] [stdout]   | ^^^^^^^^^^^^^^
[INFO] [stdout]   |
[INFO] [stdout]   = note: this error originates in the attribute macro `tokio::main` (in Nightly builds, run with -Z macro-backtrace for more info)
[INFO] [stdout] 
[INFO] [stdout] error[E0601]: `main` function not found in crate `rust_out`
[INFO] [stdout]   --> src/client/object.rs:21:1
[INFO] [stdout]    |
[INFO] [stdout] 1  | / #![allow(unused)]
[INFO] [stdout] 2  | | extern crate r#cloud_storage;
[INFO] [stdout] 3  | | #[tokio::main]
[INFO] [stdout] 4  | | async fn main() -> Result<(), Box<dyn std::error::Error>> {
[INFO] [stdout] ...  |
[INFO] [stdout] 12 | | Ok(())
[INFO] [stdout] 13 | | }
[INFO] [stdout]    | |_^ consider adding a `main` function at the crate level
[INFO] [stdout] 
[INFO] [stdout] error: aborting due to 2 previous errors
[INFO] [stdout] 
[INFO] [stdout] For more information about this error, try `rustc --explain E0601`.
[INFO] [stdout] Couldn't compile the test.
[INFO] [stdout] ---- src/client/hmac_key.rs - client::hmac_key::HmacKeyClient::update (line 163) stdout ----
[INFO] [stdout] error: The default runtime flavor is `multi_thread`, but the `rt-multi-thread` feature is disabled.
[INFO] [stdout]  --> src/client/hmac_key.rs:164:1
[INFO] [stdout]   |
[INFO] [stdout] 3 | #[tokio::main]
[INFO] [stdout]   | ^^^^^^^^^^^^^^
[INFO] [stdout]   |
[INFO] [stdout]   = note: this error originates in the attribute macro `tokio::main` (in Nightly builds, run with -Z macro-backtrace for more info)
[INFO] [stdout] 
[INFO] [stdout] error[E0601]: `main` function not found in crate `rust_out`
[INFO] [stdout]   --> src/client/hmac_key.rs:162:1
[INFO] [stdout]    |
[INFO] [stdout] 1  | / #![allow(unused)]
[INFO] [stdout] 2  | | extern crate r#cloud_storage;
[INFO] [stdout] 3  | | #[tokio::main]
[INFO] [stdout] 4  | | async fn main() -> Result<(), Box<dyn std::error::Error>> {
[INFO] [stdout] ...  |
[INFO] [stdout] 10 | | Ok(())
[INFO] [stdout] 11 | | }
[INFO] [stdout]    | |_^ consider adding a `main` function at the crate level
[INFO] [stdout] 
[INFO] [stdout] error: aborting due to 2 previous errors
[INFO] [stdout] 
[INFO] [stdout] For more information about this error, try `rustc --explain E0601`.
[INFO] [stdout] Couldn't compile the test.
[INFO] [stdout] ---- src/client/default_object_access_control.rs - client::default_object_access_control::DefaultObjectAccessControlClient::read (line 114) stdout ----
[INFO] [stdout] error: The default runtime flavor is `multi_thread`, but the `rt-multi-thread` feature is disabled.
[INFO] [stdout]  --> src/client/default_object_access_control.rs:115:1
[INFO] [stdout]   |
[INFO] [stdout] 3 | #[tokio::main]
[INFO] [stdout]   | ^^^^^^^^^^^^^^
[INFO] [stdout]   |
[INFO] [stdout]   = note: this error originates in the attribute macro `tokio::main` (in Nightly builds, run with -Z macro-backtrace for more info)
[INFO] [stdout] 
[INFO] [stdout] error[E0601]: `main` function not found in crate `rust_out`
[INFO] [stdout]   --> src/client/default_object_access_control.rs:113:1
[INFO] [stdout]    |
[INFO] [stdout] 1  | / #![allow(unused)]
[INFO] [stdout] 2  | | extern crate r#cloud_storage;
[INFO] [stdout] 3  | | #[tokio::main]
[INFO] [stdout] 4  | | async fn main() -> Result<(), Box<dyn std::error::Error>> {
[INFO] [stdout] ...  |
[INFO] [stdout] 10 | | Ok(())
[INFO] [stdout] 11 | | }
[INFO] [stdout]    | |_^ consider adding a `main` function at the crate level
[INFO] [stdout] 
[INFO] [stdout] error: aborting due to 2 previous errors
[INFO] [stdout] 
[INFO] [stdout] For more information about this error, try `rustc --explain E0601`.
[INFO] [stdout] Couldn't compile the test.
[INFO] [stdout] ---- src/client/object.rs - client::object::ObjectClient::copy (line 482) stdout ----
[INFO] [stdout] error: The default runtime flavor is `multi_thread`, but the `rt-multi-thread` feature is disabled.
[INFO] [stdout]  --> src/client/object.rs:483:1
[INFO] [stdout]   |
[INFO] [stdout] 3 | #[tokio::main]
[INFO] [stdout]   | ^^^^^^^^^^^^^^
[INFO] [stdout]   |
[INFO] [stdout]   = note: this error originates in the attribute macro `tokio::main` (in Nightly builds, run with -Z macro-backtrace for more info)
[INFO] [stdout] 
[INFO] [stdout] error[E0601]: `main` function not found in crate `rust_out`
[INFO] [stdout]   --> src/client/object.rs:481:1
[INFO] [stdout]    |
[INFO] [stdout] 1  | / #![allow(unused)]
[INFO] [stdout] 2  | | extern crate r#cloud_storage;
[INFO] [stdout] 3  | | #[tokio::main]
[INFO] [stdout] 4  | | async fn main() -> Result<(), Box<dyn std::error::Error>> {
[INFO] [stdout] ...  |
[INFO] [stdout] 12 | | Ok(())
[INFO] [stdout] 13 | | }
[INFO] [stdout]    | |_^ consider adding a `main` function at the crate level
[INFO] [stdout] 
[INFO] [stdout] error: aborting due to 2 previous errors
[INFO] [stdout] 
[INFO] [stdout] For more information about this error, try `rustc --explain E0601`.
[INFO] [stdout] Couldn't compile the test.
[INFO] [stdout] ---- src/client/object.rs - client::object::ObjectClient::download (line 267) stdout ----
[INFO] [stdout] error: The default runtime flavor is `multi_thread`, but the `rt-multi-thread` feature is disabled.
[INFO] [stdout]  --> src/client/object.rs:268:1
[INFO] [stdout]   |
[INFO] [stdout] 3 | #[tokio::main]
[INFO] [stdout]   | ^^^^^^^^^^^^^^
[INFO] [stdout]   |
[INFO] [stdout]   = note: this error originates in the attribute macro `tokio::main` (in Nightly builds, run with -Z macro-backtrace for more info)
[INFO] [stdout] 
[INFO] [stdout] error[E0601]: `main` function not found in crate `rust_out`
[INFO] [stdout]   --> src/client/object.rs:266:1
[INFO] [stdout]    |
[INFO] [stdout] 1  | / #![allow(unused)]
[INFO] [stdout] 2  | | extern crate r#cloud_storage;
[INFO] [stdout] 3  | | #[tokio::main]
[INFO] [stdout] 4  | | async fn main() -> Result<(), Box<dyn std::error::Error>> {
[INFO] [stdout] ...  |
[INFO] [stdout] 10 | | Ok(())
[INFO] [stdout] 11 | | }
[INFO] [stdout]    | |_^ consider adding a `main` function at the crate level
[INFO] [stdout] 
[INFO] [stdout] error: aborting due to 2 previous errors
[INFO] [stdout] 
[INFO] [stdout] For more information about this error, try `rustc --explain E0601`.
[INFO] [stdout] Couldn't compile the test.
[INFO] [stdout] ---- src/lib.rs - (line 52) stdout ----
[INFO] [stdout] error: The default runtime flavor is `multi_thread`, but the `rt-multi-thread` feature is disabled.
[INFO] [stdout]  --> src/lib.rs:56:1
[INFO] [stdout]   |
[INFO] [stdout] 6 | #[tokio::main]
[INFO] [stdout]   | ^^^^^^^^^^^^^^
[INFO] [stdout]   |
[INFO] [stdout]   = note: this error originates in the attribute macro `tokio::main` (in Nightly builds, run with -Z macro-backtrace for more info)
[INFO] [stdout] 
[INFO] [stdout] error[E0601]: `main` function not found in crate `rust_out`
[INFO] [stdout]   --> src/lib.rs:51:1
[INFO] [stdout]    |
[INFO] [stdout] 1  | / #![allow(unused)]
[INFO] [stdout] 2  | | extern crate r#cloud_storage;
[INFO] [stdout] 3  | | use cloud_storage::{Client, Object};
[INFO] [stdout] 4  | | use std::fs::File;
[INFO] [stdout] ...  |
[INFO] [stdout] 14 | | Ok(())
[INFO] [stdout] 15 | | }
[INFO] [stdout]    | |_^ consider adding a `main` function at the crate level
[INFO] [stdout] 
[INFO] [stdout] error: aborting due to 2 previous errors
[INFO] [stdout] 
[INFO] [stdout] For more information about this error, try `rustc --explain E0601`.
[INFO] [stdout] Couldn't compile the test.
[INFO] [stdout] ---- src/client/object.rs - client::object::ObjectClient::read (line 232) stdout ----
[INFO] [stdout] error: The default runtime flavor is `multi_thread`, but the `rt-multi-thread` feature is disabled.
[INFO] [stdout]  --> src/client/object.rs:233:1
[INFO] [stdout]   |
[INFO] [stdout] 3 | #[tokio::main]
[INFO] [stdout]   | ^^^^^^^^^^^^^^
[INFO] [stdout]   |
[INFO] [stdout]   = note: this error originates in the attribute macro `tokio::main` (in Nightly builds, run with -Z macro-backtrace for more info)
[INFO] [stdout] 
[INFO] [stdout] error[E0601]: `main` function not found in crate `rust_out`
[INFO] [stdout]   --> src/client/object.rs:231:1
[INFO] [stdout]    |
[INFO] [stdout] 1  | / #![allow(unused)]
[INFO] [stdout] 2  | | extern crate r#cloud_storage;
[INFO] [stdout] 3  | | #[tokio::main]
[INFO] [stdout] 4  | | async fn main() -> Result<(), Box<dyn std::error::Error>> {
[INFO] [stdout] ...  |
[INFO] [stdout] 10 | | Ok(())
[INFO] [stdout] 11 | | }
[INFO] [stdout]    | |_^ consider adding a `main` function at the crate level
[INFO] [stdout] 
[INFO] [stdout] error: aborting due to 2 previous errors
[INFO] [stdout] 
[INFO] [stdout] For more information about this error, try `rustc --explain E0601`.
[INFO] [stdout] Couldn't compile the test.
[INFO] [stdout] ---- src/client/object.rs - client::object::ObjectClient::download_streamed (line 302) stdout ----
[INFO] [stdout] error: The default runtime flavor is `multi_thread`, but the `rt-multi-thread` feature is disabled.
[INFO] [stdout]  --> src/client/object.rs:303:1
[INFO] [stdout]   |
[INFO] [stdout] 3 | #[tokio::main]
[INFO] [stdout]   | ^^^^^^^^^^^^^^
[INFO] [stdout]   |
[INFO] [stdout]   = note: this error originates in the attribute macro `tokio::main` (in Nightly builds, run with -Z macro-backtrace for more info)
[INFO] [stdout] 
[INFO] [stdout] error[E0601]: `main` function not found in crate `rust_out`
[INFO] [stdout]   --> src/client/object.rs:301:1
[INFO] [stdout]    |
[INFO] [stdout] 1  | / #![allow(unused)]
[INFO] [stdout] 2  | | extern crate r#cloud_storage;
[INFO] [stdout] 3  | | #[tokio::main]
[INFO] [stdout] 4  | | async fn main() -> Result<(), Box<dyn std::error::Error>> {
[INFO] [stdout] ...  |
[INFO] [stdout] 17 | | Ok(())
[INFO] [stdout] 18 | | }
[INFO] [stdout]    | |_^ consider adding a `main` function at the crate level
[INFO] [stdout] 
[INFO] [stdout] error: aborting due to 2 previous errors
[INFO] [stdout] 
[INFO] [stdout] For more information about this error, try `rustc --explain E0601`.
[INFO] [stdout] Couldn't compile the test.
[INFO] [stdout] ---- src/client/object.rs - client::object::ObjectClient::rewrite (line 537) stdout ----
[INFO] [stdout] error: The default runtime flavor is `multi_thread`, but the `rt-multi-thread` feature is disabled.
[INFO] [stdout]  --> src/client/object.rs:538:1
[INFO] [stdout]   |
[INFO] [stdout] 3 | #[tokio::main]
[INFO] [stdout]   | ^^^^^^^^^^^^^^
[INFO] [stdout]   |
[INFO] [stdout]   = note: this error originates in the attribute macro `tokio::main` (in Nightly builds, run with -Z macro-backtrace for more info)
[INFO] [stdout] 
[INFO] [stdout] error[E0601]: `main` function not found in crate `rust_out`
[INFO] [stdout]   --> src/client/object.rs:536:1
[INFO] [stdout]    |
[INFO] [stdout] 1  | / #![allow(unused)]
[INFO] [stdout] 2  | | extern crate r#cloud_storage;
[INFO] [stdout] 3  | | #[tokio::main]
[INFO] [stdout] 4  | | async fn main() -> Result<(), Box<dyn std::error::Error>> {
[INFO] [stdout] ...  |
[INFO] [stdout] 12 | | Ok(())
[INFO] [stdout] 13 | | }
[INFO] [stdout]    | |_^ consider adding a `main` function at the crate level
[INFO] [stdout] 
[INFO] [stdout] error: aborting due to 2 previous errors
[INFO] [stdout] 
[INFO] [stdout] For more information about this error, try `rustc --explain E0601`.
[INFO] [stdout] Couldn't compile the test.
[INFO] [stdout] ---- src/lib.rs - (line 68) stdout ----
[INFO] [stdout] error: The default runtime flavor is `multi_thread`, but the `rt-multi-thread` feature is disabled.
[INFO] [stdout]  --> src/lib.rs:70:1
[INFO] [stdout]   |
[INFO] [stdout] 4 | #[tokio::main]
[INFO] [stdout]   | ^^^^^^^^^^^^^^
[INFO] [stdout]   |
[INFO] [stdout]   = note: this error originates in the attribute macro `tokio::main` (in Nightly builds, run with -Z macro-backtrace for more info)
[INFO] [stdout] 
[INFO] [stdout] error[E0601]: `main` function not found in crate `rust_out`
[INFO] [stdout]   --> src/lib.rs:67:1
[INFO] [stdout]    |
[INFO] [stdout] 1  | / #![allow(unused)]
[INFO] [stdout] 2  | | extern crate r#cloud_storage;
[INFO] [stdout] 3  | | use cloud_storage::{Client, Object};
[INFO] [stdout] 4  | | #[tokio::main]
[INFO] [stdout] ...  |
[INFO] [stdout] 10 | | Ok(())
[INFO] [stdout] 11 | | }
[INFO] [stdout]    | |_^ consider adding a `main` function at the crate level
[INFO] [stdout] 
[INFO] [stdout] error: aborting due to 2 previous errors
[INFO] [stdout] 
[INFO] [stdout] For more information about this error, try `rustc --explain E0601`.
[INFO] [stdout] Couldn't compile the test.
[INFO] [stdout] ---- src/client/object.rs - client::object::ObjectClient::list (line 132) stdout ----
[INFO] [stdout] error: The default runtime flavor is `multi_thread`, but the `rt-multi-thread` feature is disabled.
[INFO] [stdout]  --> src/client/object.rs:133:1
[INFO] [stdout]   |
[INFO] [stdout] 3 | #[tokio::main]
[INFO] [stdout]   | ^^^^^^^^^^^^^^
[INFO] [stdout]   |
[INFO] [stdout]   = note: this error originates in the attribute macro `tokio::main` (in Nightly builds, run with -Z macro-backtrace for more info)
[INFO] [stdout] 
[INFO] [stdout] error[E0601]: `main` function not found in crate `rust_out`
[INFO] [stdout]   --> src/client/object.rs:131:1
[INFO] [stdout]    |
[INFO] [stdout] 1  | / #![allow(unused)]
[INFO] [stdout] 2  | | extern crate r#cloud_storage;
[INFO] [stdout] 3  | | #[tokio::main]
[INFO] [stdout] 4  | | async fn main() -> Result<(), Box<dyn std::error::Error>> {
[INFO] [stdout] ...  |
[INFO] [stdout] 10 | | Ok(())
[INFO] [stdout] 11 | | }
[INFO] [stdout]    | |_^ consider adding a `main` function at the crate level
[INFO] [stdout] 
[INFO] [stdout] error: aborting due to 2 previous errors
[INFO] [stdout] 
[INFO] [stdout] For more information about this error, try `rustc --explain E0601`.
[INFO] [stdout] Couldn't compile the test.
[INFO] [stdout] ---- src/resources/object.rs - resources::object::Object::download_url (line 639) stdout ----
[INFO] [stdout] error: The default runtime flavor is `multi_thread`, but the `rt-multi-thread` feature is disabled.
[INFO] [stdout]  --> src/resources/object.rs:640:1
[INFO] [stdout]   |
[INFO] [stdout] 3 | #[tokio::main]
[INFO] [stdout]   | ^^^^^^^^^^^^^^
[INFO] [stdout]   |
[INFO] [stdout]   = note: this error originates in the attribute macro `tokio::main` (in Nightly builds, run with -Z macro-backtrace for more info)
[INFO] [stdout] 
[INFO] [stdout] error[E0601]: `main` function not found in crate `rust_out`
[INFO] [stdout]   --> src/resources/object.rs:638:1
[INFO] [stdout]    |
[INFO] [stdout] 1  | / #![allow(unused)]
[INFO] [stdout] 2  | | extern crate r#cloud_storage;
[INFO] [stdout] 3  | | #[tokio::main]
[INFO] [stdout] 4  | | async fn main() -> Result<(), Box<dyn std::error::Error>> {
[INFO] [stdout] ...  |
[INFO] [stdout] 12 | | Ok(())
[INFO] [stdout] 13 | | }
[INFO] [stdout]    | |_^ consider adding a `main` function at the crate level
[INFO] [stdout] 
[INFO] [stdout] error: aborting due to 2 previous errors
[INFO] [stdout] 
[INFO] [stdout] For more information about this error, try `rustc --explain E0601`.
[INFO] [stdout] Couldn't compile the test.
[INFO] [stdout] ---- src/client/object.rs - client::object::ObjectClient::update (line 350) stdout ----
[INFO] [stdout] error: The default runtime flavor is `multi_thread`, but the `rt-multi-thread` feature is disabled.
[INFO] [stdout]  --> src/client/object.rs:351:1
[INFO] [stdout]   |
[INFO] [stdout] 3 | #[tokio::main]
[INFO] [stdout]   | ^^^^^^^^^^^^^^
[INFO] [stdout]   |
[INFO] [stdout]   = note: this error originates in the attribute macro `tokio::main` (in Nightly builds, run with -Z macro-backtrace for more info)
[INFO] [stdout] 
[INFO] [stdout] error[E0601]: `main` function not found in crate `rust_out`
[INFO] [stdout]   --> src/client/object.rs:349:1
[INFO] [stdout]    |
[INFO] [stdout] 1  | / #![allow(unused)]
[INFO] [stdout] 2  | | extern crate r#cloud_storage;
[INFO] [stdout] 3  | | #[tokio::main]
[INFO] [stdout] 4  | | async fn main() -> Result<(), Box<dyn std::error::Error>> {
[INFO] [stdout] ...  |
[INFO] [stdout] 12 | | Ok(())
[INFO] [stdout] 13 | | }
[INFO] [stdout]    | |_^ consider adding a `main` function at the crate level
[INFO] [stdout] 
[INFO] [stdout] error: aborting due to 2 previous errors
[INFO] [stdout] 
[INFO] [stdout] For more information about this error, try `rustc --explain E0601`.
[INFO] [stdout] Couldn't compile the test.
[INFO] [stdout] ---- src/resources/object.rs - resources::object::Object::download_url_with (line 660) stdout ----
[INFO] [stdout] error: The default runtime flavor is `multi_thread`, but the `rt-multi-thread` feature is disabled.
[INFO] [stdout]  --> src/resources/object.rs:661:1
[INFO] [stdout]   |
[INFO] [stdout] 3 | #[tokio::main]
[INFO] [stdout]   | ^^^^^^^^^^^^^^
[INFO] [stdout]   |
[INFO] [stdout]   = note: this error originates in the attribute macro `tokio::main` (in Nightly builds, run with -Z macro-backtrace for more info)
[INFO] [stdout] 
[INFO] [stdout] error[E0601]: `main` function not found in crate `rust_out`
[INFO] [stdout]   --> src/resources/object.rs:659:1
[INFO] [stdout]    |
[INFO] [stdout] 1  | / #![allow(unused)]
[INFO] [stdout] 2  | | extern crate r#cloud_storage;
[INFO] [stdout] 3  | | #[tokio::main]
[INFO] [stdout] 4  | | async fn main() -> Result<(), Box<dyn std::error::Error>> {
[INFO] [stdout] ...  |
[INFO] [stdout] 12 | | Ok(())
[INFO] [stdout] 13 | | }
[INFO] [stdout]    | |_^ consider adding a `main` function at the crate level
[INFO] [stdout] 
[INFO] [stdout] error: aborting due to 2 previous errors
[INFO] [stdout] 
[INFO] [stdout] For more information about this error, try `rustc --explain E0601`.
[INFO] [stdout] Couldn't compile the test.
[INFO] [stdout] ---- src/lib.rs - (line 42) stdout ----
[INFO] [stdout] error: The default runtime flavor is `multi_thread`, but the `rt-multi-thread` feature is disabled.
[INFO] [stdout]  --> src/lib.rs:44:1
[INFO] [stdout]   |
[INFO] [stdout] 4 | #[tokio::main]
[INFO] [stdout]   | ^^^^^^^^^^^^^^
[INFO] [stdout]   |
[INFO] [stdout]   = note: this error originates in the attribute macro `tokio::main` (in Nightly builds, run with -Z macro-backtrace for more info)
[INFO] [stdout] 
[INFO] [stdout] error[E0601]: `main` function not found in crate `rust_out`
[INFO] [stdout]  --> src/lib.rs:41:1
[INFO] [stdout]   |
[INFO] [stdout] 1 | / #![allow(unused)]
[INFO] [stdout] 2 | | extern crate r#cloud_storage;
[INFO] [stdout] 3 | | use cloud_storage::{Client, Bucket};
[INFO] [stdout] 4 | | #[tokio::main]
[INFO] [stdout] ... |
[INFO] [stdout] 8 | | Ok(())
[INFO] [stdout] 9 | | }
[INFO] [stdout]   | |_^ consider adding a `main` function at the crate level
[INFO] [stdout] 
[INFO] [stdout] error: aborting due to 2 previous errors
[INFO] [stdout] 
[INFO] [stdout] For more information about this error, try `rustc --explain E0601`.
[INFO] [stdout] Couldn't compile the test.
[INFO] [stdout] ---- src/lib.rs - (line 80) stdout ----
[INFO] [stdout] error: The default runtime flavor is `multi_thread`, but the `rt-multi-thread` feature is disabled.
[INFO] [stdout]  --> src/lib.rs:82:1
[INFO] [stdout]   |
[INFO] [stdout] 4 | #[tokio::main]
[INFO] [stdout]   | ^^^^^^^^^^^^^^
[INFO] [stdout]   |
[INFO] [stdout]   = note: this error originates in the attribute macro `tokio::main` (in Nightly builds, run with -Z macro-backtrace for more info)
[INFO] [stdout] 
[INFO] [stdout] error[E0601]: `main` function not found in crate `rust_out`
[INFO] [stdout]  --> src/lib.rs:79:1
[INFO] [stdout]   |
[INFO] [stdout] 1 | / #![allow(unused)]
[INFO] [stdout] 2 | | extern crate r#cloud_storage;
[INFO] [stdout] 3 | | use cloud_storage::{Client, Object};
[INFO] [stdout] 4 | | #[tokio::main]
[INFO] [stdout] ... |
[INFO] [stdout] 8 | | Ok(())
[INFO] [stdout] 9 | | }
[INFO] [stdout]   | |_^ consider adding a `main` function at the crate level
[INFO] [stdout] 
[INFO] [stdout] error: aborting due to 2 previous errors
[INFO] [stdout] 
[INFO] [stdout] For more information about this error, try `rustc --explain E0601`.
[INFO] [stdout] Couldn't compile the test.
[INFO] [stdout] ---- src/lib.rs - (line 28) stdout ----
[INFO] [stdout] error: The default runtime flavor is `multi_thread`, but the `rt-multi-thread` feature is disabled.
[INFO] [stdout]  --> src/lib.rs:30:1
[INFO] [stdout]   |
[INFO] [stdout] 4 | #[tokio::main]
[INFO] [stdout]   | ^^^^^^^^^^^^^^
[INFO] [stdout]   |
[INFO] [stdout]   = note: this error originates in the attribute macro `tokio::main` (in Nightly builds, run with -Z macro-backtrace for more info)
[INFO] [stdout] 
[INFO] [stdout] error[E0601]: `main` function not found in crate `rust_out`
[INFO] [stdout]   --> src/lib.rs:27:1
[INFO] [stdout]    |
[INFO] [stdout] 1  | / #![allow(unused)]
[INFO] [stdout] 2  | | extern crate r#cloud_storage;
[INFO] [stdout] 3  | | use cloud_storage::{Client, Bucket, NewBucket};
[INFO] [stdout] 4  | | #[tokio::main]
[INFO] [stdout] ...  |
[INFO] [stdout] 12 | | Ok(())
[INFO] [stdout] 13 | | }
[INFO] [stdout]    | |_^ consider adding a `main` function at the crate level
[INFO] [stdout] 
[INFO] [stdout] error: aborting due to 2 previous errors
[INFO] [stdout] 
[INFO] [stdout] For more information about this error, try `rustc --explain E0601`.
[INFO] [stdout] Couldn't compile the test.
[INFO] [stdout] ---- src/resources/object.rs - resources::object::Object::upload_url (line 691) stdout ----
[INFO] [stdout] error: The default runtime flavor is `multi_thread`, but the `rt-multi-thread` feature is disabled.
[INFO] [stdout]  --> src/resources/object.rs:692:1
[INFO] [stdout]   |
[INFO] [stdout] 3 | #[tokio::main]
[INFO] [stdout]   | ^^^^^^^^^^^^^^
[INFO] [stdout]   |
[INFO] [stdout]   = note: this error originates in the attribute macro `tokio::main` (in Nightly builds, run with -Z macro-backtrace for more info)
[INFO] [stdout] 
[INFO] [stdout] error[E0601]: `main` function not found in crate `rust_out`
[INFO] [stdout]   --> src/resources/object.rs:690:1
[INFO] [stdout]    |
[INFO] [stdout] 1  | / #![allow(unused)]
[INFO] [stdout] 2  | | extern crate r#cloud_storage;
[INFO] [stdout] 3  | | #[tokio::main]
[INFO] [stdout] 4  | | async fn main() -> Result<(), Box<dyn std::error::Error>> {
[INFO] [stdout] ...  |
[INFO] [stdout] 12 | | Ok(())
[INFO] [stdout] 13 | | }
[INFO] [stdout]    | |_^ consider adding a `main` function at the crate level
[INFO] [stdout] 
[INFO] [stdout] error: aborting due to 2 previous errors
[INFO] [stdout] 
[INFO] [stdout] For more information about this error, try `rustc --explain E0601`.
[INFO] [stdout] Couldn't compile the test.
[INFO] [stdout] ---- src/resources/object.rs - resources::object::Object::upload_url_with (line 712) stdout ----
[INFO] [stdout] error: The default runtime flavor is `multi_thread`, but the `rt-multi-thread` feature is disabled.
[INFO] [stdout]  --> src/resources/object.rs:713:1
[INFO] [stdout]   |
[INFO] [stdout] 3 | #[tokio::main]
[INFO] [stdout]   | ^^^^^^^^^^^^^^
[INFO] [stdout]   |
[INFO] [stdout]   = note: this error originates in the attribute macro `tokio::main` (in Nightly builds, run with -Z macro-backtrace for more info)
[INFO] [stdout] 
[INFO] [stdout] error[E0601]: `main` function not found in crate `rust_out`
[INFO] [stdout]   --> src/resources/object.rs:711:1
[INFO] [stdout]    |
[INFO] [stdout] 1  | / #![allow(unused)]
[INFO] [stdout] 2  | | extern crate r#cloud_storage;
[INFO] [stdout] 3  | | #[tokio::main]
[INFO] [stdout] 4  | | async fn main() -> Result<(), Box<dyn std::error::Error>> {
[INFO] [stdout] ...  |
[INFO] [stdout] 15 | | Ok(())
[INFO] [stdout] 16 | | }
[INFO] [stdout]    | |_^ consider adding a `main` function at the crate level
[INFO] [stdout] 
[INFO] [stdout] error: aborting due to 2 previous errors
[INFO] [stdout] 
[INFO] [stdout] For more information about this error, try `rustc --explain E0601`.
[INFO] [stdout] Couldn't compile the test.
[INFO] [stdout] 
[INFO] [stdout] failures:
[INFO] [stdout]     src/client/bucket.rs - client::bucket::BucketClient::create (line 19)
[INFO] [stdout]     src/client/bucket.rs - client::bucket::BucketClient::delete (line 191)
[INFO] [stdout]     src/client/bucket.rs - client::bucket::BucketClient::get_iam_policy (line 228)
[INFO] [stdout]     src/client/bucket.rs - client::bucket::BucketClient::list (line 64)
[INFO] [stdout]     src/client/bucket.rs - client::bucket::BucketClient::read (line 97)
[INFO] [stdout]     src/client/bucket.rs - client::bucket::BucketClient::set_iam_policy (line 267)
[INFO] [stdout]     src/client/bucket.rs - client::bucket::BucketClient::test_iam_permission (line 323)
[INFO] [stdout]     src/client/bucket.rs - client::bucket::BucketClient::update (line 140)
[INFO] [stdout]     src/client/bucket_access_control.rs - client::bucket_access_control::BucketAccessControlClient::create (line 21)
[INFO] [stdout]     src/client/bucket_access_control.rs - client::bucket_access_control::BucketAccessControlClient::delete (line 186)
[INFO] [stdout]     src/client/bucket_access_control.rs - client::bucket_access_control::BucketAccessControlClient::list (line 70)
[INFO] [stdout]     src/client/bucket_access_control.rs - client::bucket_access_control::BucketAccessControlClient::read (line 105)
[INFO] [stdout]     src/client/bucket_access_control.rs - client::bucket_access_control::BucketAccessControlClient::update (line 140)
[INFO] [stdout]     src/client/default_object_access_control.rs - client::default_object_access_control::DefaultObjectAccessControlClient::create (line 20)
[INFO] [stdout]     src/client/default_object_access_control.rs - client::default_object_access_control::DefaultObjectAccessControlClient::delete (line 208)
[INFO] [stdout]     src/client/default_object_access_control.rs - client::default_object_access_control::DefaultObjectAccessControlClient::list (line 69)
[INFO] [stdout]     src/client/default_object_access_control.rs - client::default_object_access_control::DefaultObjectAccessControlClient::read (line 114)
[INFO] [stdout]     src/client/default_object_access_control.rs - client::default_object_access_control::DefaultObjectAccessControlClient::update (line 160)
[INFO] [stdout]     src/client/hmac_key.rs - client::hmac_key::HmacKeyClient::create (line 19)
[INFO] [stdout]     src/client/hmac_key.rs - client::hmac_key::HmacKeyClient::delete (line 205)
[INFO] [stdout]     src/client/hmac_key.rs - client::hmac_key::HmacKeyClient::list (line 70)
[INFO] [stdout]     src/client/hmac_key.rs - client::hmac_key::HmacKeyClient::read (line 121)
[INFO] [stdout]     src/client/hmac_key.rs - client::hmac_key::HmacKeyClient::update (line 163)
[INFO] [stdout]     src/client/object.rs - client::object::ObjectClient::compose (line 422)
[INFO] [stdout]     src/client/object.rs - client::object::ObjectClient::copy (line 482)
[INFO] [stdout]     src/client/object.rs - client::object::ObjectClient::create (line 22)
[INFO] [stdout]     src/client/object.rs - client::object::ObjectClient::create_streamed (line 71)
[INFO] [stdout]     src/client/object.rs - client::object::ObjectClient::delete (line 388)
[INFO] [stdout]     src/client/object.rs - client::object::ObjectClient::download (line 267)
[INFO] [stdout]     src/client/object.rs - client::object::ObjectClient::download_streamed (line 302)
[INFO] [stdout]     src/client/object.rs - client::object::ObjectClient::list (line 132)
[INFO] [stdout]     src/client/object.rs - client::object::ObjectClient::read (line 232)
[INFO] [stdout]     src/client/object.rs - client::object::ObjectClient::rewrite (line 537)
[INFO] [stdout]     src/client/object.rs - client::object::ObjectClient::update (line 350)
[INFO] [stdout]     src/lib.rs - (line 28)
[INFO] [stdout]     src/lib.rs - (line 42)
[INFO] [stdout]     src/lib.rs - (line 52)
[INFO] [stdout]     src/lib.rs - (line 68)
[INFO] [stdout]     src/lib.rs - (line 80)
[INFO] [stdout]     src/resources/object.rs - resources::object::Object::download_url (line 639)
[INFO] [stdout]     src/resources/object.rs - resources::object::Object::download_url_with (line 660)
[INFO] [stdout]     src/resources/object.rs - resources::object::Object::upload_url (line 691)
[INFO] [stdout]     src/resources/object.rs - resources::object::Object::upload_url_with (line 712)
[INFO] [stdout] 
[INFO] [stdout] test result: FAILED. 2 passed; 43 failed; 0 ignored; 0 measured; 0 filtered out; finished in 5.90s
[INFO] [stdout] 
[INFO] [stderr] error: test failed, to rerun pass '--doc'
[INFO] running `Command { std: "docker" "inspect" "3ab6e4b135e99fd051a107e1b065193e1696640788eb6648a988469aed7441f1", kill_on_drop: false }`
[INFO] running `Command { std: "docker" "rm" "-f" "3ab6e4b135e99fd051a107e1b065193e1696640788eb6648a988469aed7441f1", kill_on_drop: false }`
[INFO] [stdout] 3ab6e4b135e99fd051a107e1b065193e1696640788eb6648a988469aed7441f1
