[INFO] fetching crate clean_insights_sdk 2.0.1...
[INFO] testing clean_insights_sdk-2.0.1 against beta-2021-08-01 for beta-1.55-1
[INFO] extracting crate clean_insights_sdk 2.0.1 into /workspace/builds/worker-6/source
[INFO] validating manifest of crates.io crate clean_insights_sdk 2.0.1 on toolchain beta-2021-08-01
[INFO] running `Command { std: "/workspace/cargo-home/bin/cargo" "+beta-2021-08-01" "metadata" "--manifest-path" "Cargo.toml" "--no-deps", kill_on_drop: false }`
[INFO] started tweaking crates.io crate clean_insights_sdk 2.0.1
[INFO] finished tweaking crates.io crate clean_insights_sdk 2.0.1
[INFO] tweaked toml for crates.io crate clean_insights_sdk 2.0.1 written to /workspace/builds/worker-6/source/Cargo.toml
[INFO] crate crates.io crate clean_insights_sdk 2.0.1 already has a lockfile, it will not be regenerated
[INFO] running `Command { std: "/workspace/cargo-home/bin/cargo" "+beta-2021-08-01" "fetch" "--manifest-path" "Cargo.toml", kill_on_drop: false }`
[INFO] running `Command { std: "docker" "create" "-v" "/var/lib/crater-agent-workspace/builds/worker-6/target:/opt/rustwide/target:rw,Z" "-v" "/var/lib/crater-agent-workspace/builds/worker-6/source:/opt/rustwide/workdir:ro,Z" "-v" "/var/lib/crater-agent-workspace/cargo-home:/opt/rustwide/cargo-home:ro,Z" "-v" "/var/lib/crater-agent-workspace/rustup-home:/opt/rustwide/rustup-home:ro,Z" "-e" "SOURCE_DIR=/opt/rustwide/workdir" "-e" "CARGO_TARGET_DIR=/opt/rustwide/target" "-e" "CARGO_HOME=/opt/rustwide/cargo-home" "-e" "RUSTUP_HOME=/opt/rustwide/rustup-home" "-w" "/opt/rustwide/workdir" "-m" "1610612736" "--user" "0:0" "--network" "none" "ghcr.io/rust-lang/crates-build-env/linux@sha256:34b6a614d2c27851fe6cbf88fbd1137609cefab8b10d0615aaeb6fd47975d74e" "/opt/rustwide/cargo-home/bin/cargo" "+beta-2021-08-01" "metadata" "--no-deps" "--format-version=1", kill_on_drop: false }`
[INFO] [stderr] WARNING: Your kernel does not support swap limit capabilities or the cgroup is not mounted. Memory limited without swap.
[INFO] [stdout] 4dffc0cae0091e09368bf3c57d8825ea8c83dea3757ea376ae0a05cf50a6b0e4
[INFO] running `Command { std: "docker" "start" "-a" "4dffc0cae0091e09368bf3c57d8825ea8c83dea3757ea376ae0a05cf50a6b0e4", kill_on_drop: false }`
[INFO] running `Command { std: "docker" "inspect" "4dffc0cae0091e09368bf3c57d8825ea8c83dea3757ea376ae0a05cf50a6b0e4", kill_on_drop: false }`
[INFO] running `Command { std: "docker" "rm" "-f" "4dffc0cae0091e09368bf3c57d8825ea8c83dea3757ea376ae0a05cf50a6b0e4", kill_on_drop: false }`
[INFO] [stdout] 4dffc0cae0091e09368bf3c57d8825ea8c83dea3757ea376ae0a05cf50a6b0e4
[INFO] running `Command { std: "docker" "create" "-v" "/var/lib/crater-agent-workspace/builds/worker-6/target:/opt/rustwide/target:rw,Z" "-v" "/var/lib/crater-agent-workspace/builds/worker-6/source:/opt/rustwide/workdir:ro,Z" "-v" "/var/lib/crater-agent-workspace/cargo-home:/opt/rustwide/cargo-home:ro,Z" "-v" "/var/lib/crater-agent-workspace/rustup-home:/opt/rustwide/rustup-home:ro,Z" "-e" "SOURCE_DIR=/opt/rustwide/workdir" "-e" "CARGO_TARGET_DIR=/opt/rustwide/target" "-e" "CARGO_INCREMENTAL=0" "-e" "RUST_BACKTRACE=full" "-e" "RUSTFLAGS=--cap-lints=warn" "-e" "CARGO_HOME=/opt/rustwide/cargo-home" "-e" "RUSTUP_HOME=/opt/rustwide/rustup-home" "-w" "/opt/rustwide/workdir" "-m" "1610612736" "--user" "0:0" "--network" "none" "ghcr.io/rust-lang/crates-build-env/linux@sha256:34b6a614d2c27851fe6cbf88fbd1137609cefab8b10d0615aaeb6fd47975d74e" "/opt/rustwide/cargo-home/bin/cargo" "+beta-2021-08-01" "build" "--frozen" "--message-format=json", kill_on_drop: false }`
[INFO] [stderr] WARNING: Your kernel does not support swap limit capabilities or the cgroup is not mounted. Memory limited without swap.
[INFO] [stdout] 8194ff849bc634bef25d79fd361d2c05e369e642fa699525d27f84c39b9a13cc
[INFO] running `Command { std: "docker" "start" "-a" "8194ff849bc634bef25d79fd361d2c05e369e642fa699525d27f84c39b9a13cc", kill_on_drop: false }`
[INFO] [stderr]    Compiling libc v0.2.94
[INFO] [stderr]    Compiling syn v1.0.72
[INFO] [stderr]    Compiling chunked_transfer v1.4.0
[INFO] [stderr]    Compiling proc-macro2 v1.0.26
[INFO] [stderr]    Compiling unicode-normalization v0.1.18
[INFO] [stderr]    Compiling quote v1.0.9
[INFO] [stderr]    Compiling idna v0.2.3
[INFO] [stderr]    Compiling ring v0.16.20
[INFO] [stderr]    Compiling time v0.1.44
[INFO] [stderr]    Compiling url v2.2.2
[INFO] [stderr]    Compiling webpki v0.21.4
[INFO] [stderr]    Compiling sct v0.6.1
[INFO] [stderr]    Compiling rustls v0.19.1
[INFO] [stderr]    Compiling webpki-roots v0.21.1
[INFO] [stderr]    Compiling ureq v2.1.1
[INFO] [stderr]    Compiling serde_derive v1.0.126
[INFO] [stderr]    Compiling serde v1.0.126
[INFO] [stderr]    Compiling chrono v0.4.19
[INFO] [stderr]    Compiling serde_json v1.0.64
[INFO] [stderr]    Compiling clean_insights_sdk v2.0.1 (/opt/rustwide/workdir)
[INFO] [stderr]     Finished dev [unoptimized + debuginfo] target(s) in 27.49s
[INFO] running `Command { std: "docker" "inspect" "8194ff849bc634bef25d79fd361d2c05e369e642fa699525d27f84c39b9a13cc", kill_on_drop: false }`
[INFO] running `Command { std: "docker" "rm" "-f" "8194ff849bc634bef25d79fd361d2c05e369e642fa699525d27f84c39b9a13cc", kill_on_drop: false }`
[INFO] [stdout] 8194ff849bc634bef25d79fd361d2c05e369e642fa699525d27f84c39b9a13cc
[INFO] running `Command { std: "docker" "create" "-v" "/var/lib/crater-agent-workspace/builds/worker-6/target:/opt/rustwide/target:rw,Z" "-v" "/var/lib/crater-agent-workspace/builds/worker-6/source:/opt/rustwide/workdir:ro,Z" "-v" "/var/lib/crater-agent-workspace/cargo-home:/opt/rustwide/cargo-home:ro,Z" "-v" "/var/lib/crater-agent-workspace/rustup-home:/opt/rustwide/rustup-home:ro,Z" "-e" "SOURCE_DIR=/opt/rustwide/workdir" "-e" "CARGO_TARGET_DIR=/opt/rustwide/target" "-e" "CARGO_INCREMENTAL=0" "-e" "RUST_BACKTRACE=full" "-e" "RUSTFLAGS=--cap-lints=warn" "-e" "CARGO_HOME=/opt/rustwide/cargo-home" "-e" "RUSTUP_HOME=/opt/rustwide/rustup-home" "-w" "/opt/rustwide/workdir" "-m" "1610612736" "--user" "0:0" "--network" "none" "ghcr.io/rust-lang/crates-build-env/linux@sha256:34b6a614d2c27851fe6cbf88fbd1137609cefab8b10d0615aaeb6fd47975d74e" "/opt/rustwide/cargo-home/bin/cargo" "+beta-2021-08-01" "test" "--frozen" "--no-run" "--message-format=json", kill_on_drop: false }`
[INFO] [stdout] a9ace8e9054dc4bd0ff8b7688efd346df4a6b499514c065a10591b51f0e8dbb8
[INFO] [stderr] WARNING: Your kernel does not support swap limit capabilities or the cgroup is not mounted. Memory limited without swap.
[INFO] running `Command { std: "docker" "start" "-a" "a9ace8e9054dc4bd0ff8b7688efd346df4a6b499514c065a10591b51f0e8dbb8", kill_on_drop: false }`
[INFO] [stderr]    Compiling clean_insights_sdk v2.0.1 (/opt/rustwide/workdir)
[INFO] [stderr]     Finished test [unoptimized + debuginfo] target(s) in 3.35s
[INFO] running `Command { std: "docker" "inspect" "a9ace8e9054dc4bd0ff8b7688efd346df4a6b499514c065a10591b51f0e8dbb8", kill_on_drop: false }`
[INFO] running `Command { std: "docker" "rm" "-f" "a9ace8e9054dc4bd0ff8b7688efd346df4a6b499514c065a10591b51f0e8dbb8", kill_on_drop: false }`
[INFO] [stdout] a9ace8e9054dc4bd0ff8b7688efd346df4a6b499514c065a10591b51f0e8dbb8
[INFO] running `Command { std: "docker" "create" "-v" "/var/lib/crater-agent-workspace/builds/worker-6/target:/opt/rustwide/target:rw,Z" "-v" "/var/lib/crater-agent-workspace/builds/worker-6/source:/opt/rustwide/workdir:ro,Z" "-v" "/var/lib/crater-agent-workspace/cargo-home:/opt/rustwide/cargo-home:ro,Z" "-v" "/var/lib/crater-agent-workspace/rustup-home:/opt/rustwide/rustup-home:ro,Z" "-e" "SOURCE_DIR=/opt/rustwide/workdir" "-e" "CARGO_TARGET_DIR=/opt/rustwide/target" "-e" "CARGO_INCREMENTAL=0" "-e" "RUST_BACKTRACE=full" "-e" "RUSTFLAGS=--cap-lints=warn" "-e" "CARGO_HOME=/opt/rustwide/cargo-home" "-e" "RUSTUP_HOME=/opt/rustwide/rustup-home" "-w" "/opt/rustwide/workdir" "-m" "1610612736" "--user" "0:0" "--network" "none" "ghcr.io/rust-lang/crates-build-env/linux@sha256:34b6a614d2c27851fe6cbf88fbd1137609cefab8b10d0615aaeb6fd47975d74e" "/opt/rustwide/cargo-home/bin/cargo" "+beta-2021-08-01" "test" "--frozen", kill_on_drop: false }`
[INFO] [stdout] 46838fcc39f66252dae8c984db66b97c8fc948c2ba76a0a00d7387b88ae8496c
[INFO] [stderr] WARNING: Your kernel does not support swap limit capabilities or the cgroup is not mounted. Memory limited without swap.
[INFO] running `Command { std: "docker" "start" "-a" "46838fcc39f66252dae8c984db66b97c8fc948c2ba76a0a00d7387b88ae8496c", kill_on_drop: false }`
[INFO] [stderr]     Finished test [unoptimized + debuginfo] target(s) in 0.03s
[INFO] [stderr]      Running unittests (/opt/rustwide/target/debug/deps/clean_insights_sdk-3db3d4f87774f677)
[INFO] [stdout] 
[INFO] [stdout] running 8 tests
[INFO] [stdout] test configuration::tests::new_configuration ... ok
[INFO] [stdout] test event::tests::new_event ... ok
[INFO] [stdout] test event::tests::new_event_with_defaults ... ok
[INFO] [stdout] test configuration::tests::new_configuration_with_defaults ... ok
[INFO] [stdout] test tests::it_works ... ok
[INFO] [stdout] test insights::test::purge ... ok
[INFO] [stdout] test visit::tests::new_visit ... ok
[INFO] [stdout] test visit::tests::new_visit_with_defaults ... ok
[INFO] [stdout] 
[INFO] [stdout] test result: ok. 8 passed; 0 failed; 0 ignored; 0 measured; 0 filtered out; finished in 0.00s
[INFO] [stdout] 
[INFO] [stderr]      Running unittests (/opt/rustwide/target/debug/deps/clean_insights_sdk_example-cc8c12c41643634e)
[INFO] [stdout] 
[INFO] [stdout] running 0 tests
[INFO] [stdout] 
[INFO] [stdout] test result: ok. 0 passed; 0 failed; 0 ignored; 0 measured; 0 filtered out; finished in 0.00s
[INFO] [stdout] 
[INFO] [stderr]      Running tests/tests.rs (/opt/rustwide/target/debug/deps/tests-790f855b059d6128)
[INFO] [stdout] 
[INFO] [stdout] running 5 tests
[INFO] [stdout] test conf ... ok
[INFO] [stdout] test deny_consent ... ok
[INFO] [stdout] test grant_consent ... ok
[INFO] [stdout] test serialize_insights ... ok
[INFO] [stdout] test persistence ... FAILED
[INFO] [stdout] 
[INFO] [stdout] failures:
[INFO] [stdout] 
[INFO] [stdout] ---- persistence stdout ----
[INFO] [stdout] [CleanInsightsSDK] Create store in the following location: tests/cleaninsights.json
[INFO] [stdout] [CleanInsightsSDK] No such file or directory (os error 2)
[INFO] [stdout] [CleanInsightsSDK] Read-only file system (os error 30)
[INFO] [stdout] [CleanInsightsSDK] Read-only file system (os error 30)
[INFO] [stdout] [CleanInsightsSDK] Read-only file system (os error 30)
[INFO] [stdout] [CleanInsightsSDK] Measurement 'foo' discarded, because campaign 'test' has no user consent yet, any more or we're outside the measurement period.
[INFO] [stdout] [CleanInsightsSDK] Read-only file system (os error 30)
[INFO] [stdout] [CleanInsightsSDK] Measurement 'foo/bar' discarded, because campaign 'test' has no user consent yet, any more or we're outside the measurement period.
[INFO] [stdout] [CleanInsightsSDK] Read-only file system (os error 30)
[INFO] [stdout] [CleanInsightsSDK] Read-only file system (os error 30)
[INFO] [stdout] thread 'persistence' panicked at 'called `Result::unwrap()` on an `Err` value: Os { code: 2, kind: NotFound, message: "No such file or directory" }', tests/tests.rs:60:61
[INFO] [stdout] stack backtrace:
[INFO] [stdout]    0:     0x562f2bb871d0 - std::backtrace_rs::backtrace::libunwind::trace::hff4d1766e93f64f1
[INFO] [stdout]                                at /rustc/53fd98ca776cb875bc9e5514f56b52eb74f9e7a9/library/std/src/../../backtrace/src/backtrace/libunwind.rs:90:5
[INFO] [stdout]    1:     0x562f2bb871d0 - std::backtrace_rs::backtrace::trace_unsynchronized::h56bbc8eb78770bcb
[INFO] [stdout]                                at /rustc/53fd98ca776cb875bc9e5514f56b52eb74f9e7a9/library/std/src/../../backtrace/src/backtrace/mod.rs:66:5
[INFO] [stdout]    2:     0x562f2bb871d0 - std::sys_common::backtrace::_print_fmt::h5c8e75464faca780
[INFO] [stdout]                                at /rustc/53fd98ca776cb875bc9e5514f56b52eb74f9e7a9/library/std/src/sys_common/backtrace.rs:67:5
[INFO] [stdout]    3:     0x562f2bb871d0 - <std::sys_common::backtrace::_print::DisplayBacktrace as core::fmt::Display>::fmt::h48b88277def8b362
[INFO] [stdout]                                at /rustc/53fd98ca776cb875bc9e5514f56b52eb74f9e7a9/library/std/src/sys_common/backtrace.rs:46:22
[INFO] [stdout]    4:     0x562f2bbaae6c - core::fmt::write::h3381b3176fe2b3d3
[INFO] [stdout]                                at /rustc/53fd98ca776cb875bc9e5514f56b52eb74f9e7a9/library/core/src/fmt/mod.rs:1115:17
[INFO] [stdout]    5:     0x562f2bb802a5 - std::io::Write::write_fmt::h5f34a676f60246b5
[INFO] [stdout]                                at /rustc/53fd98ca776cb875bc9e5514f56b52eb74f9e7a9/library/std/src/io/mod.rs:1665:15
[INFO] [stdout]    6:     0x562f2bb8934b - std::sys_common::backtrace::_print::ha537687d6c17dd0d
[INFO] [stdout]                                at /rustc/53fd98ca776cb875bc9e5514f56b52eb74f9e7a9/library/std/src/sys_common/backtrace.rs:49:5
[INFO] [stdout]    7:     0x562f2bb8934b - std::sys_common::backtrace::print::h61376ae57d131d72
[INFO] [stdout]                                at /rustc/53fd98ca776cb875bc9e5514f56b52eb74f9e7a9/library/std/src/sys_common/backtrace.rs:36:9
[INFO] [stdout]    8:     0x562f2bb8934b - std::panicking::default_hook::{{closure}}::h0f7208c0b9644a54
[INFO] [stdout]                                at /rustc/53fd98ca776cb875bc9e5514f56b52eb74f9e7a9/library/std/src/panicking.rs:208:50
[INFO] [stdout]    9:     0x562f2bb88e5c - std::panicking::default_hook::hdac7fc06578c14ce
[INFO] [stdout]                                at /rustc/53fd98ca776cb875bc9e5514f56b52eb74f9e7a9/library/std/src/panicking.rs:222:9
[INFO] [stdout]   10:     0x562f2bb89a14 - std::panicking::rust_panic_with_hook::h72b21c283da3d1ef
[INFO] [stdout]                                at /rustc/53fd98ca776cb875bc9e5514f56b52eb74f9e7a9/library/std/src/panicking.rs:622:17
[INFO] [stdout]   11:     0x562f2bb894f7 - std::panicking::begin_panic_handler::{{closure}}::he5778f1729cff84a
[INFO] [stdout]                                at /rustc/53fd98ca776cb875bc9e5514f56b52eb74f9e7a9/library/std/src/panicking.rs:519:13
[INFO] [stdout]   12:     0x562f2bb876ac - std::sys_common::backtrace::__rust_end_short_backtrace::h2d11ca8b453b4b1d
[INFO] [stdout]                                at /rustc/53fd98ca776cb875bc9e5514f56b52eb74f9e7a9/library/std/src/sys_common/backtrace.rs:141:18
[INFO] [stdout]   13:     0x562f2bb89459 - rust_begin_unwind
[INFO] [stdout]                                at /rustc/53fd98ca776cb875bc9e5514f56b52eb74f9e7a9/library/std/src/panicking.rs:515:5
[INFO] [stdout]   14:     0x562f2b80b5b1 - core::panicking::panic_fmt::hf9de31d4acbce4db
[INFO] [stdout]                                at /rustc/53fd98ca776cb875bc9e5514f56b52eb74f9e7a9/library/core/src/panicking.rs:92:14
[INFO] [stdout]   15:     0x562f2b80b6a3 - core::result::unwrap_failed::ha0c84e81219e5878
[INFO] [stdout]                                at /rustc/53fd98ca776cb875bc9e5514f56b52eb74f9e7a9/library/core/src/result.rs:1599:5
[INFO] [stdout]   16:     0x562f2b8101be - core::result::Result<T,E>::unwrap::hf12464566f51616c
[INFO] [stdout]                                at /rustc/53fd98ca776cb875bc9e5514f56b52eb74f9e7a9/library/core/src/result.rs:1281:23
[INFO] [stdout]   17:     0x562f2b80c3cb - tests::Tests::stored_store::h6115266e6e9a694e
[INFO] [stdout]                                at /opt/rustwide/workdir/tests/tests.rs:60:20
[INFO] [stdout]   18:     0x562f2b80d68f - tests::persistence::h82628921a12f78e7
[INFO] [stdout]                                at /opt/rustwide/workdir/tests/tests.rs:177:17
[INFO] [stdout]   19:     0x562f2b80d49a - tests::persistence::{{closure}}::hf0ef7a4afc4d2c40
[INFO] [stdout]                                at /opt/rustwide/workdir/tests/tests.rs:164:1
[INFO] [stdout]   20:     0x562f2b81167e - core::ops::function::FnOnce::call_once::h0ead205959662335
[INFO] [stdout]                                at /rustc/53fd98ca776cb875bc9e5514f56b52eb74f9e7a9/library/core/src/ops/function.rs:227:5
[INFO] [stdout]   21:     0x562f2b84b743 - core::ops::function::FnOnce::call_once::hbb52c4519d3137b0
[INFO] [stdout]                                at /rustc/53fd98ca776cb875bc9e5514f56b52eb74f9e7a9/library/core/src/ops/function.rs:227:5
[INFO] [stdout]   22:     0x562f2b84b743 - test::__rust_begin_short_backtrace::h86fe3a2a5a5121af
[INFO] [stdout]                                at /rustc/53fd98ca776cb875bc9e5514f56b52eb74f9e7a9/library/test/src/lib.rs:578:5
[INFO] [stdout]   23:     0x562f2b84a1f8 - <alloc::boxed::Box<F,A> as core::ops::function::FnOnce<Args>>::call_once::hfd956bc3d57399be
[INFO] [stdout]                                at /rustc/53fd98ca776cb875bc9e5514f56b52eb74f9e7a9/library/alloc/src/boxed.rs:1572:9
[INFO] [stdout]   24:     0x562f2b84a1f8 - <std::panic::AssertUnwindSafe<F> as core::ops::function::FnOnce<()>>::call_once::h40dc93e0ddb5938a
[INFO] [stdout]                                at /rustc/53fd98ca776cb875bc9e5514f56b52eb74f9e7a9/library/std/src/panic.rs:347:9
[INFO] [stdout]   25:     0x562f2b84a1f8 - std::panicking::try::do_call::h90d07750cb47c562
[INFO] [stdout]                                at /rustc/53fd98ca776cb875bc9e5514f56b52eb74f9e7a9/library/std/src/panicking.rs:401:40
[INFO] [stdout]   26:     0x562f2b84a1f8 - std::panicking::try::h063c84733ad2a629
[INFO] [stdout]                                at /rustc/53fd98ca776cb875bc9e5514f56b52eb74f9e7a9/library/std/src/panicking.rs:365:19
[INFO] [stdout]   27:     0x562f2b84a1f8 - std::panic::catch_unwind::h0c464836a84e7c08
[INFO] [stdout]                                at /rustc/53fd98ca776cb875bc9e5514f56b52eb74f9e7a9/library/std/src/panic.rs:434:14
[INFO] [stdout]   28:     0x562f2b84a1f8 - test::run_test_in_process::h5cb06ef620b157fc
[INFO] [stdout]                                at /rustc/53fd98ca776cb875bc9e5514f56b52eb74f9e7a9/library/test/src/lib.rs:601:18
[INFO] [stdout]   29:     0x562f2b84a1f8 - test::run_test::run_test_inner::{{closure}}::h76f677f4b93f9828
[INFO] [stdout]                                at /rustc/53fd98ca776cb875bc9e5514f56b52eb74f9e7a9/library/test/src/lib.rs:493:39
[INFO] [stdout]   30:     0x562f2b81898d - test::run_test::run_test_inner::{{closure}}::h366d01fe04f4d67a
[INFO] [stdout]                                at /rustc/53fd98ca776cb875bc9e5514f56b52eb74f9e7a9/library/test/src/lib.rs:520:37
[INFO] [stdout]   31:     0x562f2b81898d - std::sys_common::backtrace::__rust_begin_short_backtrace::h7dfa0de4eb395af2
[INFO] [stdout]                                at /rustc/53fd98ca776cb875bc9e5514f56b52eb74f9e7a9/library/std/src/sys_common/backtrace.rs:125:18
[INFO] [stdout]   32:     0x562f2b81d158 - std::thread::Builder::spawn_unchecked::{{closure}}::{{closure}}::hf0a74bb58798037f
[INFO] [stdout]                                at /rustc/53fd98ca776cb875bc9e5514f56b52eb74f9e7a9/library/std/src/thread/mod.rs:476:17
[INFO] [stdout]   33:     0x562f2b81d158 - <std::panic::AssertUnwindSafe<F> as core::ops::function::FnOnce<()>>::call_once::hb024e854818586ac
[INFO] [stdout]                                at /rustc/53fd98ca776cb875bc9e5514f56b52eb74f9e7a9/library/std/src/panic.rs:347:9
[INFO] [stdout]   34:     0x562f2b81d158 - std::panicking::try::do_call::hb2dd9f1d0d48e41d
[INFO] [stdout]                                at /rustc/53fd98ca776cb875bc9e5514f56b52eb74f9e7a9/library/std/src/panicking.rs:401:40
[INFO] [stdout]   35:     0x562f2b81d158 - std::panicking::try::h4717ae7bac8b2bf3
[INFO] [stdout]                                at /rustc/53fd98ca776cb875bc9e5514f56b52eb74f9e7a9/library/std/src/panicking.rs:365:19
[INFO] [stdout]   36:     0x562f2b81d158 - std::panic::catch_unwind::h0dc8a061326ce8d8
[INFO] [stdout]                                at /rustc/53fd98ca776cb875bc9e5514f56b52eb74f9e7a9/library/std/src/panic.rs:434:14
[INFO] [stdout]   37:     0x562f2b81d158 - std::thread::Builder::spawn_unchecked::{{closure}}::haa369e2d6fd00aa1
[INFO] [stdout]                                at /rustc/53fd98ca776cb875bc9e5514f56b52eb74f9e7a9/library/std/src/thread/mod.rs:475:30
[INFO] [stdout]   38:     0x562f2b81d158 - core::ops::function::FnOnce::call_once{{vtable.shim}}::h36dcf3de8b056f17
[INFO] [stdout]                                at /rustc/53fd98ca776cb875bc9e5514f56b52eb74f9e7a9/library/core/src/ops/function.rs:227:5
[INFO] [stdout]   39:     0x562f2bb8f3e7 - <alloc::boxed::Box<F,A> as core::ops::function::FnOnce<Args>>::call_once::h65c29e4642be2358
[INFO] [stdout]                                at /rustc/53fd98ca776cb875bc9e5514f56b52eb74f9e7a9/library/alloc/src/boxed.rs:1572:9
[INFO] [stdout]   40:     0x562f2bb8f3e7 - <alloc::boxed::Box<F,A> as core::ops::function::FnOnce<Args>>::call_once::hd0f8f7fbbd9fffbf
[INFO] [stdout]                                at /rustc/53fd98ca776cb875bc9e5514f56b52eb74f9e7a9/library/alloc/src/boxed.rs:1572:9
[INFO] [stdout]   41:     0x562f2bb8f3e7 - std::sys::unix::thread::Thread::new::thread_start::h2fd22fee3ca77b65
[INFO] [stdout]                                at /rustc/53fd98ca776cb875bc9e5514f56b52eb74f9e7a9/library/std/src/sys/unix/thread.rs:74:17
[INFO] [stdout]   42:     0x7fda607c5609 - start_thread
[INFO] [stdout]   43:     0x7fda60597293 - clone
[INFO] [stdout]   44:                0x0 - <unknown>
[INFO] [stdout] [CleanInsightsSDK] Read-only file system (os error 30)
[INFO] [stdout] 
[INFO] [stdout] 
[INFO] [stdout] failures:
[INFO] [stdout]     persistence
[INFO] [stdout] 
[INFO] [stdout] test result: FAILED. 4 passed; 1 failed; 0 ignored; 0 measured; 0 filtered out; finished in 0.02s
[INFO] [stdout] 
[INFO] [stderr] error: test failed, to rerun pass '--test tests'
[INFO] running `Command { std: "docker" "inspect" "46838fcc39f66252dae8c984db66b97c8fc948c2ba76a0a00d7387b88ae8496c", kill_on_drop: false }`
[INFO] running `Command { std: "docker" "rm" "-f" "46838fcc39f66252dae8c984db66b97c8fc948c2ba76a0a00d7387b88ae8496c", kill_on_drop: false }`
[INFO] [stdout] 46838fcc39f66252dae8c984db66b97c8fc948c2ba76a0a00d7387b88ae8496c
