[INFO] fetching crate clang 1.0.3...
[INFO] testing clang-1.0.3 against beta-2021-08-01 for beta-1.55-1
[INFO] extracting crate clang 1.0.3 into /workspace/builds/worker-0/source
[INFO] validating manifest of crates.io crate clang 1.0.3 on toolchain beta-2021-08-01
[INFO] running `Command { std: "/workspace/cargo-home/bin/cargo" "+beta-2021-08-01" "metadata" "--manifest-path" "Cargo.toml" "--no-deps", kill_on_drop: false }`
[INFO] started tweaking crates.io crate clang 1.0.3
[INFO] removed 0 missing tests
[INFO] finished tweaking crates.io crate clang 1.0.3
[INFO] tweaked toml for crates.io crate clang 1.0.3 written to /workspace/builds/worker-0/source/Cargo.toml
[INFO] crate crates.io crate clang 1.0.3 already has a lockfile, it will not be regenerated
[INFO] running `Command { std: "/workspace/cargo-home/bin/cargo" "+beta-2021-08-01" "fetch" "--manifest-path" "Cargo.toml", kill_on_drop: false }`
[INFO] running `Command { std: "docker" "create" "-v" "/var/lib/crater-agent-workspace/builds/worker-0/target:/opt/rustwide/target:rw,Z" "-v" "/var/lib/crater-agent-workspace/builds/worker-0/source:/opt/rustwide/workdir:ro,Z" "-v" "/var/lib/crater-agent-workspace/cargo-home:/opt/rustwide/cargo-home:ro,Z" "-v" "/var/lib/crater-agent-workspace/rustup-home:/opt/rustwide/rustup-home:ro,Z" "-e" "SOURCE_DIR=/opt/rustwide/workdir" "-e" "CARGO_TARGET_DIR=/opt/rustwide/target" "-e" "CARGO_HOME=/opt/rustwide/cargo-home" "-e" "RUSTUP_HOME=/opt/rustwide/rustup-home" "-w" "/opt/rustwide/workdir" "-m" "1610612736" "--user" "0:0" "--network" "none" "ghcr.io/rust-lang/crates-build-env/linux@sha256:34b6a614d2c27851fe6cbf88fbd1137609cefab8b10d0615aaeb6fd47975d74e" "/opt/rustwide/cargo-home/bin/cargo" "+beta-2021-08-01" "metadata" "--no-deps" "--format-version=1", kill_on_drop: false }`
[INFO] [stdout] 838e714af3b8fa0712a9888fd1ca8aeecb263ef1a30b61ee62659895ae85c21e
[INFO] [stderr] WARNING: Your kernel does not support swap limit capabilities or the cgroup is not mounted. Memory limited without swap.
[INFO] running `Command { std: "docker" "start" "-a" "838e714af3b8fa0712a9888fd1ca8aeecb263ef1a30b61ee62659895ae85c21e", kill_on_drop: false }`
[INFO] running `Command { std: "docker" "inspect" "838e714af3b8fa0712a9888fd1ca8aeecb263ef1a30b61ee62659895ae85c21e", kill_on_drop: false }`
[INFO] running `Command { std: "docker" "rm" "-f" "838e714af3b8fa0712a9888fd1ca8aeecb263ef1a30b61ee62659895ae85c21e", kill_on_drop: false }`
[INFO] [stdout] 838e714af3b8fa0712a9888fd1ca8aeecb263ef1a30b61ee62659895ae85c21e
[INFO] running `Command { std: "docker" "create" "-v" "/var/lib/crater-agent-workspace/builds/worker-0/target:/opt/rustwide/target:rw,Z" "-v" "/var/lib/crater-agent-workspace/builds/worker-0/source:/opt/rustwide/workdir:ro,Z" "-v" "/var/lib/crater-agent-workspace/cargo-home:/opt/rustwide/cargo-home:ro,Z" "-v" "/var/lib/crater-agent-workspace/rustup-home:/opt/rustwide/rustup-home:ro,Z" "-e" "SOURCE_DIR=/opt/rustwide/workdir" "-e" "CARGO_TARGET_DIR=/opt/rustwide/target" "-e" "CARGO_INCREMENTAL=0" "-e" "RUST_BACKTRACE=full" "-e" "RUSTFLAGS=--cap-lints=warn" "-e" "CARGO_HOME=/opt/rustwide/cargo-home" "-e" "RUSTUP_HOME=/opt/rustwide/rustup-home" "-w" "/opt/rustwide/workdir" "-m" "1610612736" "--user" "0:0" "--network" "none" "ghcr.io/rust-lang/crates-build-env/linux@sha256:34b6a614d2c27851fe6cbf88fbd1137609cefab8b10d0615aaeb6fd47975d74e" "/opt/rustwide/cargo-home/bin/cargo" "+beta-2021-08-01" "build" "--frozen" "--message-format=json", kill_on_drop: false }`
[INFO] [stdout] e3fe5777788c3706db95891c413ce86ae3bc42f7cfdaa3186cbc996a74a52a01
[INFO] [stderr] WARNING: Your kernel does not support swap limit capabilities or the cgroup is not mounted. Memory limited without swap.
[INFO] running `Command { std: "docker" "start" "-a" "e3fe5777788c3706db95891c413ce86ae3bc42f7cfdaa3186cbc996a74a52a01", kill_on_drop: false }`
[INFO] [stderr]    Compiling libc v0.2.78
[INFO] [stderr]    Compiling clang-sys v1.0.1
[INFO] [stderr]    Compiling clang v1.0.3 (/opt/rustwide/workdir)
[INFO] [stdout] warning: unnecessary trailing semicolon
[INFO] [stdout]    --> src/source.rs:284:77
[INFO] [stdout]     |
[INFO] [stdout] 284 |         fn uninit<T>() -> mem::MaybeUninit<T> { mem::MaybeUninit::uninit() };
[INFO] [stdout]     |                                                                             ^ help: remove this semicolon
[INFO] [stdout] ...
[INFO] [stdout] 324 |         unsafe { location!(clang_getExpansionLocation, self.raw, self.tu) }
[INFO] [stdout]     |                  -------------------------------------------------------- in this macro invocation
[INFO] [stdout]     |
[INFO] [stdout]     = note: `#[warn(redundant_semicolons)]` on by default
[INFO] [stdout]     = note: this warning originates in the macro `location` (in Nightly builds, run with -Z macro-backtrace for more info)
[INFO] [stdout] 
[INFO] [stdout] 
[INFO] [stdout] warning: unnecessary trailing semicolon
[INFO] [stdout]    --> src/source.rs:284:77
[INFO] [stdout]     |
[INFO] [stdout] 284 |         fn uninit<T>() -> mem::MaybeUninit<T> { mem::MaybeUninit::uninit() };
[INFO] [stdout]     |                                                                             ^ help: remove this semicolon
[INFO] [stdout] ...
[INFO] [stdout] 333 |         unsafe { location!(clang_getFileLocation, self.raw, self.tu) }
[INFO] [stdout]     |                  --------------------------------------------------- in this macro invocation
[INFO] [stdout]     |
[INFO] [stdout]     = note: this warning originates in the macro `location` (in Nightly builds, run with -Z macro-backtrace for more info)
[INFO] [stdout] 
[INFO] [stdout] 
[INFO] [stdout] warning: unnecessary trailing semicolon
[INFO] [stdout]    --> src/source.rs:340:81
[INFO] [stdout]     |
[INFO] [stdout] 340 |             fn uninit<T>() -> mem::MaybeUninit<T> { mem::MaybeUninit::uninit() };
[INFO] [stdout]     |                                                                                 ^ help: remove this semicolon
[INFO] [stdout] 
[INFO] [stdout] 
[INFO] [stdout] warning: unnecessary trailing semicolon
[INFO] [stdout]    --> src/source.rs:284:77
[INFO] [stdout]     |
[INFO] [stdout] 284 |         fn uninit<T>() -> mem::MaybeUninit<T> { mem::MaybeUninit::uninit() };
[INFO] [stdout]     |                                                                             ^ help: remove this semicolon
[INFO] [stdout] ...
[INFO] [stdout] 354 |         unsafe { location!(clang_getSpellingLocation, self.raw, self.tu) }
[INFO] [stdout]     |                  ------------------------------------------------------- in this macro invocation
[INFO] [stdout]     |
[INFO] [stdout]     = note: this warning originates in the macro `location` (in Nightly builds, run with -Z macro-backtrace for more info)
[INFO] [stdout] 
[INFO] [stdout] 
[INFO] [stdout] warning: 4 warnings emitted
[INFO] [stdout] 
[INFO] [stdout] 
[INFO] [stderr]     Finished dev [unoptimized + debuginfo] target(s) in 5.99s
[INFO] running `Command { std: "docker" "inspect" "e3fe5777788c3706db95891c413ce86ae3bc42f7cfdaa3186cbc996a74a52a01", kill_on_drop: false }`
[INFO] running `Command { std: "docker" "rm" "-f" "e3fe5777788c3706db95891c413ce86ae3bc42f7cfdaa3186cbc996a74a52a01", kill_on_drop: false }`
[INFO] [stdout] e3fe5777788c3706db95891c413ce86ae3bc42f7cfdaa3186cbc996a74a52a01
[INFO] running `Command { std: "docker" "create" "-v" "/var/lib/crater-agent-workspace/builds/worker-0/target:/opt/rustwide/target:rw,Z" "-v" "/var/lib/crater-agent-workspace/builds/worker-0/source:/opt/rustwide/workdir:ro,Z" "-v" "/var/lib/crater-agent-workspace/cargo-home:/opt/rustwide/cargo-home:ro,Z" "-v" "/var/lib/crater-agent-workspace/rustup-home:/opt/rustwide/rustup-home:ro,Z" "-e" "SOURCE_DIR=/opt/rustwide/workdir" "-e" "CARGO_TARGET_DIR=/opt/rustwide/target" "-e" "CARGO_INCREMENTAL=0" "-e" "RUST_BACKTRACE=full" "-e" "RUSTFLAGS=--cap-lints=warn" "-e" "CARGO_HOME=/opt/rustwide/cargo-home" "-e" "RUSTUP_HOME=/opt/rustwide/rustup-home" "-w" "/opt/rustwide/workdir" "-m" "1610612736" "--user" "0:0" "--network" "none" "ghcr.io/rust-lang/crates-build-env/linux@sha256:34b6a614d2c27851fe6cbf88fbd1137609cefab8b10d0615aaeb6fd47975d74e" "/opt/rustwide/cargo-home/bin/cargo" "+beta-2021-08-01" "test" "--frozen" "--no-run" "--message-format=json", kill_on_drop: false }`
[INFO] [stdout] dd233405d5fee3ec52f4af31c8d348d9af9c34c6a00ed59c65efccff17c0a3b3
[INFO] [stderr] WARNING: Your kernel does not support swap limit capabilities or the cgroup is not mounted. Memory limited without swap.
[INFO] running `Command { std: "docker" "start" "-a" "dd233405d5fee3ec52f4af31c8d348d9af9c34c6a00ed59c65efccff17c0a3b3", kill_on_drop: false }`
[INFO] [stdout] warning: unnecessary trailing semicolon
[INFO] [stdout]    --> src/source.rs:284:77
[INFO] [stdout]     |
[INFO] [stdout] 284 |         fn uninit<T>() -> mem::MaybeUninit<T> { mem::MaybeUninit::uninit() };
[INFO] [stdout]     |                                                                             ^ help: remove this semicolon
[INFO] [stdout] ...
[INFO] [stdout] 324 |         unsafe { location!(clang_getExpansionLocation, self.raw, self.tu) }
[INFO] [stdout]     |                  -------------------------------------------------------- in this macro invocation
[INFO] [stdout]     |
[INFO] [stdout]     = note: `#[warn(redundant_semicolons)]` on by default
[INFO] [stdout]     = note: this warning originates in the macro `location` (in Nightly builds, run with -Z macro-backtrace for more info)
[INFO] [stdout] 
[INFO] [stdout] 
[INFO] [stdout] warning: unnecessary trailing semicolon
[INFO] [stdout]    --> src/source.rs:284:77
[INFO] [stdout]     |
[INFO] [stdout] 284 |         fn uninit<T>() -> mem::MaybeUninit<T> { mem::MaybeUninit::uninit() };
[INFO] [stdout]     |                                                                             ^ help: remove this semicolon
[INFO] [stdout] ...
[INFO] [stdout] 333 |         unsafe { location!(clang_getFileLocation, self.raw, self.tu) }
[INFO] [stdout]     |                  --------------------------------------------------- in this macro invocation
[INFO] [stdout]     |
[INFO] [stdout]     = note: this warning originates in the macro `location` (in Nightly builds, run with -Z macro-backtrace for more info)
[INFO] [stdout] 
[INFO] [stdout] 
[INFO] [stdout] warning: unnecessary trailing semicolon
[INFO] [stdout]    --> src/source.rs:340:81
[INFO] [stdout]     |
[INFO] [stdout] 340 |             fn uninit<T>() -> mem::MaybeUninit<T> { mem::MaybeUninit::uninit() };
[INFO] [stdout]     |                                                                                 ^ help: remove this semicolon
[INFO] [stdout] 
[INFO] [stdout] 
[INFO] [stdout] warning: unnecessary trailing semicolon
[INFO] [stdout]    --> src/source.rs:284:77
[INFO] [stdout]     |
[INFO] [stdout] 284 |         fn uninit<T>() -> mem::MaybeUninit<T> { mem::MaybeUninit::uninit() };
[INFO] [stdout]     |                                                                             ^ help: remove this semicolon
[INFO] [stdout] ...
[INFO] [stdout] 354 |         unsafe { location!(clang_getSpellingLocation, self.raw, self.tu) }
[INFO] [stdout]     |                  ------------------------------------------------------- in this macro invocation
[INFO] [stdout]     |
[INFO] [stdout]     = note: this warning originates in the macro `location` (in Nightly builds, run with -Z macro-backtrace for more info)
[INFO] [stdout] 
[INFO] [stdout] 
[INFO] [stderr]    Compiling clang v1.0.3 (/opt/rustwide/workdir)
[INFO] [stdout] warning: 4 warnings emitted
[INFO] [stdout] 
[INFO] [stdout] 
[INFO] [stdout] warning: unnecessary trailing semicolon
[INFO] [stdout]    --> src/source.rs:284:77
[INFO] [stdout]     |
[INFO] [stdout] 284 |         fn uninit<T>() -> mem::MaybeUninit<T> { mem::MaybeUninit::uninit() };
[INFO] [stdout]     |                                                                             ^ help: remove this semicolon
[INFO] [stdout] ...
[INFO] [stdout] 324 |         unsafe { location!(clang_getExpansionLocation, self.raw, self.tu) }
[INFO] [stdout]     |                  -------------------------------------------------------- in this macro invocation
[INFO] [stdout]     |
[INFO] [stdout]     = note: `#[warn(redundant_semicolons)]` on by default
[INFO] [stdout]     = note: this warning originates in the macro `location` (in Nightly builds, run with -Z macro-backtrace for more info)
[INFO] [stdout] 
[INFO] [stdout] 
[INFO] [stdout] warning: unnecessary trailing semicolon
[INFO] [stdout]    --> src/source.rs:284:77
[INFO] [stdout]     |
[INFO] [stdout] 284 |         fn uninit<T>() -> mem::MaybeUninit<T> { mem::MaybeUninit::uninit() };
[INFO] [stdout]     |                                                                             ^ help: remove this semicolon
[INFO] [stdout] ...
[INFO] [stdout] 333 |         unsafe { location!(clang_getFileLocation, self.raw, self.tu) }
[INFO] [stdout]     |                  --------------------------------------------------- in this macro invocation
[INFO] [stdout]     |
[INFO] [stdout]     = note: this warning originates in the macro `location` (in Nightly builds, run with -Z macro-backtrace for more info)
[INFO] [stdout] 
[INFO] [stdout] 
[INFO] [stdout] warning: unnecessary trailing semicolon
[INFO] [stdout]    --> src/source.rs:340:81
[INFO] [stdout]     |
[INFO] [stdout] 340 |             fn uninit<T>() -> mem::MaybeUninit<T> { mem::MaybeUninit::uninit() };
[INFO] [stdout]     |                                                                                 ^ help: remove this semicolon
[INFO] [stdout] 
[INFO] [stdout] 
[INFO] [stdout] warning: unnecessary trailing semicolon
[INFO] [stdout]    --> src/source.rs:284:77
[INFO] [stdout]     |
[INFO] [stdout] 284 |         fn uninit<T>() -> mem::MaybeUninit<T> { mem::MaybeUninit::uninit() };
[INFO] [stdout]     |                                                                             ^ help: remove this semicolon
[INFO] [stdout] ...
[INFO] [stdout] 354 |         unsafe { location!(clang_getSpellingLocation, self.raw, self.tu) }
[INFO] [stdout]     |                  ------------------------------------------------------- in this macro invocation
[INFO] [stdout]     |
[INFO] [stdout]     = note: this warning originates in the macro `location` (in Nightly builds, run with -Z macro-backtrace for more info)
[INFO] [stdout] 
[INFO] [stdout] 
[INFO] [stdout] warning: 4 warnings emitted
[INFO] [stdout] 
[INFO] [stdout] 
[INFO] [stderr]     Finished test [unoptimized + debuginfo] target(s) in 3.78s
[INFO] running `Command { std: "docker" "inspect" "dd233405d5fee3ec52f4af31c8d348d9af9c34c6a00ed59c65efccff17c0a3b3", kill_on_drop: false }`
[INFO] running `Command { std: "docker" "rm" "-f" "dd233405d5fee3ec52f4af31c8d348d9af9c34c6a00ed59c65efccff17c0a3b3", kill_on_drop: false }`
[INFO] [stdout] dd233405d5fee3ec52f4af31c8d348d9af9c34c6a00ed59c65efccff17c0a3b3
[INFO] running `Command { std: "docker" "create" "-v" "/var/lib/crater-agent-workspace/builds/worker-0/target:/opt/rustwide/target:rw,Z" "-v" "/var/lib/crater-agent-workspace/builds/worker-0/source:/opt/rustwide/workdir:ro,Z" "-v" "/var/lib/crater-agent-workspace/cargo-home:/opt/rustwide/cargo-home:ro,Z" "-v" "/var/lib/crater-agent-workspace/rustup-home:/opt/rustwide/rustup-home:ro,Z" "-e" "SOURCE_DIR=/opt/rustwide/workdir" "-e" "CARGO_TARGET_DIR=/opt/rustwide/target" "-e" "CARGO_INCREMENTAL=0" "-e" "RUST_BACKTRACE=full" "-e" "RUSTFLAGS=--cap-lints=warn" "-e" "CARGO_HOME=/opt/rustwide/cargo-home" "-e" "RUSTUP_HOME=/opt/rustwide/rustup-home" "-w" "/opt/rustwide/workdir" "-m" "1610612736" "--user" "0:0" "--network" "none" "ghcr.io/rust-lang/crates-build-env/linux@sha256:34b6a614d2c27851fe6cbf88fbd1137609cefab8b10d0615aaeb6fd47975d74e" "/opt/rustwide/cargo-home/bin/cargo" "+beta-2021-08-01" "test" "--frozen", kill_on_drop: false }`
[INFO] [stderr] WARNING: Your kernel does not support swap limit capabilities or the cgroup is not mounted. Memory limited without swap.
[INFO] [stdout] 17d29611b27ec3f27e6290abdb0f61a5eddbb665d88dfc35e60554e5d27298a3
[INFO] running `Command { std: "docker" "start" "-a" "17d29611b27ec3f27e6290abdb0f61a5eddbb665d88dfc35e60554e5d27298a3", kill_on_drop: false }`
[INFO] [stderr] warning: unnecessary trailing semicolon
[INFO] [stderr]    --> src/source.rs:284:77
[INFO] [stderr]     |
[INFO] [stderr] 284 |         fn uninit<T>() -> mem::MaybeUninit<T> { mem::MaybeUninit::uninit() };
[INFO] [stderr]     |                                                                             ^ help: remove this semicolon
[INFO] [stderr] ...
[INFO] [stderr] 324 |         unsafe { location!(clang_getExpansionLocation, self.raw, self.tu) }
[INFO] [stderr]     |                  -------------------------------------------------------- in this macro invocation
[INFO] [stderr]     |
[INFO] [stderr]     = note: `#[warn(redundant_semicolons)]` on by default
[INFO] [stderr]     = note: this warning originates in the macro `location` (in Nightly builds, run with -Z macro-backtrace for more info)
[INFO] [stderr] 
[INFO] [stderr] warning: unnecessary trailing semicolon
[INFO] [stderr]    --> src/source.rs:284:77
[INFO] [stderr]     |
[INFO] [stderr] 284 |         fn uninit<T>() -> mem::MaybeUninit<T> { mem::MaybeUninit::uninit() };
[INFO] [stderr]     |                                                                             ^ help: remove this semicolon
[INFO] [stderr] ...
[INFO] [stderr] 333 |         unsafe { location!(clang_getFileLocation, self.raw, self.tu) }
[INFO] [stderr]     |                  --------------------------------------------------- in this macro invocation
[INFO] [stderr]     |
[INFO] [stderr]     = note: this warning originates in the macro `location` (in Nightly builds, run with -Z macro-backtrace for more info)
[INFO] [stderr] 
[INFO] [stderr] warning: unnecessary trailing semicolon
[INFO] [stderr]    --> src/source.rs:340:81
[INFO] [stderr]     |
[INFO] [stderr] 340 |             fn uninit<T>() -> mem::MaybeUninit<T> { mem::MaybeUninit::uninit() };
[INFO] [stderr]     |                                                                                 ^ help: remove this semicolon
[INFO] [stderr] 
[INFO] [stderr] warning: unnecessary trailing semicolon
[INFO] [stderr]    --> src/source.rs:284:77
[INFO] [stderr]     |
[INFO] [stderr] 284 |         fn uninit<T>() -> mem::MaybeUninit<T> { mem::MaybeUninit::uninit() };
[INFO] [stderr]     |                                                                             ^ help: remove this semicolon
[INFO] [stderr] ...
[INFO] [stderr] 354 |         unsafe { location!(clang_getSpellingLocation, self.raw, self.tu) }
[INFO] [stderr]     |                  ------------------------------------------------------- in this macro invocation
[INFO] [stderr]     |
[INFO] [stderr]     = note: this warning originates in the macro `location` (in Nightly builds, run with -Z macro-backtrace for more info)
[INFO] [stderr] 
[INFO] [stderr] warning: `clang` (lib) generated 4 warnings
[INFO] [stderr] warning: `clang` (lib test) generated 4 warnings (4 duplicates)
[INFO] [stderr]     Finished test [unoptimized + debuginfo] target(s) in 0.03s
[INFO] [stderr]      Running unittests (/opt/rustwide/target/debug/deps/clang-ddeac64836f1b775)
[INFO] [stdout] 
[INFO] [stderr]      Running tests/tests.rs (/opt/rustwide/target/debug/deps/tests-cb3f41c3ee35c303)
[INFO] [stdout] running 0 tests
[INFO] [stdout] 
[INFO] [stdout] test result: ok. 0 passed; 0 failed; 0 ignored; 0 measured; 0 filtered out; finished in 0.00s
[INFO] [stdout] 
[INFO] [stdout] 
[INFO] [stdout] running 1 test
[INFO] [stderr] error: test failed, to rerun pass '--test tests'
[INFO] [stdout] test test ... FAILED
[INFO] [stdout] 
[INFO] [stdout] failures:
[INFO] [stdout] 
[INFO] [stdout] ---- test stdout ----
[INFO] [stdout] libclang: clang version 10.0.0-4ubuntu1 
[INFO] [stdout] thread 'test' panicked at 'assertion failed: `(left == right)`
[INFO] [stdout]   left: `7`,
[INFO] [stdout]  right: `6`', tests/completion.rs:58:13
[INFO] [stdout] stack backtrace:
[INFO] [stdout]    0:     0x564af05f7ac0 - std::backtrace_rs::backtrace::libunwind::trace::hff4d1766e93f64f1
[INFO] [stdout]                                at /rustc/53fd98ca776cb875bc9e5514f56b52eb74f9e7a9/library/std/src/../../backtrace/src/backtrace/libunwind.rs:90:5
[INFO] [stdout]    1:     0x564af05f7ac0 - std::backtrace_rs::backtrace::trace_unsynchronized::h56bbc8eb78770bcb
[INFO] [stdout]                                at /rustc/53fd98ca776cb875bc9e5514f56b52eb74f9e7a9/library/std/src/../../backtrace/src/backtrace/mod.rs:66:5
[INFO] [stdout]    2:     0x564af05f7ac0 - std::sys_common::backtrace::_print_fmt::h5c8e75464faca780
[INFO] [stdout]                                at /rustc/53fd98ca776cb875bc9e5514f56b52eb74f9e7a9/library/std/src/sys_common/backtrace.rs:67:5
[INFO] [stdout]    3:     0x564af05f7ac0 - <std::sys_common::backtrace::_print::DisplayBacktrace as core::fmt::Display>::fmt::h48b88277def8b362
[INFO] [stdout]                                at /rustc/53fd98ca776cb875bc9e5514f56b52eb74f9e7a9/library/std/src/sys_common/backtrace.rs:46:22
[INFO] [stdout]    4:     0x564af061c06c - core::fmt::write::h3381b3176fe2b3d3
[INFO] [stdout]                                at /rustc/53fd98ca776cb875bc9e5514f56b52eb74f9e7a9/library/core/src/fmt/mod.rs:1115:17
[INFO] [stdout]    5:     0x564af05f46f5 - std::io::Write::write_fmt::h5f34a676f60246b5
[INFO] [stdout]                                at /rustc/53fd98ca776cb875bc9e5514f56b52eb74f9e7a9/library/std/src/io/mod.rs:1665:15
[INFO] [stdout]    6:     0x564af05fa07b - std::sys_common::backtrace::_print::ha537687d6c17dd0d
[INFO] [stdout]                                at /rustc/53fd98ca776cb875bc9e5514f56b52eb74f9e7a9/library/std/src/sys_common/backtrace.rs:49:5
[INFO] [stdout]    7:     0x564af05fa07b - std::sys_common::backtrace::print::h61376ae57d131d72
[INFO] [stdout]                                at /rustc/53fd98ca776cb875bc9e5514f56b52eb74f9e7a9/library/std/src/sys_common/backtrace.rs:36:9
[INFO] [stdout]    8:     0x564af05fa07b - std::panicking::default_hook::{{closure}}::h0f7208c0b9644a54
[INFO] [stdout]                                at /rustc/53fd98ca776cb875bc9e5514f56b52eb74f9e7a9/library/std/src/panicking.rs:208:50
[INFO] [stdout]    9:     0x564af05f9b8c - std::panicking::default_hook::hdac7fc06578c14ce
[INFO] [stdout]                                at /rustc/53fd98ca776cb875bc9e5514f56b52eb74f9e7a9/library/std/src/panicking.rs:222:9
[INFO] [stdout]   10:     0x564af05fa744 - std::panicking::rust_panic_with_hook::h72b21c283da3d1ef
[INFO] [stdout]                                at /rustc/53fd98ca776cb875bc9e5514f56b52eb74f9e7a9/library/std/src/panicking.rs:622:17
[INFO] [stdout]   11:     0x564af05fa227 - std::panicking::begin_panic_handler::{{closure}}::he5778f1729cff84a
[INFO] [stdout]                                at /rustc/53fd98ca776cb875bc9e5514f56b52eb74f9e7a9/library/std/src/panicking.rs:519:13
[INFO] [stdout]   12:     0x564af05f7f9c - std::sys_common::backtrace::__rust_end_short_backtrace::h2d11ca8b453b4b1d
[INFO] [stdout]                                at /rustc/53fd98ca776cb875bc9e5514f56b52eb74f9e7a9/library/std/src/sys_common/backtrace.rs:141:18
[INFO] [stdout]   13:     0x564af05fa189 - rust_begin_unwind
[INFO] [stdout]                                at /rustc/53fd98ca776cb875bc9e5514f56b52eb74f9e7a9/library/std/src/panicking.rs:515:5
[INFO] [stdout]   14:     0x564af0464441 - core::panicking::panic_fmt::hf9de31d4acbce4db
[INFO] [stdout]                                at /rustc/53fd98ca776cb875bc9e5514f56b52eb74f9e7a9/library/core/src/panicking.rs:92:14
[INFO] [stdout]   15:     0x564af061a988 - core::panicking::assert_failed_inner::h62e8cb2847a6e7ec
[INFO] [stdout]   16:     0x564af04f73aa - core::panicking::assert_failed::h15c78581e7f01486
[INFO] [stdout]                                at /rustc/53fd98ca776cb875bc9e5514f56b52eb74f9e7a9/library/core/src/panicking.rs:117:5
[INFO] [stdout]   17:     0x564af0534693 - tests::completion_test::test::{{closure}}::h5b617d9a81ffa259
[INFO] [stdout]                                at /opt/rustwide/workdir/tests/completion.rs:58:13
[INFO] [stdout]   18:     0x564af0490f88 - tests::with_temporary_file::{{closure}}::hee4177e0719f4700
[INFO] [stdout]                                at /opt/rustwide/workdir/tests/tests.rs:69:55
[INFO] [stdout]   19:     0x564af049d777 - tests::with_temporary_files::{{closure}}::h7fcf0ffd01859f0f
[INFO] [stdout]                                at /opt/rustwide/workdir/tests/tests.rs:80:9
[INFO] [stdout]   20:     0x564af0471c55 - tests::with_temporary_directory::h392d207c46a6988a
[INFO] [stdout]                                at /opt/rustwide/workdir/tests/tests.rs:64:5
[INFO] [stdout]   21:     0x564af0491a0e - tests::with_temporary_files::h2feddb3c875ed739
[INFO] [stdout]                                at /opt/rustwide/workdir/tests/tests.rs:73:5
[INFO] [stdout]   22:     0x564af048b052 - tests::with_temporary_file::hb8fdde91a8074356
[INFO] [stdout]                                at /opt/rustwide/workdir/tests/tests.rs:69:5
[INFO] [stdout]   23:     0x564af0533b0a - tests::completion_test::test::hb20538d728658ad5
[INFO] [stdout]                                at /opt/rustwide/workdir/tests/completion.rs:17:5
[INFO] [stdout]   24:     0x564af04b0fc1 - tests::test::h9b192c54ab89c22d
[INFO] [stdout]                                at /opt/rustwide/workdir/tests/tests.rs:123:5
[INFO] [stdout]   25:     0x564af04b0e5a - tests::test::{{closure}}::h6376cd39a2966a17
[INFO] [stdout]                                at /opt/rustwide/workdir/tests/tests.rs:118:1
[INFO] [stdout]   26:     0x564af052b9be - core::ops::function::FnOnce::call_once::h6411cc9958f9df65
[INFO] [stdout]                                at /rustc/53fd98ca776cb875bc9e5514f56b52eb74f9e7a9/library/core/src/ops/function.rs:227:5
[INFO] [stdout]   27:     0x564af0573c13 - core::ops::function::FnOnce::call_once::hbb52c4519d3137b0
[INFO] [stdout]                                at /rustc/53fd98ca776cb875bc9e5514f56b52eb74f9e7a9/library/core/src/ops/function.rs:227:5
[INFO] [stdout]   28:     0x564af0573c13 - test::__rust_begin_short_backtrace::h86fe3a2a5a5121af
[INFO] [stdout]                                at /rustc/53fd98ca776cb875bc9e5514f56b52eb74f9e7a9/library/test/src/lib.rs:578:5
[INFO] [stdout]   29:     0x564af05726c8 - <alloc::boxed::Box<F,A> as core::ops::function::FnOnce<Args>>::call_once::hfd956bc3d57399be
[INFO] [stdout]                                at /rustc/53fd98ca776cb875bc9e5514f56b52eb74f9e7a9/library/alloc/src/boxed.rs:1572:9
[INFO] [stdout]   30:     0x564af05726c8 - <std::panic::AssertUnwindSafe<F> as core::ops::function::FnOnce<()>>::call_once::h40dc93e0ddb5938a
[INFO] [stdout]                                at /rustc/53fd98ca776cb875bc9e5514f56b52eb74f9e7a9/library/std/src/panic.rs:347:9
[INFO] [stdout]   31:     0x564af05726c8 - std::panicking::try::do_call::h90d07750cb47c562
[INFO] [stdout]                                at /rustc/53fd98ca776cb875bc9e5514f56b52eb74f9e7a9/library/std/src/panicking.rs:401:40
[INFO] [stdout]   32:     0x564af05726c8 - std::panicking::try::h063c84733ad2a629
[INFO] [stdout]                                at /rustc/53fd98ca776cb875bc9e5514f56b52eb74f9e7a9/library/std/src/panicking.rs:365:19
[INFO] [stdout]   33:     0x564af05726c8 - std::panic::catch_unwind::h0c464836a84e7c08
[INFO] [stdout]                                at /rustc/53fd98ca776cb875bc9e5514f56b52eb74f9e7a9/library/std/src/panic.rs:434:14
[INFO] [stdout]   34:     0x564af05726c8 - test::run_test_in_process::h5cb06ef620b157fc
[INFO] [stdout]                                at /rustc/53fd98ca776cb875bc9e5514f56b52eb74f9e7a9/library/test/src/lib.rs:601:18
[INFO] [stdout]   35:     0x564af05726c8 - test::run_test::run_test_inner::{{closure}}::h76f677f4b93f9828
[INFO] [stdout]                                at /rustc/53fd98ca776cb875bc9e5514f56b52eb74f9e7a9/library/test/src/lib.rs:493:39
[INFO] [stdout]   36:     0x564af0540e5d - test::run_test::run_test_inner::{{closure}}::h366d01fe04f4d67a
[INFO] [stdout]                                at /rustc/53fd98ca776cb875bc9e5514f56b52eb74f9e7a9/library/test/src/lib.rs:520:37
[INFO] [stdout]   37:     0x564af0540e5d - std::sys_common::backtrace::__rust_begin_short_backtrace::h7dfa0de4eb395af2
[INFO] [stdout]                                at /rustc/53fd98ca776cb875bc9e5514f56b52eb74f9e7a9/library/std/src/sys_common/backtrace.rs:125:18
[INFO] [stdout]   38:     0x564af0545628 - std::thread::Builder::spawn_unchecked::{{closure}}::{{closure}}::hf0a74bb58798037f
[INFO] [stdout]                                at /rustc/53fd98ca776cb875bc9e5514f56b52eb74f9e7a9/library/std/src/thread/mod.rs:476:17
[INFO] [stdout]   39:     0x564af0545628 - <std::panic::AssertUnwindSafe<F> as core::ops::function::FnOnce<()>>::call_once::hb024e854818586ac
[INFO] [stdout]                                at /rustc/53fd98ca776cb875bc9e5514f56b52eb74f9e7a9/library/std/src/panic.rs:347:9
[INFO] [stdout]   40:     0x564af0545628 - std::panicking::try::do_call::hb2dd9f1d0d48e41d
[INFO] [stdout]                                at /rustc/53fd98ca776cb875bc9e5514f56b52eb74f9e7a9/library/std/src/panicking.rs:401:40
[INFO] [stdout]   41:     0x564af0545628 - std::panicking::try::h4717ae7bac8b2bf3
[INFO] [stdout]                                at /rustc/53fd98ca776cb875bc9e5514f56b52eb74f9e7a9/library/std/src/panicking.rs:365:19
[INFO] [stdout]   42:     0x564af0545628 - std::panic::catch_unwind::h0dc8a061326ce8d8
[INFO] [stdout]                                at /rustc/53fd98ca776cb875bc9e5514f56b52eb74f9e7a9/library/std/src/panic.rs:434:14
[INFO] [stdout]   43:     0x564af0545628 - std::thread::Builder::spawn_unchecked::{{closure}}::haa369e2d6fd00aa1
[INFO] [stdout]                                at /rustc/53fd98ca776cb875bc9e5514f56b52eb74f9e7a9/library/std/src/thread/mod.rs:475:30
[INFO] [stdout]   44:     0x564af0545628 - core::ops::function::FnOnce::call_once{{vtable.shim}}::h36dcf3de8b056f17
[INFO] [stdout]                                at /rustc/53fd98ca776cb875bc9e5514f56b52eb74f9e7a9/library/core/src/ops/function.rs:227:5
[INFO] [stdout]   45:     0x564af05ffe47 - <alloc::boxed::Box<F,A> as core::ops::function::FnOnce<Args>>::call_once::h65c29e4642be2358
[INFO] [stdout]                                at /rustc/53fd98ca776cb875bc9e5514f56b52eb74f9e7a9/library/alloc/src/boxed.rs:1572:9
[INFO] [stdout]   46:     0x564af05ffe47 - <alloc::boxed::Box<F,A> as core::ops::function::FnOnce<Args>>::call_once::hd0f8f7fbbd9fffbf
[INFO] [stdout]                                at /rustc/53fd98ca776cb875bc9e5514f56b52eb74f9e7a9/library/alloc/src/boxed.rs:1572:9
[INFO] [stdout]   47:     0x564af05ffe47 - std::sys::unix::thread::Thread::new::thread_start::h2fd22fee3ca77b65
[INFO] [stdout]                                at /rustc/53fd98ca776cb875bc9e5514f56b52eb74f9e7a9/library/std/src/sys/unix/thread.rs:74:17
[INFO] [stdout]   48:     0x7f4e315f0609 - start_thread
[INFO] [stdout]   49:     0x7f4e313c0293 - clone
[INFO] [stdout]   50:                0x0 - <unknown>
[INFO] [stdout] 
[INFO] [stdout] 
[INFO] [stdout] failures:
[INFO] [stdout]     test
[INFO] [stdout] 
[INFO] [stdout] test result: FAILED. 0 passed; 1 failed; 0 ignored; 0 measured; 0 filtered out; finished in 0.05s
[INFO] [stdout] 
[INFO] running `Command { std: "docker" "inspect" "17d29611b27ec3f27e6290abdb0f61a5eddbb665d88dfc35e60554e5d27298a3", kill_on_drop: false }`
[INFO] running `Command { std: "docker" "rm" "-f" "17d29611b27ec3f27e6290abdb0f61a5eddbb665d88dfc35e60554e5d27298a3", kill_on_drop: false }`
[INFO] [stdout] 17d29611b27ec3f27e6290abdb0f61a5eddbb665d88dfc35e60554e5d27298a3
