[INFO] fetching crate ckb-sentry-failure 0.21.0...
[INFO] testing ckb-sentry-failure-0.21.0 against 1.54.0 for beta-1.55-1
[INFO] extracting crate ckb-sentry-failure 0.21.0 into /workspace/builds/worker-4/source
[INFO] validating manifest of crates.io crate ckb-sentry-failure 0.21.0 on toolchain 1.54.0
[INFO] running `Command { std: "/workspace/cargo-home/bin/cargo" "+1.54.0" "metadata" "--manifest-path" "Cargo.toml" "--no-deps", kill_on_drop: false }`
[INFO] started tweaking crates.io crate ckb-sentry-failure 0.21.0
[INFO] finished tweaking crates.io crate ckb-sentry-failure 0.21.0
[INFO] tweaked toml for crates.io crate ckb-sentry-failure 0.21.0 written to /workspace/builds/worker-4/source/Cargo.toml
[INFO] running `Command { std: "/workspace/cargo-home/bin/cargo" "+1.54.0" "generate-lockfile" "--manifest-path" "Cargo.toml" "-Zno-index-update", kill_on_drop: false }`
[INFO] running `Command { std: "/workspace/cargo-home/bin/cargo" "+1.54.0" "fetch" "--manifest-path" "Cargo.toml", kill_on_drop: false }`
[INFO] running `Command { std: "docker" "create" "-v" "/var/lib/crater-agent-workspace/builds/worker-4/target:/opt/rustwide/target:rw,Z" "-v" "/var/lib/crater-agent-workspace/builds/worker-4/source:/opt/rustwide/workdir:ro,Z" "-v" "/var/lib/crater-agent-workspace/cargo-home:/opt/rustwide/cargo-home:ro,Z" "-v" "/var/lib/crater-agent-workspace/rustup-home:/opt/rustwide/rustup-home:ro,Z" "-e" "SOURCE_DIR=/opt/rustwide/workdir" "-e" "CARGO_TARGET_DIR=/opt/rustwide/target" "-e" "CARGO_HOME=/opt/rustwide/cargo-home" "-e" "RUSTUP_HOME=/opt/rustwide/rustup-home" "-w" "/opt/rustwide/workdir" "-m" "1610612736" "--user" "0:0" "--network" "none" "ghcr.io/rust-lang/crates-build-env/linux@sha256:34b6a614d2c27851fe6cbf88fbd1137609cefab8b10d0615aaeb6fd47975d74e" "/opt/rustwide/cargo-home/bin/cargo" "+1.54.0" "metadata" "--no-deps" "--format-version=1", kill_on_drop: false }`
[INFO] [stderr] WARNING: Your kernel does not support swap limit capabilities or the cgroup is not mounted. Memory limited without swap.
[INFO] [stdout] 688699c90b4b390cef90d2b587b062f995880e10225581e824530290e460d86c
[INFO] running `Command { std: "docker" "start" "-a" "688699c90b4b390cef90d2b587b062f995880e10225581e824530290e460d86c", kill_on_drop: false }`
[INFO] running `Command { std: "docker" "inspect" "688699c90b4b390cef90d2b587b062f995880e10225581e824530290e460d86c", kill_on_drop: false }`
[INFO] running `Command { std: "docker" "rm" "-f" "688699c90b4b390cef90d2b587b062f995880e10225581e824530290e460d86c", kill_on_drop: false }`
[INFO] [stdout] 688699c90b4b390cef90d2b587b062f995880e10225581e824530290e460d86c
[INFO] running `Command { std: "docker" "create" "-v" "/var/lib/crater-agent-workspace/builds/worker-4/target:/opt/rustwide/target:rw,Z" "-v" "/var/lib/crater-agent-workspace/builds/worker-4/source:/opt/rustwide/workdir:ro,Z" "-v" "/var/lib/crater-agent-workspace/cargo-home:/opt/rustwide/cargo-home:ro,Z" "-v" "/var/lib/crater-agent-workspace/rustup-home:/opt/rustwide/rustup-home:ro,Z" "-e" "SOURCE_DIR=/opt/rustwide/workdir" "-e" "CARGO_TARGET_DIR=/opt/rustwide/target" "-e" "CARGO_INCREMENTAL=0" "-e" "RUST_BACKTRACE=full" "-e" "RUSTFLAGS=--cap-lints=warn" "-e" "CARGO_HOME=/opt/rustwide/cargo-home" "-e" "RUSTUP_HOME=/opt/rustwide/rustup-home" "-w" "/opt/rustwide/workdir" "-m" "1610612736" "--user" "0:0" "--network" "none" "ghcr.io/rust-lang/crates-build-env/linux@sha256:34b6a614d2c27851fe6cbf88fbd1137609cefab8b10d0615aaeb6fd47975d74e" "/opt/rustwide/cargo-home/bin/cargo" "+1.54.0" "build" "--frozen" "--message-format=json", kill_on_drop: false }`
[INFO] [stdout] 69418bdfb78bb4c78006f392b2983dcc2ca1e06ca80819ab389e99bc42e588ac
[INFO] [stderr] WARNING: Your kernel does not support swap limit capabilities or the cgroup is not mounted. Memory limited without swap.
[INFO] running `Command { std: "docker" "start" "-a" "69418bdfb78bb4c78006f392b2983dcc2ca1e06ca80819ab389e99bc42e588ac", kill_on_drop: false }`
[INFO] [stderr]    Compiling thiserror-impl v1.0.26
[INFO] [stderr]    Compiling uuid v0.8.2
[INFO] [stderr]    Compiling url v2.2.2
[INFO] [stderr]    Compiling serde_json v1.0.66
[INFO] [stderr]    Compiling chrono v0.4.19
[INFO] [stderr]    Compiling failure v0.1.8
[INFO] [stderr]    Compiling debugid v0.7.2
[INFO] [stderr]    Compiling thiserror v1.0.26
[INFO] [stderr]    Compiling ckb-sentry-types v0.21.0
[INFO] [stderr]    Compiling ckb-sentry-core v0.21.0
[INFO] [stderr]    Compiling ckb-sentry-backtrace v0.21.0
[INFO] [stderr]    Compiling ckb-sentry-failure v0.21.0 (/opt/rustwide/workdir)
[INFO] [stdout] warning: panic message is not a string literal
[INFO] [stdout]    --> src/lib.rs:219:24
[INFO] [stdout]     |
[INFO] [stdout] 219 |                 panic!(e)
[INFO] [stdout]     |                        ^
[INFO] [stdout]     |
[INFO] [stdout]     = note: `#[warn(non_fmt_panic)]` on by default
[INFO] [stdout]     = note: this is no longer accepted in Rust 2021
[INFO] [stdout] help: add a "{}" format string to Display the message
[INFO] [stdout]     |
[INFO] [stdout] 219 |                 panic!("{}", e)
[INFO] [stdout]     |                        ^^^^^
[INFO] [stdout] help: or use std::panic::panic_any instead
[INFO] [stdout]     |
[INFO] [stdout] 219 |                 std::panic::panic_any(e)
[INFO] [stdout]     |                 ^^^^^^^^^^^^^^^^^^^^^
[INFO] [stdout] 
[INFO] [stdout] 
[INFO] [stdout] warning: 1 warning emitted
[INFO] [stdout] 
[INFO] [stdout] 
[INFO] [stderr]     Finished dev [unoptimized + debuginfo] target(s) in 8.65s
[INFO] running `Command { std: "docker" "inspect" "69418bdfb78bb4c78006f392b2983dcc2ca1e06ca80819ab389e99bc42e588ac", kill_on_drop: false }`
[INFO] running `Command { std: "docker" "rm" "-f" "69418bdfb78bb4c78006f392b2983dcc2ca1e06ca80819ab389e99bc42e588ac", kill_on_drop: false }`
[INFO] [stdout] 69418bdfb78bb4c78006f392b2983dcc2ca1e06ca80819ab389e99bc42e588ac
[INFO] running `Command { std: "docker" "create" "-v" "/var/lib/crater-agent-workspace/builds/worker-4/target:/opt/rustwide/target:rw,Z" "-v" "/var/lib/crater-agent-workspace/builds/worker-4/source:/opt/rustwide/workdir:ro,Z" "-v" "/var/lib/crater-agent-workspace/cargo-home:/opt/rustwide/cargo-home:ro,Z" "-v" "/var/lib/crater-agent-workspace/rustup-home:/opt/rustwide/rustup-home:ro,Z" "-e" "SOURCE_DIR=/opt/rustwide/workdir" "-e" "CARGO_TARGET_DIR=/opt/rustwide/target" "-e" "CARGO_INCREMENTAL=0" "-e" "RUST_BACKTRACE=full" "-e" "RUSTFLAGS=--cap-lints=warn" "-e" "CARGO_HOME=/opt/rustwide/cargo-home" "-e" "RUSTUP_HOME=/opt/rustwide/rustup-home" "-w" "/opt/rustwide/workdir" "-m" "1610612736" "--user" "0:0" "--network" "none" "ghcr.io/rust-lang/crates-build-env/linux@sha256:34b6a614d2c27851fe6cbf88fbd1137609cefab8b10d0615aaeb6fd47975d74e" "/opt/rustwide/cargo-home/bin/cargo" "+1.54.0" "test" "--frozen" "--no-run" "--message-format=json", kill_on_drop: false }`
[INFO] [stdout] 948a2461092102f989077c70cdfee44bacb4bc843af424cbad2ae6d0e3625efe
[INFO] [stderr] WARNING: Your kernel does not support swap limit capabilities or the cgroup is not mounted. Memory limited without swap.
[INFO] running `Command { std: "docker" "start" "-a" "948a2461092102f989077c70cdfee44bacb4bc843af424cbad2ae6d0e3625efe", kill_on_drop: false }`
[INFO] [stderr]    Compiling ckb-sentry-failure v0.21.0 (/opt/rustwide/workdir)
[INFO] [stdout] warning: panic message is not a string literal
[INFO] [stdout]    --> src/lib.rs:219:24
[INFO] [stdout]     |
[INFO] [stdout] 219 |                 panic!(e)
[INFO] [stdout]     |                        ^
[INFO] [stdout]     |
[INFO] [stdout]     = note: `#[warn(non_fmt_panic)]` on by default
[INFO] [stdout]     = note: this is no longer accepted in Rust 2021
[INFO] [stdout] help: add a "{}" format string to Display the message
[INFO] [stdout]     |
[INFO] [stdout] 219 |                 panic!("{}", e)
[INFO] [stdout]     |                        ^^^^^
[INFO] [stdout] help: or use std::panic::panic_any instead
[INFO] [stdout]     |
[INFO] [stdout] 219 |                 std::panic::panic_any(e)
[INFO] [stdout]     |                 ^^^^^^^^^^^^^^^^^^^^^
[INFO] [stdout] 
[INFO] [stdout] 
[INFO] [stdout] warning: 1 warning emitted
[INFO] [stdout] 
[INFO] [stdout] 
[INFO] [stdout] warning: panic message is not a string literal
[INFO] [stdout]    --> src/lib.rs:219:24
[INFO] [stdout]     |
[INFO] [stdout] 219 |                 panic!(e)
[INFO] [stdout]     |                        ^
[INFO] [stdout]     |
[INFO] [stdout]     = note: `#[warn(non_fmt_panic)]` on by default
[INFO] [stdout]     = note: this is no longer accepted in Rust 2021
[INFO] [stdout] help: add a "{}" format string to Display the message
[INFO] [stdout]     |
[INFO] [stdout] 219 |                 panic!("{}", e)
[INFO] [stdout]     |                        ^^^^^
[INFO] [stdout] help: or use std::panic::panic_any instead
[INFO] [stdout]     |
[INFO] [stdout] 219 |                 std::panic::panic_any(e)
[INFO] [stdout]     |                 ^^^^^^^^^^^^^^^^^^^^^
[INFO] [stdout] 
[INFO] [stdout] 
[INFO] [stdout] warning: 1 warning emitted
[INFO] [stdout] 
[INFO] [stdout] 
[INFO] [stderr]     Finished test [unoptimized + debuginfo] target(s) in 0.76s
[INFO] running `Command { std: "docker" "inspect" "948a2461092102f989077c70cdfee44bacb4bc843af424cbad2ae6d0e3625efe", kill_on_drop: false }`
[INFO] running `Command { std: "docker" "rm" "-f" "948a2461092102f989077c70cdfee44bacb4bc843af424cbad2ae6d0e3625efe", kill_on_drop: false }`
[INFO] [stdout] 948a2461092102f989077c70cdfee44bacb4bc843af424cbad2ae6d0e3625efe
[INFO] running `Command { std: "docker" "create" "-v" "/var/lib/crater-agent-workspace/builds/worker-4/target:/opt/rustwide/target:rw,Z" "-v" "/var/lib/crater-agent-workspace/builds/worker-4/source:/opt/rustwide/workdir:ro,Z" "-v" "/var/lib/crater-agent-workspace/cargo-home:/opt/rustwide/cargo-home:ro,Z" "-v" "/var/lib/crater-agent-workspace/rustup-home:/opt/rustwide/rustup-home:ro,Z" "-e" "SOURCE_DIR=/opt/rustwide/workdir" "-e" "CARGO_TARGET_DIR=/opt/rustwide/target" "-e" "CARGO_INCREMENTAL=0" "-e" "RUST_BACKTRACE=full" "-e" "RUSTFLAGS=--cap-lints=warn" "-e" "CARGO_HOME=/opt/rustwide/cargo-home" "-e" "RUSTUP_HOME=/opt/rustwide/rustup-home" "-w" "/opt/rustwide/workdir" "-m" "1610612736" "--user" "0:0" "--network" "none" "ghcr.io/rust-lang/crates-build-env/linux@sha256:34b6a614d2c27851fe6cbf88fbd1137609cefab8b10d0615aaeb6fd47975d74e" "/opt/rustwide/cargo-home/bin/cargo" "+1.54.0" "test" "--frozen", kill_on_drop: false }`
[INFO] [stderr] WARNING: Your kernel does not support swap limit capabilities or the cgroup is not mounted. Memory limited without swap.
[INFO] [stdout] 7ab18f734179b4bc1bb1ccc656ad711a8637066faeca88f20d3f6f9673e3bed6
[INFO] running `Command { std: "docker" "start" "-a" "7ab18f734179b4bc1bb1ccc656ad711a8637066faeca88f20d3f6f9673e3bed6", kill_on_drop: false }`
[INFO] [stderr] warning: panic message is not a string literal
[INFO] [stderr]    --> src/lib.rs:219:24
[INFO] [stderr]     |
[INFO] [stderr] 219 |                 panic!(e)
[INFO] [stderr]     |                        ^
[INFO] [stderr]     |
[INFO] [stderr]     = note: `#[warn(non_fmt_panic)]` on by default
[INFO] [stderr]     = note: this is no longer accepted in Rust 2021
[INFO] [stderr] help: add a "{}" format string to Display the message
[INFO] [stderr]     |
[INFO] [stderr] 219 |                 panic!("{}", e)
[INFO] [stderr]     |                        ^^^^^
[INFO] [stderr] help: or use std::panic::panic_any instead
[INFO] [stderr]     |
[INFO] [stderr] 219 |                 std::panic::panic_any(e)
[INFO] [stderr]     |                 ^^^^^^^^^^^^^^^^^^^^^
[INFO] [stderr] 
[INFO] [stderr] warning: 1 warning emitted
[INFO] [stderr] 
[INFO] [stderr] warning: panic message is not a string literal
[INFO] [stderr]    --> src/lib.rs:219:24
[INFO] [stderr]     |
[INFO] [stderr] 219 |                 panic!(e)
[INFO] [stderr]     |                        ^
[INFO] [stderr]     |
[INFO] [stderr]     = note: `#[warn(non_fmt_panic)]` on by default
[INFO] [stderr]     = note: this is no longer accepted in Rust 2021
[INFO] [stderr] help: add a "{}" format string to Display the message
[INFO] [stderr]     |
[INFO] [stderr] 219 |                 panic!("{}", e)
[INFO] [stderr]     |                        ^^^^^
[INFO] [stderr] help: or use std::panic::panic_any instead
[INFO] [stderr]     |
[INFO] [stderr] 219 |                 std::panic::panic_any(e)
[INFO] [stderr]     |                 ^^^^^^^^^^^^^^^^^^^^^
[INFO] [stderr] 
[INFO] [stderr] warning: 1 warning emitted
[INFO] [stderr] 
[INFO] [stderr]     Finished test [unoptimized + debuginfo] target(s) in 0.03s
[INFO] [stderr]      Running unittests (/opt/rustwide/target/debug/deps/ckb_sentry_failure-73e6a9af3fcb1c68)
[INFO] [stdout] 
[INFO] [stdout] running 0 tests
[INFO] [stdout] 
[INFO] [stdout] test result: ok. 0 passed; 0 failed; 0 ignored; 0 measured; 0 filtered out; finished in 0.00s
[INFO] [stdout] 
[INFO] [stderr]    Doc-tests ckb-sentry-failure
[INFO] [stdout] 
[INFO] [stdout] running 2 tests
[INFO] [stdout] test src/lib.rs - panic_extractor (line 81) ... FAILED
[INFO] [stdout] test src/lib.rs - (line 10) - compile ... ok
[INFO] [stdout] 
[INFO] [stdout] failures:
[INFO] [stdout] 
[INFO] [stdout] ---- src/lib.rs - panic_extractor (line 81) stdout ----
[INFO] [stdout] error[E0433]: failed to resolve: use of undeclared crate or module `sentry_panic`
[INFO] [stdout]  --> src/lib.rs:85:5
[INFO] [stdout]   |
[INFO] [stdout] 7 |     sentry_panic::PanicIntegration::new().add_extractor(sentry_failure::panic_extractor);
[INFO] [stdout]   |     ^^^^^^^^^^^^ use of undeclared crate or module `sentry_panic`
[INFO] [stdout] 
[INFO] [stdout] warning: use of deprecated function `ckb_sentry_failure::panic_extractor`: The `failure` integration is deprecated and will be removed in the future.
[INFO] [stdout]  --> src/lib.rs:85:57
[INFO] [stdout]   |
[INFO] [stdout] 7 |     sentry_panic::PanicIntegration::new().add_extractor(sentry_failure::panic_extractor);
[INFO] [stdout]   |                                                         ^^^^^^^^^^^^^^^^^^^^^^^^^^^^^^^
[INFO] [stdout]   |
[INFO] [stdout]   = note: `#[warn(deprecated)]` on by default
[INFO] [stdout] 
[INFO] [stdout] error: aborting due to previous error; 1 warning emitted
[INFO] [stdout] 
[INFO] [stdout] For more information about this error, try `rustc --explain E0433`.
[INFO] [stdout] Couldn't compile the test.
[INFO] [stdout] 
[INFO] [stdout] failures:
[INFO] [stdout]     src/lib.rs - panic_extractor (line 81)
[INFO] [stdout] 
[INFO] [stdout] test result: FAILED. 1 passed; 1 failed; 0 ignored; 0 measured; 0 filtered out; finished in 0.24s
[INFO] [stdout] 
[INFO] [stderr] error: test failed, to rerun pass '--doc'
[INFO] running `Command { std: "docker" "inspect" "7ab18f734179b4bc1bb1ccc656ad711a8637066faeca88f20d3f6f9673e3bed6", kill_on_drop: false }`
[INFO] running `Command { std: "docker" "rm" "-f" "7ab18f734179b4bc1bb1ccc656ad711a8637066faeca88f20d3f6f9673e3bed6", kill_on_drop: false }`
[INFO] [stdout] 7ab18f734179b4bc1bb1ccc656ad711a8637066faeca88f20d3f6f9673e3bed6
