[INFO] fetching crate cicada 0.9.22...
[INFO] testing cicada-0.9.22 against 1.54.0 for beta-1.55-1
[INFO] extracting crate cicada 0.9.22 into /workspace/builds/worker-4/source
[INFO] validating manifest of crates.io crate cicada 0.9.22 on toolchain 1.54.0
[INFO] running `Command { std: "/workspace/cargo-home/bin/cargo" "+1.54.0" "metadata" "--manifest-path" "Cargo.toml" "--no-deps", kill_on_drop: false }`
[INFO] started tweaking crates.io crate cicada 0.9.22
[INFO] finished tweaking crates.io crate cicada 0.9.22
[INFO] tweaked toml for crates.io crate cicada 0.9.22 written to /workspace/builds/worker-4/source/Cargo.toml
[INFO] crate crates.io crate cicada 0.9.22 already has a lockfile, it will not be regenerated
[INFO] running `Command { std: "/workspace/cargo-home/bin/cargo" "+1.54.0" "fetch" "--manifest-path" "Cargo.toml", kill_on_drop: false }`
[INFO] [stderr]     Blocking waiting for file lock on package cache
[INFO] [stderr]  Downloading crates ...
[INFO] [stderr]   Downloaded exec v0.3.1
[INFO] [stderr]   Downloaded smallstr v0.2.0
[INFO] [stderr]   Downloaded mortal v0.2.2
[INFO] running `Command { std: "docker" "create" "-v" "/var/lib/crater-agent-workspace/builds/worker-4/target:/opt/rustwide/target:rw,Z" "-v" "/var/lib/crater-agent-workspace/builds/worker-4/source:/opt/rustwide/workdir:ro,Z" "-v" "/var/lib/crater-agent-workspace/cargo-home:/opt/rustwide/cargo-home:ro,Z" "-v" "/var/lib/crater-agent-workspace/rustup-home:/opt/rustwide/rustup-home:ro,Z" "-e" "SOURCE_DIR=/opt/rustwide/workdir" "-e" "CARGO_TARGET_DIR=/opt/rustwide/target" "-e" "CARGO_HOME=/opt/rustwide/cargo-home" "-e" "RUSTUP_HOME=/opt/rustwide/rustup-home" "-w" "/opt/rustwide/workdir" "-m" "1610612736" "--user" "0:0" "--network" "none" "ghcr.io/rust-lang/crates-build-env/linux@sha256:34b6a614d2c27851fe6cbf88fbd1137609cefab8b10d0615aaeb6fd47975d74e" "/opt/rustwide/cargo-home/bin/cargo" "+1.54.0" "metadata" "--no-deps" "--format-version=1", kill_on_drop: false }`
[INFO] [stdout] fe3dd28436dd30549195e16dcfeaa0c542ec8cc953797c056da6d7113cd3d82b
[INFO] [stderr] WARNING: Your kernel does not support swap limit capabilities or the cgroup is not mounted. Memory limited without swap.
[INFO] running `Command { std: "docker" "start" "-a" "fe3dd28436dd30549195e16dcfeaa0c542ec8cc953797c056da6d7113cd3d82b", kill_on_drop: false }`
[INFO] running `Command { std: "docker" "inspect" "fe3dd28436dd30549195e16dcfeaa0c542ec8cc953797c056da6d7113cd3d82b", kill_on_drop: false }`
[INFO] running `Command { std: "docker" "rm" "-f" "fe3dd28436dd30549195e16dcfeaa0c542ec8cc953797c056da6d7113cd3d82b", kill_on_drop: false }`
[INFO] [stdout] fe3dd28436dd30549195e16dcfeaa0c542ec8cc953797c056da6d7113cd3d82b
[INFO] running `Command { std: "docker" "create" "-v" "/var/lib/crater-agent-workspace/builds/worker-4/target:/opt/rustwide/target:rw,Z" "-v" "/var/lib/crater-agent-workspace/builds/worker-4/source:/opt/rustwide/workdir:ro,Z" "-v" "/var/lib/crater-agent-workspace/cargo-home:/opt/rustwide/cargo-home:ro,Z" "-v" "/var/lib/crater-agent-workspace/rustup-home:/opt/rustwide/rustup-home:ro,Z" "-e" "SOURCE_DIR=/opt/rustwide/workdir" "-e" "CARGO_TARGET_DIR=/opt/rustwide/target" "-e" "CARGO_INCREMENTAL=0" "-e" "RUST_BACKTRACE=full" "-e" "RUSTFLAGS=--cap-lints=warn" "-e" "CARGO_HOME=/opt/rustwide/cargo-home" "-e" "RUSTUP_HOME=/opt/rustwide/rustup-home" "-w" "/opt/rustwide/workdir" "-m" "1610612736" "--user" "0:0" "--network" "none" "ghcr.io/rust-lang/crates-build-env/linux@sha256:34b6a614d2c27851fe6cbf88fbd1137609cefab8b10d0615aaeb6fd47975d74e" "/opt/rustwide/cargo-home/bin/cargo" "+1.54.0" "build" "--frozen" "--message-format=json", kill_on_drop: false }`
[INFO] [stderr] WARNING: Your kernel does not support swap limit capabilities or the cgroup is not mounted. Memory limited without swap.
[INFO] [stdout] 2991343ac19ce25ad976db6e3dfeb3ca0658d80eac5258f1516fe1d11953d448
[INFO] running `Command { std: "docker" "start" "-a" "2991343ac19ce25ad976db6e3dfeb3ca0658d80eac5258f1516fe1d11953d448", kill_on_drop: false }`
[INFO] [stderr]    Compiling libc v0.2.98
[INFO] [stderr]    Compiling siphasher v0.3.5
[INFO] [stderr]    Compiling syn v1.0.73
[INFO] [stderr]    Compiling nix v0.17.0
[INFO] [stderr]    Compiling serde v1.0.126
[INFO] [stderr]    Compiling fallible-iterator v0.2.0
[INFO] [stderr]    Compiling fallible-streaming-iterator v0.1.9
[INFO] [stderr]    Compiling libsqlite3-sys v0.22.2
[INFO] [stderr]    Compiling smallstr v0.2.0
[INFO] [stderr]    Compiling yaml-rust v0.4.5
[INFO] [stderr]    Compiling phf_shared v0.8.0
[INFO] [stderr]    Compiling phf v0.8.0
[INFO] [stderr]    Compiling getrandom v0.1.16
[INFO] [stderr]    Compiling getrandom v0.2.3
[INFO] [stderr]    Compiling dirs-sys v0.3.6
[INFO] [stderr]    Compiling time v0.1.43
[INFO] [stderr]    Compiling errno v0.2.7
[INFO] [stderr]    Compiling dirs v1.0.5
[INFO] [stderr]    Compiling nix v0.22.0
[INFO] [stderr]    Compiling exec v0.3.1
[INFO] [stderr]    Compiling dirs v2.0.2
[INFO] [stderr]    Compiling rand_core v0.5.1
[INFO] [stderr]    Compiling ahash v0.7.4
[INFO] [stderr]    Compiling chrono v0.4.19
[INFO] [stderr]    Compiling uuid v0.8.2
[INFO] [stderr]    Compiling rand_chacha v0.2.2
[INFO] [stderr]    Compiling rand_pcg v0.2.1
[INFO] [stderr]    Compiling hashbrown v0.11.2
[INFO] [stderr]    Compiling proc-macro-error v1.0.4
[INFO] [stderr]    Compiling pest_generator v2.1.3
[INFO] [stderr]    Compiling rand v0.7.3
[INFO] [stderr]    Compiling hashlink v0.7.0
[INFO] [stderr]    Compiling cicada v0.9.22 (/opt/rustwide/workdir)
[INFO] [stderr]    Compiling phf_generator v0.8.0
[INFO] [stderr]    Compiling phf_codegen v0.8.0
[INFO] [stderr]    Compiling terminfo v0.7.3
[INFO] [stderr]    Compiling structopt-derive v0.4.15
[INFO] [stderr]    Compiling pest_derive v2.1.0
[INFO] [stderr]    Compiling structopt v0.3.22
[INFO] [stderr]    Compiling rusqlite v0.25.3
[INFO] [stderr]    Compiling mortal v0.2.2
[INFO] [stderr]    Compiling linefeed v0.6.0
[INFO] [stderr]     Finished dev [unoptimized + debuginfo] target(s) in 1m 30s
[INFO] running `Command { std: "docker" "inspect" "2991343ac19ce25ad976db6e3dfeb3ca0658d80eac5258f1516fe1d11953d448", kill_on_drop: false }`
[INFO] running `Command { std: "docker" "rm" "-f" "2991343ac19ce25ad976db6e3dfeb3ca0658d80eac5258f1516fe1d11953d448", kill_on_drop: false }`
[INFO] [stdout] 2991343ac19ce25ad976db6e3dfeb3ca0658d80eac5258f1516fe1d11953d448
[INFO] running `Command { std: "docker" "create" "-v" "/var/lib/crater-agent-workspace/builds/worker-4/target:/opt/rustwide/target:rw,Z" "-v" "/var/lib/crater-agent-workspace/builds/worker-4/source:/opt/rustwide/workdir:ro,Z" "-v" "/var/lib/crater-agent-workspace/cargo-home:/opt/rustwide/cargo-home:ro,Z" "-v" "/var/lib/crater-agent-workspace/rustup-home:/opt/rustwide/rustup-home:ro,Z" "-e" "SOURCE_DIR=/opt/rustwide/workdir" "-e" "CARGO_TARGET_DIR=/opt/rustwide/target" "-e" "CARGO_INCREMENTAL=0" "-e" "RUST_BACKTRACE=full" "-e" "RUSTFLAGS=--cap-lints=warn" "-e" "CARGO_HOME=/opt/rustwide/cargo-home" "-e" "RUSTUP_HOME=/opt/rustwide/rustup-home" "-w" "/opt/rustwide/workdir" "-m" "1610612736" "--user" "0:0" "--network" "none" "ghcr.io/rust-lang/crates-build-env/linux@sha256:34b6a614d2c27851fe6cbf88fbd1137609cefab8b10d0615aaeb6fd47975d74e" "/opt/rustwide/cargo-home/bin/cargo" "+1.54.0" "test" "--frozen" "--no-run" "--message-format=json", kill_on_drop: false }`
[INFO] [stdout] c084a120289c8abbbabae66002eed7b6471b3953aeba352e6d1f27591bb34430
[INFO] [stderr] WARNING: Your kernel does not support swap limit capabilities or the cgroup is not mounted. Memory limited without swap.
[INFO] running `Command { std: "docker" "start" "-a" "c084a120289c8abbbabae66002eed7b6471b3953aeba352e6d1f27591bb34430", kill_on_drop: false }`
[INFO] [stderr]    Compiling cicada v0.9.22 (/opt/rustwide/workdir)
[INFO] [stderr]     Finished test [unoptimized + debuginfo] target(s) in 18.85s
[INFO] running `Command { std: "docker" "inspect" "c084a120289c8abbbabae66002eed7b6471b3953aeba352e6d1f27591bb34430", kill_on_drop: false }`
[INFO] running `Command { std: "docker" "rm" "-f" "c084a120289c8abbbabae66002eed7b6471b3953aeba352e6d1f27591bb34430", kill_on_drop: false }`
[INFO] [stdout] c084a120289c8abbbabae66002eed7b6471b3953aeba352e6d1f27591bb34430
[INFO] running `Command { std: "docker" "create" "-v" "/var/lib/crater-agent-workspace/builds/worker-4/target:/opt/rustwide/target:rw,Z" "-v" "/var/lib/crater-agent-workspace/builds/worker-4/source:/opt/rustwide/workdir:ro,Z" "-v" "/var/lib/crater-agent-workspace/cargo-home:/opt/rustwide/cargo-home:ro,Z" "-v" "/var/lib/crater-agent-workspace/rustup-home:/opt/rustwide/rustup-home:ro,Z" "-e" "SOURCE_DIR=/opt/rustwide/workdir" "-e" "CARGO_TARGET_DIR=/opt/rustwide/target" "-e" "CARGO_INCREMENTAL=0" "-e" "RUST_BACKTRACE=full" "-e" "RUSTFLAGS=--cap-lints=warn" "-e" "CARGO_HOME=/opt/rustwide/cargo-home" "-e" "RUSTUP_HOME=/opt/rustwide/rustup-home" "-w" "/opt/rustwide/workdir" "-m" "1610612736" "--user" "0:0" "--network" "none" "ghcr.io/rust-lang/crates-build-env/linux@sha256:34b6a614d2c27851fe6cbf88fbd1137609cefab8b10d0615aaeb6fd47975d74e" "/opt/rustwide/cargo-home/bin/cargo" "+1.54.0" "test" "--frozen", kill_on_drop: false }`
[INFO] [stdout] 07e93fe212e97f3a7697952c63605327daaf0e7cdc38e4c947c555c0516344ed
[INFO] [stderr] WARNING: Your kernel does not support swap limit capabilities or the cgroup is not mounted. Memory limited without swap.
[INFO] running `Command { std: "docker" "start" "-a" "07e93fe212e97f3a7697952c63605327daaf0e7cdc38e4c947c555c0516344ed", kill_on_drop: false }`
[INFO] [stderr]     Finished test [unoptimized + debuginfo] target(s) in 0.11s
[INFO] [stderr]      Running unittests (/opt/rustwide/target/debug/deps/cicada-930cacb6a47574a4)
[INFO] [stdout] 
[INFO] [stdout] running 25 tests
[INFO] [stdout] test parsers::locust::tests::test_locust_parse_lines_exp_else_if ... ok
[INFO] [stdout] test parsers::locust::tests::test_locust_parse_lines_exp_if_nest_2 ... ok
[INFO] [stdout] test parsers::locust::tests::test_locust_parse_lines_exp_if_while_001 ... ok
[INFO] [stdout] test execute::tests::test_run_calculator ... ok
[INFO] [stdout] test parsers::locust::tests::test_locust_parse_lines_exp_while_if_more_002 ... ok
[INFO] [stdout] test parsers::locust::tests::test_locust_parse_lines_exp_if_nest ... ok
[INFO] [stdout] test parsers::locust::tests::test_locust_parse_lines_exp_while ... ok
[INFO] [stdout] test parsers::locust::tests::test_locust_parse_lines_exp_while_if_001 ... ok
[INFO] [stdout] test parsers::locust::tests::test_locust_parse_lines_exp_while_if_more_001 ... ok
[INFO] [stdout] test parsers::locust::tests::test_locust_parse_lines_exp_if ... ok
[INFO] [stdout] test shell::tests::test_expand_alias ... ok
[INFO] [stdout] test libs::re::tests::test_find_first_group ... ok
[INFO] [stdout] test shell::tests::test_expand_brace ... ok
[INFO] [stdout] test parsers::parser_line::tests::test_line_to_cmds ... ok
[INFO] [stdout] test parsers::parser_line::tests::test_tokens_to_line ... ok
[INFO] [stdout] test shell::tests::test_needs_globbing ... ok
[INFO] [stdout] test parsers::parser_line::tests::test_parse_line ... ok
[INFO] [stdout] test tools::tests::test_extend_bangbang ... ok
[INFO] [stdout] test tools::tests::test_escape_path ... ok
[INFO] [stdout] test shell::tests::test_should_do_dollar_command_extension ... ok
[INFO] [stdout] test shell::tests::test_expand_brace_range ... ok
[INFO] [stdout] test scripting::tests::test_expand_args ... ok
[INFO] [stdout] test parsers::parser_line::tests::test_cmd_to_tokens ... ok
[INFO] [stdout] test shell::tests::test_expand_env ... ok
[INFO] [stderr] ls: cannot access 'foo.txt': No such file or directory
[INFO] [stderr] foo
[INFO] [stderr] foo
[INFO] [stderr] cicada: fork: Read-only file system (os error 30)
[INFO] [stderr] cicada: fork: Read-only file system (os error 30)
[INFO] [stderr] cicada: fork: Read-only file system (os error 30)
[INFO] [stderr] cicada: fork: Read-only file system (os error 30)
[INFO] [stderr] cicada: fork: Read-only file system (os error 30)
[INFO] [stdout] test execute::tests::test_run_itself ... FAILED
[INFO] [stderr] error: test failed, to rerun pass '--lib'
[INFO] [stdout] 
[INFO] [stdout] failures:
[INFO] [stdout] 
[INFO] [stdout] ---- execute::tests::test_run_itself stdout ----
[INFO] [stdout] 
[INFO] [stdout] STDOUT Check Failed:
[INFO] [stdout] input: cat bar
[INFO] [stdout] stdout: ""
[INFO] [stdout] expected: "^foo$"
[INFO] [stdout] line number: 50
[INFO] [stdout] 
[INFO] [stdout] thread 'execute::tests::test_run_itself' panicked at 'assertion failed: matched', src/execute.rs:214:25
[INFO] [stdout] stack backtrace:
[INFO] [stdout]    0:     0x5592ad9143f0 - std::backtrace_rs::backtrace::libunwind::trace::h34055254b57d8e79
[INFO] [stdout]                                at /rustc/a178d0322ce20e33eac124758e837cbd80a6f633/library/std/src/../../backtrace/src/backtrace/libunwind.rs:90:5
[INFO] [stdout]    1:     0x5592ad9143f0 - std::backtrace_rs::backtrace::trace_unsynchronized::h8f1e3fbd9afff6ec
[INFO] [stdout]                                at /rustc/a178d0322ce20e33eac124758e837cbd80a6f633/library/std/src/../../backtrace/src/backtrace/mod.rs:66:5
[INFO] [stdout]    2:     0x5592ad9143f0 - std::sys_common::backtrace::_print_fmt::h3a99a796b770c360
[INFO] [stdout]                                at /rustc/a178d0322ce20e33eac124758e837cbd80a6f633/library/std/src/sys_common/backtrace.rs:67:5
[INFO] [stdout]    3:     0x5592ad9143f0 - <std::sys_common::backtrace::_print::DisplayBacktrace as core::fmt::Display>::fmt::h32d1f94a80615d18
[INFO] [stdout]                                at /rustc/a178d0322ce20e33eac124758e837cbd80a6f633/library/std/src/sys_common/backtrace.rs:46:22
[INFO] [stdout]    4:     0x5592ad93962c - core::fmt::write::h306731c068f7162c
[INFO] [stdout]                                at /rustc/a178d0322ce20e33eac124758e837cbd80a6f633/library/core/src/fmt/mod.rs:1110:17
[INFO] [stdout]    5:     0x5592ad910a85 - std::io::Write::write_fmt::h87f19b0a2cd190bc
[INFO] [stdout]                                at /rustc/a178d0322ce20e33eac124758e837cbd80a6f633/library/std/src/io/mod.rs:1588:15
[INFO] [stdout]    6:     0x5592ad9166ab - std::sys_common::backtrace::_print::h5abaa2601a852287
[INFO] [stdout]                                at /rustc/a178d0322ce20e33eac124758e837cbd80a6f633/library/std/src/sys_common/backtrace.rs:49:5
[INFO] [stdout]    7:     0x5592ad9166ab - std::sys_common::backtrace::print::h8d81445442bb638f
[INFO] [stdout]                                at /rustc/a178d0322ce20e33eac124758e837cbd80a6f633/library/std/src/sys_common/backtrace.rs:36:9
[INFO] [stdout]    8:     0x5592ad9166ab - std::panicking::default_hook::{{closure}}::hcfe804496a9fa747
[INFO] [stdout]                                at /rustc/a178d0322ce20e33eac124758e837cbd80a6f633/library/std/src/panicking.rs:208:50
[INFO] [stdout]    9:     0x5592ad9161bc - std::panicking::default_hook::hbea8e3ccf2ba8901
[INFO] [stdout]                                at /rustc/a178d0322ce20e33eac124758e837cbd80a6f633/library/std/src/panicking.rs:222:9
[INFO] [stdout]   10:     0x5592ad916d74 - std::panicking::rust_panic_with_hook::h7ee9e1a2d0f8975a
[INFO] [stdout]                                at /rustc/a178d0322ce20e33eac124758e837cbd80a6f633/library/std/src/panicking.rs:622:17
[INFO] [stdout]   11:     0x5592ad916827 - std::panicking::begin_panic_handler::{{closure}}::h8ab3b4491718b2c7
[INFO] [stdout]                                at /rustc/a178d0322ce20e33eac124758e837cbd80a6f633/library/std/src/panicking.rs:517:13
[INFO] [stdout]   12:     0x5592ad9148ec - std::sys_common::backtrace::__rust_end_short_backtrace::hd489062ffa586a9f
[INFO] [stdout]                                at /rustc/a178d0322ce20e33eac124758e837cbd80a6f633/library/std/src/sys_common/backtrace.rs:141:18
[INFO] [stdout]   13:     0x5592ad9167b9 - rust_begin_unwind
[INFO] [stdout]                                at /rustc/a178d0322ce20e33eac124758e837cbd80a6f633/library/std/src/panicking.rs:515:5
[INFO] [stdout]   14:     0x5592ad2ebe01 - core::panicking::panic_fmt::hca6330e3e14086b4
[INFO] [stdout]                                at /rustc/a178d0322ce20e33eac124758e837cbd80a6f633/library/core/src/panicking.rs:92:14
[INFO] [stdout]   15:     0x5592ad2ebd4d - core::panicking::panic::h1a48d878ff3dcd40
[INFO] [stdout]                                at /rustc/a178d0322ce20e33eac124758e837cbd80a6f633/library/core/src/panicking.rs:50:5
[INFO] [stdout]   16:     0x5592ad335ed9 - cicada::execute::tests::test_run_itself::h5236132d446b4365
[INFO] [stdout]                                at /opt/rustwide/workdir/src/execute.rs:214:25
[INFO] [stdout]   17:     0x5592ad3354ba - cicada::execute::tests::test_run_itself::{{closure}}::h7ce4858e13f0ca14
[INFO] [stdout]                                at /opt/rustwide/workdir/src/execute.rs:180:5
[INFO] [stdout]   18:     0x5592ad3790ce - core::ops::function::FnOnce::call_once::h8cdf039f09afb033
[INFO] [stdout]                                at /rustc/a178d0322ce20e33eac124758e837cbd80a6f633/library/core/src/ops/function.rs:227:5
[INFO] [stdout]   19:     0x5592ad422633 - core::ops::function::FnOnce::call_once::h152e7e439ff59e19
[INFO] [stdout]                                at /rustc/a178d0322ce20e33eac124758e837cbd80a6f633/library/core/src/ops/function.rs:227:5
[INFO] [stdout]   20:     0x5592ad422633 - test::__rust_begin_short_backtrace::h0908f3b1fdbb72ab
[INFO] [stdout]                                at /rustc/a178d0322ce20e33eac124758e837cbd80a6f633/library/test/src/lib.rs:577:5
[INFO] [stdout]   21:     0x5592ad4210f0 - <alloc::boxed::Box<F,A> as core::ops::function::FnOnce<Args>>::call_once::hf6d2a51e5587546c
[INFO] [stdout]                                at /rustc/a178d0322ce20e33eac124758e837cbd80a6f633/library/alloc/src/boxed.rs:1575:9
[INFO] [stdout]   22:     0x5592ad4210f0 - <std::panic::AssertUnwindSafe<F> as core::ops::function::FnOnce<()>>::call_once::h8af660f3a89ef593
[INFO] [stdout]                                at /rustc/a178d0322ce20e33eac124758e837cbd80a6f633/library/std/src/panic.rs:347:9
[INFO] [stdout]   23:     0x5592ad4210f0 - std::panicking::try::do_call::hd36aef60f84b6d36
[INFO] [stdout]                                at /rustc/a178d0322ce20e33eac124758e837cbd80a6f633/library/std/src/panicking.rs:401:40
[INFO] [stdout]   24:     0x5592ad4210f0 - std::panicking::try::h9932b4480e69817c
[INFO] [stdout]                                at /rustc/a178d0322ce20e33eac124758e837cbd80a6f633/library/std/src/panicking.rs:365:19
[INFO] [stdout]   25:     0x5592ad4210f0 - std::panic::catch_unwind::h6aa177099cfff5f8
[INFO] [stdout]                                at /rustc/a178d0322ce20e33eac124758e837cbd80a6f633/library/std/src/panic.rs:434:14
[INFO] [stdout]   26:     0x5592ad4210f0 - test::run_test_in_process::h5884d6f2d99e20c3
[INFO] [stdout]                                at /rustc/a178d0322ce20e33eac124758e837cbd80a6f633/library/test/src/lib.rs:600:18
[INFO] [stdout]   27:     0x5592ad4210f0 - test::run_test::run_test_inner::{{closure}}::h6fdc58c6d5f5b6e3
[INFO] [stdout]                                at /rustc/a178d0322ce20e33eac124758e837cbd80a6f633/library/test/src/lib.rs:492:39
[INFO] [stdout]   28:     0x5592ad3fa7a2 - test::run_test::run_test_inner::{{closure}}::h408365d67a78ade8
[INFO] [stdout]                                at /rustc/a178d0322ce20e33eac124758e837cbd80a6f633/library/test/src/lib.rs:519:37
[INFO] [stdout]   29:     0x5592ad3fa7a2 - std::sys_common::backtrace::__rust_begin_short_backtrace::hb560b77c4f701523
[INFO] [stdout]                                at /rustc/a178d0322ce20e33eac124758e837cbd80a6f633/library/std/src/sys_common/backtrace.rs:125:18
[INFO] [stdout]   30:     0x5592ad3fe358 - std::thread::Builder::spawn_unchecked::{{closure}}::{{closure}}::hf2e7831dad93c597
[INFO] [stdout]                                at /rustc/a178d0322ce20e33eac124758e837cbd80a6f633/library/std/src/thread/mod.rs:481:17
[INFO] [stdout]   31:     0x5592ad3fe358 - <std::panic::AssertUnwindSafe<F> as core::ops::function::FnOnce<()>>::call_once::hd2e08783d8be4d02
[INFO] [stdout]                                at /rustc/a178d0322ce20e33eac124758e837cbd80a6f633/library/std/src/panic.rs:347:9
[INFO] [stdout]   32:     0x5592ad3fe358 - std::panicking::try::do_call::h062597b7acfd6b82
[INFO] [stdout]                                at /rustc/a178d0322ce20e33eac124758e837cbd80a6f633/library/std/src/panicking.rs:401:40
[INFO] [stdout]   33:     0x5592ad3fe358 - std::panicking::try::h0d7b79db04c14552
[INFO] [stdout]                                at /rustc/a178d0322ce20e33eac124758e837cbd80a6f633/library/std/src/panicking.rs:365:19
[INFO] [stdout]   34:     0x5592ad3fe358 - std::panic::catch_unwind::hb01a0b5e7c8cd43b
[INFO] [stdout]                                at /rustc/a178d0322ce20e33eac124758e837cbd80a6f633/library/std/src/panic.rs:434:14
[INFO] [stdout]   35:     0x5592ad3fe358 - std::thread::Builder::spawn_unchecked::{{closure}}::h5bde48cc887e0d1e
[INFO] [stdout]                                at /rustc/a178d0322ce20e33eac124758e837cbd80a6f633/library/std/src/thread/mod.rs:480:30
[INFO] [stdout]   36:     0x5592ad3fe358 - core::ops::function::FnOnce::call_once{{vtable.shim}}::h745ea30807a29e55
[INFO] [stdout]                                at /rustc/a178d0322ce20e33eac124758e837cbd80a6f633/library/core/src/ops/function.rs:227:5
[INFO] [stdout]   37:     0x5592ad91c347 - <alloc::boxed::Box<F,A> as core::ops::function::FnOnce<Args>>::call_once::h7ece6cfefaff1005
[INFO] [stdout]                                at /rustc/a178d0322ce20e33eac124758e837cbd80a6f633/library/alloc/src/boxed.rs:1575:9
[INFO] [stdout]   38:     0x5592ad91c347 - <alloc::boxed::Box<F,A> as core::ops::function::FnOnce<Args>>::call_once::hb8b48e55c21f193e
[INFO] [stdout]                                at /rustc/a178d0322ce20e33eac124758e837cbd80a6f633/library/alloc/src/boxed.rs:1575:9
[INFO] [stdout]   39:     0x5592ad91c347 - std::sys::unix::thread::Thread::new::thread_start::h8c7c4450dba62914
[INFO] [stdout]                                at /rustc/a178d0322ce20e33eac124758e837cbd80a6f633/library/std/src/sys/unix/thread.rs:71:17
[INFO] [stdout]   40:     0x7f1c78cd7609 - start_thread
[INFO] [stdout]   41:     0x7f1c78aa7293 - clone
[INFO] [stdout]   42:                0x0 - <unknown>
[INFO] [stdout] 
[INFO] [stdout] 
[INFO] [stdout] failures:
[INFO] [stdout]     execute::tests::test_run_itself
[INFO] [stdout] 
[INFO] [stdout] test result: FAILED. 24 passed; 1 failed; 0 ignored; 0 measured; 0 filtered out; finished in 1.89s
[INFO] [stdout] 
[INFO] running `Command { std: "docker" "inspect" "07e93fe212e97f3a7697952c63605327daaf0e7cdc38e4c947c555c0516344ed", kill_on_drop: false }`
[INFO] running `Command { std: "docker" "rm" "-f" "07e93fe212e97f3a7697952c63605327daaf0e7cdc38e4c947c555c0516344ed", kill_on_drop: false }`
[INFO] [stdout] 07e93fe212e97f3a7697952c63605327daaf0e7cdc38e4c947c555c0516344ed
