[INFO] fetching crate chrono_elapsed 1.0.12...
[INFO] testing chrono_elapsed-1.0.12 against beta-2021-08-01 for beta-1.55-1
[INFO] extracting crate chrono_elapsed 1.0.12 into /workspace/builds/worker-13/source
[INFO] validating manifest of crates.io crate chrono_elapsed 1.0.12 on toolchain beta-2021-08-01
[INFO] running `Command { std: "/workspace/cargo-home/bin/cargo" "+beta-2021-08-01" "metadata" "--manifest-path" "Cargo.toml" "--no-deps", kill_on_drop: false }`
[INFO] started tweaking crates.io crate chrono_elapsed 1.0.12
[INFO] finished tweaking crates.io crate chrono_elapsed 1.0.12
[INFO] tweaked toml for crates.io crate chrono_elapsed 1.0.12 written to /workspace/builds/worker-13/source/Cargo.toml
[INFO] running `Command { std: "/workspace/cargo-home/bin/cargo" "+beta-2021-08-01" "generate-lockfile" "--manifest-path" "Cargo.toml" "-Zno-index-update", kill_on_drop: false }`
[INFO] running `Command { std: "/workspace/cargo-home/bin/cargo" "+beta-2021-08-01" "fetch" "--manifest-path" "Cargo.toml", kill_on_drop: false }`
[INFO] running `Command { std: "docker" "create" "-v" "/var/lib/crater-agent-workspace/builds/worker-13/target:/opt/rustwide/target:rw,Z" "-v" "/var/lib/crater-agent-workspace/builds/worker-13/source:/opt/rustwide/workdir:ro,Z" "-v" "/var/lib/crater-agent-workspace/cargo-home:/opt/rustwide/cargo-home:ro,Z" "-v" "/var/lib/crater-agent-workspace/rustup-home:/opt/rustwide/rustup-home:ro,Z" "-e" "SOURCE_DIR=/opt/rustwide/workdir" "-e" "CARGO_TARGET_DIR=/opt/rustwide/target" "-e" "CARGO_HOME=/opt/rustwide/cargo-home" "-e" "RUSTUP_HOME=/opt/rustwide/rustup-home" "-w" "/opt/rustwide/workdir" "-m" "1610612736" "--user" "0:0" "--network" "none" "ghcr.io/rust-lang/crates-build-env/linux@sha256:34b6a614d2c27851fe6cbf88fbd1137609cefab8b10d0615aaeb6fd47975d74e" "/opt/rustwide/cargo-home/bin/cargo" "+beta-2021-08-01" "metadata" "--no-deps" "--format-version=1", kill_on_drop: false }`
[INFO] [stderr] WARNING: Your kernel does not support swap limit capabilities or the cgroup is not mounted. Memory limited without swap.
[INFO] [stdout] 190d1e849b65e3cc40402cee77b1befeb61509f0dd0e441dd2578807bce7f97b
[INFO] running `Command { std: "docker" "start" "-a" "190d1e849b65e3cc40402cee77b1befeb61509f0dd0e441dd2578807bce7f97b", kill_on_drop: false }`
[INFO] running `Command { std: "docker" "inspect" "190d1e849b65e3cc40402cee77b1befeb61509f0dd0e441dd2578807bce7f97b", kill_on_drop: false }`
[INFO] running `Command { std: "docker" "rm" "-f" "190d1e849b65e3cc40402cee77b1befeb61509f0dd0e441dd2578807bce7f97b", kill_on_drop: false }`
[INFO] [stdout] 190d1e849b65e3cc40402cee77b1befeb61509f0dd0e441dd2578807bce7f97b
[INFO] running `Command { std: "docker" "create" "-v" "/var/lib/crater-agent-workspace/builds/worker-13/target:/opt/rustwide/target:rw,Z" "-v" "/var/lib/crater-agent-workspace/builds/worker-13/source:/opt/rustwide/workdir:ro,Z" "-v" "/var/lib/crater-agent-workspace/cargo-home:/opt/rustwide/cargo-home:ro,Z" "-v" "/var/lib/crater-agent-workspace/rustup-home:/opt/rustwide/rustup-home:ro,Z" "-e" "SOURCE_DIR=/opt/rustwide/workdir" "-e" "CARGO_TARGET_DIR=/opt/rustwide/target" "-e" "CARGO_INCREMENTAL=0" "-e" "RUST_BACKTRACE=full" "-e" "RUSTFLAGS=--cap-lints=warn" "-e" "CARGO_HOME=/opt/rustwide/cargo-home" "-e" "RUSTUP_HOME=/opt/rustwide/rustup-home" "-w" "/opt/rustwide/workdir" "-m" "1610612736" "--user" "0:0" "--network" "none" "ghcr.io/rust-lang/crates-build-env/linux@sha256:34b6a614d2c27851fe6cbf88fbd1137609cefab8b10d0615aaeb6fd47975d74e" "/opt/rustwide/cargo-home/bin/cargo" "+beta-2021-08-01" "build" "--frozen" "--message-format=json", kill_on_drop: false }`
[INFO] [stdout] 45db9b25e8f2616386bc7f796427cbfe485ca0ff1ddc5fe908a101c315a13264
[INFO] [stderr] WARNING: Your kernel does not support swap limit capabilities or the cgroup is not mounted. Memory limited without swap.
[INFO] running `Command { std: "docker" "start" "-a" "45db9b25e8f2616386bc7f796427cbfe485ca0ff1ddc5fe908a101c315a13264", kill_on_drop: false }`
[INFO] [stderr]    Compiling rand v0.3.23
[INFO] [stderr]    Compiling chrono v0.4.19
[INFO] [stderr]    Compiling libmath v0.2.1
[INFO] [stderr]    Compiling chrono_elapsed v1.0.12 (/opt/rustwide/workdir)
[INFO] [stdout] warning: unused variable: `tf`
[INFO] [stdout]    --> src/lib.rs:374:35
[INFO] [stdout]     |
[INFO] [stdout] 374 |     pub fn through_til(&mut self, tf: &TimeFrame) -> &mut Self {
[INFO] [stdout]     |                                   ^^ help: if this is intentional, prefix it with an underscore: `_tf`
[INFO] [stdout]     |
[INFO] [stdout]     = note: `#[warn(unused_variables)]` on by default
[INFO] [stdout] 
[INFO] [stdout] 
[INFO] [stdout] warning: 1 warning emitted
[INFO] [stdout] 
[INFO] [stdout] 
[INFO] [stderr]     Finished dev [unoptimized + debuginfo] target(s) in 3.69s
[INFO] running `Command { std: "docker" "inspect" "45db9b25e8f2616386bc7f796427cbfe485ca0ff1ddc5fe908a101c315a13264", kill_on_drop: false }`
[INFO] running `Command { std: "docker" "rm" "-f" "45db9b25e8f2616386bc7f796427cbfe485ca0ff1ddc5fe908a101c315a13264", kill_on_drop: false }`
[INFO] [stdout] 45db9b25e8f2616386bc7f796427cbfe485ca0ff1ddc5fe908a101c315a13264
[INFO] running `Command { std: "docker" "create" "-v" "/var/lib/crater-agent-workspace/builds/worker-13/target:/opt/rustwide/target:rw,Z" "-v" "/var/lib/crater-agent-workspace/builds/worker-13/source:/opt/rustwide/workdir:ro,Z" "-v" "/var/lib/crater-agent-workspace/cargo-home:/opt/rustwide/cargo-home:ro,Z" "-v" "/var/lib/crater-agent-workspace/rustup-home:/opt/rustwide/rustup-home:ro,Z" "-e" "SOURCE_DIR=/opt/rustwide/workdir" "-e" "CARGO_TARGET_DIR=/opt/rustwide/target" "-e" "CARGO_INCREMENTAL=0" "-e" "RUST_BACKTRACE=full" "-e" "RUSTFLAGS=--cap-lints=warn" "-e" "CARGO_HOME=/opt/rustwide/cargo-home" "-e" "RUSTUP_HOME=/opt/rustwide/rustup-home" "-w" "/opt/rustwide/workdir" "-m" "1610612736" "--user" "0:0" "--network" "none" "ghcr.io/rust-lang/crates-build-env/linux@sha256:34b6a614d2c27851fe6cbf88fbd1137609cefab8b10d0615aaeb6fd47975d74e" "/opt/rustwide/cargo-home/bin/cargo" "+beta-2021-08-01" "test" "--frozen" "--no-run" "--message-format=json", kill_on_drop: false }`
[INFO] [stdout] 9d3204748a326a0a92303aa7d49060c00bfc22d7b6051a450ea42c7bc01bca8d
[INFO] [stderr] WARNING: Your kernel does not support swap limit capabilities or the cgroup is not mounted. Memory limited without swap.
[INFO] running `Command { std: "docker" "start" "-a" "9d3204748a326a0a92303aa7d49060c00bfc22d7b6051a450ea42c7bc01bca8d", kill_on_drop: false }`
[INFO] [stderr]    Compiling chrono_elapsed v1.0.12 (/opt/rustwide/workdir)
[INFO] [stdout] warning: unused variable: `tf`
[INFO] [stdout]    --> src/lib.rs:374:35
[INFO] [stdout]     |
[INFO] [stdout] 374 |     pub fn through_til(&mut self, tf: &TimeFrame) -> &mut Self {
[INFO] [stdout]     |                                   ^^ help: if this is intentional, prefix it with an underscore: `_tf`
[INFO] [stdout]     |
[INFO] [stdout]     = note: `#[warn(unused_variables)]` on by default
[INFO] [stdout] 
[INFO] [stdout] 
[INFO] [stdout] warning: 1 warning emitted
[INFO] [stdout] 
[INFO] [stdout] 
[INFO] [stdout] warning: unused variable: `tf`
[INFO] [stdout]    --> src/lib.rs:374:35
[INFO] [stdout]     |
[INFO] [stdout] 374 |     pub fn through_til(&mut self, tf: &TimeFrame) -> &mut Self {
[INFO] [stdout]     |                                   ^^ help: if this is intentional, prefix it with an underscore: `_tf`
[INFO] [stdout]     |
[INFO] [stdout]     = note: `#[warn(unused_variables)]` on by default
[INFO] [stdout] 
[INFO] [stdout] 
[INFO] [stdout] warning: 1 warning emitted
[INFO] [stdout] 
[INFO] [stdout] 
[INFO] [stderr]     Finished test [unoptimized + debuginfo] target(s) in 1.35s
[INFO] running `Command { std: "docker" "inspect" "9d3204748a326a0a92303aa7d49060c00bfc22d7b6051a450ea42c7bc01bca8d", kill_on_drop: false }`
[INFO] running `Command { std: "docker" "rm" "-f" "9d3204748a326a0a92303aa7d49060c00bfc22d7b6051a450ea42c7bc01bca8d", kill_on_drop: false }`
[INFO] [stdout] 9d3204748a326a0a92303aa7d49060c00bfc22d7b6051a450ea42c7bc01bca8d
[INFO] running `Command { std: "docker" "create" "-v" "/var/lib/crater-agent-workspace/builds/worker-13/target:/opt/rustwide/target:rw,Z" "-v" "/var/lib/crater-agent-workspace/builds/worker-13/source:/opt/rustwide/workdir:ro,Z" "-v" "/var/lib/crater-agent-workspace/cargo-home:/opt/rustwide/cargo-home:ro,Z" "-v" "/var/lib/crater-agent-workspace/rustup-home:/opt/rustwide/rustup-home:ro,Z" "-e" "SOURCE_DIR=/opt/rustwide/workdir" "-e" "CARGO_TARGET_DIR=/opt/rustwide/target" "-e" "CARGO_INCREMENTAL=0" "-e" "RUST_BACKTRACE=full" "-e" "RUSTFLAGS=--cap-lints=warn" "-e" "CARGO_HOME=/opt/rustwide/cargo-home" "-e" "RUSTUP_HOME=/opt/rustwide/rustup-home" "-w" "/opt/rustwide/workdir" "-m" "1610612736" "--user" "0:0" "--network" "none" "ghcr.io/rust-lang/crates-build-env/linux@sha256:34b6a614d2c27851fe6cbf88fbd1137609cefab8b10d0615aaeb6fd47975d74e" "/opt/rustwide/cargo-home/bin/cargo" "+beta-2021-08-01" "test" "--frozen", kill_on_drop: false }`
[INFO] [stderr] WARNING: Your kernel does not support swap limit capabilities or the cgroup is not mounted. Memory limited without swap.
[INFO] [stdout] 340fca8a8d075307d4c123f351dc926129e95aa4fe0ab9a1ed516c4944ea23d4
[INFO] running `Command { std: "docker" "start" "-a" "340fca8a8d075307d4c123f351dc926129e95aa4fe0ab9a1ed516c4944ea23d4", kill_on_drop: false }`
[INFO] [stderr]     Blocking waiting for file lock on package cache
[INFO] [stderr] warning: unused variable: `tf`
[INFO] [stderr]    --> src/lib.rs:374:35
[INFO] [stderr]     |
[INFO] [stderr] 374 |     pub fn through_til(&mut self, tf: &TimeFrame) -> &mut Self {
[INFO] [stderr]     |                                   ^^ help: if this is intentional, prefix it with an underscore: `_tf`
[INFO] [stderr]     |
[INFO] [stderr]     = note: `#[warn(unused_variables)]` on by default
[INFO] [stderr] 
[INFO] [stderr] warning: `chrono_elapsed` (lib) generated 1 warning
[INFO] [stderr] warning: `chrono_elapsed` (lib test) generated 1 warning (1 duplicate)
[INFO] [stderr]     Finished test [unoptimized + debuginfo] target(s) in 0.06s
[INFO] [stderr]      Running unittests (/opt/rustwide/target/debug/deps/chrono_elapsed-7ed84eb769e6e274)
[INFO] [stdout] 
[INFO] [stdout] running 2 tests
[INFO] [stderr]    Doc-tests chrono_elapsed
[INFO] [stdout] test tests::print_elapsed_since_recent ... ok
[INFO] [stdout] test tests::print_elapsed_since_birth ... ok
[INFO] [stdout] 
[INFO] [stdout] test result: ok. 2 passed; 0 failed; 0 ignored; 0 measured; 0 filtered out; finished in 0.01s
[INFO] [stdout] 
[INFO] [stdout] 
[INFO] [stdout] running 2 tests
[INFO] [stdout] test src/lib.rs - Elapsed::years_and (line 283) ... FAILED
[INFO] [stdout] test src/lib.rs - Elapsed::through_til (line 365) ... FAILED
[INFO] [stdout] 
[INFO] [stdout] failures:
[INFO] [stdout] 
[INFO] [stdout] ---- src/lib.rs - Elapsed::years_and (line 283) stdout ----
[INFO] [stdout] error[E0424]: expected value, found module `self`
[INFO] [stdout]  --> src/lib.rs:284:12
[INFO] [stdout]   |
[INFO] [stdout] 2 | fn main() { #[allow(non_snake_case)] fn _doctest_main_src_lib_rs_283_0() {
[INFO] [stdout]   |                                         ------------------------------ this function can't have a `self` parameter
[INFO] [stdout] 3 | let date = self.years_and().months_and().weeks();
[INFO] [stdout]   |            ^^^^ `self` value is a keyword only available in methods with a `self` parameter
[INFO] [stdout] 
[INFO] [stdout] error[E0424]: expected value, found module `self`
[INFO] [stdout]  --> src/lib.rs:286:18
[INFO] [stdout]   |
[INFO] [stdout] 2 | fn main() { #[allow(non_snake_case)] fn _doctest_main_src_lib_rs_283_0() {
[INFO] [stdout]   |                                         ------------------------------ this function can't have a `self` parameter
[INFO] [stdout] ...
[INFO] [stdout] 5 | let silly_date = self.years_and().seconds();
[INFO] [stdout]   |                  ^^^^ `self` value is a keyword only available in methods with a `self` parameter
[INFO] [stdout] 
[INFO] [stdout] error: aborting due to 2 previous errors
[INFO] [stdout] 
[INFO] [stdout] For more information about this error, try `rustc --explain E0424`.
[INFO] [stdout] Couldn't compile the test.
[INFO] [stdout] ---- src/lib.rs - Elapsed::through_til (line 365) stdout ----
[INFO] [stdout] error[E0433]: failed to resolve: use of undeclared type `TimeFrame`
[INFO] [stdout]  --> src/lib.rs:366:44
[INFO] [stdout]   |
[INFO] [stdout] 3 | let date = self.seconds_and().through_til(&TimeFrame::Months);
[INFO] [stdout]   |                                            ^^^^^^^^^ use of undeclared type `TimeFrame`
[INFO] [stdout] 
[INFO] [stdout] error[E0424]: expected value, found module `self`
[INFO] [stdout]  --> src/lib.rs:366:12
[INFO] [stdout]   |
[INFO] [stdout] 2 | fn main() { #[allow(non_snake_case)] fn _doctest_main_src_lib_rs_365_0() {
[INFO] [stdout]   |                                         ------------------------------ this function can't have a `self` parameter
[INFO] [stdout] 3 | let date = self.seconds_and().through_til(&TimeFrame::Months);
[INFO] [stdout]   |            ^^^^ `self` value is a keyword only available in methods with a `self` parameter
[INFO] [stdout] 
[INFO] [stdout] error: aborting due to 2 previous errors
[INFO] [stdout] 
[INFO] [stdout] Some errors have detailed explanations: E0424, E0433.
[INFO] [stdout] For more information about an error, try `rustc --explain E0424`.
[INFO] [stdout] Couldn't compile the test.
[INFO] [stdout] 
[INFO] [stdout] failures:
[INFO] [stdout]     src/lib.rs - Elapsed::through_til (line 365)
[INFO] [stdout]     src/lib.rs - Elapsed::years_and (line 283)
[INFO] [stdout] 
[INFO] [stdout] test result: FAILED. 0 passed; 2 failed; 0 ignored; 0 measured; 0 filtered out; finished in 0.16s
[INFO] [stdout] 
[INFO] [stderr] error: test failed, to rerun pass '--doc'
[INFO] running `Command { std: "docker" "inspect" "340fca8a8d075307d4c123f351dc926129e95aa4fe0ab9a1ed516c4944ea23d4", kill_on_drop: false }`
[INFO] running `Command { std: "docker" "rm" "-f" "340fca8a8d075307d4c123f351dc926129e95aa4fe0ab9a1ed516c4944ea23d4", kill_on_drop: false }`
[INFO] [stdout] 340fca8a8d075307d4c123f351dc926129e95aa4fe0ab9a1ed516c4944ea23d4
