[INFO] fetching crate chrono 0.4.19...
[INFO] testing chrono-0.4.19 against 1.54.0 for beta-1.55-1
[INFO] extracting crate chrono 0.4.19 into /workspace/builds/worker-13/source
[INFO] validating manifest of crates.io crate chrono 0.4.19 on toolchain 1.54.0
[INFO] running `Command { std: "/workspace/cargo-home/bin/cargo" "+1.54.0" "metadata" "--manifest-path" "Cargo.toml" "--no-deps", kill_on_drop: false }`
[INFO] started tweaking crates.io crate chrono 0.4.19
[INFO] finished tweaking crates.io crate chrono 0.4.19
[INFO] tweaked toml for crates.io crate chrono 0.4.19 written to /workspace/builds/worker-13/source/Cargo.toml
[INFO] running `Command { std: "/workspace/cargo-home/bin/cargo" "+1.54.0" "generate-lockfile" "--manifest-path" "Cargo.toml" "-Zno-index-update", kill_on_drop: false }`
[INFO] [stderr]     Blocking waiting for file lock on package cache
[INFO] running `Command { std: "/workspace/cargo-home/bin/cargo" "+1.54.0" "fetch" "--manifest-path" "Cargo.toml", kill_on_drop: false }`
[INFO] [stderr]     Blocking waiting for file lock on package cache
[INFO] running `Command { std: "docker" "create" "-v" "/var/lib/crater-agent-workspace/builds/worker-13/target:/opt/rustwide/target:rw,Z" "-v" "/var/lib/crater-agent-workspace/builds/worker-13/source:/opt/rustwide/workdir:ro,Z" "-v" "/var/lib/crater-agent-workspace/cargo-home:/opt/rustwide/cargo-home:ro,Z" "-v" "/var/lib/crater-agent-workspace/rustup-home:/opt/rustwide/rustup-home:ro,Z" "-e" "SOURCE_DIR=/opt/rustwide/workdir" "-e" "CARGO_TARGET_DIR=/opt/rustwide/target" "-e" "CARGO_HOME=/opt/rustwide/cargo-home" "-e" "RUSTUP_HOME=/opt/rustwide/rustup-home" "-w" "/opt/rustwide/workdir" "-m" "1610612736" "--user" "0:0" "--network" "none" "ghcr.io/rust-lang/crates-build-env/linux@sha256:34b6a614d2c27851fe6cbf88fbd1137609cefab8b10d0615aaeb6fd47975d74e" "/opt/rustwide/cargo-home/bin/cargo" "+1.54.0" "metadata" "--no-deps" "--format-version=1", kill_on_drop: false }`
[INFO] [stdout] c79480c6799b80b736003b9164e64f4029ef86adf66c6f633f4c8a9c18d89d24
[INFO] [stderr] WARNING: Your kernel does not support swap limit capabilities or the cgroup is not mounted. Memory limited without swap.
[INFO] running `Command { std: "docker" "start" "-a" "c79480c6799b80b736003b9164e64f4029ef86adf66c6f633f4c8a9c18d89d24", kill_on_drop: false }`
[INFO] running `Command { std: "docker" "inspect" "c79480c6799b80b736003b9164e64f4029ef86adf66c6f633f4c8a9c18d89d24", kill_on_drop: false }`
[INFO] running `Command { std: "docker" "rm" "-f" "c79480c6799b80b736003b9164e64f4029ef86adf66c6f633f4c8a9c18d89d24", kill_on_drop: false }`
[INFO] [stdout] c79480c6799b80b736003b9164e64f4029ef86adf66c6f633f4c8a9c18d89d24
[INFO] running `Command { std: "docker" "create" "-v" "/var/lib/crater-agent-workspace/builds/worker-13/target:/opt/rustwide/target:rw,Z" "-v" "/var/lib/crater-agent-workspace/builds/worker-13/source:/opt/rustwide/workdir:ro,Z" "-v" "/var/lib/crater-agent-workspace/cargo-home:/opt/rustwide/cargo-home:ro,Z" "-v" "/var/lib/crater-agent-workspace/rustup-home:/opt/rustwide/rustup-home:ro,Z" "-e" "SOURCE_DIR=/opt/rustwide/workdir" "-e" "CARGO_TARGET_DIR=/opt/rustwide/target" "-e" "CARGO_INCREMENTAL=0" "-e" "RUST_BACKTRACE=full" "-e" "RUSTFLAGS=--cap-lints=warn" "-e" "CARGO_HOME=/opt/rustwide/cargo-home" "-e" "RUSTUP_HOME=/opt/rustwide/rustup-home" "-w" "/opt/rustwide/workdir" "-m" "1610612736" "--user" "0:0" "--network" "none" "ghcr.io/rust-lang/crates-build-env/linux@sha256:34b6a614d2c27851fe6cbf88fbd1137609cefab8b10d0615aaeb6fd47975d74e" "/opt/rustwide/cargo-home/bin/cargo" "+1.54.0" "build" "--frozen" "--message-format=json", kill_on_drop: false }`
[INFO] [stdout] f1e589bd901f07fca7f3fccdda0189eae916df62e370c2be9448c6c69a266419
[INFO] [stderr] WARNING: Your kernel does not support swap limit capabilities or the cgroup is not mounted. Memory limited without swap.
[INFO] running `Command { std: "docker" "start" "-a" "f1e589bd901f07fca7f3fccdda0189eae916df62e370c2be9448c6c69a266419", kill_on_drop: false }`
[INFO] [stderr]    Compiling num-integer v0.1.44
[INFO] [stderr]    Compiling chrono v0.4.19 (/opt/rustwide/workdir)
[INFO] [stderr]     Finished dev [unoptimized + debuginfo] target(s) in 3.59s
[INFO] running `Command { std: "docker" "inspect" "f1e589bd901f07fca7f3fccdda0189eae916df62e370c2be9448c6c69a266419", kill_on_drop: false }`
[INFO] running `Command { std: "docker" "rm" "-f" "f1e589bd901f07fca7f3fccdda0189eae916df62e370c2be9448c6c69a266419", kill_on_drop: false }`
[INFO] [stdout] f1e589bd901f07fca7f3fccdda0189eae916df62e370c2be9448c6c69a266419
[INFO] running `Command { std: "docker" "create" "-v" "/var/lib/crater-agent-workspace/builds/worker-13/target:/opt/rustwide/target:rw,Z" "-v" "/var/lib/crater-agent-workspace/builds/worker-13/source:/opt/rustwide/workdir:ro,Z" "-v" "/var/lib/crater-agent-workspace/cargo-home:/opt/rustwide/cargo-home:ro,Z" "-v" "/var/lib/crater-agent-workspace/rustup-home:/opt/rustwide/rustup-home:ro,Z" "-e" "SOURCE_DIR=/opt/rustwide/workdir" "-e" "CARGO_TARGET_DIR=/opt/rustwide/target" "-e" "CARGO_INCREMENTAL=0" "-e" "RUST_BACKTRACE=full" "-e" "RUSTFLAGS=--cap-lints=warn" "-e" "CARGO_HOME=/opt/rustwide/cargo-home" "-e" "RUSTUP_HOME=/opt/rustwide/rustup-home" "-w" "/opt/rustwide/workdir" "-m" "1610612736" "--user" "0:0" "--network" "none" "ghcr.io/rust-lang/crates-build-env/linux@sha256:34b6a614d2c27851fe6cbf88fbd1137609cefab8b10d0615aaeb6fd47975d74e" "/opt/rustwide/cargo-home/bin/cargo" "+1.54.0" "test" "--frozen" "--no-run" "--message-format=json", kill_on_drop: false }`
[INFO] [stderr] WARNING: Your kernel does not support swap limit capabilities or the cgroup is not mounted. Memory limited without swap.
[INFO] [stdout] c1823e48c1cdd3589193f3e0154ae531b122818764a96426f17015c59df584bc
[INFO] running `Command { std: "docker" "start" "-a" "c1823e48c1cdd3589193f3e0154ae531b122818764a96426f17015c59df584bc", kill_on_drop: false }`
[INFO] [stderr]    Compiling plotters-backend v0.3.2
[INFO] [stderr]    Compiling regex-syntax v0.6.25
[INFO] [stderr]    Compiling half v1.7.1
[INFO] [stderr]    Compiling oorandom v11.1.3
[INFO] [stderr]    Compiling num-iter v0.1.42
[INFO] [stderr]    Compiling itertools v0.10.1
[INFO] [stderr]    Compiling serde_derive v1.0.127
[INFO] [stderr]    Compiling bincode v0.8.0
[INFO] [stderr]    Compiling plotters-svg v0.3.1
[INFO] [stderr]    Compiling serde_cbor v0.11.1
[INFO] [stderr]    Compiling plotters v0.3.1
[INFO] [stderr]    Compiling regex v1.5.4
[INFO] [stderr]    Compiling criterion-plot v0.4.4
[INFO] [stderr]    Compiling criterion v0.3.5
[INFO] [stderr]    Compiling chrono v0.4.19 (/opt/rustwide/workdir)
[INFO] [stdout] warning: unnecessary trailing semicolon
[INFO] [stdout]     --> src/naive/datetime.rs:2279:10
[INFO] [stdout]      |
[INFO] [stdout] 2279 |         };
[INFO] [stdout]      |          ^ help: remove this semicolon
[INFO] [stdout]      |
[INFO] [stdout]      = note: `#[warn(redundant_semicolons)]` on by default
[INFO] [stdout] 
[INFO] [stdout] 
[INFO] [stdout] warning: 1 warning emitted
[INFO] [stdout] 
[INFO] [stdout] 
[INFO] [stderr]     Finished test [unoptimized + debuginfo] target(s) in 37.06s
[INFO] running `Command { std: "docker" "inspect" "c1823e48c1cdd3589193f3e0154ae531b122818764a96426f17015c59df584bc", kill_on_drop: false }`
[INFO] running `Command { std: "docker" "rm" "-f" "c1823e48c1cdd3589193f3e0154ae531b122818764a96426f17015c59df584bc", kill_on_drop: false }`
[INFO] [stdout] c1823e48c1cdd3589193f3e0154ae531b122818764a96426f17015c59df584bc
[INFO] running `Command { std: "docker" "create" "-v" "/var/lib/crater-agent-workspace/builds/worker-13/target:/opt/rustwide/target:rw,Z" "-v" "/var/lib/crater-agent-workspace/builds/worker-13/source:/opt/rustwide/workdir:ro,Z" "-v" "/var/lib/crater-agent-workspace/cargo-home:/opt/rustwide/cargo-home:ro,Z" "-v" "/var/lib/crater-agent-workspace/rustup-home:/opt/rustwide/rustup-home:ro,Z" "-e" "SOURCE_DIR=/opt/rustwide/workdir" "-e" "CARGO_TARGET_DIR=/opt/rustwide/target" "-e" "CARGO_INCREMENTAL=0" "-e" "RUST_BACKTRACE=full" "-e" "RUSTFLAGS=--cap-lints=warn" "-e" "CARGO_HOME=/opt/rustwide/cargo-home" "-e" "RUSTUP_HOME=/opt/rustwide/rustup-home" "-w" "/opt/rustwide/workdir" "-m" "1610612736" "--user" "0:0" "--network" "none" "ghcr.io/rust-lang/crates-build-env/linux@sha256:34b6a614d2c27851fe6cbf88fbd1137609cefab8b10d0615aaeb6fd47975d74e" "/opt/rustwide/cargo-home/bin/cargo" "+1.54.0" "test" "--frozen", kill_on_drop: false }`
[INFO] [stdout] 9427fe5cee7b3c45742aa16ddb28956f6794343a8d0284ed9c49f3bcac86c68b
[INFO] [stderr] WARNING: Your kernel does not support swap limit capabilities or the cgroup is not mounted. Memory limited without swap.
[INFO] running `Command { std: "docker" "start" "-a" "9427fe5cee7b3c45742aa16ddb28956f6794343a8d0284ed9c49f3bcac86c68b", kill_on_drop: false }`
[INFO] [stderr] warning: unnecessary trailing semicolon
[INFO] [stderr]     --> src/naive/datetime.rs:2279:10
[INFO] [stderr]      |
[INFO] [stderr] 2279 |         };
[INFO] [stderr]      |          ^ help: remove this semicolon
[INFO] [stderr]      |
[INFO] [stderr]      = note: `#[warn(redundant_semicolons)]` on by default
[INFO] [stderr] 
[INFO] [stderr] warning: 1 warning emitted
[INFO] [stderr] 
[INFO] [stderr]     Finished test [unoptimized + debuginfo] target(s) in 0.09s
[INFO] [stdout] 
[INFO] [stderr]      Running unittests (/opt/rustwide/target/debug/deps/chrono-a208b71547ed4131)
[INFO] [stdout] running 110 tests
[INFO] [stdout] test datetime::test_auto_conversion ... ok
[INFO] [stdout] test datetime::tests::test_datetime_date_and_time ... ok
[INFO] [stdout] test datetime::tests::test_datetime_format_alignment ... ok
[INFO] [stdout] test datetime::tests::test_datetime_from_str ... ok
[INFO] [stdout] test datetime::tests::test_datetime_offset ... ok
[INFO] [stdout] test datetime::tests::test_datetime_is_copy ... ok
[INFO] [stdout] test datetime::tests::test_subsecond_part ... ok
[INFO] [stdout] test datetime::tests::test_datetime_parse_from_str ... ok
[INFO] [stdout] test datetime::tests::test_to_string_round_trip ... ok
[INFO] [stdout] test div::tests::test_mod_floor ... ok
[INFO] [stdout] test datetime::tests::test_datetime_rfc2822_and_rfc3339 ... ok
[INFO] [stdout] test datetime::tests::test_datetime_is_send ... ok
[INFO] [stdout] test format::parse::parse_rfc850 ... ok
[INFO] [stdout] test format::parse::test_rfc3339 ... ok
[INFO] [stdout] test format::parse::test_parse ... ok
[INFO] [stdout] test format::parse::test_rfc2822 ... ok
[INFO] [stdout] test format::parsed::tests::test_parsed_set_fields ... ok
[INFO] [stdout] test div::tests::test_div_mod_floor ... ok
[INFO] [stdout] test format::parsed::tests::test_parsed_to_datetime_with_timezone ... ok
[INFO] [stdout] test format::parsed::tests::test_parsed_to_datetime ... ok
[INFO] [stdout] test naive::date::test_date_bounds ... ok
[INFO] [stdout] test datetime::tests::test_rfc3339_opts ... ok
[INFO] [stdout] test naive::date::tests::test_date_add ... ok
[INFO] [stdout] test naive::date::tests::test_date_addassignment ... ok
[INFO] [stdout] test format::parsed::tests::test_parsed_to_naive_time ... ok
[INFO] [stdout] test naive::date::tests::test_date_fields ... ok
[INFO] [stdout] test naive::date::tests::test_date_format ... ok
[INFO] [stdout] test format::strftime::test_strftime_docs ... ok
[INFO] [stdout] test naive::date::tests::test_date_from_weekday_of_month_opt ... ok
[INFO] [stdout] test datetime::tests::test_datetime_format_with_local ... ok
[INFO] [stdout] test datetime::tests::test_to_string_round_trip_with_local ... ok
[INFO] [stdout] test naive::date::tests::test_date_fmt ... ok
[INFO] [stdout] test format::parsed::tests::test_parsed_to_naive_date ... ok
[INFO] [stdout] test format::strftime::test_strftime_items ... ok
[INFO] [stdout] test naive::date::tests::test_date_from_isoywd ... ok
[INFO] [stdout] test naive::date::tests::test_date_sub ... ok
[INFO] [stdout] test format::parsed::tests::test_parsed_to_naive_datetime_with_offset ... ok
[INFO] [stdout] test naive::date::tests::test_date_weekday ... ok
[INFO] [stdout] test naive::date::tests::test_day_iterator_limit ... ok
[INFO] [stdout] test naive::date::tests::test_week_iterator_limit ... ok
[INFO] [stdout] test naive::datetime::tests::test_datetime_add ... ok
[INFO] [stdout] test naive::datetime::tests::test_datetime_add_sub_invariant ... ok
[INFO] [stdout] test naive::datetime::tests::test_datetime_addassignment ... ok
[INFO] [stdout] test naive::datetime::tests::test_datetime_format ... ok
[INFO] [stdout] test naive::datetime::tests::test_datetime_from_str ... ok
[INFO] [stdout] test naive::datetime::tests::test_datetime_from_timestamp ... ok
[INFO] [stdout] test naive::datetime::tests::test_datetime_parse_from_str ... ok
[INFO] [stdout] test naive::datetime::tests::test_datetime_sub ... ok
[INFO] [stdout] test naive::datetime::tests::test_datetime_subassignment ... ok
[INFO] [stdout] test naive::datetime::tests::test_datetime_timestamp ... ok
[INFO] [stdout] test naive::datetime::tests::test_nanosecond_range ... ok
[INFO] [stdout] test naive::internals::tests::test_mdf_fields ... ok
[INFO] [stdout] test naive::internals::tests::test_mdf_to_of ... ok
[INFO] [stdout] test naive::date::tests::test_date_from_yo ... ok
[INFO] [stdout] test naive::date::tests::test_date_subassignment ... ok
[INFO] [stdout] test naive::date::tests::test_date_with_fields ... ok
[INFO] [stdout] test naive::date::tests::test_date_succ ... ok
[INFO] [stdout] test naive::date::tests::test_date_parse_from_str ... ok
[INFO] [stdout] test naive::date::tests::test_date_from_str ... ok
[INFO] [stdout] test naive::internals::tests::test_mdf_to_of_to_mdf ... ok
[INFO] [stdout] test naive::internals::tests::test_of_fields ... ok
[INFO] [stdout] test naive::internals::tests::test_of_isoweekdate_raw ... ok
[INFO] [stdout] test naive::internals::tests::test_of_to_mdf ... ok
[INFO] [stdout] test naive::internals::tests::test_of_with_fields ... ok
[INFO] [stdout] test naive::internals::tests::test_year_flags_ndays_from_year ... ok
[INFO] [stdout] test datetime::tests::test_datetime_with_timezone ... ok
[INFO] [stdout] test datetime::tests::test_from_system_time ... ok
[INFO] [stdout] test naive::isoweek::tests::test_iso_week_extremes ... ok
[INFO] [stdout] test naive::date::tests::test_date_from_ymd ... ok
[INFO] [stdout] test naive::time::tests::test_date_from_str ... ok
[INFO] [stdout] test naive::internals::tests::test_year_flags_nisoweeks ... ok
[INFO] [stdout] test naive::date::tests::test_date_from_num_days_from_ce ... ok
[INFO] [stdout] test naive::time::tests::test_time_fmt ... ok
[INFO] [stdout] test naive::date::tests::test_date_pred ... ok
[INFO] [stdout] test naive::time::tests::test_time_format ... ok
[INFO] [stdout] test naive::internals::tests::test_of_weekday ... ok
[INFO] [stdout] test naive::internals::tests::test_of_to_mdf_to_of ... ok
[INFO] [stdout] test naive::internals::tests::test_of ... ok
[INFO] [stdout] test naive::time::tests::test_time_parse_from_str ... ok
[INFO] [stdout] test offset::fixed::tests::test_date_extreme_offset ... ok
[INFO] [stdout] test naive::time::tests::test_time_from_hms_micro ... ok
[INFO] [stdout] test naive::time::tests::test_time_add ... ok
[INFO] [stdout] test naive::time::tests::test_time_addassignment ... ok
[INFO] [stdout] test offset::local::tests::test_leap_second ... ok
[INFO] [stdout] test offset::local::tests::test_local_date_sanity_check ... ok
[INFO] [stdout] test offset::tests::test_nanos_never_panics ... ok
[INFO] [stdout] test offset::tests::test_negative_millis ... ok
[INFO] [stdout] test offset::tests::test_negative_nanos ... ok
[INFO] [stdout] test round::tests::test_duration_round ... ok
[INFO] [stdout] test naive::date::tests::test_date_num_days_from_ce ... ok
[INFO] [stdout] test naive::time::tests::test_time_hms ... ok
[INFO] [stdout] test naive::time::tests::test_time_overflowing_add ... ok
[INFO] [stdout] test naive::time::tests::test_time_sub ... ok
[INFO] [stdout] test naive::time::tests::test_time_from_hms_milli ... ok
[INFO] [stdout] test round::tests::test_duration_round_pre_epoch ... ok
[INFO] [stdout] test round::tests::test_duration_trunc ... ok
[INFO] [stdout] test round::tests::test_duration_trunc_pre_epoch ... ok
[INFO] [stdout] test round::tests::test_round_leap_nanos ... ok
[INFO] [stdout] test round::tests::test_round_subsecs ... ok
[INFO] [stdout] test round::tests::test_trunc_leap_nanos ... ok
[INFO] [stdout] test naive::time::tests::test_time_subassignment ... ok
[INFO] [stdout] test test_month_enum_succ_pred ... ok
[INFO] [stdout] test round::tests::test_trunc_subsecs ... ok
[INFO] [stdout] test datetime::tests::test_rfc3339_opts_nonexhaustive - should panic ... ok
[INFO] [stdout] test naive::internals::tests::test_mdf_with_fields ... ok
[INFO] [stdout] test test::test_month_enum_primitive_parse ... ok
[INFO] [stdout] test naive::internals::tests::test_mdf_valid ... ok
[INFO] [stdout] test naive::date::tests::test_date_from_isoywd_and_iso_week ... ok
[INFO] [stdout] test test_num_days_from_ce_against_alternative_impl ... ok
[INFO] [stderr]      Running tests/wasm.rs (/opt/rustwide/target/debug/deps/wasm-da4a42a5e4d8aeeb)
[INFO] [stdout] test test::test_readme_doomsday ... ok
[INFO] [stdout] 
[INFO] [stdout] test result: ok. 110 passed; 0 failed; 0 ignored; 0 measured; 0 filtered out; finished in 1.87s
[INFO] [stdout] 
[INFO] [stderr]    Doc-tests chrono
[INFO] [stdout] 
[INFO] [stdout] running 0 tests
[INFO] [stdout] 
[INFO] [stdout] test result: ok. 0 passed; 0 failed; 0 ignored; 0 measured; 0 filtered out; finished in 0.00s
[INFO] [stdout] 
[INFO] [stdout] 
[INFO] [stdout] running 228 tests
[INFO] [stdout] test src/datetime.rs - datetime::DateTime<FixedOffset>::parse_from_str (line 379) ... ok
[INFO] [stdout] test src/format/mod.rs - format::Month (line 893) ... ok
[INFO] [stdout] test src/datetime.rs - datetime::DateTime<Tz>::from_utc (line 86) ... ok
[INFO] [stdout] test src/format/mod.rs - format::Month (line 909) ... ok
[INFO] [stdout] test src/datetime.rs - datetime::DateTime<Tz>::timestamp_millis (line 128) ... ok
[INFO] [stdout] test src/format/mod.rs - format::Weekday (line 829) ... ok
[INFO] [stdout] test src/datetime.rs - datetime::DateTime<FixedOffset>::parse_from_rfc2822 (line 340) ... ok
[INFO] [stdout] test src/lib.rs - (line 129) ... ok
[INFO] [stdout] test src/format/mod.rs - format::Month (line 902) ... ok
[INFO] [stdout] test src/format/mod.rs - format::Weekday (line 836) ... ok
[INFO] [stdout] test src/datetime.rs - datetime::DateTime<Tz>::timestamp_nanos (line 152) ... ok
[INFO] [stdout] test src/format/mod.rs - format::Weekday (line 820) ... ok
[INFO] [stdout] test src/datetime.rs - datetime::DateTime<Tz>::partial_cmp (line 665) ... ok
[INFO] [stdout] test src/lib.rs - (line 239) ... FAILED
[INFO] [stdout] test src/lib.rs - (line 141) ... ok
[INFO] [stdout] test src/datetime.rs - datetime::DateTime<Tz>::to_rfc3339_opts (line 420) ... ok
[INFO] [stdout] test src/lib.rs - (line 175) ... ok
[INFO] [stdout] test src/lib.rs - Month::name (line 1065) ... ok
[INFO] [stdout] test src/lib.rs - (line 348) ... ok
[INFO] [stdout] test src/naive/date.rs - naive::date::NaiveDate (line 1634) ... ok
[INFO] [stdout] test src/lib.rs - Datelike::num_days_from_ce (line 1336) ... ok
[INFO] [stdout] test src/lib.rs - (line 329) ... ok
[INFO] [stdout] test src/naive/date.rs - naive::date::NaiveDate (line 1452) ... ok
[INFO] [stdout] test src/naive/date.rs - naive::date::NaiveDate (line 1659) ... ok
[INFO] [stdout] test src/naive/date.rs - naive::date::NaiveDate (line 1493) ... ok
[INFO] [stdout] test src/naive/date.rs - naive::date::NaiveDate (line 1536) ... ok
[INFO] [stdout] test src/naive/date.rs - naive::date::NaiveDate (line 1669) ... ok
[INFO] [stdout] test src/lib.rs - (line 285) ... ok
[INFO] [stdout] test src/lib.rs - Month (line 945) ... ok
[INFO] [stdout] test src/lib.rs - Month (line 955) ... ok
[INFO] [stdout] test src/naive/date.rs - naive::date::NaiveDate::and_hms (line 557) ... ok
[INFO] [stdout] test src/naive/date.rs - naive::date::NaiveDate (line 1685) ... ok
[INFO] [stdout] test src/naive/date.rs - naive::date::NaiveDate (line 1624) ... ok
[INFO] [stdout] test src/naive/date.rs - naive::date::NaiveDate::and_hms_micro (line 660) ... ok
[INFO] [stdout] test src/naive/date.rs - naive::date::NaiveDate::and_hms_micro_opt (line 685) ... ok
[INFO] [stdout] test src/naive/date.rs - naive::date::NaiveDate::and_hms_opt (line 581) ... ok
[INFO] [stdout] test src/naive/date.rs - naive::date::NaiveDate::and_hms_milli_opt (line 629) ... ok
[INFO] [stdout] test src/naive/date.rs - naive::date::NaiveDate::checked_sub_signed (line 910) ... ok
[INFO] [stdout] test src/naive/date.rs - naive::date::NaiveDate::day (line 1169) ... ok
[INFO] [stdout] test src/naive/date.rs - naive::date::NaiveDate::and_hms_nano (line 716) ... ok
[INFO] [stdout] test src/naive/date.rs - naive::date::NaiveDate::and_hms_nano_opt (line 741) ... ok
[INFO] [stdout] test src/naive/date.rs - naive::date::NaiveDate::and_hms_milli (line 604) ... ok
[INFO] [stdout] test src/naive/date.rs - naive::date::NaiveDate::and_time (line 533) ... ok
[INFO] [stdout] test src/naive/date.rs - naive::date::NaiveDate::day (line 1158) ... ok
[INFO] [stdout] test src/naive/date.rs - naive::date::NaiveDate::checked_add_signed (line 876) ... ok
[INFO] [stdout] test src/naive/date.rs - naive::date::NaiveDate::format (line 1027) ... ok
[INFO] [stdout] test src/naive/date.rs - naive::date::NaiveDate::day0 (line 1198) ... ok
[INFO] [stdout] test src/naive/date.rs - naive::date::NaiveDate::format_with_items (line 982) ... ok
[INFO] [stdout] test src/naive/date.rs - naive::date::NaiveDate::format (line 1037) ... ok
[INFO] [stdout] test src/naive/date.rs - naive::date::NaiveDate::from_isoywd (line 257) ... ok
[INFO] [stdout] test src/naive/date.rs - naive::date::NaiveDate::format_with_items (line 994) ... ok
[INFO] [stdout] test src/naive/date.rs - naive::date::NaiveDate::from_isoywd_opt (line 282) ... ok
[INFO] [stdout] test src/naive/date.rs - naive::date::NaiveDate::from_num_days_from_ce (line 356) ... ok
[INFO] [stdout] test src/naive/date.rs - naive::date::NaiveDate::from_isoywd_opt (line 299) ... ok
[INFO] [stdout] test src/naive/date.rs - naive::date::NaiveDate::from_weekday_of_month (line 438) ... ok
[INFO] [stdout] test src/naive/date.rs - naive::date::NaiveDate::from_num_days_from_ce_opt (line 404) ... ok
[INFO] [stdout] test src/naive/date.rs - naive::date::NaiveDate::from_weekday_of_month_opt (line 458) ... ok
[INFO] [stdout] test src/naive/date.rs - naive::date::NaiveDate::from_num_days_from_ce (line 376) ... ok
[INFO] [stdout] test src/naive/date.rs - naive::date::NaiveDate::from_ymd_opt (line 183) ... ok
[INFO] [stdout] test src/naive/date.rs - naive::date::NaiveDate::from_ymd (line 159) ... ok
[INFO] [stdout] test src/naive/date.rs - naive::date::NaiveDate::from_yo (line 207) ... ok
[INFO] [stdout] test src/naive/date.rs - naive::date::NaiveDate::from_yo_opt (line 231) ... ok
[INFO] [stdout] test src/naive/date.rs - naive::date::NaiveDate::iter_days (line 1053) ... ok
[INFO] [stdout] test src/naive/date.rs - naive::date::NaiveDate::iter_weeks (line 1079) ... ok
[INFO] [stdout] test src/naive/date.rs - naive::date::NaiveDate::month (line 1124) ... ok
[INFO] [stdout] test src/naive/date.rs - naive::date::NaiveDate::pred (line 839) ... ok
[INFO] [stdout] test src/naive/date.rs - naive::date::NaiveDate::month0 (line 1141) ... ok
[INFO] [stdout] test src/naive/date.rs - naive::date::NaiveDate::ordinal (line 1226) ... ok
[INFO] [stdout] test src/naive/date.rs - naive::date::NaiveDate::ordinal (line 1215) ... ok
[INFO] [stdout] test src/naive/date.rs - naive::date::NaiveDate::ordinal0 (line 1254) ... ok
[INFO] [stdout] test src/naive/date.rs - naive::date::NaiveDate::parse_from_str (line 487) ... ok
[INFO] [stdout] test src/naive/date.rs - naive::date::NaiveDate::parse_from_str (line 509) ... ok
[INFO] [stdout] test src/naive/date.rs - naive::date::NaiveDate::parse_from_str (line 500) ... ok
[INFO] [stdout] test src/naive/date.rs - naive::date::NaiveDate::with_month (line 1325) ... ok
[INFO] [stdout] test src/naive/date.rs - naive::date::NaiveDate::parse_from_str (line 518) ... ok
[INFO] [stdout] test src/naive/date.rs - naive::date::NaiveDate::succ (line 802) ... ok
[INFO] [stdout] test src/naive/date.rs - naive::date::NaiveDate::pred_opt (line 857) ... ok
[INFO] [stdout] test src/naive/date.rs - naive::date::NaiveDate::succ_opt (line 820) ... ok
[INFO] [stdout] test src/naive/date.rs - naive::date::NaiveDate::with_day0 (line 1382) ... ok
[INFO] [stdout] test src/naive/date.rs - naive::date::NaiveDate::signed_duration_since (line 946) ... ok
[INFO] [stdout] test src/naive/date.rs - naive::date::NaiveDate::weekday (line 1269) ... ok
[INFO] [stdout] test src/naive/date.rs - naive::date::NaiveDate::with_day (line 1363) ... ok
[INFO] [stdout] test src/naive/date.rs - naive::date::NaiveDate::with_ordinal (line 1401) ... ok
[INFO] [stdout] test src/naive/date.rs - naive::date::NaiveDate::with_month0 (line 1344) ... ok
[INFO] [stdout] test src/naive/date.rs - naive::date::NaiveDate::year (line 1107) ... ok
[INFO] [stdout] test src/naive/date.rs - naive::date::NaiveDate::with_ordinal0 (line 1425) ... ok
[INFO] [stdout] test src/naive/date.rs - naive::date::NaiveDate::with_year (line 1291) ... ok
[INFO] [stdout] test src/naive/date.rs - naive::date::NaiveDate::with_year (line 1302) ... ok
[INFO] [stdout] test src/naive/datetime.rs - naive::datetime::NaiveDateTime (line 1236) ... ok
[INFO] [stdout] test src/naive/datetime.rs - naive::datetime::NaiveDateTime (line 1306) ... ok
[INFO] [stdout] test src/naive/datetime.rs - naive::datetime::NaiveDateTime (line 1281) ... ok
[INFO] [stdout] test src/naive/datetime.rs - naive::datetime::NaiveDateTime (line 1211) ... ok
[INFO] [stdout] test src/naive/datetime.rs - naive::datetime::NaiveDateTime (line 1402) ... ok
[INFO] [stdout] test src/naive/datetime.rs - naive::datetime::NaiveDateTime (line 1442) ... ok
[INFO] [stdout] test src/naive/datetime.rs - naive::datetime::NaiveDateTime (line 1350) ... ok
[INFO] [stdout] test src/naive/datetime.rs - naive::datetime::NaiveDateTime (line 1433) ... ok
[INFO] [stdout] test src/naive/datetime.rs - naive::datetime::NaiveDateTime (line 1369) ... ok
[INFO] [stdout] test src/naive/datetime.rs - naive::datetime::NaiveDateTime (line 1458) ... ok
[INFO] [stdout] test src/naive/datetime.rs - naive::datetime::NaiveDateTime (line 1411) ... ok
[INFO] [stdout] test src/naive/datetime.rs - naive::datetime::NaiveDateTime::checked_add_signed (line 467) ... ok
[INFO] [stdout] test src/naive/datetime.rs - naive::datetime::NaiveDateTime (line 42) ... ok
[INFO] [stdout] test src/naive/datetime.rs - naive::datetime::NaiveDateTime::checked_add_signed (line 429) ... ok
[INFO] [stdout] test src/naive/datetime.rs - naive::datetime::NaiveDateTime::checked_add_signed (line 456) ... ok
[INFO] [stdout] test src/naive/datetime.rs - naive::datetime::NaiveDateTime (line 53) ... ok
[INFO] [stdout] test src/naive/datetime.rs - naive::datetime::NaiveDateTime::checked_sub_signed (line 512) ... ok
[INFO] [stdout] test src/naive/datetime.rs - naive::datetime::NaiveDateTime::day0 (line 785) ... ok
[INFO] [stdout] test src/naive/datetime.rs - naive::datetime::NaiveDateTime::format (line 689) ... ok
[INFO] [stdout] test src/naive/datetime.rs - naive::datetime::NaiveDateTime::checked_sub_signed (line 539) ... ok
[INFO] [stdout] test src/naive/datetime.rs - naive::datetime::NaiveDateTime::day (line 766) ... ok
[INFO] [stdout] test src/naive/datetime.rs - naive::datetime::NaiveDateTime::date (line 230) ... ok
[INFO] [stdout] test src/naive/datetime.rs - naive::datetime::NaiveDateTime::checked_sub_signed (line 550) ... ok
[INFO] [stdout] test src/naive/datetime.rs - naive::datetime::NaiveDateTime::format (line 679) ... ok
[INFO] [stdout] test src/naive/datetime.rs - naive::datetime::NaiveDateTime::from_timestamp (line 105) ... ok
[INFO] [stdout] test src/naive/datetime.rs - naive::datetime::NaiveDateTime::month0 (line 747) ... ok
[INFO] [stdout] test src/naive/datetime.rs - naive::datetime::NaiveDateTime::format_with_items (line 646) ... ok
[INFO] [stdout] test src/naive/datetime.rs - naive::datetime::NaiveDateTime::from_timestamp_opt (line 133) ... ok
[INFO] [stdout] test src/naive/datetime.rs - naive::datetime::NaiveDateTime::format_with_items (line 634) ... ok
[INFO] [stdout] test src/naive/datetime.rs - naive::datetime::NaiveDateTime::hour (line 1027) ... ok
[INFO] [stdout] test src/naive/datetime.rs - naive::datetime::NaiveDateTime::minute (line 1044) ... ok
[INFO] [stdout] test src/naive/datetime.rs - naive::datetime::NaiveDateTime::month (line 728) ... ok
[INFO] [stdout] test src/naive/datetime.rs - naive::datetime::NaiveDateTime::nanosecond (line 1081) ... ok
[INFO] [stdout] test src/naive/datetime.rs - naive::datetime::NaiveDateTime::ordinal (line 804) ... ok
[INFO] [stdout] test src/naive/datetime.rs - naive::datetime::NaiveDateTime::new (line 74) ... ok
[INFO] [stdout] test src/naive/datetime.rs - naive::datetime::NaiveDateTime::ordinal0 (line 823) ... ok
[INFO] [stdout] test src/naive/datetime.rs - naive::datetime::NaiveDateTime::parse_from_str (line 165) ... ok
[INFO] [stdout] test src/naive/datetime.rs - naive::datetime::NaiveDateTime::parse_from_str (line 178) ... ok
[INFO] [stdout] test src/naive/datetime.rs - naive::datetime::NaiveDateTime::parse_from_str (line 189) ... ok
[INFO] [stdout] test src/naive/datetime.rs - naive::datetime::NaiveDateTime::parse_from_str (line 213) ... ok
[INFO] [stdout] test src/naive/datetime.rs - naive::datetime::NaiveDateTime::signed_duration_since (line 591) ... ok
[INFO] [stdout] test src/naive/datetime.rs - naive::datetime::NaiveDateTime::parse_from_str (line 199) ... ok
[INFO] [stdout] test src/naive/datetime.rs - naive::datetime::NaiveDateTime::signed_duration_since (line 611) ... ok
[INFO] [stdout] test src/naive/datetime.rs - naive::datetime::NaiveDateTime::second (line 1061) ... ok
[INFO] [stdout] test src/naive/datetime.rs - naive::datetime::NaiveDateTime::timestamp (line 263) ... ok
[INFO] [stdout] test src/naive/datetime.rs - naive::datetime::NaiveDateTime::time (line 245) ... ok
[INFO] [stdout] test src/naive/datetime.rs - naive::datetime::NaiveDateTime::timestamp_millis (line 298) ... ok
[INFO] [stdout] test src/naive/datetime.rs - naive::datetime::NaiveDateTime::timestamp_nanos (line 333) ... ok
[INFO] [stdout] test src/naive/datetime.rs - naive::datetime::NaiveDateTime::timestamp_subsec_micros (line 383) ... ok
[INFO] [stdout] test src/naive/datetime.rs - naive::datetime::NaiveDateTime::timestamp_subsec_millis (line 362) ... ok
[INFO] [stdout] test src/naive/datetime.rs - naive::datetime::NaiveDateTime::with_hour (line 1101) ... ok
[INFO] [stdout] test src/naive/datetime.rs - naive::datetime::NaiveDateTime::timestamp_subsec_nanos (line 404) ... ok
[INFO] [stdout] test src/naive/datetime.rs - naive::datetime::NaiveDateTime::weekday (line 840) ... ok
[INFO] [stdout] test src/naive/datetime.rs - naive::datetime::NaiveDateTime::with_day (line 930) ... ok
[INFO] [stdout] test src/naive/datetime.rs - naive::datetime::NaiveDateTime::with_minute (line 1123) ... ok
[INFO] [stdout] test src/naive/isoweek.rs - naive::isoweek::IsoWeek (line 115) ... ok
[INFO] [stdout] test src/naive/datetime.rs - naive::datetime::NaiveDateTime::with_day0 (line 951) ... ok
[INFO] [stdout] test src/naive/datetime.rs - naive::datetime::NaiveDateTime::with_month0 (line 908) ... ok
[INFO] [stdout] test src/naive/datetime.rs - naive::datetime::NaiveDateTime::with_month (line 886) ... ok
[INFO] [stdout] test src/naive/datetime.rs - naive::datetime::NaiveDateTime::with_nanosecond (line 1172) ... ok
[INFO] [stdout] test src/naive/datetime.rs - naive::datetime::NaiveDateTime::with_ordinal (line 972) ... ok
[INFO] [stdout] test src/naive/datetime.rs - naive::datetime::NaiveDateTime::with_ordinal0 (line 1000) ... ok
[INFO] [stdout] test src/naive/datetime.rs - naive::datetime::NaiveDateTime::with_year (line 865) ... ok
[INFO] [stdout] test src/naive/datetime.rs - naive::datetime::NaiveDateTime::year (line 709) ... ok
[INFO] [stdout] test src/naive/isoweek.rs - naive::isoweek::IsoWeek::week (line 80) ... ok
[INFO] [stdout] test src/naive/time.rs - naive::time::NaiveTime (line 1052) ... ok
[INFO] [stdout] test src/naive/datetime.rs - naive::datetime::NaiveDateTime::with_second (line 1147) ... ok
[INFO] [stdout] test src/naive/isoweek.rs - naive::isoweek::IsoWeek::week0 (line 97) ... ok
[INFO] [stdout] test src/naive/isoweek.rs - naive::isoweek::IsoWeek::year (line 53) ... ok
[INFO] [stdout] test src/naive/isoweek.rs - naive::isoweek::IsoWeek (line 125) ... ok
[INFO] [stdout] test src/naive/isoweek.rs - naive::isoweek::IsoWeek::year (line 63) ... ok
[INFO] [stdout] test src/naive/time.rs - naive::time::NaiveTime (line 1033) ... ok
[INFO] [stdout] test src/naive/time.rs - naive::time::NaiveTime (line 1064) ... ok
[INFO] [stdout] test src/naive/time.rs - naive::time::NaiveTime (line 1122) ... ok
[INFO] [stdout] test src/naive/time.rs - naive::time::NaiveTime::format (line 771) ... ok
[INFO] [stdout] test src/naive/time.rs - naive::time::NaiveTime (line 1133) ... ok
[INFO] [stdout] test src/naive/time.rs - naive::time::NaiveTime (line 1105) ... ok
[INFO] [stdout] test src/naive/time.rs - naive::time::NaiveTime (line 1176) ... ok
[INFO] [stdout] test src/naive/time.rs - naive::time::NaiveTime (line 1197) ... ok
[INFO] [stdout] test src/naive/time.rs - naive::time::NaiveTime (line 1243) ... ok
[INFO] [stdout] test src/naive/time.rs - naive::time::NaiveTime (line 1232) ... ok
[INFO] [stdout] test src/naive/time.rs - naive::time::NaiveTime (line 1282) ... ok
[INFO] [stdout] test src/naive/time.rs - naive::time::NaiveTime (line 1293) ... ok
[INFO] [stdout] test src/naive/time.rs - naive::time::NaiveTime (line 154) ... ok
[INFO] [stdout] test src/naive/time.rs - naive::time::NaiveTime (line 1308) ... ok
[INFO] [stdout] test src/naive/time.rs - naive::time::NaiveTime (line 168) ... ok
[INFO] [stdout] test src/naive/time.rs - naive::time::NaiveTime (line 67) ... ok
[INFO] [stdout] test src/naive/time.rs - naive::time::NaiveTime::format (line 782) ... ok
[INFO] [stdout] test src/naive/time.rs - naive::time::NaiveTime::from_hms (line 197) ... ok
[INFO] [stdout] test src/naive/time.rs - naive::time::NaiveTime::from_hms_micro_opt (line 320) ... ok
[INFO] [stdout] test src/naive/time.rs - naive::time::NaiveTime::format_with_items (line 738) ... ok
[INFO] [stdout] test src/naive/time.rs - naive::time::NaiveTime::format_with_items (line 726) ... ok
[INFO] [stdout] test src/naive/time.rs - naive::time::NaiveTime::from_hms_opt (line 220) ... ok
[INFO] [stdout] test src/naive/time.rs - naive::time::NaiveTime::from_hms_milli_opt (line 268) ... ok
[INFO] [stdout] test src/naive/time.rs - naive::time::NaiveTime::from_hms_micro (line 297) ... ok
[INFO] [stdout] test src/naive/time.rs - naive::time::NaiveTime::from_hms_milli (line 245) ... ok
[INFO] [stdout] test src/naive/time.rs - naive::time::NaiveTime::from_hms_nano_opt (line 370) ... ok
[INFO] [stdout] test src/naive/time.rs - naive::time::NaiveTime::from_hms_nano (line 347) ... ok
[INFO] [stdout] test src/naive/time.rs - naive::time::NaiveTime::from_num_seconds_from_midnight_opt (line 424) ... ok
[INFO] [stdout] test src/naive/time.rs - naive::time::NaiveTime::nanosecond (line 866) ... ok
[INFO] [stdout] test src/naive/time.rs - naive::time::NaiveTime::hour (line 808) ... ok
[INFO] [stdout] test src/naive/time.rs - naive::time::NaiveTime::from_num_seconds_from_midnight (line 401) ... ok
[INFO] [stdout] test src/naive/time.rs - naive::time::NaiveTime::parse_from_str (line 449) ... ok
[INFO] [stdout] test src/naive/time.rs - naive::time::NaiveTime::num_seconds_from_midnight (line 996) ... ok
[INFO] [stdout] test src/naive/time.rs - naive::time::NaiveTime::minute (line 823) ... ok
[INFO] [stdout] test src/naive/time.rs - naive::time::NaiveTime::overflowing_add_signed (line 517) ... ok
[INFO] [stdout] test src/naive/time.rs - naive::time::NaiveTime::nanosecond (line 877) ... ok
[INFO] [stdout] test src/naive/time.rs - naive::time::NaiveTime::overflowing_sub_signed (line 602) ... ok
[INFO] [stdout] test src/naive/time.rs - naive::time::NaiveTime::parse_from_str (line 462) ... ok
[INFO] [stdout] test src/naive/time.rs - naive::time::NaiveTime::parse_from_str (line 483) ... ok
[INFO] [stdout] test src/naive/time.rs - naive::time::NaiveTime::parse_from_str (line 499) ... ok
[INFO] [stdout] test src/naive/time.rs - naive::time::NaiveTime::signed_duration_since (line 634) ... ok
[INFO] [stdout] test src/naive/time.rs - naive::time::NaiveTime::second (line 838) ... ok
[INFO] [stdout] test src/naive/time.rs - naive::time::NaiveTime::parse_from_str (line 473) ... ok
[INFO] [stdout] test src/naive/time.rs - naive::time::NaiveTime::with_nanosecond (line 964) ... ok
[INFO] [stdout] test src/naive/time.rs - naive::time::NaiveTime::with_hour (line 894) ... ok
[INFO] [stdout] test src/naive/time.rs - naive::time::NaiveTime::with_minute (line 916) ... ok
[INFO] [stdout] test src/naive/time.rs - naive::time::NaiveTime::signed_duration_since (line 663) ... ok
[INFO] [stdout] test src/naive/time.rs - naive::time::NaiveTime::with_second (line 940) ... ok
[INFO] [stdout] test src/naive/time.rs - naive::time::NaiveTime::second (line 849) ... ok
[INFO] [stdout] test src/offset/fixed.rs - offset::fixed::FixedOffset::east (line 35) ... ok
[INFO] [stdout] test src/naive/time.rs - naive::time::NaiveTime::with_nanosecond (line 978) ... ok
[INFO] [stdout] test src/offset/mod.rs - offset::TimeZone::isoywd (line 285) ... ok
[INFO] [stdout] test src/offset/local.rs - offset::local::Local (line 84) ... ok
[INFO] [stdout] test src/offset/mod.rs - offset::TimeZone::timestamp (line 319) ... ok
[INFO] [stdout] test src/offset/mod.rs - offset::TimeZone::timestamp_millis (line 349) ... ok
[INFO] [stdout] test src/offset/fixed.rs - offset::fixed::FixedOffset::west (line 65) ... ok
[INFO] [stdout] test src/offset/mod.rs - offset::TimeZone::timestamp_nanos (line 392) ... ok
[INFO] [stdout] test src/offset/mod.rs - offset::TimeZone::ymd (line 208) ... ok
[INFO] [stdout] test src/round.rs - round::SubsecRound::round_subsecs (line 27) ... ok
[INFO] [stdout] test src/offset/mod.rs - offset::TimeZone::timestamp_millis_opt (line 368) ... ok
[INFO] [stdout] test src/offset/mod.rs - offset::TimeZone::yo (line 250) ... ok
[INFO] [stdout] test src/round.rs - round::DurationRound::duration_trunc (line 131) ... ok
[INFO] [stdout] test src/offset/mod.rs - offset::TimeZone::ymd_opt (line 227) ... ok
[INFO] [stdout] test src/round.rs - round::RoundingError::TimestampExceedsLimit (line 235) ... ok
[INFO] [stdout] test src/round.rs - round::SubsecRound::trunc_subsecs (line 39) ... ok
[INFO] [stdout] test src/round.rs - round::RoundingError::DurationExceedsLimit (line 222) ... ok
[INFO] [stdout] test src/offset/utc.rs - offset::utc::Utc (line 27) ... ok
[INFO] [stdout] test src/round.rs - round::DurationRound::duration_round (line 114) ... ok
[INFO] [stdout] test src/round.rs - round::RoundingError::DurationExceedsTimestamp (line 209) ... ok
[INFO] [stdout] 
[INFO] [stdout] failures:
[INFO] [stdout] 
[INFO] [stdout] ---- src/lib.rs - (line 239) stdout ----
[INFO] [stdout] error[E0433]: failed to resolve: use of undeclared type `Locale`
[INFO] [stdout]  --> src/lib.rs:245:51
[INFO] [stdout]   |
[INFO] [stdout] 9 | assert_eq!(dt.format_localized("%A %e %B %Y, %T", Locale::fr_BE).to_string(), "vendredi 28 novembre 2014, 12:00:09");
[INFO] [stdout]   |                                                   ^^^^^^ use of undeclared type `Locale`
[INFO] [stdout] 
[INFO] [stdout] error[E0599]: no method named `format_localized` found for struct `DateTime` in the current scope
[INFO] [stdout]  --> src/lib.rs:245:15
[INFO] [stdout]   |
[INFO] [stdout] 9 | assert_eq!(dt.format_localized("%A %e %B %Y, %T", Locale::fr_BE).to_string(), "vendredi 28 novembre 2014, 12:00:09");
[INFO] [stdout]   |               ^^^^^^^^^^^^^^^^ method not found in `DateTime<chrono::Utc>`
[INFO] [stdout] 
[INFO] [stdout] error: aborting due to 2 previous errors
[INFO] [stdout] 
[INFO] [stdout] Some errors have detailed explanations: E0433, E0599.
[INFO] [stdout] For more information about an error, try `rustc --explain E0433`.
[INFO] [stdout] Couldn't compile the test.
[INFO] [stdout] 
[INFO] [stdout] failures:
[INFO] [stdout]     src/lib.rs - (line 239)
[INFO] [stdout] 
[INFO] [stdout] test result: FAILED. 227 passed; 1 failed; 0 ignored; 0 measured; 0 filtered out; finished in 78.47s
[INFO] [stdout] 
[INFO] [stderr] error: test failed, to rerun pass '--doc'
[INFO] running `Command { std: "docker" "inspect" "9427fe5cee7b3c45742aa16ddb28956f6794343a8d0284ed9c49f3bcac86c68b", kill_on_drop: false }`
[INFO] running `Command { std: "docker" "rm" "-f" "9427fe5cee7b3c45742aa16ddb28956f6794343a8d0284ed9c49f3bcac86c68b", kill_on_drop: false }`
[INFO] [stdout] 9427fe5cee7b3c45742aa16ddb28956f6794343a8d0284ed9c49f3bcac86c68b
