[INFO] fetching crate chrono-wasi07 0.4.10...
[INFO] testing chrono-wasi07-0.4.10 against beta-2021-08-01 for beta-1.55-1
[INFO] extracting crate chrono-wasi07 0.4.10 into /workspace/builds/worker-7/source
[INFO] validating manifest of crates.io crate chrono-wasi07 0.4.10 on toolchain beta-2021-08-01
[INFO] running `Command { std: "/workspace/cargo-home/bin/cargo" "+beta-2021-08-01" "metadata" "--manifest-path" "Cargo.toml" "--no-deps", kill_on_drop: false }`
[INFO] started tweaking crates.io crate chrono-wasi07 0.4.10
[INFO] finished tweaking crates.io crate chrono-wasi07 0.4.10
[INFO] tweaked toml for crates.io crate chrono-wasi07 0.4.10 written to /workspace/builds/worker-7/source/Cargo.toml
[INFO] running `Command { std: "/workspace/cargo-home/bin/cargo" "+beta-2021-08-01" "generate-lockfile" "--manifest-path" "Cargo.toml" "-Zno-index-update", kill_on_drop: false }`
[INFO] running `Command { std: "/workspace/cargo-home/bin/cargo" "+beta-2021-08-01" "fetch" "--manifest-path" "Cargo.toml", kill_on_drop: false }`
[INFO] [stderr]     Blocking waiting for file lock on package cache
[INFO] [stderr]     Blocking waiting for file lock on package cache
[INFO] running `Command { std: "docker" "create" "-v" "/var/lib/crater-agent-workspace/builds/worker-7/target:/opt/rustwide/target:rw,Z" "-v" "/var/lib/crater-agent-workspace/builds/worker-7/source:/opt/rustwide/workdir:ro,Z" "-v" "/var/lib/crater-agent-workspace/cargo-home:/opt/rustwide/cargo-home:ro,Z" "-v" "/var/lib/crater-agent-workspace/rustup-home:/opt/rustwide/rustup-home:ro,Z" "-e" "SOURCE_DIR=/opt/rustwide/workdir" "-e" "CARGO_TARGET_DIR=/opt/rustwide/target" "-e" "CARGO_HOME=/opt/rustwide/cargo-home" "-e" "RUSTUP_HOME=/opt/rustwide/rustup-home" "-w" "/opt/rustwide/workdir" "-m" "1610612736" "--user" "0:0" "--network" "none" "ghcr.io/rust-lang/crates-build-env/linux@sha256:34b6a614d2c27851fe6cbf88fbd1137609cefab8b10d0615aaeb6fd47975d74e" "/opt/rustwide/cargo-home/bin/cargo" "+beta-2021-08-01" "metadata" "--no-deps" "--format-version=1", kill_on_drop: false }`
[INFO] [stderr] WARNING: Your kernel does not support swap limit capabilities or the cgroup is not mounted. Memory limited without swap.
[INFO] [stdout] a7903332c870e0c3dd678e5254530f8de5dcd1a5f971b680fa34f598c94f84ce
[INFO] running `Command { std: "docker" "start" "-a" "a7903332c870e0c3dd678e5254530f8de5dcd1a5f971b680fa34f598c94f84ce", kill_on_drop: false }`
[INFO] running `Command { std: "docker" "inspect" "a7903332c870e0c3dd678e5254530f8de5dcd1a5f971b680fa34f598c94f84ce", kill_on_drop: false }`
[INFO] running `Command { std: "docker" "rm" "-f" "a7903332c870e0c3dd678e5254530f8de5dcd1a5f971b680fa34f598c94f84ce", kill_on_drop: false }`
[INFO] [stdout] a7903332c870e0c3dd678e5254530f8de5dcd1a5f971b680fa34f598c94f84ce
[INFO] running `Command { std: "docker" "create" "-v" "/var/lib/crater-agent-workspace/builds/worker-7/target:/opt/rustwide/target:rw,Z" "-v" "/var/lib/crater-agent-workspace/builds/worker-7/source:/opt/rustwide/workdir:ro,Z" "-v" "/var/lib/crater-agent-workspace/cargo-home:/opt/rustwide/cargo-home:ro,Z" "-v" "/var/lib/crater-agent-workspace/rustup-home:/opt/rustwide/rustup-home:ro,Z" "-e" "SOURCE_DIR=/opt/rustwide/workdir" "-e" "CARGO_TARGET_DIR=/opt/rustwide/target" "-e" "CARGO_INCREMENTAL=0" "-e" "RUST_BACKTRACE=full" "-e" "RUSTFLAGS=--cap-lints=warn" "-e" "CARGO_HOME=/opt/rustwide/cargo-home" "-e" "RUSTUP_HOME=/opt/rustwide/rustup-home" "-w" "/opt/rustwide/workdir" "-m" "1610612736" "--user" "0:0" "--network" "none" "ghcr.io/rust-lang/crates-build-env/linux@sha256:34b6a614d2c27851fe6cbf88fbd1137609cefab8b10d0615aaeb6fd47975d74e" "/opt/rustwide/cargo-home/bin/cargo" "+beta-2021-08-01" "build" "--frozen" "--message-format=json", kill_on_drop: false }`
[INFO] [stderr] WARNING: Your kernel does not support swap limit capabilities or the cgroup is not mounted. Memory limited without swap.
[INFO] [stdout] 725c8fa707c9a522558ee9ad28373fe7d1b2eb705405094e04d381d710fb3a5d
[INFO] running `Command { std: "docker" "start" "-a" "725c8fa707c9a522558ee9ad28373fe7d1b2eb705405094e04d381d710fb3a5d", kill_on_drop: false }`
[INFO] [stderr]    Compiling num-integer v0.1.44
[INFO] [stderr]    Compiling chrono-wasi07 v0.4.10 (/opt/rustwide/workdir)
[INFO] [stdout] warning: unnecessary parentheses around block return value
[INFO] [stdout]    --> src/format/parsed.rs:348:13
[INFO] [stdout]     |
[INFO] [stdout] 348 | /             (self.year.unwrap_or(year) == year &&
[INFO] [stdout] 349 | |              self.year_div_100.or(year_div_100) == year_div_100 &&
[INFO] [stdout] 350 | |              self.year_mod_100.or(year_mod_100) == year_mod_100 &&
[INFO] [stdout] 351 | |              self.month.unwrap_or(month) == month &&
[INFO] [stdout] 352 | |              self.day.unwrap_or(day) == day)
[INFO] [stdout]     | |____________________________________________^
[INFO] [stdout]     |
[INFO] [stdout]     = note: `#[warn(unused_parens)]` on by default
[INFO] [stdout] help: remove these parentheses
[INFO] [stdout]     |
[INFO] [stdout] 348 |             self.year.unwrap_or(year) == year &&
[INFO] [stdout] 349 |              self.year_div_100.or(year_div_100) == year_div_100 &&
[INFO] [stdout] 350 |              self.year_mod_100.or(year_mod_100) == year_mod_100 &&
[INFO] [stdout] 351 |              self.month.unwrap_or(month) == month &&
[INFO] [stdout] 352 |              self.day.unwrap_or(day) == day
[INFO] [stdout]     |
[INFO] [stdout] 
[INFO] [stdout] 
[INFO] [stdout] warning: unnecessary parentheses around block return value
[INFO] [stdout]    --> src/format/parsed.rs:367:13
[INFO] [stdout]     |
[INFO] [stdout] 367 | /             (self.isoyear.unwrap_or(isoyear) == isoyear &&
[INFO] [stdout] 368 | |              self.isoyear_div_100.or(isoyear_div_100) == isoyear_div_100 &&
[INFO] [stdout] 369 | |              self.isoyear_mod_100.or(isoyear_mod_100) == isoyear_mod_100 &&
[INFO] [stdout] 370 | |              self.isoweek.unwrap_or(isoweek) == isoweek &&
[INFO] [stdout] 371 | |              self.weekday.unwrap_or(weekday) == weekday)
[INFO] [stdout]     | |________________________________________________________^
[INFO] [stdout]     |
[INFO] [stdout] help: remove these parentheses
[INFO] [stdout]     |
[INFO] [stdout] 367 |             self.isoyear.unwrap_or(isoyear) == isoyear &&
[INFO] [stdout] 368 |              self.isoyear_div_100.or(isoyear_div_100) == isoyear_div_100 &&
[INFO] [stdout] 369 |              self.isoyear_mod_100.or(isoyear_mod_100) == isoyear_mod_100 &&
[INFO] [stdout] 370 |              self.isoweek.unwrap_or(isoweek) == isoweek &&
[INFO] [stdout] 371 |              self.weekday.unwrap_or(weekday) == weekday
[INFO] [stdout]     |
[INFO] [stdout] 
[INFO] [stdout] 
[INFO] [stdout] warning: unnecessary parentheses around block return value
[INFO] [stdout]    --> src/format/parsed.rs:380:13
[INFO] [stdout]     |
[INFO] [stdout] 380 | /             (self.ordinal.unwrap_or(ordinal) == ordinal &&
[INFO] [stdout] 381 | |              self.week_from_sun.map_or(week_from_sun, |v| v as i32) == week_from_sun &&
[INFO] [stdout] 382 | |              self.week_from_mon.map_or(week_from_mon, |v| v as i32) == week_from_mon)
[INFO] [stdout]     | |_____________________________________________________________________________________^
[INFO] [stdout]     |
[INFO] [stdout] help: remove these parentheses
[INFO] [stdout]     |
[INFO] [stdout] 380 |             self.ordinal.unwrap_or(ordinal) == ordinal &&
[INFO] [stdout] 381 |              self.week_from_sun.map_or(week_from_sun, |v| v as i32) == week_from_sun &&
[INFO] [stdout] 382 |              self.week_from_mon.map_or(week_from_mon, |v| v as i32) == week_from_mon
[INFO] [stdout]     |
[INFO] [stdout] 
[INFO] [stdout] 
[INFO] [stdout] warning: this attribute can only be applied at the crate level
[INFO] [stdout]   --> src/time/mod.rs:17:8
[INFO] [stdout]    |
[INFO] [stdout] 17 | #![doc(html_logo_url = "https://www.rust-lang.org/logos/rust-logo-128x128-blk-v2.png",
[INFO] [stdout]    |        ^^^^^^^^^^^^^^^^^^^^^^^^^^^^^^^^^^^^^^^^^^^^^^^^^^^^^^^^^^^^^^^^^^^^^^^^^^^^^^
[INFO] [stdout]    |
[INFO] [stdout]    = note: `#[warn(invalid_doc_attributes)]` on by default
[INFO] [stdout]    = warning: this was previously accepted by the compiler but is being phased out; it will become a hard error in a future release!
[INFO] [stdout]    = note: for more information, see issue #82730 <https://github.com/rust-lang/rust/issues/82730>
[INFO] [stdout]    = note: read https://doc.rust-lang.org/nightly/rustdoc/the-doc-attribute.html#at-the-crate-level for more information
[INFO] [stdout] 
[INFO] [stdout] 
[INFO] [stdout] warning: this attribute can only be applied at the crate level
[INFO] [stdout]   --> src/time/mod.rs:18:8
[INFO] [stdout]    |
[INFO] [stdout] 18 |        html_favicon_url = "https://www.rust-lang.org/favicon.ico",
[INFO] [stdout]    |        ^^^^^^^^^^^^^^^^^^^^^^^^^^^^^^^^^^^^^^^^^^^^^^^^^^^^^^^^^^
[INFO] [stdout]    |
[INFO] [stdout]    = warning: this was previously accepted by the compiler but is being phased out; it will become a hard error in a future release!
[INFO] [stdout]    = note: for more information, see issue #82730 <https://github.com/rust-lang/rust/issues/82730>
[INFO] [stdout]    = note: read https://doc.rust-lang.org/nightly/rustdoc/the-doc-attribute.html#at-the-crate-level for more information
[INFO] [stdout] 
[INFO] [stdout] 
[INFO] [stdout] warning: this attribute can only be applied at the crate level
[INFO] [stdout]   --> src/time/mod.rs:19:8
[INFO] [stdout]    |
[INFO] [stdout] 19 |        html_root_url = "https://doc.rust-lang.org/time/")]
[INFO] [stdout]    |        ^^^^^^^^^^^^^^^^^^^^^^^^^^^^^^^^^^^^^^^^^^^^^^^^^
[INFO] [stdout]    |
[INFO] [stdout]    = warning: this was previously accepted by the compiler but is being phased out; it will become a hard error in a future release!
[INFO] [stdout]    = note: for more information, see issue #82730 <https://github.com/rust-lang/rust/issues/82730>
[INFO] [stdout]    = note: read https://doc.rust-lang.org/nightly/rustdoc/the-doc-attribute.html#at-the-crate-level for more information
[INFO] [stdout] 
[INFO] [stdout] 
[INFO] [stdout] warning: use of deprecated associated function `std::error::Error::description`: use the Display impl or to_string()
[INFO] [stdout]    --> src/time/mod.rs:540:43
[INFO] [stdout]     |
[INFO] [stdout] 540 |                 write!(f, "{}: %{}", self.description(), ch)
[INFO] [stdout]     |                                           ^^^^^^^^^^^
[INFO] [stdout]     |
[INFO] [stdout]     = note: `#[warn(deprecated)]` on by default
[INFO] [stdout] 
[INFO] [stdout] 
[INFO] [stdout] warning: use of deprecated associated function `std::error::Error::description`: use the Display impl or to_string()
[INFO] [stdout]    --> src/time/mod.rs:545:39
[INFO] [stdout]     |
[INFO] [stdout] 545 |             _ => write!(f, "{}", self.description())
[INFO] [stdout]     |                                       ^^^^^^^^^^^
[INFO] [stdout] 
[INFO] [stdout] 
[INFO] [stdout] warning: use of deprecated associated function `std::error::Error::description`: use the Display impl or to_string()
[INFO] [stdout]    --> src/time/duration.rs:405:30
[INFO] [stdout]     |
[INFO] [stdout] 405 |         write!(f, "{}", self.description())
[INFO] [stdout]     |                              ^^^^^^^^^^^
[INFO] [stdout] 
[INFO] [stdout] 
[INFO] [stdout] warning: 9 warnings emitted
[INFO] [stdout] 
[INFO] [stdout] 
[INFO] [stderr]     Finished dev [unoptimized + debuginfo] target(s) in 3.22s
[INFO] running `Command { std: "docker" "inspect" "725c8fa707c9a522558ee9ad28373fe7d1b2eb705405094e04d381d710fb3a5d", kill_on_drop: false }`
[INFO] running `Command { std: "docker" "rm" "-f" "725c8fa707c9a522558ee9ad28373fe7d1b2eb705405094e04d381d710fb3a5d", kill_on_drop: false }`
[INFO] [stdout] 725c8fa707c9a522558ee9ad28373fe7d1b2eb705405094e04d381d710fb3a5d
[INFO] running `Command { std: "docker" "create" "-v" "/var/lib/crater-agent-workspace/builds/worker-7/target:/opt/rustwide/target:rw,Z" "-v" "/var/lib/crater-agent-workspace/builds/worker-7/source:/opt/rustwide/workdir:ro,Z" "-v" "/var/lib/crater-agent-workspace/cargo-home:/opt/rustwide/cargo-home:ro,Z" "-v" "/var/lib/crater-agent-workspace/rustup-home:/opt/rustwide/rustup-home:ro,Z" "-e" "SOURCE_DIR=/opt/rustwide/workdir" "-e" "CARGO_TARGET_DIR=/opt/rustwide/target" "-e" "CARGO_INCREMENTAL=0" "-e" "RUST_BACKTRACE=full" "-e" "RUSTFLAGS=--cap-lints=warn" "-e" "CARGO_HOME=/opt/rustwide/cargo-home" "-e" "RUSTUP_HOME=/opt/rustwide/rustup-home" "-w" "/opt/rustwide/workdir" "-m" "1610612736" "--user" "0:0" "--network" "none" "ghcr.io/rust-lang/crates-build-env/linux@sha256:34b6a614d2c27851fe6cbf88fbd1137609cefab8b10d0615aaeb6fd47975d74e" "/opt/rustwide/cargo-home/bin/cargo" "+beta-2021-08-01" "test" "--frozen" "--no-run" "--message-format=json", kill_on_drop: false }`
[INFO] [stdout] 6bf4b7b4ae9481085b71822901c779bcc9314a4a4fcefb97a3b736a320f19310
[INFO] [stderr] WARNING: Your kernel does not support swap limit capabilities or the cgroup is not mounted. Memory limited without swap.
[INFO] running `Command { std: "docker" "start" "-a" "6bf4b7b4ae9481085b71822901c779bcc9314a4a4fcefb97a3b736a320f19310", kill_on_drop: false }`
[INFO] [stderr]    Compiling num-iter v0.1.42
[INFO] [stderr]    Compiling bincode v0.8.0
[INFO] [stdout] warning: unnecessary parentheses around block return value
[INFO] [stdout]    --> src/format/parsed.rs:348:13
[INFO] [stdout]     |
[INFO] [stdout] 348 | /             (self.year.unwrap_or(year) == year &&
[INFO] [stdout] 349 | |              self.year_div_100.or(year_div_100) == year_div_100 &&
[INFO] [stdout] 350 | |              self.year_mod_100.or(year_mod_100) == year_mod_100 &&
[INFO] [stdout] 351 | |              self.month.unwrap_or(month) == month &&
[INFO] [stdout] 352 | |              self.day.unwrap_or(day) == day)
[INFO] [stdout]     | |____________________________________________^
[INFO] [stdout]     |
[INFO] [stdout]     = note: `#[warn(unused_parens)]` on by default
[INFO] [stdout] help: remove these parentheses
[INFO] [stdout]     |
[INFO] [stdout] 348 |             self.year.unwrap_or(year) == year &&
[INFO] [stdout] 349 |              self.year_div_100.or(year_div_100) == year_div_100 &&
[INFO] [stdout] 350 |              self.year_mod_100.or(year_mod_100) == year_mod_100 &&
[INFO] [stdout] 351 |              self.month.unwrap_or(month) == month &&
[INFO] [stdout] 352 |              self.day.unwrap_or(day) == day
[INFO] [stdout]     |
[INFO] [stdout] 
[INFO] [stdout] 
[INFO] [stdout] warning: unnecessary parentheses around block return value
[INFO] [stdout]    --> src/format/parsed.rs:367:13
[INFO] [stdout]     |
[INFO] [stdout] 367 | /             (self.isoyear.unwrap_or(isoyear) == isoyear &&
[INFO] [stdout] 368 | |              self.isoyear_div_100.or(isoyear_div_100) == isoyear_div_100 &&
[INFO] [stdout] 369 | |              self.isoyear_mod_100.or(isoyear_mod_100) == isoyear_mod_100 &&
[INFO] [stdout] 370 | |              self.isoweek.unwrap_or(isoweek) == isoweek &&
[INFO] [stdout] 371 | |              self.weekday.unwrap_or(weekday) == weekday)
[INFO] [stdout]     | |________________________________________________________^
[INFO] [stdout]     |
[INFO] [stdout] help: remove these parentheses
[INFO] [stdout]     |
[INFO] [stdout] 367 |             self.isoyear.unwrap_or(isoyear) == isoyear &&
[INFO] [stdout] 368 |              self.isoyear_div_100.or(isoyear_div_100) == isoyear_div_100 &&
[INFO] [stdout] 369 |              self.isoyear_mod_100.or(isoyear_mod_100) == isoyear_mod_100 &&
[INFO] [stdout] 370 |              self.isoweek.unwrap_or(isoweek) == isoweek &&
[INFO] [stdout] 371 |              self.weekday.unwrap_or(weekday) == weekday
[INFO] [stdout]     |
[INFO] [stdout] 
[INFO] [stdout] 
[INFO] [stdout] warning: unnecessary parentheses around block return value
[INFO] [stdout]    --> src/format/parsed.rs:380:13
[INFO] [stdout]     |
[INFO] [stdout] 380 | /             (self.ordinal.unwrap_or(ordinal) == ordinal &&
[INFO] [stdout] 381 | |              self.week_from_sun.map_or(week_from_sun, |v| v as i32) == week_from_sun &&
[INFO] [stdout] 382 | |              self.week_from_mon.map_or(week_from_mon, |v| v as i32) == week_from_mon)
[INFO] [stdout]     | |_____________________________________________________________________________________^
[INFO] [stdout]     |
[INFO] [stdout] help: remove these parentheses
[INFO] [stdout]     |
[INFO] [stdout] 380 |             self.ordinal.unwrap_or(ordinal) == ordinal &&
[INFO] [stdout] 381 |              self.week_from_sun.map_or(week_from_sun, |v| v as i32) == week_from_sun &&
[INFO] [stdout] 382 |              self.week_from_mon.map_or(week_from_mon, |v| v as i32) == week_from_mon
[INFO] [stdout]     |
[INFO] [stdout] 
[INFO] [stdout] 
[INFO] [stderr]    Compiling criterion v0.3.5
[INFO] [stdout] warning: this attribute can only be applied at the crate level
[INFO] [stdout]   --> src/time/mod.rs:17:8
[INFO] [stdout]    |
[INFO] [stdout] 17 | #![doc(html_logo_url = "https://www.rust-lang.org/logos/rust-logo-128x128-blk-v2.png",
[INFO] [stdout]    |        ^^^^^^^^^^^^^^^^^^^^^^^^^^^^^^^^^^^^^^^^^^^^^^^^^^^^^^^^^^^^^^^^^^^^^^^^^^^^^^
[INFO] [stdout]    |
[INFO] [stdout]    = note: `#[warn(invalid_doc_attributes)]` on by default
[INFO] [stdout]    = warning: this was previously accepted by the compiler but is being phased out; it will become a hard error in a future release!
[INFO] [stdout]    = note: for more information, see issue #82730 <https://github.com/rust-lang/rust/issues/82730>
[INFO] [stdout]    = note: read https://doc.rust-lang.org/nightly/rustdoc/the-doc-attribute.html#at-the-crate-level for more information
[INFO] [stdout] 
[INFO] [stdout] 
[INFO] [stdout] warning: this attribute can only be applied at the crate level
[INFO] [stdout]   --> src/time/mod.rs:18:8
[INFO] [stdout]    |
[INFO] [stdout] 18 |        html_favicon_url = "https://www.rust-lang.org/favicon.ico",
[INFO] [stdout]    |        ^^^^^^^^^^^^^^^^^^^^^^^^^^^^^^^^^^^^^^^^^^^^^^^^^^^^^^^^^^
[INFO] [stdout]    |
[INFO] [stdout]    = warning: this was previously accepted by the compiler but is being phased out; it will become a hard error in a future release!
[INFO] [stdout]    = note: for more information, see issue #82730 <https://github.com/rust-lang/rust/issues/82730>
[INFO] [stdout]    = note: read https://doc.rust-lang.org/nightly/rustdoc/the-doc-attribute.html#at-the-crate-level for more information
[INFO] [stdout] 
[INFO] [stdout] 
[INFO] [stdout] warning: this attribute can only be applied at the crate level
[INFO] [stdout]   --> src/time/mod.rs:19:8
[INFO] [stdout]    |
[INFO] [stdout] 19 |        html_root_url = "https://doc.rust-lang.org/time/")]
[INFO] [stdout]    |        ^^^^^^^^^^^^^^^^^^^^^^^^^^^^^^^^^^^^^^^^^^^^^^^^^
[INFO] [stdout]    |
[INFO] [stdout]    = warning: this was previously accepted by the compiler but is being phased out; it will become a hard error in a future release!
[INFO] [stdout]    = note: for more information, see issue #82730 <https://github.com/rust-lang/rust/issues/82730>
[INFO] [stdout]    = note: read https://doc.rust-lang.org/nightly/rustdoc/the-doc-attribute.html#at-the-crate-level for more information
[INFO] [stdout] 
[INFO] [stdout] 
[INFO] [stdout] warning: use of deprecated associated function `std::error::Error::description`: use the Display impl or to_string()
[INFO] [stdout]    --> src/time/mod.rs:540:43
[INFO] [stdout]     |
[INFO] [stdout] 540 |                 write!(f, "{}: %{}", self.description(), ch)
[INFO] [stdout]     |                                           ^^^^^^^^^^^
[INFO] [stdout]     |
[INFO] [stdout]     = note: `#[warn(deprecated)]` on by default
[INFO] [stdout] 
[INFO] [stdout] 
[INFO] [stdout] warning: use of deprecated associated function `std::error::Error::description`: use the Display impl or to_string()
[INFO] [stdout]    --> src/time/mod.rs:545:39
[INFO] [stdout]     |
[INFO] [stdout] 545 |             _ => write!(f, "{}", self.description())
[INFO] [stdout]     |                                       ^^^^^^^^^^^
[INFO] [stdout] 
[INFO] [stdout] 
[INFO] [stdout] warning: use of deprecated associated function `std::error::Error::description`: use the Display impl or to_string()
[INFO] [stdout]    --> src/time/duration.rs:405:30
[INFO] [stdout]     |
[INFO] [stdout] 405 |         write!(f, "{}", self.description())
[INFO] [stdout]     |                              ^^^^^^^^^^^
[INFO] [stdout] 
[INFO] [stdout] 
[INFO] [stdout] warning: 9 warnings emitted
[INFO] [stdout] 
[INFO] [stdout] 
[INFO] [stderr]    Compiling chrono-wasi07 v0.4.10 (/opt/rustwide/workdir)
[INFO] [stdout] warning: unnecessary trailing semicolon
[INFO] [stdout]     --> src/naive/datetime.rs:2198:10
[INFO] [stdout]      |
[INFO] [stdout] 2198 |         };
[INFO] [stdout]      |          ^ help: remove this semicolon
[INFO] [stdout]      |
[INFO] [stdout]      = note: `#[warn(redundant_semicolons)]` on by default
[INFO] [stdout] 
[INFO] [stdout] 
[INFO] [stdout] warning: unnecessary parentheses around block return value
[INFO] [stdout]    --> src/format/parsed.rs:348:13
[INFO] [stdout]     |
[INFO] [stdout] 348 | /             (self.year.unwrap_or(year) == year &&
[INFO] [stdout] 349 | |              self.year_div_100.or(year_div_100) == year_div_100 &&
[INFO] [stdout] 350 | |              self.year_mod_100.or(year_mod_100) == year_mod_100 &&
[INFO] [stdout] 351 | |              self.month.unwrap_or(month) == month &&
[INFO] [stdout] 352 | |              self.day.unwrap_or(day) == day)
[INFO] [stdout]     | |____________________________________________^
[INFO] [stdout]     |
[INFO] [stdout]     = note: `#[warn(unused_parens)]` on by default
[INFO] [stdout] help: remove these parentheses
[INFO] [stdout]     |
[INFO] [stdout] 348 |             self.year.unwrap_or(year) == year &&
[INFO] [stdout] 349 |              self.year_div_100.or(year_div_100) == year_div_100 &&
[INFO] [stdout] 350 |              self.year_mod_100.or(year_mod_100) == year_mod_100 &&
[INFO] [stdout] 351 |              self.month.unwrap_or(month) == month &&
[INFO] [stdout] 352 |              self.day.unwrap_or(day) == day
[INFO] [stdout]     |
[INFO] [stdout] 
[INFO] [stdout] 
[INFO] [stdout] warning: unnecessary parentheses around block return value
[INFO] [stdout]    --> src/format/parsed.rs:367:13
[INFO] [stdout]     |
[INFO] [stdout] 367 | /             (self.isoyear.unwrap_or(isoyear) == isoyear &&
[INFO] [stdout] 368 | |              self.isoyear_div_100.or(isoyear_div_100) == isoyear_div_100 &&
[INFO] [stdout] 369 | |              self.isoyear_mod_100.or(isoyear_mod_100) == isoyear_mod_100 &&
[INFO] [stdout] 370 | |              self.isoweek.unwrap_or(isoweek) == isoweek &&
[INFO] [stdout] 371 | |              self.weekday.unwrap_or(weekday) == weekday)
[INFO] [stdout]     | |________________________________________________________^
[INFO] [stdout]     |
[INFO] [stdout] help: remove these parentheses
[INFO] [stdout]     |
[INFO] [stdout] 367 |             self.isoyear.unwrap_or(isoyear) == isoyear &&
[INFO] [stdout] 368 |              self.isoyear_div_100.or(isoyear_div_100) == isoyear_div_100 &&
[INFO] [stdout] 369 |              self.isoyear_mod_100.or(isoyear_mod_100) == isoyear_mod_100 &&
[INFO] [stdout] 370 |              self.isoweek.unwrap_or(isoweek) == isoweek &&
[INFO] [stdout] 371 |              self.weekday.unwrap_or(weekday) == weekday
[INFO] [stdout]     |
[INFO] [stdout] 
[INFO] [stdout] 
[INFO] [stdout] warning: unnecessary parentheses around block return value
[INFO] [stdout]    --> src/format/parsed.rs:380:13
[INFO] [stdout]     |
[INFO] [stdout] 380 | /             (self.ordinal.unwrap_or(ordinal) == ordinal &&
[INFO] [stdout] 381 | |              self.week_from_sun.map_or(week_from_sun, |v| v as i32) == week_from_sun &&
[INFO] [stdout] 382 | |              self.week_from_mon.map_or(week_from_mon, |v| v as i32) == week_from_mon)
[INFO] [stdout]     | |_____________________________________________________________________________________^
[INFO] [stdout]     |
[INFO] [stdout] help: remove these parentheses
[INFO] [stdout]     |
[INFO] [stdout] 380 |             self.ordinal.unwrap_or(ordinal) == ordinal &&
[INFO] [stdout] 381 |              self.week_from_sun.map_or(week_from_sun, |v| v as i32) == week_from_sun &&
[INFO] [stdout] 382 |              self.week_from_mon.map_or(week_from_mon, |v| v as i32) == week_from_mon
[INFO] [stdout]     |
[INFO] [stdout] 
[INFO] [stdout] 
[INFO] [stdout] warning: this attribute can only be applied at the crate level
[INFO] [stdout]   --> src/time/mod.rs:17:8
[INFO] [stdout]    |
[INFO] [stdout] 17 | #![doc(html_logo_url = "https://www.rust-lang.org/logos/rust-logo-128x128-blk-v2.png",
[INFO] [stdout]    |        ^^^^^^^^^^^^^^^^^^^^^^^^^^^^^^^^^^^^^^^^^^^^^^^^^^^^^^^^^^^^^^^^^^^^^^^^^^^^^^
[INFO] [stdout]    |
[INFO] [stdout]    = note: `#[warn(invalid_doc_attributes)]` on by default
[INFO] [stdout]    = warning: this was previously accepted by the compiler but is being phased out; it will become a hard error in a future release!
[INFO] [stdout]    = note: for more information, see issue #82730 <https://github.com/rust-lang/rust/issues/82730>
[INFO] [stdout]    = note: read https://doc.rust-lang.org/nightly/rustdoc/the-doc-attribute.html#at-the-crate-level for more information
[INFO] [stdout] 
[INFO] [stdout] 
[INFO] [stdout] warning: this attribute can only be applied at the crate level
[INFO] [stdout]   --> src/time/mod.rs:18:8
[INFO] [stdout]    |
[INFO] [stdout] 18 |        html_favicon_url = "https://www.rust-lang.org/favicon.ico",
[INFO] [stdout]    |        ^^^^^^^^^^^^^^^^^^^^^^^^^^^^^^^^^^^^^^^^^^^^^^^^^^^^^^^^^^
[INFO] [stdout]    |
[INFO] [stdout]    = warning: this was previously accepted by the compiler but is being phased out; it will become a hard error in a future release!
[INFO] [stdout]    = note: for more information, see issue #82730 <https://github.com/rust-lang/rust/issues/82730>
[INFO] [stdout]    = note: read https://doc.rust-lang.org/nightly/rustdoc/the-doc-attribute.html#at-the-crate-level for more information
[INFO] [stdout] 
[INFO] [stdout] 
[INFO] [stdout] warning: this attribute can only be applied at the crate level
[INFO] [stdout]   --> src/time/mod.rs:19:8
[INFO] [stdout]    |
[INFO] [stdout] 19 |        html_root_url = "https://doc.rust-lang.org/time/")]
[INFO] [stdout]    |        ^^^^^^^^^^^^^^^^^^^^^^^^^^^^^^^^^^^^^^^^^^^^^^^^^
[INFO] [stdout]    |
[INFO] [stdout]    = warning: this was previously accepted by the compiler but is being phased out; it will become a hard error in a future release!
[INFO] [stdout]    = note: for more information, see issue #82730 <https://github.com/rust-lang/rust/issues/82730>
[INFO] [stdout]    = note: read https://doc.rust-lang.org/nightly/rustdoc/the-doc-attribute.html#at-the-crate-level for more information
[INFO] [stdout] 
[INFO] [stdout] 
[INFO] [stdout] warning: use of deprecated associated function `std::error::Error::description`: use the Display impl or to_string()
[INFO] [stdout]    --> src/time/mod.rs:540:43
[INFO] [stdout]     |
[INFO] [stdout] 540 |                 write!(f, "{}: %{}", self.description(), ch)
[INFO] [stdout]     |                                           ^^^^^^^^^^^
[INFO] [stdout]     |
[INFO] [stdout]     = note: `#[warn(deprecated)]` on by default
[INFO] [stdout] 
[INFO] [stdout] 
[INFO] [stdout] warning: use of deprecated associated function `std::error::Error::description`: use the Display impl or to_string()
[INFO] [stdout]    --> src/time/mod.rs:545:39
[INFO] [stdout]     |
[INFO] [stdout] 545 |             _ => write!(f, "{}", self.description())
[INFO] [stdout]     |                                       ^^^^^^^^^^^
[INFO] [stdout] 
[INFO] [stdout] 
[INFO] [stdout] warning: use of deprecated associated function `std::error::Error::description`: use the Display impl or to_string()
[INFO] [stdout]    --> src/time/duration.rs:405:30
[INFO] [stdout]     |
[INFO] [stdout] 405 |         write!(f, "{}", self.description())
[INFO] [stdout]     |                              ^^^^^^^^^^^
[INFO] [stdout] 
[INFO] [stdout] 
[INFO] [stdout] warning: 10 warnings emitted
[INFO] [stdout] 
[INFO] [stdout] 
[INFO] [stderr]     Finished test [unoptimized + debuginfo] target(s) in 24.28s
[INFO] running `Command { std: "docker" "inspect" "6bf4b7b4ae9481085b71822901c779bcc9314a4a4fcefb97a3b736a320f19310", kill_on_drop: false }`
[INFO] running `Command { std: "docker" "rm" "-f" "6bf4b7b4ae9481085b71822901c779bcc9314a4a4fcefb97a3b736a320f19310", kill_on_drop: false }`
[INFO] [stdout] 6bf4b7b4ae9481085b71822901c779bcc9314a4a4fcefb97a3b736a320f19310
[INFO] running `Command { std: "docker" "create" "-v" "/var/lib/crater-agent-workspace/builds/worker-7/target:/opt/rustwide/target:rw,Z" "-v" "/var/lib/crater-agent-workspace/builds/worker-7/source:/opt/rustwide/workdir:ro,Z" "-v" "/var/lib/crater-agent-workspace/cargo-home:/opt/rustwide/cargo-home:ro,Z" "-v" "/var/lib/crater-agent-workspace/rustup-home:/opt/rustwide/rustup-home:ro,Z" "-e" "SOURCE_DIR=/opt/rustwide/workdir" "-e" "CARGO_TARGET_DIR=/opt/rustwide/target" "-e" "CARGO_INCREMENTAL=0" "-e" "RUST_BACKTRACE=full" "-e" "RUSTFLAGS=--cap-lints=warn" "-e" "CARGO_HOME=/opt/rustwide/cargo-home" "-e" "RUSTUP_HOME=/opt/rustwide/rustup-home" "-w" "/opt/rustwide/workdir" "-m" "1610612736" "--user" "0:0" "--network" "none" "ghcr.io/rust-lang/crates-build-env/linux@sha256:34b6a614d2c27851fe6cbf88fbd1137609cefab8b10d0615aaeb6fd47975d74e" "/opt/rustwide/cargo-home/bin/cargo" "+beta-2021-08-01" "test" "--frozen", kill_on_drop: false }`
[INFO] [stdout] bf0563d3b7da881e35eae8853a0ea0111fe6438fb66921eb6b2f2ea44bbd2714
[INFO] [stderr] WARNING: Your kernel does not support swap limit capabilities or the cgroup is not mounted. Memory limited without swap.
[INFO] running `Command { std: "docker" "start" "-a" "bf0563d3b7da881e35eae8853a0ea0111fe6438fb66921eb6b2f2ea44bbd2714", kill_on_drop: false }`
[INFO] [stderr] warning: unnecessary parentheses around block return value
[INFO] [stderr]    --> src/format/parsed.rs:348:13
[INFO] [stderr]     |
[INFO] [stderr] 348 | /             (self.year.unwrap_or(year) == year &&
[INFO] [stderr] 349 | |              self.year_div_100.or(year_div_100) == year_div_100 &&
[INFO] [stderr] 350 | |              self.year_mod_100.or(year_mod_100) == year_mod_100 &&
[INFO] [stderr] 351 | |              self.month.unwrap_or(month) == month &&
[INFO] [stderr] 352 | |              self.day.unwrap_or(day) == day)
[INFO] [stderr]     | |____________________________________________^
[INFO] [stderr]     |
[INFO] [stderr]     = note: `#[warn(unused_parens)]` on by default
[INFO] [stderr] help: remove these parentheses
[INFO] [stderr]     |
[INFO] [stderr] 348 |             self.year.unwrap_or(year) == year &&
[INFO] [stderr] 349 |              self.year_div_100.or(year_div_100) == year_div_100 &&
[INFO] [stderr] 350 |              self.year_mod_100.or(year_mod_100) == year_mod_100 &&
[INFO] [stderr] 351 |              self.month.unwrap_or(month) == month &&
[INFO] [stderr] 352 |              self.day.unwrap_or(day) == day
[INFO] [stderr]     |
[INFO] [stderr] 
[INFO] [stderr] warning: unnecessary parentheses around block return value
[INFO] [stderr]    --> src/format/parsed.rs:367:13
[INFO] [stderr]     |
[INFO] [stderr] 367 | /             (self.isoyear.unwrap_or(isoyear) == isoyear &&
[INFO] [stderr] 368 | |              self.isoyear_div_100.or(isoyear_div_100) == isoyear_div_100 &&
[INFO] [stderr] 369 | |              self.isoyear_mod_100.or(isoyear_mod_100) == isoyear_mod_100 &&
[INFO] [stderr] 370 | |              self.isoweek.unwrap_or(isoweek) == isoweek &&
[INFO] [stderr] 371 | |              self.weekday.unwrap_or(weekday) == weekday)
[INFO] [stderr]     | |________________________________________________________^
[INFO] [stderr]     |
[INFO] [stderr] help: remove these parentheses
[INFO] [stderr]     |
[INFO] [stderr] 367 |             self.isoyear.unwrap_or(isoyear) == isoyear &&
[INFO] [stderr] 368 |              self.isoyear_div_100.or(isoyear_div_100) == isoyear_div_100 &&
[INFO] [stderr] 369 |              self.isoyear_mod_100.or(isoyear_mod_100) == isoyear_mod_100 &&
[INFO] [stderr] 370 |              self.isoweek.unwrap_or(isoweek) == isoweek &&
[INFO] [stderr] 371 |              self.weekday.unwrap_or(weekday) == weekday
[INFO] [stderr]     |
[INFO] [stderr] 
[INFO] [stderr] warning: unnecessary parentheses around block return value
[INFO] [stderr]    --> src/format/parsed.rs:380:13
[INFO] [stderr]     |
[INFO] [stderr] 380 | /             (self.ordinal.unwrap_or(ordinal) == ordinal &&
[INFO] [stderr] 381 | |              self.week_from_sun.map_or(week_from_sun, |v| v as i32) == week_from_sun &&
[INFO] [stderr] 382 | |              self.week_from_mon.map_or(week_from_mon, |v| v as i32) == week_from_mon)
[INFO] [stderr]     | |_____________________________________________________________________________________^
[INFO] [stderr]     |
[INFO] [stderr] help: remove these parentheses
[INFO] [stderr]     |
[INFO] [stderr] 380 |             self.ordinal.unwrap_or(ordinal) == ordinal &&
[INFO] [stderr] 381 |              self.week_from_sun.map_or(week_from_sun, |v| v as i32) == week_from_sun &&
[INFO] [stderr] 382 |              self.week_from_mon.map_or(week_from_mon, |v| v as i32) == week_from_mon
[INFO] [stderr]     |
[INFO] [stderr] 
[INFO] [stderr] warning: this attribute can only be applied at the crate level
[INFO] [stderr]   --> src/time/mod.rs:17:8
[INFO] [stderr]    |
[INFO] [stderr] 17 | #![doc(html_logo_url = "https://www.rust-lang.org/logos/rust-logo-128x128-blk-v2.png",
[INFO] [stderr]    |        ^^^^^^^^^^^^^^^^^^^^^^^^^^^^^^^^^^^^^^^^^^^^^^^^^^^^^^^^^^^^^^^^^^^^^^^^^^^^^^
[INFO] [stderr]    |
[INFO] [stderr]    = note: `#[warn(invalid_doc_attributes)]` on by default
[INFO] [stderr]    = warning: this was previously accepted by the compiler but is being phased out; it will become a hard error in a future release!
[INFO] [stderr]    = note: for more information, see issue #82730 <https://github.com/rust-lang/rust/issues/82730>
[INFO] [stderr]    = note: read https://doc.rust-lang.org/nightly/rustdoc/the-doc-attribute.html#at-the-crate-level for more information
[INFO] [stderr] 
[INFO] [stderr] warning: this attribute can only be applied at the crate level
[INFO] [stderr]   --> src/time/mod.rs:18:8
[INFO] [stderr]    |
[INFO] [stderr] 18 |        html_favicon_url = "https://www.rust-lang.org/favicon.ico",
[INFO] [stderr]    |        ^^^^^^^^^^^^^^^^^^^^^^^^^^^^^^^^^^^^^^^^^^^^^^^^^^^^^^^^^^
[INFO] [stderr]    |
[INFO] [stderr]    = warning: this was previously accepted by the compiler but is being phased out; it will become a hard error in a future release!
[INFO] [stderr]    = note: for more information, see issue #82730 <https://github.com/rust-lang/rust/issues/82730>
[INFO] [stderr]    = note: read https://doc.rust-lang.org/nightly/rustdoc/the-doc-attribute.html#at-the-crate-level for more information
[INFO] [stderr] 
[INFO] [stderr] warning: this attribute can only be applied at the crate level
[INFO] [stderr]   --> src/time/mod.rs:19:8
[INFO] [stderr]    |
[INFO] [stderr] 19 |        html_root_url = "https://doc.rust-lang.org/time/")]
[INFO] [stderr]    |        ^^^^^^^^^^^^^^^^^^^^^^^^^^^^^^^^^^^^^^^^^^^^^^^^^
[INFO] [stderr]    |
[INFO] [stderr]    = warning: this was previously accepted by the compiler but is being phased out; it will become a hard error in a future release!
[INFO] [stderr]    = note: for more information, see issue #82730 <https://github.com/rust-lang/rust/issues/82730>
[INFO] [stderr]    = note: read https://doc.rust-lang.org/nightly/rustdoc/the-doc-attribute.html#at-the-crate-level for more information
[INFO] [stderr] 
[INFO] [stderr] warning: use of deprecated associated function `std::error::Error::description`: use the Display impl or to_string()
[INFO] [stderr]    --> src/time/mod.rs:540:43
[INFO] [stderr]     |
[INFO] [stderr] 540 |                 write!(f, "{}: %{}", self.description(), ch)
[INFO] [stderr]     |                                           ^^^^^^^^^^^
[INFO] [stderr]     |
[INFO] [stderr]     = note: `#[warn(deprecated)]` on by default
[INFO] [stderr] 
[INFO] [stderr] warning: use of deprecated associated function `std::error::Error::description`: use the Display impl or to_string()
[INFO] [stderr]    --> src/time/mod.rs:545:39
[INFO] [stderr]     |
[INFO] [stderr] 545 |             _ => write!(f, "{}", self.description())
[INFO] [stderr]     |                                       ^^^^^^^^^^^
[INFO] [stderr] 
[INFO] [stderr] warning: use of deprecated associated function `std::error::Error::description`: use the Display impl or to_string()
[INFO] [stderr]    --> src/time/duration.rs:405:30
[INFO] [stderr]     |
[INFO] [stderr] 405 |         write!(f, "{}", self.description())
[INFO] [stderr]     |                              ^^^^^^^^^^^
[INFO] [stderr] 
[INFO] [stderr] warning: `chrono-wasi07` (lib) generated 9 warnings
[INFO] [stderr] warning: unnecessary trailing semicolon
[INFO] [stderr]     --> src/naive/datetime.rs:2198:10
[INFO] [stderr]      |
[INFO] [stderr] 2198 |         };
[INFO] [stderr]      |          ^ help: remove this semicolon
[INFO] [stderr]      |
[INFO] [stderr]      = note: `#[warn(redundant_semicolons)]` on by default
[INFO] [stderr] 
[INFO] [stderr] warning: `chrono-wasi07` (lib test) generated 10 warnings (9 duplicates)
[INFO] [stderr]     Finished test [unoptimized + debuginfo] target(s) in 0.10s
[INFO] [stderr]      Running unittests (/opt/rustwide/target/debug/deps/chrono-ce42cca7f6faf21c)
[INFO] [stdout] 
[INFO] [stdout] running 131 tests
[INFO] [stdout] test datetime::tests::test_datetime_from_str ... ok
[INFO] [stdout] test datetime::tests::test_datetime_rfc2822_and_rfc3339 ... ok
[INFO] [stdout] test datetime::tests::test_from_system_time ... ok
[INFO] [stdout] test datetime::tests::test_datetime_with_timezone ... ok
[INFO] [stdout] test datetime::tests::test_datetime_is_copy ... ok
[INFO] [stdout] test format::parse::parse_rfc850 ... ok
[INFO] [stdout] test datetime::test_auto_conversion ... ok
[INFO] [stdout] test datetime::tests::test_datetime_date_and_time ... ok
[INFO] [stdout] test format::parsed::tests::test_parsed_set_fields ... ok
[INFO] [stdout] test div::tests::test_mod_floor ... ok
[INFO] [stdout] test datetime::tests::test_datetime_parse_from_str ... ok
[INFO] [stdout] test datetime::tests::test_datetime_format_alignment ... ok
[INFO] [stdout] test datetime::tests::test_datetime_offset ... ok
[INFO] [stdout] test datetime::tests::test_datetime_format_with_local ... ok
[INFO] [stdout] test format::parse::test_rfc3339 ... ok
[INFO] [stdout] test div::tests::test_div_mod_floor ... ok
[INFO] [stdout] test format::parse::test_rfc2822 ... ok
[INFO] [stdout] test naive::date::tests::test_date_addassignment ... ok
[INFO] [stdout] test naive::date::tests::test_date_add ... ok
[INFO] [stdout] test format::parsed::tests::test_parsed_to_naive_time ... ok
[INFO] [stdout] test format::parsed::tests::test_parsed_to_naive_date ... ok
[INFO] [stdout] test format::parsed::tests::test_parsed_to_naive_datetime_with_offset ... ok
[INFO] [stdout] test format::strftime::test_strftime_docs ... ok
[INFO] [stdout] test datetime::tests::test_subsecond_part ... ok
[INFO] [stdout] test format::parsed::tests::test_parsed_to_datetime ... ok
[INFO] [stdout] test format::parsed::tests::test_parsed_to_datetime_with_timezone ... ok
[INFO] [stdout] test datetime::tests::test_rfc3339_opts ... ok
[INFO] [stdout] test format::strftime::test_strftime_items ... ok
[INFO] [stdout] test datetime::tests::test_datetime_is_send ... ok
[INFO] [stdout] test naive::date::tests::test_date_fmt ... ok
[INFO] [stdout] test naive::date::tests::test_date_from_isoywd ... ok
[INFO] [stdout] test naive::date::test_date_bounds ... ok
[INFO] [stdout] test naive::date::tests::test_date_from_weekday_of_month_opt ... ok
[INFO] [stdout] test naive::date::tests::test_date_from_num_days_from_ce ... ok
[INFO] [stdout] test naive::date::tests::test_date_from_str ... ok
[INFO] [stdout] test naive::date::tests::test_date_fields ... ok
[INFO] [stdout] test format::parse::test_parse ... ok
[INFO] [stdout] test naive::date::tests::test_date_format ... ok
[INFO] [stdout] test naive::datetime::tests::test_datetime_addassignment ... ok
[INFO] [stdout] test naive::date::tests::test_date_from_yo ... ok
[INFO] [stdout] test naive::datetime::tests::test_datetime_add_sub_invariant ... ok
[INFO] [stdout] test naive::date::tests::test_date_from_ymd ... ok
[INFO] [stdout] test naive::date::tests::test_date_weekday ... ok
[INFO] [stdout] test naive::date::tests::test_date_pred ... ok
[INFO] [stdout] test naive::date::tests::test_date_parse_from_str ... ok
[INFO] [stdout] test naive::date::tests::test_date_sub ... ok
[INFO] [stdout] test naive::datetime::tests::test_datetime_parse_from_str ... ok
[INFO] [stdout] test naive::date::tests::test_date_subassignment ... ok
[INFO] [stdout] test naive::datetime::tests::test_datetime_subassignment ... ok
[INFO] [stdout] test naive::date::tests::test_date_succ ... ok
[INFO] [stdout] test naive::internals::tests::test_mdf_to_of ... ok
[INFO] [stdout] test naive::datetime::tests::test_datetime_add ... ok
[INFO] [stdout] test naive::datetime::tests::test_datetime_format ... ok
[INFO] [stdout] test naive::datetime::tests::test_datetime_timestamp ... ok
[INFO] [stdout] test naive::date::tests::test_date_with_fields ... ok
[INFO] [stdout] test naive::datetime::tests::test_datetime_sub ... ok
[INFO] [stdout] test naive::datetime::tests::test_nanosecond_range ... ok
[INFO] [stdout] test naive::datetime::tests::test_datetime_from_str ... ok
[INFO] [stdout] test naive::internals::tests::test_mdf_to_of_to_mdf ... ok
[INFO] [stdout] test naive::datetime::tests::test_datetime_from_timestamp ... ok
[INFO] [stdout] test naive::internals::tests::test_of_isoweekdate_raw ... ok
[INFO] [stdout] test naive::internals::tests::test_year_flags_ndays_from_year ... ok
[INFO] [stdout] test naive::internals::tests::test_year_flags_nisoweeks ... ok
[INFO] [stdout] test naive::internals::tests::test_of_fields ... ok
[INFO] [stdout] test naive::internals::tests::test_of ... ok
[INFO] [stdout] test naive::internals::tests::test_of_weekday ... ok
[INFO] [stdout] test naive::internals::tests::test_of_to_mdf ... ok
[INFO] [stdout] test naive::internals::tests::test_mdf_fields ... ok
[INFO] [stdout] test naive::internals::tests::test_of_to_mdf_to_of ... ok
[INFO] [stdout] test naive::isoweek::tests::test_iso_week_extremes ... ok
[INFO] [stdout] test naive::time::tests::test_time_parse_from_str ... ok
[INFO] [stdout] test naive::time::tests::test_time_add ... ok
[INFO] [stdout] test naive::time::tests::test_time_overflowing_add ... ok
[INFO] [stdout] test naive::time::tests::test_date_from_str ... ok
[INFO] [stdout] test naive::time::tests::test_time_sub ... ok
[INFO] [stdout] test naive::time::tests::test_time_subassignment ... ok
[INFO] [stdout] test offset::fixed::tests::test_date_extreme_offset ... ok
[INFO] [stdout] test offset::local::tests::test_leap_second ... ok
[INFO] [stdout] test offset::local::tests::test_local_date_sanity_check ... ok
[INFO] [stdout] test offset::tests::test_nanos_never_panics ... ok
[INFO] [stdout] test offset::tests::test_negative_millis ... ok
[INFO] [stdout] test offset::tests::test_negative_nanos ... ok
[INFO] [stdout] test round::tests::test_round_leap_nanos ... ok
[INFO] [stdout] test round::tests::test_round ... ok
[INFO] [stdout] test round::tests::test_trunc_leap_nanos ... ok
[INFO] [stdout] test round::tests::test_trunc ... ok
[INFO] [stdout] test naive::time::tests::test_time_from_hms_milli ... ok
[INFO] [stdout] test naive::time::tests::test_time_hms ... ok
[INFO] [stdout] test naive::time::tests::test_time_format ... ok
[INFO] [stdout] test naive::time::tests::test_time_fmt ... ok
[INFO] [stdout] test time::duration::tests::test_duration_div ... ok
[INFO] [stdout] test time::duration::tests::test_duration_mul ... ok
[INFO] [stdout] test time::duration::tests::test_duration_fmt ... ok
[INFO] [stdout] test time::duration::tests::test_duration_num_days ... ok
[INFO] [stdout] test time::duration::tests::test_duration_num_microseconds ... ok
[INFO] [stdout] test time::duration::tests::test_duration_num_milliseconds ... ok
[INFO] [stdout] test time::duration::tests::test_to_std ... ok
[INFO] [stdout] test time::tests::test_asctime ... ok
[INFO] [stdout] test time::tests::test_at ... ok
[INFO] [stdout] test time::tests::test_at_utc ... ok
[INFO] [stdout] test time::tests::test_conversions ... ok
[INFO] [stdout] test time::tests::test_ctime ... ok
[INFO] [stdout] test time::tests::test_date_before_1970 ... ok
[INFO] [stdout] test time::tests::test_dst ... ok
[INFO] [stdout] test time::duration::tests::test_duration_num_nanoseconds ... ok
[INFO] [stdout] test time::duration::tests::test_duration_num_seconds ... ok
[INFO] [stdout] test naive::time::tests::test_time_addassignment ... ok
[INFO] [stdout] test naive::time::tests::test_time_from_hms_micro ... ok
[INFO] [stdout] test naive::internals::tests::test_mdf_with_fields ... ok
[INFO] [stdout] test time::duration::tests::test_duration ... ok
[INFO] [stdout] test time::duration::tests::test_duration_checked_ops ... ok
[INFO] [stdout] test naive::date::tests::test_date_num_days_from_ce ... ok
[INFO] [stdout] test datetime::tests::test_rfc3339_opts_nonexhaustive - should panic ... ok
[INFO] [stdout] test time::tests::test_get_time ... FAILED
[INFO] [stdout] test time::tests::test_time_sub ... ok
[INFO] [stdout] test time::tests::test_precise_time_to ... ok
[INFO] [stdout] test time::tests::test_timespec_add ... ok
[INFO] [stdout] test time::tests::test_strptime ... ok
[INFO] [stdout] test time::tests::test_timespec_hash ... ok
[INFO] [stdout] test time::tests::test_timespec_eq_ord ... ok
[INFO] [stdout] test time::tests::test_strftime ... ok
[INFO] [stdout] test time::tests::test_precise_time ... ok
[INFO] [stdout] test time::tests::test_to_timespec ... ok
[INFO] [stdout] test time::tests::test_steadytime_sub ... ok
[INFO] [stdout] test naive::internals::tests::test_of_with_fields ... ok
[INFO] [stdout] test time::duration::tests::test_from_std ... ok
[INFO] [stdout] test time::tests::test_timespec_sub ... ok
[INFO] [stdout] test naive::internals::tests::test_mdf_valid ... ok
[INFO] [stdout] test naive::date::tests::test_date_from_isoywd_and_iso_week ... ok
[INFO] [stdout] test test_num_days_from_ce_against_alternative_impl ... ok
[INFO] [stderr] error: test failed, to rerun pass '--lib'
[INFO] [stdout] test test_readme_doomsday ... ok
[INFO] [stdout] 
[INFO] [stdout] failures:
[INFO] [stdout] 
[INFO] [stdout] ---- time::tests::test_get_time stdout ----
[INFO] [stdout] thread 'time::tests::test_get_time' panicked at 'assertion failed: tv2.sec < SOME_FUTURE_DATE', src/time/mod.rs:697:9
[INFO] [stdout] stack backtrace:
[INFO] [stdout]    0:     0x5608f2042a80 - std::backtrace_rs::backtrace::libunwind::trace::hff4d1766e93f64f1
[INFO] [stdout]                                at /rustc/53fd98ca776cb875bc9e5514f56b52eb74f9e7a9/library/std/src/../../backtrace/src/backtrace/libunwind.rs:90:5
[INFO] [stdout]    1:     0x5608f2042a80 - std::backtrace_rs::backtrace::trace_unsynchronized::h56bbc8eb78770bcb
[INFO] [stdout]                                at /rustc/53fd98ca776cb875bc9e5514f56b52eb74f9e7a9/library/std/src/../../backtrace/src/backtrace/mod.rs:66:5
[INFO] [stdout]    2:     0x5608f2042a80 - std::sys_common::backtrace::_print_fmt::h5c8e75464faca780
[INFO] [stdout]                                at /rustc/53fd98ca776cb875bc9e5514f56b52eb74f9e7a9/library/std/src/sys_common/backtrace.rs:67:5
[INFO] [stdout]    3:     0x5608f2042a80 - <std::sys_common::backtrace::_print::DisplayBacktrace as core::fmt::Display>::fmt::h48b88277def8b362
[INFO] [stdout]                                at /rustc/53fd98ca776cb875bc9e5514f56b52eb74f9e7a9/library/std/src/sys_common/backtrace.rs:46:22
[INFO] [stdout]    4:     0x5608f206532c - core::fmt::write::h3381b3176fe2b3d3
[INFO] [stdout]                                at /rustc/53fd98ca776cb875bc9e5514f56b52eb74f9e7a9/library/core/src/fmt/mod.rs:1115:17
[INFO] [stdout]    5:     0x5608f203f875 - std::io::Write::write_fmt::h5f34a676f60246b5
[INFO] [stdout]                                at /rustc/53fd98ca776cb875bc9e5514f56b52eb74f9e7a9/library/std/src/io/mod.rs:1665:15
[INFO] [stdout]    6:     0x5608f2044bfb - std::sys_common::backtrace::_print::ha537687d6c17dd0d
[INFO] [stdout]                                at /rustc/53fd98ca776cb875bc9e5514f56b52eb74f9e7a9/library/std/src/sys_common/backtrace.rs:49:5
[INFO] [stdout]    7:     0x5608f2044bfb - std::sys_common::backtrace::print::h61376ae57d131d72
[INFO] [stdout]                                at /rustc/53fd98ca776cb875bc9e5514f56b52eb74f9e7a9/library/std/src/sys_common/backtrace.rs:36:9
[INFO] [stdout]    8:     0x5608f2044bfb - std::panicking::default_hook::{{closure}}::h0f7208c0b9644a54
[INFO] [stdout]                                at /rustc/53fd98ca776cb875bc9e5514f56b52eb74f9e7a9/library/std/src/panicking.rs:208:50
[INFO] [stdout]    9:     0x5608f204470c - std::panicking::default_hook::hdac7fc06578c14ce
[INFO] [stdout]                                at /rustc/53fd98ca776cb875bc9e5514f56b52eb74f9e7a9/library/std/src/panicking.rs:222:9
[INFO] [stdout]   10:     0x5608f20452c4 - std::panicking::rust_panic_with_hook::h72b21c283da3d1ef
[INFO] [stdout]                                at /rustc/53fd98ca776cb875bc9e5514f56b52eb74f9e7a9/library/std/src/panicking.rs:622:17
[INFO] [stdout]   11:     0x5608f2044d77 - std::panicking::begin_panic_handler::{{closure}}::he5778f1729cff84a
[INFO] [stdout]                                at /rustc/53fd98ca776cb875bc9e5514f56b52eb74f9e7a9/library/std/src/panicking.rs:517:13
[INFO] [stdout]   12:     0x5608f2042f5c - std::sys_common::backtrace::__rust_end_short_backtrace::h2d11ca8b453b4b1d
[INFO] [stdout]                                at /rustc/53fd98ca776cb875bc9e5514f56b52eb74f9e7a9/library/std/src/sys_common/backtrace.rs:141:18
[INFO] [stdout]   13:     0x5608f2044d09 - rust_begin_unwind
[INFO] [stdout]                                at /rustc/53fd98ca776cb875bc9e5514f56b52eb74f9e7a9/library/std/src/panicking.rs:515:5
[INFO] [stdout]   14:     0x5608f1efb3b1 - core::panicking::panic_fmt::hf9de31d4acbce4db
[INFO] [stdout]                                at /rustc/53fd98ca776cb875bc9e5514f56b52eb74f9e7a9/library/core/src/panicking.rs:92:14
[INFO] [stdout]   15:     0x5608f1efb2fd - core::panicking::panic::h8a6bc58a21c6c095
[INFO] [stdout]                                at /rustc/53fd98ca776cb875bc9e5514f56b52eb74f9e7a9/library/core/src/panicking.rs:50:5
[INFO] [stdout]   16:     0x5608f1f38c21 - chrono::time::tests::test_get_time::h8a336eb5cf63144e
[INFO] [stdout]                                at /opt/rustwide/workdir/src/time/mod.rs:697:9
[INFO] [stdout]   17:     0x5608f1f387ea - chrono::time::tests::test_get_time::{{closure}}::hf87928e7a29d5701
[INFO] [stdout]                                at /opt/rustwide/workdir/src/time/mod.rs:683:5
[INFO] [stdout]   18:     0x5608f1f53e2e - core::ops::function::FnOnce::call_once::h989e5b7f8bbc5906
[INFO] [stdout]                                at /rustc/53fd98ca776cb875bc9e5514f56b52eb74f9e7a9/library/core/src/ops/function.rs:227:5
[INFO] [stdout]   19:     0x5608f2024783 - core::ops::function::FnOnce::call_once::hbb52c4519d3137b0
[INFO] [stdout]                                at /rustc/53fd98ca776cb875bc9e5514f56b52eb74f9e7a9/library/core/src/ops/function.rs:227:5
[INFO] [stdout]   20:     0x5608f2024783 - test::__rust_begin_short_backtrace::h86fe3a2a5a5121af
[INFO] [stdout]                                at /rustc/53fd98ca776cb875bc9e5514f56b52eb74f9e7a9/library/test/src/lib.rs:578:5
[INFO] [stdout]   21:     0x5608f2023238 - <alloc::boxed::Box<F,A> as core::ops::function::FnOnce<Args>>::call_once::hfd956bc3d57399be
[INFO] [stdout]                                at /rustc/53fd98ca776cb875bc9e5514f56b52eb74f9e7a9/library/alloc/src/boxed.rs:1572:9
[INFO] [stdout]   22:     0x5608f2023238 - <std::panic::AssertUnwindSafe<F> as core::ops::function::FnOnce<()>>::call_once::h40dc93e0ddb5938a
[INFO] [stdout]                                at /rustc/53fd98ca776cb875bc9e5514f56b52eb74f9e7a9/library/std/src/panic.rs:347:9
[INFO] [stdout]   23:     0x5608f2023238 - std::panicking::try::do_call::h90d07750cb47c562
[INFO] [stdout]                                at /rustc/53fd98ca776cb875bc9e5514f56b52eb74f9e7a9/library/std/src/panicking.rs:401:40
[INFO] [stdout]   24:     0x5608f2023238 - std::panicking::try::h063c84733ad2a629
[INFO] [stdout]                                at /rustc/53fd98ca776cb875bc9e5514f56b52eb74f9e7a9/library/std/src/panicking.rs:365:19
[INFO] [stdout]   25:     0x5608f2023238 - std::panic::catch_unwind::h0c464836a84e7c08
[INFO] [stdout]                                at /rustc/53fd98ca776cb875bc9e5514f56b52eb74f9e7a9/library/std/src/panic.rs:434:14
[INFO] [stdout]   26:     0x5608f2023238 - test::run_test_in_process::h5cb06ef620b157fc
[INFO] [stdout]                                at /rustc/53fd98ca776cb875bc9e5514f56b52eb74f9e7a9/library/test/src/lib.rs:601:18
[INFO] [stdout]   27:     0x5608f2023238 - test::run_test::run_test_inner::{{closure}}::h76f677f4b93f9828
[INFO] [stdout]                                at /rustc/53fd98ca776cb875bc9e5514f56b52eb74f9e7a9/library/test/src/lib.rs:493:39
[INFO] [stdout]   28:     0x5608f1ff19cd - test::run_test::run_test_inner::{{closure}}::h366d01fe04f4d67a
[INFO] [stdout]                                at /rustc/53fd98ca776cb875bc9e5514f56b52eb74f9e7a9/library/test/src/lib.rs:520:37
[INFO] [stdout]   29:     0x5608f1ff19cd - std::sys_common::backtrace::__rust_begin_short_backtrace::h7dfa0de4eb395af2
[INFO] [stdout]                                at /rustc/53fd98ca776cb875bc9e5514f56b52eb74f9e7a9/library/std/src/sys_common/backtrace.rs:125:18
[INFO] [stdout]   30:     0x5608f1ff6198 - std::thread::Builder::spawn_unchecked::{{closure}}::{{closure}}::hf0a74bb58798037f
[INFO] [stdout]                                at /rustc/53fd98ca776cb875bc9e5514f56b52eb74f9e7a9/library/std/src/thread/mod.rs:476:17
[INFO] [stdout]   31:     0x5608f1ff6198 - <std::panic::AssertUnwindSafe<F> as core::ops::function::FnOnce<()>>::call_once::hb024e854818586ac
[INFO] [stdout]                                at /rustc/53fd98ca776cb875bc9e5514f56b52eb74f9e7a9/library/std/src/panic.rs:347:9
[INFO] [stdout]   32:     0x5608f1ff6198 - std::panicking::try::do_call::hb2dd9f1d0d48e41d
[INFO] [stdout]                                at /rustc/53fd98ca776cb875bc9e5514f56b52eb74f9e7a9/library/std/src/panicking.rs:401:40
[INFO] [stdout]   33:     0x5608f1ff6198 - std::panicking::try::h4717ae7bac8b2bf3
[INFO] [stdout]                                at /rustc/53fd98ca776cb875bc9e5514f56b52eb74f9e7a9/library/std/src/panicking.rs:365:19
[INFO] [stdout]   34:     0x5608f1ff6198 - std::panic::catch_unwind::h0dc8a061326ce8d8
[INFO] [stdout]                                at /rustc/53fd98ca776cb875bc9e5514f56b52eb74f9e7a9/library/std/src/panic.rs:434:14
[INFO] [stdout]   35:     0x5608f1ff6198 - std::thread::Builder::spawn_unchecked::{{closure}}::haa369e2d6fd00aa1
[INFO] [stdout]                                at /rustc/53fd98ca776cb875bc9e5514f56b52eb74f9e7a9/library/std/src/thread/mod.rs:475:30
[INFO] [stdout]   36:     0x5608f1ff6198 - core::ops::function::FnOnce::call_once{{vtable.shim}}::h36dcf3de8b056f17
[INFO] [stdout]                                at /rustc/53fd98ca776cb875bc9e5514f56b52eb74f9e7a9/library/core/src/ops/function.rs:227:5
[INFO] [stdout]   37:     0x5608f2049e47 - <alloc::boxed::Box<F,A> as core::ops::function::FnOnce<Args>>::call_once::h65c29e4642be2358
[INFO] [stdout]                                at /rustc/53fd98ca776cb875bc9e5514f56b52eb74f9e7a9/library/alloc/src/boxed.rs:1572:9
[INFO] [stdout]   38:     0x5608f2049e47 - <alloc::boxed::Box<F,A> as core::ops::function::FnOnce<Args>>::call_once::hd0f8f7fbbd9fffbf
[INFO] [stdout]                                at /rustc/53fd98ca776cb875bc9e5514f56b52eb74f9e7a9/library/alloc/src/boxed.rs:1572:9
[INFO] [stdout]   39:     0x5608f2049e47 - std::sys::unix::thread::Thread::new::thread_start::h2fd22fee3ca77b65
[INFO] [stdout]                                at /rustc/53fd98ca776cb875bc9e5514f56b52eb74f9e7a9/library/std/src/sys/unix/thread.rs:74:17
[INFO] [stdout]   40:     0x7f30a01cb609 - start_thread
[INFO] [stdout]   41:     0x7f309ff9d293 - clone
[INFO] [stdout]   42:                0x0 - <unknown>
[INFO] [stdout] 
[INFO] [stdout] 
[INFO] [stdout] failures:
[INFO] [stdout]     time::tests::test_get_time
[INFO] [stdout] 
[INFO] [stdout] test result: FAILED. 130 passed; 1 failed; 0 ignored; 0 measured; 0 filtered out; finished in 1.34s
[INFO] [stdout] 
[INFO] running `Command { std: "docker" "inspect" "bf0563d3b7da881e35eae8853a0ea0111fe6438fb66921eb6b2f2ea44bbd2714", kill_on_drop: false }`
[INFO] running `Command { std: "docker" "rm" "-f" "bf0563d3b7da881e35eae8853a0ea0111fe6438fb66921eb6b2f2ea44bbd2714", kill_on_drop: false }`
[INFO] [stdout] bf0563d3b7da881e35eae8853a0ea0111fe6438fb66921eb6b2f2ea44bbd2714
